CREATE TABLE `master_gender` (
  `gender_id` int(11) NOT NULL AUTO_INCREMENT,
  `gender_desc` varchar(20) NOT NULL,
  `created_at` timestamp NULL DEFAULT NULL,
  `updated_at` timestamp NOT NULL DEFAULT '0000-00-00 00:00:00',
  `deleted_at` timestamp NULL DEFAULT NULL,
  PRIMARY KEY (`gender_id`)
) ENGINE=InnoDB DEFAULT CHARSET=latin1;

INSERT INTO `master_gender` (`gender_id`, `gender_desc`, `created_at`, `updated_at`, `deleted_at`) VALUES
(1,	'MALE',	'2018-04-20 07:46:31',	'2018-04-20 07:46:31',	NULL),
(2,	'FEMALE',	'2018-04-20 07:46:39',	'2018-04-20 07:46:39',	NULL),
(3,	'OTHER',	'2018-04-20 07:46:45',	'2018-04-20 07:46:45',	NULL);

CREATE TABLE `master_salutation` (
  `salutation_id` int(11) NOT NULL AUTO_INCREMENT,
  `salutation_desc` varchar(100) NOT NULL,
  `created_at` timestamp NULL DEFAULT NULL,
  `updated_at` timestamp NOT NULL DEFAULT '0000-00-00 00:00:00',
  `deleted_at` timestamp NULL DEFAULT NULL,
  PRIMARY KEY (`salutation_id`)
) ENGINE=InnoDB DEFAULT CHARSET=latin1;

INSERT INTO `master_salutation` (`salutation_id`, `salutation_desc`, `created_at`, `updated_at`, `deleted_at`) VALUES
(1,	'EN.',	'2018-04-23 06:08:17',	'2018-04-23 06:08:17',	NULL),
(2,	'PN.',	'2018-04-23 06:08:22',	'2018-04-23 06:08:22',	NULL),
(3,	'CIK',	'2018-04-23 06:08:25',	'2018-04-23 06:08:25',	NULL),
(4,	'SIR',	'2018-04-23 06:08:30',	'2018-04-23 06:08:30',	NULL),
(5,	'DATUK',	'2018-04-23 06:08:35',	'2018-04-23 06:08:35',	NULL),
(6,	'DATIN',	'2018-04-23 06:08:47',	'2018-04-23 06:08:47',	NULL),
(7,	'DATO\'',	'2018-04-23 06:08:55',	'2018-04-23 06:08:55',	NULL),
(8,	'DATO\' SERI',	'2018-04-23 06:09:31',	'2018-04-23 06:09:31',	NULL),
(9,	'DATIN SERI',	'2018-04-23 06:09:56',	'2018-04-23 06:09:56',	NULL),
(10,	'TUN',	'2018-04-23 06:10:01',	'2018-04-23 06:10:01',	NULL),
(11,	'TUAN',	'2018-04-23 06:10:01',	'2018-04-23 06:10:01',	NULL);

CREATE TABLE `master_state` (
  `state_id` int(10) unsigned NOT NULL AUTO_INCREMENT,
  `state_code` char(3) COLLATE utf8_unicode_ci NOT NULL,
  `state_desc` varchar(255) COLLATE utf8_unicode_ci NOT NULL,
  `area_id` int(11) NOT NULL,
  `created_at` timestamp NULL DEFAULT NULL,
  `updated_at` timestamp NOT NULL DEFAULT '0000-00-00 00:00:00',
  `deleted_at` timestamp NULL DEFAULT NULL,
  PRIMARY KEY (`state_id`)
) ENGINE=InnoDB DEFAULT CHARSET=utf8 COLLATE=utf8_unicode_ci;

INSERT INTO `master_state` (`state_id`, `state_code`, `state_desc`, `area_id`, `created_at`, `updated_at`, `deleted_at`) VALUES
(1,	'JHR',	'JOHOR',	1,	'2018-05-02 03:57:20',	'2018-05-02 03:57:20',	NULL),
(2,	'KDH',	'KEDAH',	1,	'2018-05-02 03:57:20',	'2018-05-02 03:57:20',	NULL),
(3,	'KTN',	'KELANTAN',	1,	'2018-05-02 03:57:20',	'2018-05-02 03:57:20',	NULL),
(4,	'KUL',	'WILAYAH PERSEKUTUAN KUALA LUMPUR',	1,	'2018-05-02 03:57:20',	'2018-05-02 03:57:20',	NULL),
(5,	'LBN',	'WILAYAH PERSEKUTUAN LABUAN',	2,	'2018-05-02 03:57:20',	'2018-05-02 03:57:20',	NULL),
(6,	'MLK',	'MELAKA',	1,	'2018-05-02 03:57:20',	'2018-05-02 03:57:20',	NULL),
(7,	'NSN',	'NEGERI SEMBILAN',	1,	'2018-05-02 03:57:20',	'2018-05-02 03:57:20',	NULL),
(8,	'PHG',	'PAHANG',	1,	'2018-05-02 03:57:20',	'2018-05-02 03:57:20',	NULL),
(9,	'PJY',	'WILAYAH PERSEKUTUAN PUTRA JAYA',	1,	'2018-05-02 03:57:20',	'2018-05-02 03:57:20',	NULL),
(10,	'PLS',	'PERLIS',	1,	'2018-05-02 03:57:20',	'2018-05-02 03:57:20',	NULL),
(11,	'PNG',	'PULAU PINANG',	1,	'2018-05-02 03:57:20',	'2018-05-02 03:57:20',	NULL),
(12,	'PRK',	'PERAK',	1,	'2018-05-02 03:57:20',	'2018-05-02 03:57:20',	NULL),
(13,	'SBH',	'SABAH',	2,	'2018-05-02 03:57:20',	'2018-05-02 03:57:20',	NULL),
(14,	'SGR',	'SELANGOR',	1,	'2018-05-02 03:57:20',	'2018-05-02 03:57:20',	NULL),
(15,	'SRW',	'SARAWAK',	2,	'2018-05-02 03:57:20',	'2018-05-02 03:57:20',	NULL),
(16,	'TRG',	'TERENGGANU',	1,	'2018-05-02 03:57:20',	'2018-05-02 03:57:20',	NULL);

CREATE TABLE `meeting` (
  `meeting_id` int(11) NOT NULL AUTO_INCREMENT,
  `previous_meeting_id` int(11) DEFAULT NULL,
  `meeting_no` varchar(50) DEFAULT NULL COMMENT 'bil mesyuarat',
  `meeting_date` datetime DEFAULT NULL,
  `meeting_location` varchar(200) DEFAULT NULL,
  `meeting_link` text,
  `meeting_remarks` longtext,
  `status` char(1) NOT NULL DEFAULT 'N' COMMENT 'N-new,B-batal,F-finish',
  `created_by` int(11) DEFAULT NULL,
  `updated_by` int(11) DEFAULT NULL,
  `created_at` timestamp NULL DEFAULT NULL,
  `updated_at` timestamp NOT NULL DEFAULT CURRENT_TIMESTAMP,
  `deleted_at` timestamp NULL DEFAULT NULL,
  PRIMARY KEY (`meeting_id`),
  KEY `idx_meeting_createdby` (`created_by`),
  KEY `idx_meeting_updatedby` (`updated_by`),
  KEY `idx_meeting_bil` (`meeting_no`),
  KEY `idx_meeting_previous_meetingid` (`previous_meeting_id`)
) ENGINE=InnoDB DEFAULT CHARSET=latin1;


CREATE TABLE `meeting_participant` (
  `meeting_participant_id` int(11) NOT NULL AUTO_INCREMENT,
  `meeting_id` int(11) NOT NULL,
  `user_id` bigint(20) NOT NULL,
  `attend` int(11) NOT NULL DEFAULT '1',
  `created_by` int(11) DEFAULT NULL,
  `updated_by` int(11) DEFAULT NULL,
  `created_at` timestamp NULL DEFAULT NULL,
  `updated_at` timestamp NOT NULL DEFAULT CURRENT_TIMESTAMP,
  `deleted_at` timestamp NULL DEFAULT NULL,
  PRIMARY KEY (`meeting_participant_id`),
  KEY `idx_meetingparticipant_createdby` (`created_by`),
  KEY `idx_meetingparticipant_updatedby` (`updated_by`),
  KEY `idx_meetingparticipant_participantid` (`user_id`),
  KEY `idx_meetingparticipant_meetingid` (`meeting_id`)
) ENGINE=InnoDB DEFAULT CHARSET=latin1;


CREATE TABLE `meeting_permohonan` (
  `meeting_permohonan_id` int(11) NOT NULL AUTO_INCREMENT,
  `meeting_id` int(11) NOT NULL,
  `permohonan_id` bigint(20) NOT NULL,
  `remarks` longtext,
  `status` char(1) DEFAULT NULL COMMENT 'A-approved,R-notapproved,P-postponed',
  `created_by` int(11) DEFAULT NULL,
  `updated_by` int(11) DEFAULT NULL,
  `created_at` timestamp NULL DEFAULT NULL,
  `updated_at` timestamp NOT NULL DEFAULT CURRENT_TIMESTAMP,
  `deleted_at` timestamp NULL DEFAULT NULL,
  PRIMARY KEY (`meeting_permohonan_id`),
  KEY `idx_meetingpermohonan_createdby` (`created_by`),
  KEY `idx_meetingpermohonan_updatedby` (`updated_by`),
  KEY `idx_meetingpermohonan_permohonanid` (`permohonan_id`),
  KEY `idx_meetingpermohonan_meetingid` (`meeting_id`)
) ENGINE=InnoDB DEFAULT CHARSET=latin1;


CREATE TABLE `menus` (
  `id` int(10) unsigned NOT NULL AUTO_INCREMENT,
  `parent_id` int(10) unsigned DEFAULT NULL,
  `title` varchar(255) NOT NULL,
  `label` varchar(255) NOT NULL,
  `url` text NOT NULL,
  `order` int(11) NOT NULL,
  `created_at` timestamp NULL DEFAULT NULL,
  `updated_at` timestamp NOT NULL DEFAULT CURRENT_TIMESTAMP ON UPDATE CURRENT_TIMESTAMP,
  `deleted_at` timestamp NULL DEFAULT NULL,
  PRIMARY KEY (`id`)
) ENGINE=InnoDB DEFAULT CHARSET=latin1;

INSERT INTO `menus` (`id`, `parent_id`, `title`, `label`, `url`, `order`, `created_at`, `updated_at`, `deleted_at`) VALUES
(1,	NULL,	'test',	'test',	'google.com',	0,	NULL,	'2018-07-13 04:44:08',	'2018-07-12 20:44:08'),
(2,	1,	'test',	'ting',	'testing.com',	0,	NULL,	'2018-07-13 04:44:05',	'2018-07-12 20:44:04'),
(3,	NULL,	'test',	'ting',	'google.com',	0,	NULL,	'2018-07-16 08:13:47',	NULL),
(4,	NULL,	'tang',	'tang',	'otoworkz.my',	2,	NULL,	'2018-07-16 08:13:48',	NULL),
(5,	NULL,	'tung',	'tung',	'web.com',	1,	NULL,	'2018-07-16 08:13:48',	NULL);

CREATE TABLE `migrations` (
  `id` int(10) unsigned NOT NULL AUTO_INCREMENT,
  `migration` varchar(255) COLLATE utf8_unicode_ci NOT NULL,
  `batch` int(11) NOT NULL,
  PRIMARY KEY (`id`)
) ENGINE=InnoDB DEFAULT CHARSET=utf8 COLLATE=utf8_unicode_ci ROW_FORMAT=DYNAMIC;

INSERT INTO `migrations` (`id`, `migration`, `batch`) VALUES
(1,	'2014_10_12_000000_create_users_table',	1),
(2,	'2014_10_12_100000_create_password_resets_table',	1),
(3,	'2017_08_29_064643_create_admins_table',	1),
(4,	'2017_09_07_041931_create_employees_table',	1),
(5,	'2018_04_02_142137_create_permission_tables',	2),
(6,	'2018_04_07_170349_create_audits_table',	3);

CREATE TABLE `password_resets` (
  `email` varchar(255) COLLATE utf8_unicode_ci NOT NULL,
  `token` varchar(255) COLLATE utf8_unicode_ci NOT NULL,
  `created_at` timestamp NULL DEFAULT NULL,
  KEY `password_resets_email_index` (`email`)
) ENGINE=InnoDB DEFAULT CHARSET=utf8 COLLATE=utf8_unicode_ci ROW_FORMAT=DYNAMIC;


CREATE TABLE `permissions` (
  `id` int(10) unsigned NOT NULL AUTO_INCREMENT,
  `name` varchar(255) COLLATE utf8_unicode_ci NOT NULL,
  `description` text COLLATE utf8_unicode_ci,
  `namespace` varchar(255) COLLATE utf8_unicode_ci DEFAULT NULL,
  `controller` varchar(100) COLLATE utf8_unicode_ci DEFAULT NULL,
  `function` varchar(100) COLLATE utf8_unicode_ci DEFAULT NULL,
  `parent_menu` int(11) NOT NULL DEFAULT '0',
  `sort` int(11) NOT NULL,
  `created_at` timestamp NULL DEFAULT NULL,
  `updated_at` timestamp NULL DEFAULT NULL,
  PRIMARY KEY (`id`),
  UNIQUE KEY `permissions_name_unique` (`name`)
) ENGINE=InnoDB DEFAULT CHARSET=utf8 COLLATE=utf8_unicode_ci ROW_FORMAT=DYNAMIC COMMENT='ACL related';

INSERT INTO `permissions` (`id`, `name`, `description`, `namespace`, `controller`, `function`, `parent_menu`, `sort`, `created_at`, `updated_at`) VALUES
(13,	'home',	'Dashboard Pengguna',	'App\\Http\\Controllers',	'HomeController',	'index',	1,	0,	'2018-12-17 07:02:13',	'2018-12-17 07:02:13'),
(14,	'administration',	'Pengurusan Pentadbiran',	'administration',	'AdminController',	'na',	1,	2,	'2018-12-17 07:02:13',	'2018-12-17 07:02:13'),
(15,	'admin.dashboard',	'Dashboard Pentadbir',	'App\\Modules\\Admin\\Controllers',	'AdminController',	'index',	1,	1,	'2018-12-17 07:02:13',	'2018-12-17 07:02:13'),
(16,	'user.index',	'Pengurusan Pengguna',	'App\\Http\\Controllers\\Controller',	'UserController',	'index',	0,	3,	'2018-12-17 07:02:13',	'2018-04-25 05:46:50'),
(17,	'admin.roles',	'Pengurusan Peranan',	'App\\Modules\\Admin\\Controllers',	'RoleController',	'index',	0,	7,	'2018-12-17 07:02:13',	'2021-05-23 11:55:02'),
(18,	'admin.permission',	'Pengurusan Permission',	'App\\Http\\Controllers\\Controller',	'PermissionController',	'index',	0,	8,	'2018-12-17 07:02:13',	'2021-05-23 11:55:02'),
(19,	'admin.menus',	'Pengurusan Menu',	'App\\Modules\\Admin\\Controllers',	'MenuController',	'index',	0,	9,	'2018-12-17 07:02:13',	'2021-05-23 11:55:02'),
(20,	'admin.logs',	'Log Sistem',	'Rap2hpoutre\\LaravelLogViewer',	'LogViewerController',	'index',	0,	10,	'2018-12-17 07:02:13',	'2021-05-23 11:55:02'),
(21,	'admin.config',	'Konfigurasi Sistem',	'App\\Modules\\Admin\\Controllers',	'AdminController',	'configuration',	0,	11,	'2018-12-17 07:02:13',	'2021-05-23 11:55:02'),
(22,	'admin.auditrail',	'Log Aktiviti Pengguna',	'App\\Modules\\Admin\\Controllers',	'AdminController',	'auditTrail',	0,	13,	'2018-12-17 07:02:13',	'2021-08-08 09:22:29'),
(29,	'user.disable',	'Nyahaktif Pengguna',	'App\\Modules\\Admin\\Controllers',	'UserController',	'disableUser',	0,	4,	'2018-04-29 22:58:17',	'2021-05-23 11:55:02'),
(30,	'user.enable',	'Pengaktifan Pengguna',	'App\\Modules\\Admin\\Controllers',	'UserController',	'enableUser',	0,	5,	'2018-04-29 22:59:02',	'2021-05-23 11:55:02'),
(101,	'data',	'Pengurusan Data Rujukan',	'App\\Modules\\Admin\\Controllers',	'DataManagementController',	'na',	1,	15,	'2018-11-10 05:06:34',	'2021-08-08 09:22:29'),
(104,	'data.jawatan.index',	'Senarai Jawatan',	'App\\Modules\\Admin\\Controllers',	'DataManagementController',	'jawatanindex',	0,	21,	'2018-11-17 06:59:47',	'2021-10-25 22:41:02'),
(108,	'proses.permohonan',	'Pengurusan Permohonan',	'App\\Modules\\Permohonan\\Controllers',	'na',	'na',	1,	29,	'2018-11-25 15:08:46',	'2021-10-25 22:41:02'),
(110,	'report.index',	'Laporan',	'App\\Modules\\Report\\Controller',	'ReportController',	'index',	1,	49,	'2020-10-08 03:17:32',	'2022-01-07 11:31:46'),
(121,	'user.changerole',	'Tukar Peranan Pengguna',	'na',	'na',	'na',	0,	14,	'2018-12-10 17:41:13',	'2021-08-08 09:22:29'),
(123,	'data.announcement.index',	'Pengumuman',	'App\\Modules\\Admin\\Controllers',	'DataManagementController',	'announcementindex',	0,	26,	'2019-02-26 12:34:56',	'2021-10-25 22:41:02'),
(124,	'data.gred.index',	'Senarai Gred',	'App\\Modules\\Admin\\Controllers',	'DataManagementController',	'gredindex',	0,	18,	'2019-03-20 17:14:43',	'2021-10-25 22:41:02'),
(128,	'data.unit.index',	'Senarai Unit Bahagian',	'App\\Modules\\Admin\\Controllers',	'DataManagementController',	'unitbahagianindex',	0,	20,	'2019-03-20 17:21:11',	'2021-10-25 22:41:02'),
(129,	'user.limitupdate',	'Had Kemaskini Profil',	'na',	'na',	'na',	0,	6,	'2019-03-21 16:51:51',	'2021-05-23 11:55:02'),
(130,	'proses.permohonan.baru',	'Permohonan Baru',	'App\\Modules\\Permohonan\\Controllers',	'na',	'na',	0,	30,	'2019-03-21 17:04:46',	'2021-10-25 22:41:02'),
(131,	'proses.permohonan.firstapprovelist',	'Menyokong Permohonan (Pengarah BOM)',	'App\\Modules\\Permohonan\\Controllers',	'na',	'na',	0,	37,	'2019-03-21 17:06:15',	'2022-01-03 23:30:11'),
(132,	'proses.permohonan.verify',	'Mengesah Permohonan',	'App\\Modules\\Permohonan\\Controllers',	'na',	'na',	0,	33,	'2019-03-21 17:15:41',	'2022-01-03 23:30:11'),
(134,	'report.expensessummary.index',	'Laporan Rumusan Perbelanjaan',	'App\\Modules\\Report\\Controller',	'ReportController',	'expensessummary',	0,	50,	'2019-10-07 05:11:45',	'2022-01-07 11:31:46'),
(137,	'proses.permohonan.selesai',	'Permohonan Selesai',	'App\\Modules\\Permohonan\\Controllers',	'na',	'na',	0,	40,	'2020-07-22 16:51:28',	'2022-01-03 23:30:11'),
(138,	'proses.permohonan.caridokumen',	'Carian Dokumen Permohonan',	'App\\Modules\\Permohonan\\Controllers',	'na',	'na',	0,	42,	'2020-07-22 19:05:46',	'2022-01-03 23:30:11'),
(140,	'proses.permohonan.secondapprovelist',	'Menyokong Permohonan (TKP)',	'App\\Modules\\Permohonan\\Controllers',	'na',	'na',	0,	38,	'2020-09-11 11:24:45',	'2022-01-03 23:30:11'),
(141,	'proses.permohonan.thirdapprovelist',	'Melulus Permohonan (KP)',	'App\\Modules\\Permohonan\\Controllers',	'na',	'na',	0,	39,	'2020-09-11 11:25:49',	'2022-01-03 23:30:11'),
(150,	'proses.permohonan.searchall',	'Carian Semua Permohonan',	'App\\Modules\\Permohonan\\Controllers',	'na',	'na',	0,	43,	'2020-10-08 03:17:32',	'2022-01-03 23:30:11'),
(156,	'data.bank.index',	'Senarai Bank',	'App\\Modules\\Admin\\Controllers',	'DataManagementController',	'bankindex',	0,	19,	'2021-01-05 12:06:12',	'2021-10-25 22:41:02'),
(157,	'data.projectcategory.index',	'Senarai Kategori Projek',	'App\\Modules\\Admin\\Controllers',	'DataManagementController',	'projectcategoryindex',	0,	23,	'2021-05-23 17:35:58',	'2021-10-25 22:41:02'),
(162,	'data.kpicategory.index',	'Senarai Kategori KPI',	'App\\Modules\\Admin\\Controllers',	'DataManagementController',	'kpicategoryindex',	0,	24,	'2021-05-25 09:49:03',	'2021-10-25 22:41:02'),
(163,	'data.kpi.index',	'Senarai KPI',	'App\\Modules\\Admin\\Controllers',	'DataManagementController',	'kpiindex',	0,	25,	'2021-05-25 09:50:13',	'2021-10-25 22:41:02'),
(166,	'data.suballocation.index',	'Senarai Peruntukan',	'App\\Modules\\Admin\\Controllers',	'DataManagementController',	'suballocationindex',	0,	22,	'2021-07-28 07:11:37',	'2021-10-25 22:41:02'),
(169,	'admin.adminSettings',	'Tetapan Sistem',	'App\\Modules\\Admin\\Controllers',	'AdminController',	'adminSettings',	0,	12,	'2021-08-08 17:22:29',	'2021-08-08 17:22:29'),
(170,	'proses.permohonan.allocationlist',	'Pengurusan Data Peruntukan Tahunan',	'App\\Modules\\Permohonan\\Controllers',	'PermohonanController',	'allocationlist',	1,	27,	'2021-10-23 04:51:37',	'2021-10-25 22:41:02'),
(171,	'proses.permohonan.createallocation',	'Tambah/Kemaskini Data Peruntukan Tahunan',	'App\\Modules\\Permohonan\\Controllers',	'na',	'na',	0,	28,	'2021-10-23 04:52:42',	'2021-10-25 22:41:02'),
(172,	'data.asset.index',	'Senarai Kategori Aset',	'App\\Modules\\Admin\\Controllers',	'DataManagementController',	'assetindex',	0,	16,	'2021-10-26 06:40:12',	'2021-10-26 06:40:12'),
(173,	'data.assettype.index',	'Senarai Sub Kategori Aset',	'App\\Modules\\Admin\\Controllers',	'DataManagementController',	'assettypeindex',	0,	17,	'2021-10-26 06:41:02',	'2021-10-26 06:41:02'),
(174,	'proses.permohonan.sokong',	'Menyokong Permohonan KA/Pemilik Bajet',	'App\\Modules\\Permohonan\\Controllers',	'na',	'na',	0,	35,	'2021-10-26 20:57:24',	'2022-01-03 23:30:11'),
(175,	'proses.permohonan.feedbacklist',	'Maklumbalas Permohonan (PCT)',	'App\\Modules\\Permohonan\\Controllers',	'na',	'na',	0,	36,	'2021-10-26 20:58:39',	'2022-01-03 23:30:11'),
(176,	'proses.permohonan.meetinglist',	'Pengurusan Maklumat Mesyuarat',	'App\\Modules\\Permohonan\\Controllers',	'PermohonanController',	'meetinglist',	1,	46,	'2021-10-27 17:29:09',	'2022-01-07 11:31:46'),
(177,	'proses.permohonan.createmeeting',	'Tambah/Kemaskini Mesyuarat',	'App\\Modules\\Permohonan\\Controllers',	'na',	'na',	0,	47,	'2021-10-27 17:30:17',	'2022-01-07 11:31:46'),
(178,	'proses.permohonan.allmeetinglist',	'Carian Semua Mesyuarat',	'App\\Modules\\Permohonan\\Controllers',	'na',	'na',	0,	48,	'2021-10-27 17:35:28',	'2022-01-07 11:31:46'),
(179,	'proses.permohonan.shared',	'Permohonan Bersama Staf Lain',	'App\\Modules\\Permohonan\\Controllers',	'na',	'na',	0,	31,	'2021-11-08 17:50:54',	'2021-11-08 17:50:54'),
(180,	'report.kpisummary.index',	'Laporan KPI',	'App\\Modules\\Report\\Controller',	'ReportController',	'kpisummary',	0,	51,	'2021-12-05 19:03:02',	'2022-01-07 11:31:46'),
(181,	'proses.permohonan.searchproject',	'Carian Semua KPI/Projek',	'App\\Modules\\Permohonan\\Controllers',	'na',	'na',	0,	44,	'2021-12-28 10:18:31',	'2022-01-03 23:30:11'),
(182,	'proses.permohonan.secondverify',	'Sokong Permohonan (Pengarah Bhgn)',	'App\\Modules\\Permohonan\\Controllers',	'na',	'na',	0,	34,	'2021-12-28 17:34:57',	'2022-01-03 23:30:11'),
(183,	'search',	'Senarai Carian',	'App\\Modules\\Admin\\Controllers',	'PermohonanController',	'na',	1,	41,	'2021-12-30 15:21:27',	'2022-01-03 23:30:11'),
(184,	'proses.permohonan.asetalih',	'Senarai Permohonan Aset Alih',	'App\\Modules\\Permohonan\\Controllers',	'na',	'na',	0,	32,	'2022-01-04 07:30:11',	'2022-01-04 07:30:11'),
(185,	'proses.permohonan.searchcore',	'Carian Teras',	'App\\Modules\\Permohonan\\Controllers',	'na',	'na',	0,	45,	'2022-01-07 19:31:46',	'2022-01-07 19:31:46');

CREATE TABLE `permohonan` (
  `permohonan_id` bigint(11) NOT NULL AUTO_INCREMENT,
  `parent_permohonan_id` bigint(11) DEFAULT NULL,
  `previous_permohonan_id` bigint(11) DEFAULT NULL,
  `bom_no` varchar(30) DEFAULT NULL,
  `sub_bom_no` int(11) DEFAULT NULL,
  `unit_bahagian_id` int(11) DEFAULT NULL,
  `has_cost` int(11) NOT NULL DEFAULT '0',
  `permohonan_title` text,
  `permohonan_desc` text,
  `permohonan_background` text,
  `permohonan_objective` text,
  `permohonan_method` text,
  `permohonan_recommendation` text,
  `permohonan_startdate` date DEFAULT NULL,
  `permohonan_enddate` date DEFAULT NULL,
  `has_option` int(11) DEFAULT '0',
  `total_option` int(11) DEFAULT '0',
  `recommended_option_no` int(11) DEFAULT NULL COMMENT 'recommended option - permohonan_option',
  `final_option_no` int(11) DEFAULT NULL COMMENT 'option chose by KP',
  `has_project` int(11) NOT NULL DEFAULT '0',
  `previous1_totalcost` decimal(10,2) NOT NULL DEFAULT '0.00',
  `applied1_totalcost` decimal(10,2) NOT NULL DEFAULT '0.00',
  `previous2_totalcost` decimal(10,2) NOT NULL DEFAULT '0.00',
  `applied2_totalcost` decimal(10,2) NOT NULL DEFAULT '0.00',
  `previous3_totalcost` decimal(10,2) NOT NULL DEFAULT '0.00',
  `applied3_totalcost` decimal(10,2) NOT NULL DEFAULT '0.00',
  `pemohon_id` int(11) DEFAULT NULL,
  `submitted_date` datetime DEFAULT NULL,
  `permohonan_catatan` text,
  `verified_by` int(11) DEFAULT NULL COMMENT 'supervisor1',
  `verified_date` datetime DEFAULT NULL COMMENT 'supervisor1',
  `verified_remarks` text COMMENT 'Sts: S/T/E pengarah bhgn',
  `secondverified_by` int(11) DEFAULT NULL COMMENT 'pengarah bhgn',
  `secondverified_date` datetime DEFAULT NULL COMMENT 'pengarah bhgn',
  `secondverified_remarks` text COMMENT 'Sts: T/E pengarah bhgn',
  `supported_by` int(11) DEFAULT NULL COMMENT 'KA/Pemilik Bajet',
  `supported_date` datetime DEFAULT NULL COMMENT 'KA/Pemilik Bajet',
  `supported_remarks` text COMMENT 'Sts: M/U/R KA/Pemilik Bajet',
  `feedback_procedure` int(11) DEFAULT '0' COMMENT 'PCT',
  `feedback_perolehanterus` int(11) DEFAULT '0' COMMENT 'PCT',
  `feedback_shb` int(11) DEFAULT '0' COMMENT 'PCT',
  `feedback_sha` int(11) DEFAULT '0' COMMENT 'PCT',
  `feedback_tender` int(11) DEFAULT '0' COMMENT 'PCT',
  `feedback_jpp` int(11) DEFAULT '0' COMMENT 'PCT',
  `feedback_jppk` int(11) DEFAULT '0' COMMENT 'PCT',
  `feedback_jpict` int(11) DEFAULT '0' COMMENT 'PCT',
  `feedback_by` int(11) DEFAULT NULL COMMENT 'PCT',
  `feedback_date` datetime DEFAULT NULL COMMENT 'PCT',
  `feedback_remarks` text COMMENT 'Sts: E PCT',
  `approved_by` int(11) DEFAULT NULL COMMENT 'Pengarah Bhgn',
  `approved_date` datetime DEFAULT NULL COMMENT 'Pengarah Bhgn',
  `approved_remarks` text COMMENT 'Sts: F/J Pengarah Bhgn',
  `approved_meeting` int(11) NOT NULL DEFAULT '0' COMMENT 'Pengarah Bhgn',
  `approved2_by` int(11) DEFAULT NULL COMMENT 'TKP',
  `approved2_date` datetime DEFAULT NULL COMMENT 'TKP',
  `approved2_remarks` text COMMENT 'Sts: G/K TKP',
  `approved2_meeting` int(11) NOT NULL DEFAULT '0' COMMENT 'TKP',
  `approved3_by` int(11) DEFAULT NULL COMMENT 'KP',
  `approved3_date` datetime DEFAULT NULL COMMENT 'KP',
  `approved3_remarks` text COMMENT 'Sts: H/L KP',
  `approved3_meeting` int(11) NOT NULL DEFAULT '0' COMMENT 'KP',
  `approvedmeeting_by` int(11) DEFAULT NULL COMMENT 'Pgrah bhgn after meeting',
  `approvedmeeting_date` datetime DEFAULT NULL COMMENT 'Pgrah bhgn after meeting',
  `approvedmeeting_remarks` text COMMENT 'Pgrah bhgn after meeting',
  `approved3meeting_by` int(11) DEFAULT NULL COMMENT 'KP after meeting',
  `approved3meeting_date` datetime DEFAULT NULL COMMENT 'KP after meeting',
  `approved3meeting_remarks` text COMMENT 'KP after meeting',
  `meetingfeedback_by` int(11) DEFAULT NULL COMMENT 'urusetia',
  `meetingfeedback_date` datetime DEFAULT NULL COMMENT 'urusetia',
  `meetingfeedback_remarks` text COMMENT 'urusetia',
  `finalfeedback_by` int(11) DEFAULT NULL COMMENT 'pemohon',
  `finalfeedback_date` datetime DEFAULT NULL COMMENT 'pemohon',
  `finalfeedback_remarks` text COMMENT 'pemohon',
  `keratan_minit_by` int(11) DEFAULT NULL COMMENT 'final urusetia',
  `keratan_minit` mediumtext COMMENT 'final urusetia',
  `keratan_minit_date` datetime DEFAULT NULL COMMENT 'final urusetia',
  `permohonan_expirydate` date DEFAULT NULL COMMENT 'add 4 months from approved3_date',
  `in_meeting` int(11) NOT NULL DEFAULT '0',
  `previous_status` char(1) DEFAULT NULL,
  `status` char(1) NOT NULL DEFAULT 'N',
  `sent_ero` int(11) NOT NULL DEFAULT '0',
  `sent_eiso` int(11) NOT NULL DEFAULT '0',
  `created_by` int(11) NOT NULL,
  `updated_by` int(11) NOT NULL,
  `created_at` timestamp NULL DEFAULT NULL,
  `updated_at` timestamp NOT NULL DEFAULT CURRENT_TIMESTAMP,
  `deleted_at` timestamp NULL DEFAULT NULL,
  PRIMARY KEY (`permohonan_id`),
  KEY `idx_permohonan_no` (`bom_no`),
  KEY `idx_permohonan_status` (`status`),
  KEY `idx_permohonan_pemohon_id` (`pemohon_id`),
  KEY `idx_permohonan_created_by` (`created_by`),
  KEY `idx_permohonan_unitbhagianid` (`unit_bahagian_id`),
  KEY `idx_permohonan_pemohonid` (`pemohon_id`),
  KEY `idx_permohonan_bahagian_id` (`unit_bahagian_id`),
  KEY `idx_permohonan_parent` (`parent_permohonan_id`),
  KEY `idx_permohonan_hascost` (`has_cost`),
  KEY `idx_permohonan_hasproject` (`has_project`),
  KEY `idx_permohonan_firstoption` (`recommended_option_no`),
  KEY `idx_permohonan_finaloption` (`final_option_no`),
  KEY `idx_permohonan_updated_by` (`updated_by`),
  KEY `idx_permohonan_confirmedby` (`verified_by`),
  KEY `idx_permohonan_approvedby` (`approved_by`),
  KEY `idx_permohonan_approved2by` (`approved2_by`),
  KEY `idx_permohonan_approved3by` (`approved3_by`),
  KEY `idx_permohonan_supportedby` (`supported_by`),
  KEY `idx_permohonan_feedbackby` (`feedback_by`),
  KEY `idx_permohonan_prevstatus` (`previous_permohonan_id`),
  KEY `idx_permohonan_inmeeting` (`in_meeting`),
  KEY `idx_permohonan_optionno` (`recommended_option_no`),
  KEY `idx_permohonan_finaloptionno` (`final_option_no`),
  KEY `idx_permohonan_meetingfeedbackby` (`meetingfeedback_by`),
  KEY `idx_permohonan_approved3meetingby` (`approved3meeting_by`),
  KEY `idx_permohonan_approvedmeetingby` (`approvedmeeting_by`),
  KEY `idx_permohonan_keratanminitby` (`keratan_minit_by`),
  KEY `idx_permohonan_secondverifiedby` (`permohonan_id`,`secondverified_by`)
) ENGINE=InnoDB DEFAULT CHARSET=latin1;

INSERT INTO `permohonan` (`permohonan_id`, `parent_permohonan_id`, `previous_permohonan_id`, `bom_no`, `sub_bom_no`, `unit_bahagian_id`, `has_cost`, `permohonan_title`, `permohonan_desc`, `permohonan_background`, `permohonan_objective`, `permohonan_method`, `permohonan_recommendation`, `permohonan_startdate`, `permohonan_enddate`, `has_option`, `total_option`, `recommended_option_no`, `final_option_no`, `has_project`, `previous1_totalcost`, `applied1_totalcost`, `previous2_totalcost`, `applied2_totalcost`, `previous3_totalcost`, `applied3_totalcost`, `pemohon_id`, `submitted_date`, `permohonan_catatan`, `verified_by`, `verified_date`, `verified_remarks`, `secondverified_by`, `secondverified_date`, `secondverified_remarks`, `supported_by`, `supported_date`, `supported_remarks`, `feedback_procedure`, `feedback_perolehanterus`, `feedback_shb`, `feedback_sha`, `feedback_tender`, `feedback_jpp`, `feedback_jppk`, `feedback_jpict`, `feedback_by`, `feedback_date`, `feedback_remarks`, `approved_by`, `approved_date`, `approved_remarks`, `approved_meeting`, `approved2_by`, `approved2_date`, `approved2_remarks`, `approved2_meeting`, `approved3_by`, `approved3_date`, `approved3_remarks`, `approved3_meeting`, `approvedmeeting_by`, `approvedmeeting_date`, `approvedmeeting_remarks`, `approved3meeting_by`, `approved3meeting_date`, `approved3meeting_remarks`, `meetingfeedback_by`, `meetingfeedback_date`, `meetingfeedback_remarks`, `finalfeedback_by`, `finalfeedback_date`, `finalfeedback_remarks`, `keratan_minit_by`, `keratan_minit`, `keratan_minit_date`, `permohonan_expirydate`, `in_meeting`, `previous_status`, `status`, `sent_ero`, `sent_eiso`, `created_by`, `updated_by`, `created_at`, `updated_at`, `deleted_at`) VALUES
(1,	NULL,	NULL,	NULL,	NULL,	6,	1,	'TESTING 123',	NULL,	'testing 1234',	'testing 123',	'testing 123',	'Ahli Lembaga Pengurusan dipohon untuk mempertimbangkan cadangan …testing 123',	'2022-01-15',	'2022-12-15',	0,	0,	0,	NULL,	1,	0.00,	0.00,	0.00,	0.00,	0.00,	0.00,	27,	NULL,	NULL,	303,	NULL,	NULL,	303,	NULL,	NULL,	NULL,	NULL,	NULL,	0,	0,	0,	0,	0,	0,	0,	0,	NULL,	NULL,	NULL,	NULL,	NULL,	NULL,	0,	NULL,	NULL,	NULL,	0,	NULL,	NULL,	NULL,	0,	NULL,	NULL,	NULL,	NULL,	NULL,	NULL,	NULL,	NULL,	NULL,	NULL,	NULL,	NULL,	NULL,	NULL,	NULL,	NULL,	0,	NULL,	'D',	0,	0,	27,	27,	'2022-01-10 02:19:01',	'2022-01-10 02:26:53',	NULL),
(2,	NULL,	NULL,	'0002',	NULL,	9,	1,	'KURSUS INNOVATIVE CREATICE CIRCLE (ICC)',	NULL,	'Permohonan peruntukan untuk perkhidmatan tenaga pengajar bagi Kursus ‘Innovative Creative Circle’ (ICC) untuk Inokom Corporation Sdn Bhd yang akan dijalankan secara fizikal pada 24-25 Januari 2022.',	'Kursus ini dibangunkan bagi memahami konsep, teknik-teknik penyelesaian masalah dan kemahiran mempersembahkan data projek yang tepat dan mudah untuk difahami.\r\n\r\nMemahami alat-alat Quality Control dan memahami penggunaan PDCA serta pemahaman kepada Teknik ICC.',	'Kursus akan dijalankan secara fizikal di Inokom Corporation Sdn Bhd',	'Ahli Lembaga Pengurusan dipohon untuk mempertimbangkan cadangan bagi meluluskan permohonan peruntukan untuk Perkhidmatan Tenaga Pengajar Bagi Kursus ‘Innovative Creative Circle’ (ICC) bagi Inokom Corporation Sdn Bhd dengan peruntukan sebanyak RM 4,000.00 (2 hari)',	'2022-01-24',	'2022-01-25',	0,	0,	0,	NULL,	0,	0.00,	0.00,	0.00,	0.00,	0.00,	0.00,	15,	'2022-01-10 11:12:48',	NULL,	108,	'2022-01-12 14:23:01',	NULL,	108,	'2022-01-12 14:23:01',	NULL,	NULL,	NULL,	NULL,	0,	0,	0,	0,	0,	0,	0,	0,	NULL,	NULL,	NULL,	NULL,	NULL,	NULL,	0,	NULL,	NULL,	NULL,	0,	NULL,	NULL,	NULL,	0,	NULL,	NULL,	NULL,	NULL,	NULL,	NULL,	NULL,	NULL,	NULL,	NULL,	NULL,	NULL,	NULL,	NULL,	NULL,	NULL,	0,	NULL,	'S',	0,	0,	15,	15,	'2022-01-10 03:12:48',	'2022-01-12 07:20:40',	NULL),
(3,	NULL,	NULL,	NULL,	NULL,	6,	1,	'PENYEDIAAN LAPORAN MITI 2021 (BAB 4: PRESTASI PRODUKTIVITI DAN DAYA SAING NEGARA)',	NULL,	'Laporan tahunan MITI disediakan untuk melaporkan keseluruhan aktiviti MITI termasuk agensi-agensi di bawah seliaannya. MPC diberi tanggungjawab untuk merumuskan prestasi produktiviti dan daya saing negara dalam bab 4 laporan berkenaan. Prestasi ini termasuklah perbandingan kedudukan Malaysia berbanding negara lain dalam beberapa laporan yang diterbitkan oleh agensi penarafan antarabangsa seperti World Economic Forum (WEF), Institute of Management Development (IMD), World Bank, World Intellectual Property Organisation (WIPO) dan lain-lain agensi yang berkaitan.',	'Memperluaskan outreach dan mempromosikan budaya produktiviti dan daya saing dalam kalangan pemain industri',	'i)	Pembangunan rangka kerja laporan termasuklah skop, jangka masa, objektif, pernyataan masalah (jika berkaitan), dapatan serta peruntukan yang akan digunakan;\r\nii)	Pengumpulan input melalui sesi libat urus/ perbincangan bersama person-in-charge bagi setiap pemacu utama produktiviti yang dicadangkan;\r\niii)	Penulisan laporan dan editorial',	'Ahli Lembaga Pengurusan dipohon untuk mempertimbangkan cadangan melaksanakan projek penyediaan Bab 4 dalam Laporan MITI 2021 dengan tajuk \"Prestasi Produktiviti dan Daya Saing Negara\"',	'2022-01-14',	'2022-03-31',	0,	0,	0,	NULL,	1,	0.00,	0.00,	0.00,	0.00,	0.00,	0.00,	236,	NULL,	NULL,	288,	NULL,	NULL,	303,	NULL,	NULL,	NULL,	NULL,	NULL,	0,	0,	0,	0,	0,	0,	0,	0,	NULL,	NULL,	NULL,	NULL,	NULL,	NULL,	0,	NULL,	NULL,	NULL,	0,	NULL,	NULL,	NULL,	0,	NULL,	NULL,	NULL,	NULL,	NULL,	NULL,	NULL,	NULL,	NULL,	NULL,	NULL,	NULL,	NULL,	NULL,	NULL,	NULL,	0,	NULL,	'D',	0,	0,	236,	236,	'2022-01-10 03:25:22',	'2022-01-10 03:44:31',	NULL),
(4,	NULL,	NULL,	'0003',	NULL,	5,	0,	'TEST',	NULL,	'test',	'test',	'test',	'Ahli Lembaga Pengurusan dipohon untuk mempertimbangkan cadangan …',	'2022-01-14',	'2022-01-24',	0,	0,	0,	NULL,	1,	0.00,	0.00,	0.00,	0.00,	0.00,	0.00,	31,	'2022-01-10 11:49:47',	NULL,	131,	NULL,	NULL,	131,	NULL,	NULL,	NULL,	NULL,	NULL,	0,	0,	0,	0,	0,	0,	0,	0,	NULL,	NULL,	NULL,	NULL,	NULL,	NULL,	0,	NULL,	NULL,	NULL,	0,	NULL,	NULL,	NULL,	0,	NULL,	NULL,	NULL,	NULL,	NULL,	NULL,	NULL,	NULL,	NULL,	NULL,	NULL,	NULL,	NULL,	NULL,	NULL,	NULL,	0,	NULL,	'N',	0,	0,	31,	31,	'2022-01-10 03:49:47',	'2022-01-10 03:49:47',	NULL),
(5,	NULL,	NULL,	NULL,	NULL,	6,	1,	'R&D PEMACU PERTUMBUHAN PRODUKTIVITI DAN DAYA SAING',	NULL,	'Latar belakang:\r\n1.  Malaysia merekodkan penurunan prestasi kedudukan daya saing bagi indikator  Gross Expenditure on R&D (GERD) as % of GDP  dalam laporan World Competitiveness Yearbook (WCY) 2021 dari kedudukan ke-25 (WCY 2020) ke kedudukan 40 (WCY 2021) di kalangan 64 negara. Peratusan GERD merosot daripada 1.4%  iaitu bersamaaan (USD4,263 juta) kepada 1.0% (USD3,636 juta) daripada nilai Keluaran Dalam Negara Kasar (KDNK). \r\n2.Negara-negara yang kekal berdaya saing mencatatkan peratusan perbelanjaan R&D yang tinggi dan perlu ditanda aras oleh Malaysia bagi menangani kedudukan daya saing Malaysia yang merosot.\r\n\r\nJustifikasi:\r\n1. Laporan GCR 2020 oleh WEF menyarankan keperluan untuk mengembangkan pelaburan awam  & sektor swasta dan penyebaran teknologi sedia ada yang menyokong penciptaan baru firma dan pekerjaan dalam pasaran akan datang (Global Competitiveness Report (GCR) 2020\r\n2. Laporan PICS-3 merekodkan pencapaian rendah firma Malaysia iaitu hanya 5% yang melabur dalam R&D berbanding negara-negara   dalam kalangan regional group (8%) dan transitional group (14%) (Malaysia Productivity and Investment Climate Survey (PICS-3) 2021, World Bank Group)\r\n3. Kajian oleh OECD menunjukkan terdapat korelasi yang positif dan signifikan di antara R&D dan produktiviti. Namun begitu Malaysia menunjukkan sumbangan R&D yang kecil dan tidak menunjukkan peningkatan (R&D and Productivity Growth: Panel Data Analysis of 16 OECD Countries 2001, OECD).',	'i)	Penambahbaikan kedudukan daya saing indikator Jumlah Perbelanjaan Penyelidikan & Pembangunan (% daripada KDNK)\r\n\r\nii)	Menyumbang kepada pertumbuhan produktiviti 3.6% dalam tempoh RMK12.',	'i) Sesi Libaturus Bersama pihak berkepentingan (DOSM, MOSTI, MITI, MASTIC, FMM, NGO)\r\nii) RTD/Bengkel bersama pihak berkepentingan\r\niii)	Lawatan Amalan Terbaik \r\niv)	Pembangunan kapasiti dan keupayaan',	'Ahli Lembaga Pengurusan dipohon untuk mempertimbangkan cadangan …',	NULL,	NULL,	0,	0,	0,	NULL,	1,	0.00,	0.00,	0.00,	0.00,	0.00,	0.00,	23,	NULL,	NULL,	67,	NULL,	NULL,	303,	NULL,	NULL,	NULL,	NULL,	NULL,	0,	0,	0,	0,	0,	0,	0,	0,	NULL,	NULL,	NULL,	NULL,	NULL,	NULL,	0,	NULL,	NULL,	NULL,	0,	NULL,	NULL,	NULL,	0,	NULL,	NULL,	NULL,	NULL,	NULL,	NULL,	NULL,	NULL,	NULL,	NULL,	NULL,	NULL,	NULL,	NULL,	NULL,	NULL,	0,	NULL,	'D',	0,	0,	23,	23,	'2022-01-10 06:35:12',	'2022-01-10 06:35:12',	NULL),
(6,	NULL,	NULL,	NULL,	NULL,	6,	1,	'ORGANISING EEPN NEXUS GOVERNING COMMITTEE: FOCUS GROUPS WORKSHOPS AND ROUND TABLE DISCUSSION',	NULL,	'In overseeing and supervising the progress of the EEPN initiatives, Nexus Governing Committee (NGC) has been established. While four focus groups (FGs) or Strategic Initiatives (SIs) were established to implement the productivity initiatives. Both NGC and SIs comprise representatives from professional bodies, government ministries and agencies related to professional services. \r\n\r\nIt is deemed important to have a strong support from various parties to help ensure the continuity of implementation of EEPN initiatives.  as per the objectives outlined below:\r\n1)	To outline and discuss the strategic direction and support the EEPN activities;\r\n2)	To assist in the administration of EEPN and implement productivity initiatives;\r\n3)	To deliberate the implementation and monitor the progress of initiatives undertaken by EEPN;\r\n4)	To obtain guidance and input from professionals to increase productivity of the professional services sub -sector along the value chain;\r\n5)	To build relationships and opportunities for cooperation among industries, ministries and government agencies.',	'Streamline and implement activities for all 10 projects that have been approved in the EEPN 2022 strategic session on 24 November 2021.',	'Activities will be conducted both physically and virtually through online workshops and round table discussions.',	'The approval of BOM is sought to approve the budget of RM26,100.00 to utilize the MPB-EEPN and OE  budgets for organising EEPN Nexus Governing Committee via Focus Groups Workshops and Round Table Discussions, January – April 2022.',	'2022-01-13',	'2022-04-29',	0,	0,	0,	NULL,	0,	0.00,	0.00,	0.00,	0.00,	0.00,	0.00,	89,	NULL,	NULL,	99,	NULL,	NULL,	112,	NULL,	NULL,	NULL,	NULL,	NULL,	0,	0,	0,	0,	0,	0,	0,	0,	NULL,	NULL,	NULL,	NULL,	NULL,	NULL,	0,	NULL,	NULL,	NULL,	0,	NULL,	NULL,	NULL,	0,	NULL,	NULL,	NULL,	NULL,	NULL,	NULL,	NULL,	NULL,	NULL,	NULL,	NULL,	NULL,	NULL,	NULL,	NULL,	NULL,	0,	NULL,	'D',	0,	0,	89,	89,	'2022-01-11 03:50:00',	'2022-01-11 03:50:00',	NULL);

CREATE TABLE `permohonan_audit_trail` (
  `permohonan_audit_trail_id` bigint(20) NOT NULL AUTO_INCREMENT,
  `permohonan_id` bigint(20) NOT NULL,
  `status` char(1) NOT NULL,
  `remarks` text,
  `created_by` int(11) NOT NULL,
  `created_at` timestamp NULL DEFAULT NULL,
  `updated_at` timestamp NOT NULL DEFAULT CURRENT_TIMESTAMP,
  `deleted_at` timestamp NULL DEFAULT NULL,
  PRIMARY KEY (`permohonan_audit_trail_id`),
  KEY `idx_permohonantrail_permohonanid` (`permohonan_id`),
  KEY `idx_permohonantrail_createdby` (`created_by`)
) ENGINE=InnoDB DEFAULT CHARSET=latin1;

INSERT INTO `permohonan_audit_trail` (`permohonan_audit_trail_id`, `permohonan_id`, `status`, `remarks`, `created_by`, `created_at`, `updated_at`, `deleted_at`) VALUES
(1,	1,	'D',	NULL,	27,	'2022-01-10 02:19:01',	'2022-01-10 02:19:01',	NULL),
(2,	2,	'N',	NULL,	15,	'2022-01-10 03:12:48',	'2022-01-10 03:12:48',	NULL),
(3,	3,	'D',	NULL,	236,	'2022-01-10 03:25:22',	'2022-01-10 03:25:22',	NULL),
(4,	4,	'N',	NULL,	31,	'2022-01-10 03:49:47',	'2022-01-10 03:49:47',	NULL),
(5,	5,	'D',	NULL,	23,	'2022-01-10 06:35:12',	'2022-01-10 06:35:12',	NULL),
(6,	2,	'Z',	NULL,	15,	'2022-01-11 03:14:57',	'2022-01-11 03:14:57',	NULL),
(7,	6,	'D',	NULL,	89,	'2022-01-11 03:50:00',	'2022-01-11 03:50:00',	NULL),
(8,	2,	'T',	NULL,	108,	'2022-01-12 06:23:01',	'2022-01-12 06:23:01',	NULL);

CREATE TABLE `permohonan_cost` (
  `permohonan_cost_id` bigint(20) NOT NULL AUTO_INCREMENT,
  `permohonan_id` bigint(20) NOT NULL,
  `option_no` int(11) NOT NULL DEFAULT '1',
  `cost_desc` varchar(255) DEFAULT NULL,
  `is_bom_tambahan` int(11) NOT NULL DEFAULT '0',
  `sub_allocation_id` int(11) NOT NULL,
  `allocation_year_id` int(11) DEFAULT NULL,
  `asset_allocation_year_id` int(11) DEFAULT NULL,
  `allocation_active_type` int(11) NOT NULL DEFAULT '1' COMMENT '1-subperuntukan,2-subkategori',
  `owned_by` int(11) DEFAULT NULL COMMENT 'budget owner',
  `owner_response_status` char(1) NOT NULL DEFAULT 'P' COMMENT 'P-pending response,R-tidak sokong,A-sokong',
  `owner_response_remarks` text,
  `owner_response_date` datetime DEFAULT NULL,
  `previous_cost` decimal(10,2) NOT NULL DEFAULT '0.00',
  `applied_cost` decimal(10,2) NOT NULL DEFAULT '0.00',
  `asset_id` int(11) NOT NULL,
  `asset_type_id` int(11) NOT NULL,
  `expiry_date` date DEFAULT NULL,
  `is_approved` int(11) NOT NULL DEFAULT '0',
  `created_by` int(11) NOT NULL,
  `updated_by` int(11) NOT NULL,
  `created_at` timestamp NULL DEFAULT NULL,
  `updated_at` timestamp NOT NULL DEFAULT CURRENT_TIMESTAMP,
  `deleted_at` timestamp NULL DEFAULT NULL,
  PRIMARY KEY (`permohonan_cost_id`),
  KEY `idx_permohonancost_permohonanid` (`permohonan_id`),
  KEY `idx_permohonancost_suballocation` (`sub_allocation_id`),
  KEY `idx_permohonancost_asset` (`asset_id`),
  KEY `idx_permohonancost_assettype` (`asset_type_id`),
  KEY `idx_permohonancost_createdby` (`created_by`),
  KEY `idx_permohonancost_updatedby` (`updated_by`),
  KEY `idx_permohonancost_allocationyear` (`allocation_year_id`),
  KEY `idx_permohonancost_owner` (`owned_by`),
  KEY `idx_permohonancost_responsestatus` (`owner_response_status`),
  KEY `idx_permohonancost_optionno` (`option_no`),
  KEY `idx_permohonancost_allocationyear_asset` (`asset_allocation_year_id`),
  KEY `idx_permohonancost_active_type` (`allocation_active_type`)
) ENGINE=InnoDB DEFAULT CHARSET=latin1;


CREATE TABLE `permohonan_description` (
  `permohonan_description_id` bigint(20) NOT NULL AUTO_INCREMENT,
  `permohonan_id` bigint(20) NOT NULL,
  `description_desc` varchar(255) DEFAULT NULL,
  `created_by` int(11) NOT NULL,
  `updated_by` int(11) NOT NULL,
  `created_at` timestamp NULL DEFAULT NULL,
  `updated_at` timestamp NOT NULL DEFAULT CURRENT_TIMESTAMP,
  `deleted_at` timestamp NULL DEFAULT NULL,
  PRIMARY KEY (`permohonan_description_id`),
  KEY `idx_permohonandesc_permohonanid` (`permohonan_id`),
  KEY `idx_permohonandesc_createdby` (`created_by`),
  KEY `idx_permohonandesc_updatedby` (`updated_by`)
) ENGINE=InnoDB DEFAULT CHARSET=latin1;


CREATE TABLE `permohonan_detail` (
  `permohonan_detail_id` bigint(11) NOT NULL AUTO_INCREMENT,
  `permohonan_id` bigint(11) NOT NULL,
  `is_main` int(11) NOT NULL DEFAULT '0',
  `main_id` bigint(11) DEFAULT NULL COMMENT 'permohonan_detail_id',
  `is_online` int(11) NOT NULL DEFAULT '0',
  `program_location` varchar(200) DEFAULT NULL,
  `supplier_service_id` int(11) DEFAULT NULL,
  `service_distance_id` int(11) DEFAULT NULL,
  `permohonan_item` text,
  `permohonan_item_extra` text,
  `quantity` decimal(10,2) NOT NULL DEFAULT '0.00',
  `unit_id` int(11) DEFAULT NULL,
  `quantity_unit` varchar(20) DEFAULT NULL,
  `price_perunit` decimal(10,2) NOT NULL DEFAULT '0.00',
  `price_total` decimal(10,2) NOT NULL DEFAULT '0.00',
  `detail_startdate` date DEFAULT NULL,
  `detail_enddate` date DEFAULT NULL,
  `detail_starttime` time DEFAULT NULL,
  `detail_endtime` time DEFAULT NULL,
  `created_at` timestamp NULL DEFAULT NULL,
  `updated_at` timestamp NOT NULL DEFAULT CURRENT_TIMESTAMP,
  `deleted_at` timestamp NULL DEFAULT NULL,
  PRIMARY KEY (`permohonan_detail_id`),
  KEY `idx_permohonandetail_permohonanid` (`permohonan_id`),
  KEY `idx_permohonandetail_ismain` (`is_main`),
  KEY `idx_permohonandetail_mainid` (`main_id`),
  KEY `idx_permohonandetail_serviceid` (`supplier_service_id`),
  KEY `idx_permohonandetail_unitid` (`unit_id`),
  KEY `idx_permohonandetail_distanceid` (`service_distance_id`)
) ENGINE=InnoDB DEFAULT CHARSET=latin1;



CREATE TABLE `permohonan_email` (
  `id` bigint(20) NOT NULL AUTO_INCREMENT,
  `permohonan_id` int(11) NOT NULL,
  `email_to` varchar(100) DEFAULT NULL,
  `role_id` int(11) DEFAULT NULL,
  `subject` text CHARACTER SET latin1,
  `message` text,
  `completed` int(11) NOT NULL DEFAULT '0',
  `created_at` timestamp NULL DEFAULT NULL,
  `updated_at` timestamp NOT NULL DEFAULT CURRENT_TIMESTAMP,
  `deleted_at` timestamp NULL DEFAULT NULL,
  PRIMARY KEY (`id`),
  KEY `idx_permohonanemail_id` (`permohonan_id`),
  KEY `idx_permohonanemail_roleid` (`role_id`),
  KEY `idx_permohonanemail_completed` (`completed`)
) ENGINE=InnoDB DEFAULT CHARSET=utf8mb4;


CREATE TABLE `permohonan_objective` (
  `permohonan_objective_id` bigint(20) NOT NULL AUTO_INCREMENT,
  `permohonan_id` bigint(20) NOT NULL,
  `objective_desc` varchar(255) DEFAULT NULL,
  `created_by` int(11) NOT NULL,
  `updated_by` int(11) NOT NULL,
  `created_at` timestamp NULL DEFAULT NULL,
  `updated_at` timestamp NOT NULL DEFAULT CURRENT_TIMESTAMP,
  `deleted_at` timestamp NULL DEFAULT NULL,
  PRIMARY KEY (`permohonan_objective_id`),
  KEY `idx_permohonanobjective_permohonanid` (`permohonan_id`),
  KEY `idx_permohonanobjective_createdby` (`created_by`),
  KEY `idx_permohonanobjective_updatedby` (`updated_by`)
) ENGINE=InnoDB DEFAULT CHARSET=latin1;


CREATE TABLE `permohonan_option` (
  `permohonan_option_id` bigint(20) NOT NULL AUTO_INCREMENT,
  `permohonan_id` bigint(20) NOT NULL,
  `option_no` int(11) NOT NULL DEFAULT '1',
  `is_main` int(11) NOT NULL DEFAULT '0',
  `main_id` bigint(11) DEFAULT NULL,
  `option_desc` varchar(255) DEFAULT NULL,
  `recommended` int(11) NOT NULL DEFAULT '0',
  `created_by` int(11) NOT NULL,
  `updated_by` int(11) NOT NULL,
  `created_at` timestamp NULL DEFAULT NULL,
  `updated_at` timestamp NOT NULL DEFAULT CURRENT_TIMESTAMP,
  `deleted_at` timestamp NULL DEFAULT NULL,
  PRIMARY KEY (`permohonan_option_id`),
  KEY `idx_permohonanoption_permohonanid` (`permohonan_id`),
  KEY `idx_permohonanoption_recommended` (`recommended`),
  KEY `idx_permohonanoption_createdby` (`created_by`),
  KEY `idx_permohonanoption_updatedby` (`updated_by`),
  KEY `idx_permohonanoption_ismain` (`is_main`),
  KEY `idx_permohonanoption_mainid` (`main_id`),
  KEY `idx_permohonanoption_optionno` (`option_no`)
) ENGINE=InnoDB DEFAULT CHARSET=latin1;


CREATE TABLE `permohonan_project` (
  `permohonan_project_id` bigint(20) NOT NULL AUTO_INCREMENT,
  `permohonan_id` bigint(20) NOT NULL,
  `is_main` int(11) NOT NULL DEFAULT '0',
  `main_id` bigint(11) DEFAULT NULL,
  `project_desc` varchar(255) DEFAULT NULL,
  `core_id` int(11) DEFAULT NULL,
  `kpi_id` int(11) NOT NULL,
  `targeted_value` decimal(10,2) NOT NULL DEFAULT '0.00',
  `achieved_value` decimal(10,2) NOT NULL DEFAULT '0.00',
  `percentage_value` decimal(10,2) NOT NULL DEFAULT '0.00',
  `project_final_value` decimal(10,2) NOT NULL DEFAULT '0.00',
  `status` char(1) NOT NULL DEFAULT 'N',
  `justification` text,
  `created_by` int(11) NOT NULL,
  `updated_by` int(11) NOT NULL,
  `created_at` timestamp NULL DEFAULT NULL,
  `updated_at` timestamp NOT NULL DEFAULT CURRENT_TIMESTAMP,
  `deleted_at` timestamp NULL DEFAULT NULL,
  PRIMARY KEY (`permohonan_project_id`),
  KEY `idx_permohonanproject_permohonanid` (`permohonan_id`),
  KEY `idx_permohonanproject_createdby` (`created_by`),
  KEY `idx_permohonanproject_updatedby` (`updated_by`),
  KEY `idx_permohonanproject_ismain` (`is_main`),
  KEY `idx_permohonanproject_mainid` (`main_id`),
  KEY `idx_permohonanproject_kpiid` (`kpi_id`),
  KEY `idx_permohonanproject_coreid` (`core_id`)
) ENGINE=InnoDB DEFAULT CHARSET=latin1;

INSERT INTO `permohonan_project` (`permohonan_project_id`, `permohonan_id`, `is_main`, `main_id`, `project_desc`, `core_id`, `kpi_id`, `targeted_value`, `achieved_value`, `percentage_value`, `project_final_value`, `status`, `justification`, `created_by`, `updated_by`, `created_at`, `updated_at`, `deleted_at`) VALUES
(1,	1,	1,	NULL,	'TESTING 123',	4,	0,	0.00,	0.00,	0.00,	0.00,	'N',	NULL,	27,	27,	'2022-01-10 02:26:07',	'2022-01-10 02:26:07',	'2022-01-09 18:26:53'),
(2,	1,	0,	1,	NULL,	NULL,	7,	10.00,	0.00,	0.00,	0.00,	'N',	NULL,	27,	27,	'2022-01-10 02:26:07',	'2022-01-10 02:26:07',	'2022-01-09 18:26:53'),
(3,	1,	1,	NULL,	'TESTING 123',	4,	0,	0.00,	0.00,	0.00,	0.00,	'N',	NULL,	27,	27,	'2022-01-10 02:26:53',	'2022-01-10 02:26:53',	NULL),
(4,	1,	0,	3,	NULL,	NULL,	7,	10.00,	0.00,	0.00,	0.00,	'N',	NULL,	27,	27,	'2022-01-10 02:26:53',	'2022-01-10 02:26:53',	NULL),
(9,	3,	1,	NULL,	'',	3,	0,	0.00,	0.00,	0.00,	0.00,	'N',	NULL,	236,	236,	'2022-01-10 03:43:10',	'2022-01-10 03:43:10',	'2022-01-09 19:44:31'),
(10,	3,	0,	9,	NULL,	NULL,	20,	1.00,	0.00,	0.00,	0.00,	'N',	NULL,	236,	236,	'2022-01-10 03:43:10',	'2022-01-10 03:43:10',	'2022-01-09 19:44:31'),
(11,	3,	1,	NULL,	'',	3,	0,	0.00,	0.00,	0.00,	0.00,	'N',	NULL,	236,	236,	'2022-01-10 03:44:31',	'2022-01-10 03:44:31',	NULL),
(12,	3,	0,	11,	NULL,	NULL,	20,	1.00,	0.00,	0.00,	0.00,	'N',	NULL,	236,	236,	'2022-01-10 03:44:31',	'2022-01-10 03:44:31',	NULL),
(13,	4,	1,	NULL,	'TEST',	1,	0,	0.00,	0.00,	0.00,	0.00,	'N',	NULL,	31,	31,	'2022-01-10 03:49:47',	'2022-01-10 03:49:47',	NULL),
(14,	4,	0,	13,	NULL,	NULL,	22,	2.00,	0.00,	0.00,	0.00,	'N',	NULL,	31,	31,	'2022-01-10 03:49:47',	'2022-01-10 03:49:47',	NULL),
(15,	5,	1,	NULL,	'',	2,	0,	0.00,	0.00,	0.00,	0.00,	'N',	NULL,	23,	23,	'2022-01-10 06:35:12',	'2022-01-10 06:35:12',	NULL),
(16,	5,	0,	15,	NULL,	NULL,	10,	20.00,	0.00,	0.00,	0.00,	'N',	NULL,	23,	23,	'2022-01-10 06:35:12',	'2022-01-10 06:35:12',	NULL),
(17,	5,	0,	15,	NULL,	NULL,	22,	2.00,	0.00,	0.00,	0.00,	'N',	NULL,	23,	23,	'2022-01-10 06:35:12',	'2022-01-10 06:35:12',	NULL);

CREATE TABLE `permohonan_project_audit_trail` (
  `permohonan_project_audit_trail_id` bigint(20) NOT NULL AUTO_INCREMENT,
  `permohonan_project_id` bigint(20) NOT NULL,
  `status` char(1) NOT NULL,
  `remarks` text,
  `created_by` int(11) NOT NULL,
  `created_at` timestamp NULL DEFAULT NULL,
  `updated_at` timestamp NOT NULL DEFAULT CURRENT_TIMESTAMP,
  `deleted_at` timestamp NULL DEFAULT NULL,
  PRIMARY KEY (`permohonan_project_audit_trail_id`),
  KEY `idx_permohonanprojecttrail_permohonanid` (`permohonan_project_id`),
  KEY `idx_permohonanprojecttrail_createdby` (`created_by`)
) ENGINE=InnoDB DEFAULT CHARSET=latin1;


CREATE TABLE `permohonan_project_history` (
  `permohonan_project_history_id` bigint(20) NOT NULL AUTO_INCREMENT,
  `permohonan_project_id` bigint(20) NOT NULL,
  `targeted_value` decimal(10,2) NOT NULL DEFAULT '0.00',
  `achieved_value` decimal(10,2) NOT NULL DEFAULT '0.00',
  `percentage_value` decimal(10,2) NOT NULL DEFAULT '0.00',
  `project_final_value` decimal(10,2) NOT NULL DEFAULT '0.00',
  `created_by` int(11) NOT NULL,
  `updated_by` int(11) NOT NULL,
  `created_at` timestamp NULL DEFAULT NULL,
  `updated_at` timestamp NOT NULL DEFAULT CURRENT_TIMESTAMP,
  `deleted_at` timestamp NULL DEFAULT NULL,
  PRIMARY KEY (`permohonan_project_history_id`),
  KEY `idx_permohonanproject_permohonanprojectid` (`permohonan_project_id`),
  KEY `idx_permohonanproject_createdby` (`created_by`),
  KEY `idx_permohonanproject_updatedby` (`updated_by`)
) ENGINE=InnoDB DEFAULT CHARSET=latin1;


CREATE TABLE `permohonan_scope` (
  `permohonan_scope_id` bigint(20) NOT NULL AUTO_INCREMENT,
  `permohonan_id` bigint(20) NOT NULL,
  `scope_desc` varchar(255) DEFAULT NULL,
  `created_by` int(11) NOT NULL,
  `updated_by` int(11) NOT NULL,
  `created_at` timestamp NULL DEFAULT NULL,
  `updated_at` timestamp NOT NULL DEFAULT CURRENT_TIMESTAMP,
  `deleted_at` timestamp NULL DEFAULT NULL,
  PRIMARY KEY (`permohonan_scope_id`),
  KEY `idx_permohonanscope_permohonanid` (`permohonan_id`),
  KEY `idx_permohonanscope_createdby` (`created_by`),
  KEY `idx_permohonanscope_updatedby` (`updated_by`)
) ENGINE=InnoDB DEFAULT CHARSET=latin1;


CREATE TABLE `permohonan_sharewith` (
  `permohonan_sharewith_id` bigint(20) NOT NULL AUTO_INCREMENT,
  `permohonan_id` bigint(20) NOT NULL,
  `user_id` int(11) NOT NULL,
  `created_by` int(11) NOT NULL,
  `updated_by` int(11) NOT NULL,
  `created_at` timestamp NULL DEFAULT NULL,
  `updated_at` timestamp NOT NULL DEFAULT CURRENT_TIMESTAMP,
  `deleted_at` timestamp NULL DEFAULT NULL,
  PRIMARY KEY (`permohonan_sharewith_id`),
  KEY `idx_permohonansharewith_permohonanid` (`permohonan_id`),
  KEY `idx_permohonansharewith_userid` (`user_id`),
  KEY `idx_permohonansharewith_createdby` (`created_by`),
  KEY `idx_permohonansharewith_updatedby` (`updated_by`)
) ENGINE=InnoDB DEFAULT CHARSET=latin1;

INSERT INTO `permohonan_sharewith` (`permohonan_sharewith_id`, `permohonan_id`, `user_id`, `created_by`, `updated_by`, `created_at`, `updated_at`, `deleted_at`) VALUES
(1,	3,	288,	236,	236,	'2022-01-10 03:43:30',	'2022-01-10 03:43:30',	'2022-01-09 19:43:53'),
(2,	3,	179,	236,	236,	'2022-01-10 03:43:50',	'2022-01-10 03:43:50',	'2022-01-09 19:44:31'),
(3,	3,	23,	236,	236,	'2022-01-10 03:44:06',	'2022-01-10 03:44:06',	'2022-01-09 19:44:31'),
(4,	3,	179,	236,	236,	'2022-01-10 03:44:31',	'2022-01-10 03:44:31',	NULL),
(5,	3,	23,	236,	236,	'2022-01-10 03:44:31',	'2022-01-10 03:44:31',	NULL);

CREATE TABLE `permohonan_tkp` (
  `permohonan_tkp_id` bigint(20) NOT NULL AUTO_INCREMENT,
  `permohonan_id` bigint(20) NOT NULL,
  `tkp_id` int(11) DEFAULT NULL COMMENT 'TKP id',
  `tkp_response_status` char(1) NOT NULL DEFAULT 'P' COMMENT 'P-pending response,R-tidak sokong,A-sokong',
  `tkp_need_meeting` int(11) NOT NULL DEFAULT '0',
  `tkp_response_remarks` text,
  `tkp_response_date` datetime DEFAULT NULL,
  `tkp_meeting_remarks` text,
  `tkp_meeting_date` datetime DEFAULT NULL,
  `created_by` int(11) NOT NULL,
  `updated_by` int(11) NOT NULL,
  `created_at` timestamp NULL DEFAULT NULL,
  `updated_at` timestamp NOT NULL DEFAULT CURRENT_TIMESTAMP,
  `deleted_at` timestamp NULL DEFAULT NULL,
  PRIMARY KEY (`permohonan_tkp_id`),
  KEY `idx_permohonantkp_permohonanid` (`permohonan_id`),
  KEY `idx_permohonantkp_tkpid` (`tkp_id`),
  KEY `idx_permohonantkp_createdby` (`created_by`),
  KEY `idx_permohonantkp_updatedby` (`updated_by`),
  KEY `idx_permohonantkp_responsestatus` (`tkp_response_status`)
) ENGINE=InnoDB DEFAULT CHARSET=latin1;


CREATE TABLE `ref_akademik` (
  `akademik_id` int(11) NOT NULL AUTO_INCREMENT,
  `akademik_desc` varchar(200) NOT NULL,
  `is_active` char(1) NOT NULL DEFAULT '1',
  `created_by` int(11) DEFAULT NULL,
  `updated_by` int(11) DEFAULT NULL,
  `created_at` timestamp NULL DEFAULT NULL,
  `updated_at` timestamp NULL DEFAULT CURRENT_TIMESTAMP,
  `deleted_at` timestamp NULL DEFAULT NULL,
  PRIMARY KEY (`akademik_id`),
  KEY `idx_academic_createdby` (`created_by`),
  KEY `idx_academic_updatedby` (`updated_by`)
) ENGINE=InnoDB DEFAULT CHARSET=latin1;

INSERT INTO `ref_akademik` (`akademik_id`, `akademik_desc`, `is_active`, `created_by`, `updated_by`, `created_at`, `updated_at`, `deleted_at`) VALUES
(1,	'PHD',	'1',	2,	2,	'2021-03-19 13:35:24',	'2021-03-19 13:35:24',	NULL),
(2,	'MASTER',	'1',	2,	2,	'2021-03-19 13:35:24',	'2021-03-19 13:35:24',	NULL),
(3,	'IJAZAH',	'1',	2,	2,	'2021-03-19 13:35:24',	'2021-03-19 13:35:24',	NULL),
(4,	'DIPLOMA',	'1',	2,	2,	'2021-03-19 13:35:24',	'2021-03-19 13:35:24',	NULL),
(5,	'SIJIL',	'1',	2,	2,	'2021-03-19 13:35:24',	'2021-03-19 13:35:24',	NULL),
(6,	'SPM',	'1',	2,	2,	'2021-05-31 04:18:32',	'2021-05-31 04:18:35',	NULL);

CREATE TABLE `ref_alasan` (
  `alasan_id` int(11) NOT NULL AUTO_INCREMENT,
  `alasan_desc` varchar(300) NOT NULL,
  `is_active` char(1) NOT NULL DEFAULT '1',
  `created_at` timestamp NULL DEFAULT NULL,
  `updated_at` timestamp NOT NULL DEFAULT CURRENT_TIMESTAMP,
  `deleted_at` timestamp NULL DEFAULT NULL,
  PRIMARY KEY (`alasan_id`)
) ENGINE=InnoDB DEFAULT CHARSET=latin1;

INSERT INTO `ref_alasan` (`alasan_id`, `alasan_desc`, `is_active`, `created_at`, `updated_at`, `deleted_at`) VALUES
(1,	'Cuti Rehat',	'0',	'2018-12-01 00:04:36',	'2018-12-01 00:04:36',	'2019-01-13 18:52:31'),
(2,	'Cuti Sakit',	'0',	'2018-12-01 00:04:36',	'2018-12-01 00:04:36',	'2019-01-13 18:52:46'),
(3,	'Menghadiri Mesyuarat',	'0',	'2018-12-01 00:04:36',	'2018-12-01 00:04:36',	'2019-01-13 18:59:28'),
(4,	'Kerja Lebih Masa',	'0',	'2018-12-01 00:04:36',	'2018-12-01 00:04:36',	'2019-01-13 18:54:14'),
(5,	'Cuti Bersalin',	'0',	'2018-12-01 00:04:36',	'2018-12-01 00:04:36',	'2019-01-13 18:52:59'),
(6,	'Menghadiri Kursus',	'0',	'2018-12-01 00:04:36',	'2018-12-01 00:04:36',	'2019-01-13 18:59:10'),
(7,	'Tersalah Punch',	'0',	'2018-12-01 00:04:36',	'2018-12-01 00:04:36',	'2019-01-13 18:58:31'),
(8,	'Cuti Tanpa Rekod',	'1',	'2018-12-01 00:04:37',	'2018-12-01 00:04:37',	'2019-01-13 18:55:00'),
(9,	'Cuti Tanpa Gaji',	'0',	'2018-12-01 00:04:37',	'2018-12-01 00:04:37',	'2019-01-13 18:53:39'),
(10,	'Mesy. Sasaran Kerja Tahunan',	'1',	'2018-12-01 00:04:37',	'2018-12-01 00:04:37',	'2019-01-13 18:53:12'),
(11,	'Alasan Lewat Diterima',	'1',	'2018-12-01 00:04:37',	'2018-12-01 00:04:37',	NULL),
(12,	'Pelepasan Waktu Bertugas',	'1',	'2018-12-01 00:04:37',	'2018-12-01 00:04:37',	'2019-01-13 18:59:21'),
(13,	'Cuti Kecemasan',	'1',	'2018-12-01 00:04:37',	'2018-12-01 00:04:37',	'2019-01-13 18:53:51'),
(14,	'Cuti Tahunan',	'1',	'2018-12-01 00:04:37',	'2018-12-01 00:04:37',	'2019-01-13 18:54:26'),
(15,	'Cuti Isteri Bersalin',	'1',	'2018-12-01 00:04:37',	'2018-12-01 00:04:37',	'2019-01-13 18:54:00'),
(16,	'Alasan Pulang Awal Diterima',	'1',	'2018-12-01 00:04:37',	'2018-12-01 00:04:37',	NULL),
(17,	'Alasan Tidak Lengkap',	'1',	'2019-01-14 02:58:50',	'2019-01-14 02:58:50',	NULL);

CREATE TABLE `ref_allocation` (
  `allocation_id` int(11) NOT NULL AUTO_INCREMENT,
  `allocation_code` char(10) DEFAULT NULL,
  `allocation_desc` varchar(255) DEFAULT NULL,
  `running_no` int(11) NOT NULL DEFAULT '0',
  `created_by` int(11) DEFAULT NULL,
  `updated_by` int(11) DEFAULT NULL,
  `created_at` timestamp NULL DEFAULT NULL,
  `updated_at` timestamp NOT NULL DEFAULT CURRENT_TIMESTAMP,
  `deleted_at` timestamp NULL DEFAULT NULL,
  PRIMARY KEY (`allocation_id`)
) ENGINE=InnoDB DEFAULT CHARSET=latin1;

INSERT INTO `ref_allocation` (`allocation_id`, `allocation_code`, `allocation_desc`, `running_no`, `created_by`, `updated_by`, `created_at`, `updated_at`, `deleted_at`) VALUES
(1,	'M',	'OPERASI',	1,	2,	46,	'2019-03-21 19:41:34',	'2019-04-11 20:19:11',	NULL),
(2,	'P',	'PEMBANGUNAN',	0,	2,	46,	'2019-03-21 19:41:45',	'2019-04-11 20:54:00',	NULL);

CREATE TABLE `ref_asset` (
  `asset_id` int(11) NOT NULL AUTO_INCREMENT,
  `asset_category` int(11) DEFAULT '0' COMMENT '0-bukan alih, 1-alih',
  `asset_code` varchar(20) DEFAULT NULL,
  `asset_desc` varchar(255) DEFAULT NULL,
  `created_by` int(11) DEFAULT NULL,
  `updated_by` int(11) DEFAULT NULL,
  `created_at` timestamp NULL DEFAULT NULL,
  `updated_at` timestamp NOT NULL DEFAULT CURRENT_TIMESTAMP,
  `deleted_at` timestamp NULL DEFAULT NULL,
  PRIMARY KEY (`asset_id`),
  KEY `idx_refasset_createdby` (`created_by`),
  KEY `idx_refasset_updatedby` (`updated_by`)
) ENGINE=InnoDB DEFAULT CHARSET=latin1;

INSERT INTO `ref_asset` (`asset_id`, `asset_category`, `asset_code`, `asset_desc`, `created_by`, `updated_by`, `created_at`, `updated_at`, `deleted_at`) VALUES
(1,	1,	'A35300',	'ALAT KELENGKAPAN KOMPUTER DAN LETRONIK',	2,	31,	'2020-10-14 03:36:35',	'2021-11-08 15:36:34',	NULL),
(2,	1,	'A35400',	'ALAT KELENGKAPAN LETRIK',	2,	275,	'2020-10-14 03:36:35',	'2021-08-16 04:26:45',	NULL),
(3,	1,	'A35200',	'ALAT KELENGKAPAN MESIN',	2,	275,	'2020-10-14 03:36:35',	'2021-08-16 04:29:46',	NULL),
(4,	1,	'A35100',	'ALAT KELENGKAPAN PEJABAT,PERABOT DAN LENGKAPAN',	2,	275,	'2020-10-14 03:36:35',	'2021-08-16 04:28:35',	NULL),
(5,	1,	'A35500',	'ALAT KELENGKAPAN PENYIARAN DAAN PERHUBUNGAN',	2,	275,	'2020-10-14 03:36:35',	'2021-08-16 04:30:22',	NULL),
(6,	0,	'P27600',	'BAHAN TENUNAN DAN BARANG - BARANG PAKAIAN',	2,	31,	'2020-10-14 03:36:35',	'2020-12-31 04:34:31',	NULL),
(7,	0,	'P27100',	'BEKALAN PEJABAT',	2,	275,	'2020-10-14 03:36:35',	'2021-04-05 03:01:49',	NULL),
(8,	0,	'L91100',	'BELANJA AKRU',	2,	182,	'2020-10-14 03:36:35',	'2021-04-07 01:20:16',	NULL),
(9,	1,	'000000',	'INTANGIBLE ASSET',	2,	2,	'2020-10-14 03:36:35',	'2020-10-14 03:36:35',	NULL),
(10,	1,	'A33100',	'KEMUDAHAN',	2,	275,	'2020-10-14 03:36:35',	'2021-08-16 04:33:07',	NULL),
(11,	1,	'A34100',	'KENDERAAN',	2,	31,	'2020-10-14 03:36:35',	'2020-12-31 04:45:35',	NULL),
(12,	0,	'P29400',	'KERAIAN, HOSPITALITI DAN HONORARIUM',	2,	31,	'2020-10-14 03:36:35',	'2020-12-31 04:41:49',	NULL),
(13,	0,	'P22700',	'PENGANGKUTAN  BARANG- BARANG PEJABAT',	2,	31,	'2020-10-14 03:36:35',	'2020-12-31 04:38:36',	NULL),
(14,	0,	'P22100',	'PENGANGKUTAN BARANG-BARANG UNTUK KAKITANGAN AWAM DALAM NEGERI',	2,	275,	'2020-10-14 03:36:35',	'2021-08-16 04:23:33',	NULL),
(15,	0,	'P28500',	'PENYELENGGARAAN ALAT KELENGKAPAN ELEKTRIK',	2,	31,	'2020-10-14 03:36:35',	'2020-12-31 04:40:37',	NULL),
(16,	0,	'P28400',	'PENYELENGGARAAN ALAT KELENGKAPAN KOMPUTER DAN LETRONIK',	2,	31,	'2020-10-14 03:36:35',	'2020-12-31 04:40:14',	NULL),
(17,	0,	'P28300',	'PENYELENGGARAAN ALAT KELENGKAPAN MESIN',	2,	31,	'2020-10-14 03:36:35',	'2020-12-31 04:39:54',	NULL),
(18,	0,	'P28200',	'PENYELENGGARAAN ALAT KELENGKAPAN PEJABAT, PERABOT DAN LENGKAPAN',	2,	31,	'2020-10-14 03:36:35',	'2020-12-31 04:35:36',	NULL),
(19,	0,	'P28100',	'PENYELENGGARAAN BANGUNAN',	2,	31,	'2020-10-14 03:36:35',	'2020-12-31 04:35:07',	NULL),
(20,	0,	'P28700',	'PENYELENGGARAAN KENDERAAN',	2,	31,	'2020-10-14 03:36:35',	'2020-12-31 04:36:00',	NULL),
(21,	0,	'P21200',	'PERBELANJAAN PERJALANAN DAN SARA HIDUP KAKIKTANGAN DI LUAR NEGARA',	2,	31,	'2020-10-14 03:36:35',	'2020-12-31 04:32:43',	NULL),
(22,	0,	'P21100',	'PERBELANJAAN PERJALANAN DAN SARA HIDUP KAKITANGAN DALAM NEGERI',	2,	31,	'2020-10-14 03:36:35',	'2020-12-31 04:32:21',	NULL),
(23,	0,	'P23100',	'PERHUBUNGAN',	2,	31,	'2020-10-14 03:36:35',	'2020-12-31 04:33:06',	NULL),
(24,	0,	'P29200',	'PERKHIDMATAN PERCETAKAN DAN MENJILID YANG DIBELI',	2,	31,	'2020-10-14 03:36:35',	'2020-12-31 04:43:01',	NULL),
(25,	0,	'P29100',	'PERKHIDMATAN YANG DIBELI',	2,	31,	'2020-10-14 03:36:35',	'2020-12-31 04:42:38',	NULL),
(26,	0,	'P24500',	'SEWA ALAT KELENGKAPAN PEJABAT, PERABOT DAN LENGKAPAN',	2,	31,	'2020-10-14 03:36:35',	'2020-12-31 04:44:17',	NULL),
(27,	0,	'P24200',	'SEWA BANGUNAN',	2,	31,	'2020-10-14 03:36:35',	'2020-12-31 04:44:39',	NULL),
(28,	1,	'A35600',	'UBAHSUAI',	2,	31,	'2020-10-14 03:36:35',	'2020-12-31 04:43:40',	NULL),
(29,	0,	'P28600',	'PENYELENGGARAAN ALAT KELENGKAPAN PENYIARAN DAN PERHUBUNGAN',	275,	275,	'2020-11-27 00:11:47',	'2020-12-03 03:56:18',	NULL),
(30,	0,	'L91108',	'APO',	182,	182,	'2021-04-07 01:24:19',	'2021-04-07 01:24:19',	NULL),
(31,	0,	'L91113',	'JICA/ CLMV',	182,	182,	'2021-04-07 01:24:50',	'2021-04-07 01:24:50',	NULL),
(32,	0,	'U22S0000',	'APO DMO',	182,	182,	'2021-08-26 02:13:17',	'2021-08-26 02:13:39',	NULL),
(33,	0,	'P27300',	'BEKALAN RIADAH',	182,	182,	'2021-09-09 00:36:37',	'2021-09-09 00:36:37',	NULL);

CREATE TABLE `ref_asset_type` (
  `asset_type_id` int(11) NOT NULL AUTO_INCREMENT,
  `asset_id` int(11) DEFAULT NULL,
  `asset_category` int(11) DEFAULT NULL,
  `asset_desc` varchar(100) DEFAULT NULL,
  `asset_type_code` varchar(50) DEFAULT NULL,
  `asset_type_desc` varchar(255) DEFAULT NULL,
  `created_by` int(11) DEFAULT NULL,
  `updated_by` int(11) DEFAULT NULL,
  `created_at` timestamp NULL DEFAULT NULL,
  `updated_at` timestamp NOT NULL DEFAULT CURRENT_TIMESTAMP,
  `deleted_at` timestamp NULL DEFAULT NULL,
  PRIMARY KEY (`asset_type_id`),
  KEY `idx_refassettype_assetid` (`asset_id`),
  KEY `idx_refassettype_createdby` (`created_by`),
  KEY `idx_refassettype_updatedby` (`updated_by`),
  KEY `idx_refassettype_category` (`asset_category`)
) ENGINE=InnoDB DEFAULT CHARSET=latin1;

INSERT INTO `ref_asset_type` (`asset_type_id`, `asset_id`, `asset_category`, `asset_desc`, `asset_type_code`, `asset_type_desc`, `created_by`, `updated_by`, `created_at`, `updated_at`, `deleted_at`) VALUES
(1,	10,	1,	'KEMUDAHAN',	'A33101',	'KEMUDAHAN',	2,	2,	'2020-10-14 03:31:11',	'2020-10-14 03:31:11',	NULL),
(2,	11,	1,	'KENDERAAN',	'A34101',	'KENDERAAN BERMOTOR',	2,	2,	'2020-10-14 03:31:11',	'2020-10-14 03:31:11',	NULL),
(3,	4,	1,	'ALAT KELENGKAPAN PEJABAT,PERABOT DAN LENGKAPAN',	'A35101',	'PERABOT DAN KELENGKAPAN PEJABAT',	2,	2,	'2020-10-14 03:31:11',	'2020-10-14 03:31:11',	NULL),
(4,	3,	1,	'ALAT KELENGKAPAN MESIN',	'A35201',	'MESIN DAN ALAT KELENGKAPAN  PEJABAT',	2,	2,	'2020-10-14 03:31:11',	'2020-10-14 03:31:11',	NULL),
(5,	1,	1,	'ALAT KELENGKAPAN KOMPUTER DAN LETRONIK',	'A35301',	'KOMPUTER DAN ALAT KELENGKAPAN',	2,	2,	'2020-10-14 03:31:11',	'2020-10-14 03:31:11',	NULL),
(6,	2,	1,	'ALAT KELENGKAPAN LETRIK',	'A35401',	'HAWA DINGIN, PENYEJUK, PEMANAS DAN ALAT KELENGKAPAN',	2,	2,	'2020-10-14 03:31:11',	'2020-10-14 03:31:11',	NULL),
(7,	5,	1,	'ALAT KELENGKAPAN PENYIARAN DAAN PERHUBUNGAN',	'A35501',	'TELEFON DAN MESIN FAX/PA SYSTEM',	2,	2,	'2020-10-14 03:31:11',	'2020-10-14 03:31:11',	NULL),
(8,	28,	1,	'UBAHSUAI',	'A35601',	'UBAHSUAI',	2,	2,	'2020-10-14 03:31:11',	'2020-10-14 03:31:11',	NULL),
(9,	9,	1,	'INTANGIBLE ASSET',	'A35701',	'INTANGIBLE ASSET (SOFTWARE)',	2,	31,	'2020-10-14 03:31:11',	'2020-10-14 05:28:08',	NULL),
(10,	30,	0,	'BELANJAN AKRU',	'L91108',	'APO',	2,	182,	'2020-10-14 03:31:11',	'2021-04-07 01:28:15',	NULL),
(11,	31,	0,	'BELANJAN AKRU',	'L91113',	'BEST PRACTICE JICA/ CLMV',	2,	182,	'2020-10-14 03:31:11',	'2021-04-07 01:26:14',	NULL),
(12,	22,	0,	'PERBELANJAAN PERJALANAN DAN SARA HIDUP KAKITANGAN DALAM NEGERI',	'P21101',	'TAMBANG PERJALANAN, TOP-UP TOUCH N GO',	2,	2,	'2020-10-14 03:31:11',	'2020-10-14 03:31:11',	NULL),
(13,	22,	0,	'PERBELANJAAN PERJALANAN DAN SARA HIDUP KAKITANGAN DALAM NEGERI',	'P21102',	'HOTEL, LOJING DAN ELAUN MAKAN',	2,	2,	'2020-10-14 03:31:11',	'2020-10-14 03:31:11',	NULL),
(14,	22,	0,	'PERBELANJAAN PERJALANAN DAN SARA HIDUP KAKITANGAN DALAM NEGERI',	'P21199',	'LAIN - LAIN PERBELANJAAN PERJALANAN',	2,	2,	'2020-10-14 03:31:11',	'2020-10-14 03:31:11',	NULL),
(15,	21,	0,	'PERBELANJAAN PERJALANAN DAN SARA HIDUP KAKIKTANGAN DI LUAR NEGARA',	'P21201',	'TAMBANG PERJALANAN',	2,	2,	'2020-10-14 03:31:11',	'2020-10-14 03:31:11',	NULL),
(16,	21,	0,	'PERBELANJAAN PERJALANAN DAN SARA HIDUP KAKIKTANGAN DI LUAR NEGARA',	'P21202',	'HOTEL, LOJING DAN ELAUN MAKAN',	2,	2,	'2020-10-14 03:31:11',	'2020-10-14 03:31:11',	NULL),
(17,	21,	0,	'PERBELANJAAN PERJALANAN DAN SARA HIDUP KAKIKTANGAN DI LUAR NEGARA',	'P22101',	'PERPINDAHAN BARANG P',	2,	2,	'2020-10-14 03:31:11',	'2020-10-14 03:31:11',	NULL),
(18,	21,	0,	'PERBELANJAAN PERJALANAN DAN SARA HIDUP KAKIKTANGAN DI LUAR NEGARA',	'P22701',	'PENGANGKUTAN BARANG',	2,	2,	'2020-10-14 03:31:11',	'2020-10-14 03:31:11',	NULL),
(19,	14,	0,	'PENGANGKUTAN BARANG-BARANG UNTUK KAKITANGAN AWAM DALAM NEGERI',	'P22101',	'PERPINDAHAN BARANG PEGAWAI',	2,	2,	'2020-10-14 03:31:11',	'2020-10-14 03:31:11',	NULL),
(20,	13,	0,	'PENGANGKUTAN  BARANG- BARANG PEJABAT',	'P22701',	'PENGANGKUTAN BARANG PEJABAT, EXCESS BAGGAGE',	2,	2,	'2020-10-14 03:31:11',	'2020-10-14 03:31:11',	NULL),
(21,	23,	0,	'PERHUBUNGAN ',	'P23104',	'INTERNET',	2,	2,	'2020-10-14 03:31:11',	'2020-10-14 03:31:11',	NULL),
(22,	27,	0,	'SEWA BANGUNAN',	'P24201',	'SEWA BANGUNAN PEJABAT',	2,	2,	'2020-10-14 03:31:11',	'2020-10-14 03:31:11',	NULL),
(23,	27,	0,	'SEWA BANGUNAN',	'P24202',	'SEWA BANGUNAN KEDIAMAN',	2,	2,	'2020-10-14 03:31:11',	'2020-10-14 03:31:11',	NULL),
(24,	27,	0,	'SEWA BANGUNAN',	'P24299',	'SEWA BANGUNAN LAIN LAIN (BAYARAN PARKING BULANAN)',	2,	2,	'2020-10-14 03:31:11',	'2020-10-14 03:31:11',	NULL),
(25,	26,	0,	'SEWA ALAT KELENGKAPAN PEJABAT, PERABOT DAN LENGKAPAN',	'P24501',	'SEWA PERABOT ALAT KELENGKAPAN PEJABAT',	2,	2,	'2020-10-14 03:31:11',	'2020-10-14 03:31:11',	NULL),
(26,	26,	0,	'SEWA ALAT KELENGKAPAN PEJABAT, PERABOT DAN LENGKAPAN',	'P24502',	'SEWA MESIN DAN LENGKAPAN',	2,	2,	'2020-10-14 03:31:11',	'2020-10-14 03:31:11',	NULL),
(27,	26,	0,	'SEWA ALAT KELENGKAPAN PEJABAT, PERABOT DAN LENGKAPAN',	'P24503',	'SEWA MESIN FOTOSTAT',	2,	2,	'2020-10-14 03:31:11',	'2020-10-14 03:31:11',	NULL),
(28,	26,	0,	'SEWA ALAT KELENGKAPAN PEJABAT, PERABOT DAN LENGKAPAN',	'P24504',	'SEWA KENDERAAN',	2,	2,	'2020-10-14 03:31:11',	'2020-10-14 03:31:11',	NULL),
(29,	26,	0,	'SEWA ALAT KELENGKAPAN PEJABAT, PERABOT DAN LENGKAPAN',	'P24505',	'SEWA BILIK SEMINAR/KURSUS - PAMERAN',	2,	2,	'2020-10-14 03:31:11',	'2020-10-14 03:31:11',	NULL),
(30,	7,	0,	'BEKALAN PEJABAT',	'P27101',	'SURAT KHABAR, DAN MAJALAH',	2,	2,	'2020-10-14 03:31:11',	'2020-10-14 03:31:11',	NULL),
(31,	7,	0,	'BEKALAN PEJABAT',	'P27102',	'P27102- BEKALAN PEJABAT',	2,	275,	'2020-10-14 03:31:11',	'2020-11-27 00:18:41',	NULL),
(32,	7,	0,	'BEKALAN PEJABAT',	'P27103',	'P27103 - BEKALAN KOMPUTER',	2,	275,	'2020-10-14 03:31:11',	'2021-04-05 03:03:06',	NULL),
(33,	7,	0,	'BEKALAN PEJABAT',	'P27105',	'BAHAN KURSUS / SEMINAR (CTH: LANYARD, TRAINING KIT, T-SHIRT, BAG, FLIPCHART)',	2,	31,	'2020-10-14 03:31:11',	'2020-10-14 05:32:13',	NULL),
(34,	7,	0,	'BEKALAN PEJABAT',	'P27106',	'PERABOT DAN LENGKAPAN PEJABAT < RM 1,000.00 - CARPET, LANGSIR, WHITE BOARD - HAND DRYER',	2,	2,	'2020-10-14 03:31:11',	'2020-10-14 03:31:11',	NULL),
(35,	7,	0,	'BEKALAN PEJABAT',	'P27107',	'P27107 - BEKALAN DAN ALAT GANTI',	2,	275,	'2020-10-14 03:31:11',	'2021-04-05 03:02:47',	NULL),
(36,	7,	0,	'BEKALAN PEJABAT',	'P27108',	'BEKAL BAHAN PROMOSI (CTH: BAJU , BUNTING, NOTEBOOK ORGANIZER)',	2,	31,	'2020-10-14 03:31:11',	'2020-10-14 05:30:05',	NULL),
(37,	6,	0,	'BAHAN TENUNAN DAN BARANG - BARANG PAKAIAN',	'P27601',	'PAKAIAN SERAGAM',	2,	2,	'2020-10-14 03:31:11',	'2020-10-14 03:31:11',	NULL),
(38,	19,	0,	'PENYELENGGARAAN BANGUNAN ',	'P28101',	'BANGUNAN PEJABAT DAN RUMAH REHAT  - PEST CONTROL, PEMADAM API, TANGKI AIR, CAT , CUCIBANGUNAN',	2,	2,	'2020-10-14 03:31:11',	'2020-10-14 03:31:11',	NULL),
(39,	19,	0,	'PENYELENGGARAAN BANGUNAN ',	'P28102',	'KAWASAN PEJABAT',	2,	2,	'2020-10-14 03:31:11',	'2020-10-14 03:31:11',	NULL),
(40,	19,	0,	'PENYELENGGARAAN BANGUNAN ',	'P28199',	'BANGUNAN - BANGUNAN LAIN',	2,	2,	'2020-10-14 03:31:11',	'2020-10-14 03:31:11',	NULL),
(41,	18,	0,	'PENYELENGGARAAN ALAT KELENGKAPAN PEJABAT, PERABOT DAN LENGKAPAN',	'P28201',	'PERABOT ALAT KELENGKAPAN  PEJABAT',	2,	2,	'2020-10-14 03:31:11',	'2020-10-14 03:31:11',	NULL),
(42,	18,	0,	'PENYELENGGARAAN ALAT KELENGKAPAN PEJABAT, PERABOT DAN LENGKAPAN',	'P28299',	'PERABOT DAN LENGKAPAN YANG LAIN',	2,	2,	'2020-10-14 03:31:11',	'2020-10-14 03:31:11',	NULL),
(43,	17,	0,	'PENYELENGGARAAN ALAT KELENGKAPAN MESIN',	'P28301',	'MESIN DAN ALAT KELENGKAPAN PEJABAT',	2,	2,	'2020-10-14 03:31:11',	'2020-10-14 03:31:11',	NULL),
(44,	17,	0,	'PENYELENGGARAAN ALAT KELENGKAPAN MESIN',	'P28399',	'ALAT -ALAT KELENGKAPAN MESIN YANG LAIN',	2,	2,	'2020-10-14 03:31:11',	'2020-10-14 03:31:11',	NULL),
(45,	16,	0,	'PENYELENGGARAAN ALAT KELENGKAPAN KOMPUTER DAN LETRONIK',	'P28401',	'KOMPUTER DAN LETRONIK',	2,	2,	'2020-10-14 03:31:11',	'2020-10-14 03:31:11',	NULL),
(46,	15,	0,	'PENYELENGGARAAN ALAT KELENGKAPAN ELEKTRIK',	'P28501',	'HAWA DINGIN UTAMA',	2,	2,	'2020-10-14 03:31:11',	'2020-10-14 03:31:11',	NULL),
(47,	15,	0,	'PENYELENGGARAAN ALAT KELENGKAPAN ELEKTRIK',	'P28502',	'HAWA DINGIN INDIVIDU',	2,	2,	'2020-10-14 03:31:11',	'2020-10-14 03:31:11',	NULL),
(48,	20,	0,	'PENYELENGGARAAN KENDERAAN',	'P28701',	'KENDERAAN',	2,	2,	'2020-10-14 03:31:11',	'2020-10-14 03:31:11',	NULL),
(49,	25,	0,	'PERKHIDMATAN YANG DIBELI',	'P29101',	'PERKHIDMATAN PERUBATAN',	2,	2,	'2020-10-14 03:31:11',	'2020-10-14 03:31:11',	NULL),
(50,	25,	0,	'PERKHIDMATAN YANG DIBELI',	'P29103',	'PERKHIDMATAN PERUNDANGAN - STEM HASIL',	2,	2,	'2020-10-14 03:31:11',	'2020-10-14 03:31:11',	NULL),
(51,	25,	0,	'PERKHIDMATAN YANG DIBELI',	'P29104',	'PERKHIDMATAN LATIHAN KAKITANGAN',	2,	2,	'2020-10-14 03:31:11',	'2020-10-14 03:31:11',	NULL),
(52,	25,	0,	'PERKHIDMATAN YANG DIBELI',	'P29105',	'PERKHIDMATAN PAKAR RUNDING PERNIAGAAN DAN PENGURUSAN',	2,	2,	'2020-10-14 03:31:11',	'2020-10-14 03:31:11',	NULL),
(53,	25,	0,	'PERKHIDMATAN YANG DIBELI',	'P29106',	'PERKHIDMATAN PENSYARAH JEMPUTAN',	2,	2,	'2020-10-14 03:31:11',	'2020-10-14 03:31:11',	NULL),
(54,	25,	0,	'PERKHIDMATAN YANG DIBELI',	'P29107',	'PERKHIDMATAN KOMPUTER DAN PROSESAN DATA',	2,	2,	'2020-10-14 03:31:11',	'2020-10-14 03:31:11',	NULL),
(55,	25,	0,	'PERKHIDMATAN YANG DIBELI',	'P29108',	'PERKHIDMATAN FOTOGRAFI , BLUE-PRINTING DAN FILEM MIKRO',	2,	2,	'2020-10-14 03:31:11',	'2020-10-14 03:31:11',	NULL),
(56,	25,	0,	'PERKHIDMATAN YANG DIBELI',	'P29109',	'PERKHIDMATAN PENGELUARAN DAN PENYEBARAN TAYANGAN GAMBAR , PITA VIDEO, RADIO, TV PROD., LAGU, CUCI GAMBAR,  ASTRO',	2,	2,	'2020-10-14 03:31:11',	'2020-10-14 03:31:11',	NULL),
(57,	25,	0,	'PERKHIDMATAN YANG DIBELI',	'P29110',	'PERKHIDMATAN PENGIKLANAN',	2,	2,	'2020-10-14 03:31:11',	'2020-10-14 03:31:11',	NULL),
(58,	25,	0,	'PERKHIDMATAN YANG DIBELI',	'P29111',	'PERKHIDMATAN PERLINDUNGAN DAN KESELAMATAN - (RENEW LESEN, JAGA, INSURAN KEBAKARAN/INSURAN PERJALANAN KE LUAR NEGARA)',	2,	2,	'2020-10-14 03:31:11',	'2020-10-14 03:31:11',	NULL),
(59,	25,	0,	'PERKHIDMATAN YANG DIBELI',	'P29112',	'PERKHIDMATAN PENTERJEMAHAN DAN PENAFSIRAN/PENULISAN',	2,	2,	'2020-10-14 03:31:11',	'2020-10-14 03:31:11',	NULL),
(60,	25,	0,	'PERKHIDMATAN YANG DIBELI',	'P29114',	'INSURAN & CUKAI JALAN / KENDERAAN PEJABAT (RENEW ROAD TAX) * GUNA UTK INSURAN & CUKAI JALAN/KENDERAAN PEJABAT TERMASUK DI WILAYAH',	2,	2,	'2020-10-14 03:31:11',	'2020-10-14 03:31:11',	NULL),
(61,	25,	0,	'PERKHIDMATAN YANG DIBELI',	'P29117',	'YURAN LAIN (PERPUSTAKAAN, BENCHMARKING, DLL.)',	2,	2,	'2020-10-14 03:31:11',	'2020-10-14 03:31:11',	NULL),
(62,	25,	0,	'PERKHIDMATAN YANG DIBELI',	'P29199',	'PERKHIDMATAN YANG LAIN - BANK CHARGE, SONITACT,TENAGA KERJA/PLATE NO.KERETA BARU',	2,	2,	'2020-10-14 03:31:11',	'2020-10-14 03:31:11',	NULL),
(63,	24,	0,	'PERKHIDMATAN PERCETAKAN DAN MENJILID YANG DIBELI',	'P29201',	'PERCETAKAN PENERBITAN - ARTWORD, APR , BUKU LAPORAN, KERTAS UNTUK BOOKLET, PRINT LAPORAN, GCR',	2,	275,	'2020-10-14 03:31:11',	'2021-08-30 07:16:59',	NULL),
(64,	24,	0,	'PERKHIDMATAN PERCETAKAN DAN MENJILID YANG DIBELI',	'P29202',	'PERCETAKAN BORANG DAN ALAT TULIS  -  KAD NAMA, COVER SIJIL, STICKER, BROCHURE, PLANNER, POSTER',	2,	2,	'2020-10-14 03:31:11',	'2020-10-14 03:31:11',	NULL),
(65,	24,	0,	'PERKHIDMATAN PERCETAKAN DAN MENJILID YANG DIBELI',	'P29203',	'BACAAN METER MESIN FOTOSTAT',	2,	2,	'2020-10-14 03:31:11',	'2020-10-14 03:31:11',	NULL),
(66,	24,	0,	'PERKHIDMATAN PERCETAKAN DAN MENJILID YANG DIBELI',	'P29299',	'BAYARAN - BAYARAN PERKHIDMATAN PERCETAKAN YANG LAIN - JILID, MATEL PLATE, BINDING',	2,	2,	'2020-10-14 03:31:11',	'2020-10-14 03:31:11',	NULL),
(67,	12,	0,	'KERAIAN, HOSPITALITI DAN HONORARIUM',	'P29401',	'MAKAN DAN MINUM (STOK TEH, GULA, KOPI, KRIMER, BISKUT)',	2,	31,	'2020-10-14 03:31:11',	'2020-10-14 05:24:45',	NULL),
(68,	12,	0,	'KERAIAN, HOSPITALITI DAN HONORARIUM',	'P29402',	'PENGINAPAN - ORANG JEMPUTAN/PESERTA KURSUS',	2,	2,	'2020-10-14 03:31:11',	'2020-10-14 03:31:11',	NULL),
(69,	12,	0,	'KERAIAN, HOSPITALITI DAN HONORARIUM',	'P29403',	'PENGANGKUTAN/INSURAN - ORANG JEMPUTAN/PESERTA KURSUS',	2,	2,	'2020-10-14 03:31:11',	'2020-10-14 03:31:11',	NULL),
(70,	12,	0,	'KERAIAN, HOSPITALITI DAN HONORARIUM',	'P29404',	'HONORARIUM, SAGUHATI DAN HADIAH (CTH: ORANG LUAR, BAYARAN PEMENANG ICC, PIALA, DOORGIFT)',	2,	31,	'2020-10-14 03:31:11',	'2020-10-14 05:50:24',	NULL),
(71,	12,	0,	'KERAIAN, HOSPITALITI DAN HONORARIUM',	'P29406',	'HONORARIUM, SAGUHATI DAN HADIAH - KAKITANGAN MPC, DINNER, TQ DAUN KELADI, HARI KELUARGA, HARI SUKAN)',	2,	31,	'2020-10-14 03:31:11',	'2020-10-14 05:51:04',	NULL),
(72,	12,	0,	'KERAIAN, HOSPITALITI DAN HONORARIUM',	'P29407',	'MAKAN DAN MINUM (PESERTA KURSUS, SEMINAR, WORKSHOP, BAND)',	2,	31,	'2020-10-14 03:31:11',	'2020-10-14 05:25:35',	NULL),
(73,	25,	NULL,	NULL,	'P29102',	'PERKHIDMATAN PERAKAUNAN DAN AUDITAN',	275,	275,	'2020-11-09 01:01:05',	'2020-11-09 01:05:43',	NULL),
(74,	29,	NULL,	NULL,	'P28601',	'P28601-TELEFON DAN MESIN FAX - PABX',	275,	275,	'2020-11-27 00:15:23',	'2020-12-03 03:57:05',	NULL),
(75,	8,	NULL,	NULL,	'L91100',	'BELANJA AKRU',	182,	182,	'2021-04-07 01:29:59',	'2021-04-07 01:29:59',	NULL),
(76,	25,	NULL,	NULL,	'P29113',	'PERKHIDMATAN DOBI',	31,	31,	'2021-04-30 01:36:55',	'2021-04-30 01:36:55',	NULL),
(77,	32,	NULL,	NULL,	'U22S0000',	'WANG COVID-19',	182,	182,	'2021-08-26 02:14:36',	'2021-08-26 02:14:36',	NULL),
(78,	7,	NULL,	NULL,	'P27300',	'P27302 - ALAT-ALAT SUKAN DAN OLAHRAGA',	210,	210,	'2021-09-08 09:41:27',	'2021-09-08 10:26:53',	'2021-09-08 16:49:44'),
(79,	33,	NULL,	NULL,	'P27302',	'ALAT-ALAT SUKAN DAN OLAHRAGA',	182,	182,	'2021-09-09 00:42:22',	'2021-09-09 00:42:22',	NULL),
(80,	15,	NULL,	NULL,	'P28503',	'ALAT-ALAT KELENGKAPAN ELEKTRIK YANG LAIN',	182,	182,	'2021-09-28 03:51:59',	'2021-09-28 03:51:59',	NULL),
(81,	15,	NULL,	NULL,	'P28599',	'SEWA ELEKTRIK LAIN',	182,	182,	'2021-09-28 03:52:22',	'2021-09-28 03:52:22',	NULL);

CREATE TABLE `ref_bank` (
  `bank_id` int(11) NOT NULL AUTO_INCREMENT,
  `bank_desc` varchar(100) NOT NULL,
  `minimum_digit` int(11) NOT NULL DEFAULT '1',
  `maximum_digit` int(11) NOT NULL DEFAULT '1',
  `created_by` int(11) DEFAULT NULL,
  `updated_by` int(11) DEFAULT NULL,
  `created_at` timestamp NULL DEFAULT NULL,
  `updated_at` timestamp NOT NULL DEFAULT CURRENT_TIMESTAMP,
  `deleted_at` timestamp NULL DEFAULT NULL,
  PRIMARY KEY (`bank_id`),
  KEY `idx_bank_createdby` (`created_by`),
  KEY `idx_bank_updatedby` (`updated_by`)
) ENGINE=InnoDB DEFAULT CHARSET=latin1;

INSERT INTO `ref_bank` (`bank_id`, `bank_desc`, `minimum_digit`, `maximum_digit`, `created_by`, `updated_by`, `created_at`, `updated_at`, `deleted_at`) VALUES
(1,	'AFFIN BANK BERHAD',	12,	12,	2,	2,	'2021-01-05 06:40:33',	'2021-01-05 06:40:33',	NULL),
(2,	'ALLIANCE BANK MALAYSIA BERHAD',	15,	15,	2,	2,	'2021-01-05 06:40:33',	'2021-01-05 06:40:33',	NULL),
(3,	'AMBANK/AMFINANCE',	13,	13,	2,	2,	'2021-01-05 06:40:33',	'2021-01-05 06:40:33',	NULL),
(4,	'AL-RAJHI BANKING & INVESTMENT CORPORATION (MALAYSIA) BERHAD',	15,	15,	2,	31,	'2021-01-05 06:40:33',	'2021-05-29 18:43:57',	NULL),
(5,	'BANGKOK BANK BERHAD',	10,	10,	2,	2,	'2021-01-05 06:40:33',	'2021-01-05 06:40:33',	NULL),
(6,	'BANK ISLAM MALAYSIA BERHAD',	14,	14,	2,	2,	'2021-01-05 06:40:33',	'2021-01-05 06:40:33',	NULL),
(7,	'BANK KERJASAMA RAKYAT MALAYSIA BERHAD',	12,	12,	2,	2,	'2021-01-05 06:40:33',	'2021-01-05 06:40:33',	NULL),
(8,	'BANK MUAMALAT MALAYSIA BERHAD',	14,	14,	2,	2,	'2021-01-05 06:40:33',	'2021-01-05 06:40:33',	NULL),
(9,	'BANK OF AMERICA',	5,	17,	2,	2,	'2021-01-05 06:40:33',	'2021-01-05 06:40:33',	NULL),
(10,	'BANK OF CHINA (MALAYSIA) BERHAD',	13,	15,	2,	2,	'2021-01-05 06:40:33',	'2021-01-05 06:40:33',	NULL),
(11,	'BANK PERTANIAN MALAYSIA BERHAD (AGROBANK)',	16,	16,	2,	2,	'2021-01-05 06:40:33',	'2021-01-05 06:40:33',	NULL),
(12,	'BANK SIMPANAN NASIONAL BERHAD',	16,	16,	2,	2,	'2021-01-05 06:40:33',	'2021-01-05 06:40:33',	NULL),
(13,	'BNP PARIBAS MALAYSIA BERHAD',	6,	16,	2,	2,	'2021-01-05 06:40:33',	'2021-01-05 06:40:33',	NULL),
(14,	'CHINA CONSTRUCTION BANK (MALAYSIA) BERHAD',	12,	12,	2,	2,	'2021-01-05 06:40:33',	'2021-01-05 06:40:33',	NULL),
(15,	'CIMB BANK BERHAD',	10,	14,	2,	2,	'2021-01-05 06:40:33',	'2021-01-05 06:40:33',	NULL),
(16,	'CITIBANK BERHAD',	9,	16,	2,	2,	'2021-01-05 06:40:33',	'2021-01-05 06:40:33',	NULL),
(17,	'DEUTSCHE BANK (MALAYSIA) BERHAD',	10,	14,	2,	2,	'2021-01-05 06:40:33',	'2021-01-05 06:40:33',	NULL),
(18,	'HONG LEONG BANK',	11,	13,	2,	2,	'2021-01-05 06:40:33',	'2021-01-05 06:40:33',	NULL),
(19,	'HSBC BANK MALAYSIA BERHAD',	12,	12,	2,	2,	'2021-01-05 06:40:33',	'2021-01-05 06:40:33',	NULL),
(20,	'INDUSTRIAL AND COMMERCIAL BANK OF CHINA (MALAYSIA) BERHAD',	17,	17,	2,	2,	'2021-01-05 06:40:33',	'2021-01-05 06:40:33',	NULL),
(21,	'J.P. MORGAN CHASE BANK BHD',	10,	10,	2,	2,	'2021-01-05 06:40:33',	'2021-01-05 06:40:33',	NULL),
(22,	'KUWAIT FINANCE HOUSE (MALAYSIA) BERHAD',	12,	12,	2,	2,	'2021-01-05 06:40:33',	'2021-01-05 06:40:33',	NULL),
(23,	'MAYBANK',	12,	12,	2,	2,	'2021-01-05 06:40:33',	'2021-01-05 06:40:33',	NULL),
(24,	'MBSB BANK BERHAD',	16,	16,	2,	2,	'2021-01-05 06:40:33',	'2021-01-05 06:40:33',	NULL),
(25,	'BANK OF TOKYO-MITSUBISHI UFJ (M) BERHAD / MUFG BANK',	6,	6,	2,	2,	'2021-01-05 06:40:33',	'2021-01-05 06:40:33',	NULL),
(26,	'MIZUHO CORPORATE BANK MALAYSIA BERHAD',	10,	10,	2,	2,	'2021-01-05 06:40:33',	'2021-01-05 06:40:33',	NULL),
(27,	'OCBC BANK (MALAYSIA) BERHAD',	10,	10,	2,	2,	'2021-01-05 06:40:33',	'2021-01-05 06:40:33',	NULL),
(28,	'PUBLIC BANK BERHAD/PUBLIC ISLAMIC BANK BERHAD',	10,	10,	2,	2,	'2021-01-05 06:40:33',	'2021-01-05 06:40:33',	NULL),
(29,	'RHB BANK',	14,	14,	2,	2,	'2021-01-05 06:40:33',	'2021-01-05 06:40:33',	NULL),
(30,	'STANDARD CHARTERED BANK MALAYSIA BERHAD',	5,	17,	2,	2,	'2021-01-05 06:40:33',	'2021-01-05 06:40:33',	NULL),
(31,	'SUMITOMO MITSUI BANKING CORPORATION MALAYSIA BERHAD',	8,	8,	2,	2,	'2021-01-05 06:40:33',	'2021-01-05 06:40:33',	NULL),
(32,	'UNITED OVERSEAS BANK BERHAD',	10,	17,	2,	2,	'2021-01-05 06:40:33',	'2021-01-05 06:40:33',	NULL);

CREATE TABLE `ref_card` (
  `card_id` int(11) NOT NULL AUTO_INCREMENT,
  `card_desc` varchar(20) DEFAULT NULL,
  `card_color` varchar(20) NOT NULL,
  `created_at` timestamp NULL DEFAULT NULL,
  `updated_at` timestamp NOT NULL DEFAULT CURRENT_TIMESTAMP,
  `deleted_at` timestamp NULL DEFAULT NULL,
  PRIMARY KEY (`card_id`)
) ENGINE=InnoDB DEFAULT CHARSET=latin1;

INSERT INTO `ref_card` (`card_id`, `card_desc`, `card_color`, `created_at`, `updated_at`, `deleted_at`) VALUES
(1,	'Kuning',	'#FFFF00',	'2018-11-25 17:16:20',	'2018-11-25 14:50:57',	NULL),
(2,	'Hijau',	'#00FF00',	'2018-11-25 17:16:24',	'2018-11-25 14:51:07',	NULL),
(3,	'Merah',	'#FF0000',	'2018-11-25 17:16:28',	'2018-11-25 14:51:15',	NULL);

CREATE TABLE `ref_cawangan` (
  `cawangan_id` int(11) NOT NULL AUTO_INCREMENT,
  `cawangan_desc` varchar(255) NOT NULL,
  `created_by` int(11) DEFAULT NULL,
  `updated_by` int(11) DEFAULT NULL,
  `created_at` timestamp NULL DEFAULT NULL,
  `updated_at` timestamp NOT NULL DEFAULT CURRENT_TIMESTAMP,
  `deleted_at` timestamp NULL DEFAULT NULL,
  PRIMARY KEY (`cawangan_id`)
) ENGINE=InnoDB DEFAULT CHARSET=latin1;


CREATE TABLE `ref_charge_gov` (
  `charge_gov_id` int(11) NOT NULL AUTO_INCREMENT,
  `supplier_service_id` int(11) DEFAULT NULL,
  `service_group_id` int(11) DEFAULT NULL,
  `charge_amount` decimal(10,2) NOT NULL DEFAULT '0.00',
  `unit_id` int(11) DEFAULT NULL,
  `created_by` int(11) DEFAULT NULL,
  `updated_by` int(11) DEFAULT NULL,
  `created_at` timestamp NULL DEFAULT NULL,
  `updated_at` timestamp NOT NULL DEFAULT CURRENT_TIMESTAMP,
  `deleted_at` timestamp NULL DEFAULT NULL,
  PRIMARY KEY (`charge_gov_id`),
  KEY `idx_chargegov_service` (`supplier_service_id`),
  KEY `idx_chargegov_createdby` (`created_by`),
  KEY `idx_chargegov_updatedby` (`updated_by`)
) ENGINE=InnoDB DEFAULT CHARSET=latin1;

INSERT INTO `ref_charge_gov` (`charge_gov_id`, `supplier_service_id`, `service_group_id`, `charge_amount`, `unit_id`, `created_by`, `updated_by`, `created_at`, `updated_at`, `deleted_at`) VALUES
(1,	2,	1,	100.00,	1,	2,	2,	'2021-06-20 15:03:42',	'2021-06-20 15:03:42',	NULL),
(2,	2,	2,	100.00,	1,	2,	2,	'2021-06-20 15:03:42',	'2021-06-20 15:03:42',	NULL),
(3,	2,	3,	90.00,	1,	2,	2,	'2021-06-20 15:03:42',	'2021-06-20 15:03:42',	NULL),
(4,	2,	4,	80.00,	1,	2,	2,	'2021-06-20 15:03:42',	'2021-06-20 15:03:42',	NULL),
(5,	2,	5,	60.00,	1,	2,	2,	'2021-06-20 15:03:42',	'2021-06-20 15:03:42',	NULL),
(6,	4,	1,	300.00,	1,	2,	2,	'2021-06-20 15:03:42',	'2021-06-20 15:03:42',	NULL),
(7,	4,	2,	200.00,	1,	2,	2,	'2021-06-20 15:03:42',	'2021-06-20 15:03:42',	NULL),
(8,	4,	3,	150.00,	1,	2,	2,	'2021-06-20 15:03:42',	'2021-06-20 15:03:42',	NULL),
(9,	4,	4,	120.00,	1,	2,	2,	'2021-06-20 15:03:42',	'2021-06-20 15:03:42',	NULL),
(10,	4,	5,	80.00,	1,	2,	2,	'2021-06-20 15:03:42',	'2021-06-20 15:03:42',	NULL),
(11,	19,	1,	300.00,	1,	2,	2,	'2021-06-20 15:03:42',	'2021-06-20 15:03:42',	NULL),
(12,	19,	2,	200.00,	1,	2,	2,	'2021-06-20 15:03:42',	'2021-06-20 15:03:42',	NULL),
(13,	19,	3,	150.00,	1,	2,	2,	'2021-06-20 15:03:42',	'2021-06-20 15:03:42',	NULL),
(14,	19,	4,	120.00,	1,	2,	2,	'2021-06-20 15:03:42',	'2021-06-20 15:03:42',	NULL),
(15,	19,	5,	80.00,	1,	2,	2,	'2021-06-20 15:03:42',	'2021-06-20 15:03:42',	NULL);

CREATE TABLE `ref_core` (
  `core_id` int(11) NOT NULL AUTO_INCREMENT,
  `core_desc` varchar(100) NOT NULL,
  `created_by` int(11) DEFAULT NULL,
  `updated_by` int(11) DEFAULT NULL,
  `created_at` timestamp NULL DEFAULT NULL,
  `updated_at` timestamp NOT NULL DEFAULT CURRENT_TIMESTAMP,
  `deleted_at` timestamp NULL DEFAULT NULL,
  PRIMARY KEY (`core_id`),
  KEY `idx_core_createdby` (`created_by`),
  KEY `idx_core_updatedby` (`updated_by`)
) ENGINE=InnoDB DEFAULT CHARSET=latin1;

INSERT INTO `ref_core` (`core_id`, `core_desc`, `created_by`, `updated_by`, `created_at`, `updated_at`, `deleted_at`) VALUES
(1,	'Menghasilkan bakat masa hadapan',	2,	2,	'2022-01-06 17:51:13',	'2022-01-06 17:51:13',	NULL),
(2,	'Memacu pendigitalan dan inovasi',	2,	2,	'2022-01-06 17:51:39',	'2022-01-06 17:51:39',	NULL),
(3,	'Memastikan akauntabiliti industri terhadap produktiviti',	2,	2,	'2022-01-06 17:52:12',	'2022-01-06 17:52:12',	NULL),
(4,	'Membentuk ekosistem yang teguh',	2,	2,	'2022-01-06 17:52:37',	'2022-01-06 17:52:37',	NULL),
(5,	'Memupuk minda produktif',	2,	2,	'2022-01-06 17:52:57',	'2022-01-06 17:52:57',	NULL);

CREATE TABLE `ref_field` (
  `field_id` int(11) NOT NULL AUTO_INCREMENT,
  `field_code` char(10) DEFAULT NULL,
  `field_desc` varchar(255) DEFAULT NULL,
  `created_by` int(11) DEFAULT NULL,
  `updated_by` int(11) DEFAULT NULL,
  `created_at` timestamp NULL DEFAULT NULL,
  `updated_at` timestamp NOT NULL DEFAULT CURRENT_TIMESTAMP,
  `deleted_at` timestamp NULL DEFAULT NULL,
  PRIMARY KEY (`field_id`),
  KEY `idx_field_code` (`field_code`),
  KEY `idx_field_createdby` (`created_by`),
  KEY `idx_field_updatedby` (`updated_by`)
) ENGINE=InnoDB DEFAULT CHARSET=latin1;

INSERT INTO `ref_field` (`field_id`, `field_code`, `field_desc`, `created_by`, `updated_by`, `created_at`, `updated_at`, `deleted_at`) VALUES
(1,	'221110',	'Khidmat Latihan, Tenaga Pengajar dan Moderator/Negotiator',	2,	2,	'2021-07-27 18:04:04',	'2021-07-27 18:04:04',	NULL),
(2,	'222004',	'Penulisan – Semua Jenis Penulisan',	2,	2,	'2021-07-27 18:04:04',	'2021-07-27 18:04:10',	NULL),
(3,	'222704',	'Pensijilan dan Pengiktirafan',	2,	2,	'2021-07-27 18:04:04',	'2021-07-27 18:04:17',	NULL);

CREATE TABLE `ref_flight_company` (
  `flight_company_id` int(11) NOT NULL AUTO_INCREMENT,
  `flight_company_desc` varchar(100) NOT NULL,
  `flight_company_url` varchar(200) NOT NULL,
  `flight_company_luggage_quota` decimal(10,2) NOT NULL DEFAULT '0.00',
  `created_by` int(11) DEFAULT NULL,
  `updated_by` int(11) DEFAULT NULL,
  `created_at` timestamp NULL DEFAULT NULL,
  `updated_at` timestamp NOT NULL DEFAULT CURRENT_TIMESTAMP,
  `deleted_at` timestamp NULL DEFAULT NULL,
  PRIMARY KEY (`flight_company_id`)
) ENGINE=InnoDB DEFAULT CHARSET=latin1;

INSERT INTO `ref_flight_company` (`flight_company_id`, `flight_company_desc`, `flight_company_url`, `flight_company_luggage_quota`, `created_by`, `updated_by`, `created_at`, `updated_at`, `deleted_at`) VALUES
(1,	'MAS',	'https://www.malaysiaairlines.com',	20.00,	2,	2,	'2019-03-20 13:34:10',	'2019-03-20 13:31:37',	NULL),
(2,	'AIR ASIA',	'https://www.airasia.com',	15.00,	2,	2,	'2019-03-20 13:34:28',	'2019-03-20 13:31:42',	NULL),
(3,	'MALINDO AIR',	'https://www.malindoair.com/',	20.00,	2,	2,	'2019-03-20 13:35:09',	'2019-03-20 13:31:54',	NULL),
(4,	'FIREFLY',	'https://www.airpaz.com',	20.00,	2,	2,	'2019-03-20 13:35:11',	'2019-03-20 13:32:02',	NULL),
(5,	'LATAM AIRLINES',	'https://www.latam.com',	20.00,	71,	46,	'2019-08-09 16:02:56',	'2020-02-28 08:33:10',	NULL),
(6,	'FIJI AIRWAYS',	'https://www.fijiairways.com/',	20.00,	46,	46,	'2020-02-28 08:32:56',	'2020-02-28 08:32:56',	NULL);

CREATE TABLE `ref_gred` (
  `gred_id` int(11) NOT NULL AUTO_INCREMENT,
  `service_group_id` int(11) DEFAULT NULL,
  `gred_desc` varchar(20) NOT NULL,
  `is_active` char(1) NOT NULL DEFAULT '1',
  `created_by` int(11) DEFAULT NULL,
  `updated_by` int(11) DEFAULT NULL,
  `created_at` timestamp NULL DEFAULT NULL,
  `updated_at` timestamp NULL DEFAULT CURRENT_TIMESTAMP,
  `deleted_at` timestamp NULL DEFAULT NULL,
  PRIMARY KEY (`gred_id`),
  KEY `idx_grade_servicegroup` (`service_group_id`),
  KEY `idx_grade_createdby` (`created_by`),
  KEY `idx_grade_updatedby` (`updated_by`)
) ENGINE=InnoDB DEFAULT CHARSET=latin1;

INSERT INTO `ref_gred` (`gred_id`, `service_group_id`, `gred_desc`, `is_active`, `created_by`, `updated_by`, `created_at`, `updated_at`, `deleted_at`) VALUES
(1,	5,	'B22',	'1',	2,	2,	'2019-03-28 07:32:43',	'2019-03-28 07:32:43',	NULL),
(2,	5,	'E29/E32',	'1',	2,	2,	'2019-03-28 07:32:43',	'2019-03-28 07:32:43',	NULL),
(3,	4,	'E41',	'1',	2,	2,	'2019-03-28 07:32:43',	'2019-03-28 07:32:43',	NULL),
(4,	4,	'E44',	'1',	2,	2,	'2019-03-28 07:32:43',	'2019-03-28 07:32:43',	NULL),
(5,	3,	'E48',	'1',	2,	2,	'2019-03-28 07:32:43',	'2019-03-28 07:32:43',	NULL),
(6,	3,	'E52',	'1',	2,	2,	'2019-03-28 07:32:43',	'2019-03-28 07:32:43',	NULL),
(7,	2,	'E54',	'1',	2,	2,	'2019-03-28 07:32:43',	'2019-03-28 07:32:43',	NULL),
(8,	5,	'FA29',	'1',	2,	2,	'2019-03-28 07:32:43',	'2019-03-28 07:32:43',	NULL),
(9,	5,	'H11',	'1',	2,	2,	'2019-03-28 07:32:43',	'2019-03-28 07:32:43',	NULL),
(10,	5,	'H19',	'1',	2,	2,	'2019-03-28 07:32:43',	'2019-03-28 07:32:43',	NULL),
(11,	5,	'J22',	'1',	2,	2,	'2019-03-28 07:32:43',	'2019-03-28 07:32:43',	NULL),
(12,	5,	'JA29/JA36',	'1',	2,	2,	'2019-03-28 07:32:43',	'2019-03-28 07:32:43',	NULL),
(13,	1,	'JUSA A/VU5',	'1',	2,	2,	'2019-03-28 07:32:43',	'2019-03-28 07:32:43',	NULL),
(14,	1,	'JUSA B/VU6',	'1',	2,	2,	'2019-03-28 07:32:43',	'2019-03-28 07:32:43',	NULL),
(15,	1,	'JUSA C/VU7',	'1',	2,	2,	'2019-03-28 07:32:43',	'2019-03-28 07:32:43',	NULL),
(16,	5,	'N11',	'1',	2,	2,	'2019-03-28 07:32:43',	'2019-03-28 07:32:43',	NULL),
(17,	5,	'N14',	'1',	2,	2,	'2019-03-28 07:32:43',	'2019-03-28 07:32:43',	NULL),
(18,	5,	'N19',	'1',	2,	2,	'2019-03-28 07:32:43',	'2019-03-28 07:32:43',	NULL),
(19,	5,	'N22',	'1',	2,	2,	'2019-03-28 07:32:43',	'2019-03-28 07:32:43',	NULL),
(20,	5,	'N26',	'1',	2,	2,	'2019-03-28 07:32:43',	'2019-03-28 07:32:43',	NULL),
(21,	5,	'N28',	'1',	2,	2,	'2019-03-28 07:32:43',	'2019-03-28 07:32:43',	NULL),
(22,	5,	'N29',	'1',	2,	2,	'2019-03-28 07:32:43',	'2019-03-28 07:32:43',	NULL),
(23,	5,	'N30',	'1',	2,	2,	'2019-03-28 07:32:43',	'2019-03-28 07:32:43',	NULL),
(24,	5,	'N32',	'1',	2,	2,	'2019-03-28 07:32:43',	'2019-03-28 07:32:43',	NULL),
(25,	5,	'S32',	'1',	2,	2,	'2019-03-28 07:32:43',	'2019-03-28 07:32:43',	NULL),
(26,	5,	'S41',	'1',	2,	2,	'2019-03-28 07:32:43',	'2019-03-28 07:32:43',	NULL),
(27,	5,	'W29',	'1',	2,	2,	'2019-03-28 07:32:43',	'2019-03-28 07:32:43',	NULL),
(28,	4,	'WA41',	'1',	2,	2,	'2019-03-28 07:32:43',	'2019-03-28 07:32:43',	NULL),
(29,	4,	'WA44',	'1',	2,	2,	'2019-03-28 07:32:43',	'2019-03-28 07:32:43',	NULL),
(30,	3,	'WA48',	'1',	2,	2,	'2019-03-28 07:32:43',	'2019-03-28 07:32:43',	NULL),
(31,	4,	'F41',	'1',	2,	2,	'2019-03-31 12:54:05',	'2019-03-31 12:54:05',	NULL),
(32,	NULL,	'FT19',	'1',	2,	2,	'2022-01-06 13:55:41',	'2022-01-06 13:55:41',	NULL);

CREATE TABLE `ref_jabatan` (
  `jabatan_id` int(11) NOT NULL AUTO_INCREMENT,
  `jabatan_desc` varchar(200) NOT NULL,
  `is_active` char(1) NOT NULL DEFAULT '1',
  `created_at` timestamp NULL DEFAULT NULL,
  `updated_at` timestamp NULL DEFAULT CURRENT_TIMESTAMP,
  `deleted_at` timestamp NULL DEFAULT NULL,
  PRIMARY KEY (`jabatan_id`)
) ENGINE=InnoDB DEFAULT CHARSET=latin1;

INSERT INTO `ref_jabatan` (`jabatan_id`, `jabatan_desc`, `is_active`, `created_at`, `updated_at`, `deleted_at`) VALUES
(2,	'JABATAN KHIDMAT PENGURUSAN',	'1',	'2019-01-01 07:48:01',	'2019-01-01 07:48:01',	NULL),
(3,	'JABATAN TEKNOLOGI MAKLUMAT',	'1',	'2019-01-01 07:48:01',	'2019-01-01 07:48:01',	NULL),
(4,	'BAHAGIAN PENGURUSAN HARTA',	'1',	'2019-01-01 07:48:01',	'2019-01-01 07:48:01',	NULL),
(5,	'JABATAN PENILAIAN & PENGURUSAN HARTA',	'1',	'2019-01-01 07:48:01',	'2019-01-01 07:48:01',	NULL),
(6,	'JABATAN PERBENDAHARAAN',	'1',	'2019-01-01 07:48:01',	'2019-01-01 07:48:01',	NULL),
(7,	'JABATAN PERUNDANGAN',	'1',	'2019-01-01 07:48:01',	'2019-01-01 07:48:01',	NULL),
(8,	'JABATAN KORPORAT',	'1',	'2019-01-01 07:48:01',	'2019-01-01 07:48:01',	NULL),
(9,	'JABATAN PERANCANG BANDAR',	'1',	'2019-01-01 07:48:01',	'2019-01-01 07:48:01',	NULL),
(10,	'JABATAN KEJURUTERAAN',	'1',	'2019-01-01 07:48:01',	'2019-01-01 07:48:01',	NULL),
(11,	'JABATAN BANGUNAN',	'1',	'2019-01-01 07:48:01',	'2019-01-01 07:48:01',	NULL),
(13,	'PEJABAT YANG DIPERTUA / TIMBALAN YANG DIPERTUA',	'1',	'2019-01-01 07:48:01',	'2019-01-01 07:48:01',	NULL),
(14,	'BAHAGIAN KEMUDAHAN AWAM',	'1',	'2019-01-01 07:48:01',	'2019-01-01 07:48:01',	NULL),
(16,	'JABATAN LANDSKAP',	'1',	'2019-01-01 07:48:01',	'2019-01-01 07:48:01',	NULL),
(17,	'BAHAGIAN URUSETIA',	'1',	'2019-01-01 07:48:01',	'2019-01-01 07:48:01',	NULL),
(18,	'UNIT NURSERY',	'1',	'2019-01-01 07:48:01',	'2019-01-01 07:48:01',	NULL),
(19,	'JABATAN AUDIT DALAM',	'1',	'2019-01-01 07:48:01',	'2019-01-01 07:48:01',	NULL),
(20,	'UNIT BENGKEL RAWANG',	'1',	'2019-01-01 07:48:01',	'2019-01-01 07:48:01',	NULL),
(22,	'JABATAN PUSAT SETEMPAT (OSC)',	'1',	'2019-01-01 07:48:01',	'2019-01-01 07:48:01',	NULL),
(23,	'JABATAN PENGUATKUASA & KESELAMATAN',	'1',	'2019-01-01 07:48:01',	'2019-01-01 07:48:01',	NULL),
(24,	'JABATAN KONTRAK DAN UKUR BAHAN',	'1',	'2019-01-01 07:48:01',	'2019-01-01 07:48:01',	NULL),
(25,	'JABATAN PELESENAN',	'1',	'2019-01-01 07:48:01',	'2019-01-01 07:48:01',	NULL),
(26,	'BAHAGIAN HASIL',	'1',	'2019-01-01 07:48:01',	'2019-01-01 07:48:01',	NULL),
(29,	'BAHAGIAN KESELAMATAN',	'1',	'2019-01-01 07:48:01',	'2019-01-01 07:48:01',	NULL),
(32,	'UNIT URUS SELENGGARA BANGUNAN',	'1',	'2019-01-01 07:48:01',	'2019-01-01 07:48:01',	NULL),
(33,	'JABATAN PEMBANGUNAN MASYARAKAT',	'1',	'2019-01-01 07:48:01',	'2019-01-01 07:48:01',	NULL),
(34,	'JABATAN PENGURUSAN SISA PEPEJAL & KESIHATAN',	'1',	'2019-01-01 07:48:01',	'2019-01-01 07:48:01',	NULL),
(35,	'JABATAN PESURUHJAYA BANGUNAN (COB)',	'1',	'2019-01-01 07:48:01',	'2019-01-01 07:48:01',	NULL);

CREATE TABLE `ref_jawatan` (
  `jawatan_id` int(11) NOT NULL AUTO_INCREMENT,
  `service_type_id` int(11) DEFAULT NULL COMMENT '1-pengurusan&pro, 2-sokongan',
  `jawatan_desc` varchar(255) NOT NULL,
  `is_active` int(1) NOT NULL DEFAULT '1',
  `created_by` int(11) DEFAULT NULL,
  `updated_by` int(11) DEFAULT NULL,
  `created_at` timestamp NULL DEFAULT NULL,
  `updated_at` timestamp NOT NULL DEFAULT CURRENT_TIMESTAMP,
  `deleted_at` timestamp NULL DEFAULT NULL,
  PRIMARY KEY (`jawatan_id`),
  KEY `idx_jawatan_servicetype` (`service_type_id`),
  KEY `idx_jawatan_createdby` (`created_by`),
  KEY `idx_jawatan_updatedby` (`updated_by`)
) ENGINE=InnoDB DEFAULT CHARSET=latin1;

INSERT INTO `ref_jawatan` (`jawatan_id`, `service_type_id`, `jawatan_desc`, `is_active`, `created_by`, `updated_by`, `created_at`, `updated_at`, `deleted_at`) VALUES
(1,	3,	'AHLI FOTOGRAFI',	1,	2,	2,	'2019-03-28 07:28:12',	'2019-03-28 07:28:12',	NULL),
(2,	2,	'AKAUNTAN',	1,	2,	2,	'2019-03-28 07:28:12',	'2019-03-28 07:28:12',	NULL),
(3,	2,	'AKAUNTAN KANAN',	1,	2,	2,	'2019-03-28 07:28:12',	'2019-03-28 07:28:12',	NULL),
(4,	2,	'KETUA AKAUNTAN',	1,	2,	2,	'2019-03-28 07:28:12',	'2019-03-28 07:28:12',	NULL),
(5,	2,	'KETUA PENGARAH',	1,	2,	2,	'2019-03-28 07:28:12',	'2019-03-28 07:28:12',	NULL),
(6,	3,	'PEGAWAI KHIDMAT PELANGGAN',	1,	2,	2,	'2019-03-28 07:28:12',	'2019-03-29 13:28:28',	NULL),
(7,	3,	'PEMANDU KENDERAAN',	1,	2,	2,	'2019-03-28 07:28:12',	'2019-03-28 07:28:12',	NULL),
(8,	3,	'PEMBANTU AWAM',	1,	2,	2,	'2019-03-28 07:28:12',	'2019-03-28 07:28:12',	NULL),
(9,	3,	'PEMBANTU KEMAHIRAN',	1,	2,	2,	'2019-03-28 07:28:12',	'2019-03-28 07:28:12',	NULL),
(10,	3,	'PEMBANTU OPERASI',	1,	2,	2,	'2019-03-28 07:28:12',	'2019-03-28 07:28:12',	NULL),
(11,	3,	'PEMBANTU PENERBITAN (KUP)',	1,	2,	2,	'2019-03-28 07:28:12',	'2019-03-28 07:28:12',	NULL),
(12,	3,	'PEMBANTU SETIAUSAHA PEJABAT',	1,	2,	2,	'2019-03-28 07:28:12',	'2019-03-28 07:28:12',	NULL),
(13,	3,	'PEMBANTU SETIAUSAHA PEJABAT (KUP)',	1,	2,	2,	'2019-03-28 07:28:12',	'2019-03-28 07:28:12',	NULL),
(14,	3,	'PEMBANTU TADBIR (P/O)',	1,	2,	2,	'2019-03-28 07:28:12',	'2019-03-28 07:28:12',	NULL),
(15,	3,	'PEMBANTU TADBIR (P/O) (KUP)',	1,	2,	2,	'2019-03-28 07:28:12',	'2019-03-28 07:28:12',	NULL),
(16,	3,	'PEMBANTU TADBIR (P/O) KUP',	1,	2,	2,	'2019-03-28 07:28:12',	'2019-03-28 07:28:12',	NULL),
(17,	1,	'PENGARAH',	1,	2,	2,	'2019-03-28 07:28:12',	'2019-03-28 07:28:12',	NULL),
(18,	2,	'PENGURUS',	1,	2,	2,	'2019-03-28 07:28:12',	'2019-03-28 07:28:12',	NULL),
(19,	2,	'PENGURUS KANAN',	1,	2,	2,	'2019-03-28 07:28:12',	'2019-03-28 07:28:12',	NULL),
(20,	3,	'PENJAGA JENTERA ELETRIK',	1,	2,	2,	'2019-03-28 07:28:12',	'2019-03-28 07:28:12',	NULL),
(21,	3,	'PENOLONG AKAUNTAN',	1,	2,	2,	'2019-03-28 07:28:12',	'2019-03-28 07:28:12',	NULL),
(22,	3,	'PENOLONG JURUTERA',	1,	2,	2,	'2019-03-28 07:28:12',	'2019-03-28 07:28:12',	NULL),
(23,	3,	'PENOLONG JURUTERA (KUP)',	1,	2,	2,	'2019-03-28 07:28:12',	'2019-03-28 07:28:12',	NULL),
(24,	3,	'PENOLONG PEGAWAI PERANGKAAN (KUP)',	1,	2,	2,	'2019-03-28 07:28:12',	'2019-03-28 07:28:12',	NULL),
(25,	3,	'PENOLONG PEGAWAI TADBIR',	1,	2,	2,	'2019-03-28 07:28:12',	'2019-03-28 07:28:12',	NULL),
(26,	3,	'PENOLONG PEGAWAI TEKNOLOGI MAKLUMAT',	1,	2,	2,	'2019-03-28 07:28:12',	'2019-03-28 07:28:12',	NULL),
(27,	2,	'PENOLONG PENGURUS',	1,	2,	2,	'2019-03-28 07:28:12',	'2019-03-28 07:28:12',	NULL),
(28,	3,	'PENOLONG PUSTAKAWAN (KUP)',	1,	2,	2,	'2019-03-28 07:28:12',	'2019-03-28 07:28:12',	NULL),
(29,	2,	'PUSTAKAWAN',	1,	2,	2,	'2019-03-28 07:28:12',	'2019-03-28 07:28:12',	NULL),
(30,	3,	'SETIAUSAHA PEJABAT',	1,	2,	2,	'2019-03-28 07:28:12',	'2019-03-28 07:28:12',	NULL),
(31,	3,	'SETIAUSAHA PEJABAT (KUP)',	1,	2,	2,	'2019-03-28 07:28:12',	'2019-03-28 07:28:12',	NULL),
(32,	1,	'TIMBALAN KETUA PENGARAH',	1,	2,	2,	'2019-03-28 07:28:12',	'2019-03-28 07:28:12',	NULL),
(33,	1,	'TIMBALAN PENGARAH',	1,	2,	2,	'2019-03-28 07:28:12',	'2019-03-28 07:28:12',	NULL),
(34,	NULL,	'Juruteknik Komputer',	1,	2,	2,	'2022-01-06 13:55:41',	'2022-01-06 13:55:41',	NULL);

CREATE TABLE `ref_jenis_penerbangan` (
  `jenis_penerbangan_id` int(11) NOT NULL AUTO_INCREMENT,
  `jenis_penerbangan_desc` varchar(255) NOT NULL,
  `created_at` timestamp NULL DEFAULT NULL,
  `updated_at` timestamp NOT NULL DEFAULT CURRENT_TIMESTAMP,
  `deleted_at` timestamp NULL DEFAULT NULL,
  PRIMARY KEY (`jenis_penerbangan_id`)
) ENGINE=InnoDB DEFAULT CHARSET=latin1;

INSERT INTO `ref_jenis_penerbangan` (`jenis_penerbangan_id`, `jenis_penerbangan_desc`, `created_at`, `updated_at`, `deleted_at`) VALUES
(1,	'PERGI',	'2019-03-21 19:57:17',	'2019-03-21 19:57:17',	NULL),
(2,	'BALIK',	'2019-03-21 19:57:20',	'2019-03-21 19:57:20',	NULL),
(3,	'PERGI & BALIK',	'2019-03-21 19:57:34',	'2019-03-21 19:57:34',	NULL);

CREATE TABLE `ref_kalendar` (
  `kalendar_id` int(11) NOT NULL AUTO_INCREMENT,
  `kalendar_date` date NOT NULL COMMENT 'simpan event date dlm bentuk yyyy-mm-dd',
  `kalendar_desc` longtext NOT NULL,
  `is_active` char(1) NOT NULL DEFAULT '1',
  `created_at` timestamp NULL DEFAULT NULL,
  `updated_at` timestamp NULL DEFAULT CURRENT_TIMESTAMP,
  `deleted_at` timestamp NULL DEFAULT NULL,
  PRIMARY KEY (`kalendar_id`)
) ENGINE=InnoDB DEFAULT CHARSET=latin1;


CREATE TABLE `ref_kpi` (
  `kpi_id` int(11) NOT NULL AUTO_INCREMENT,
  `kpi_category_id` int(11) DEFAULT NULL,
  `kpi_desc` varchar(200) NOT NULL,
  `created_by` int(11) DEFAULT NULL,
  `updated_by` int(11) DEFAULT NULL,
  `created_at` timestamp NULL DEFAULT NULL,
  `updated_at` timestamp NOT NULL DEFAULT CURRENT_TIMESTAMP,
  `deleted_at` timestamp NULL DEFAULT NULL,
  PRIMARY KEY (`kpi_id`),
  KEY `idx_kpi_category` (`kpi_category_id`),
  KEY `idx_kpi_createdby` (`created_by`),
  KEY `idx_kpi_updatedby` (`updated_by`)
) ENGINE=InnoDB DEFAULT CHARSET=latin1;

INSERT INTO `ref_kpi` (`kpi_id`, `kpi_category_id`, `kpi_desc`, `created_by`, `updated_by`, `created_at`, `updated_at`, `deleted_at`) VALUES
(1,	3,	'GROSS OPERATING REVENUE (RM)',	2,	2,	'2021-10-23 03:06:24',	'2021-10-23 03:06:24',	NULL),
(2,	2,	'VALUE CREATION FROM PRODUCTIVITY & INNOVATION PROGRAM (INNOVATION CREATIVE CIRCLE (ICC))',	2,	2,	'2021-10-23 03:06:24',	'2021-10-23 03:06:24',	NULL),
(3,	2,	'VALUE CREATION FROM PRODUCTIVITY & INNOVATION PROGRAM (QUALITY ENVIRONMENT (QE))',	2,	2,	'2021-10-23 03:06:24',	'2021-10-23 03:06:24',	NULL),
(4,	2,	'VALUE CREATION FROM PRODUCTIVITY & INNOVATION PROGRAM (LEAN MANAGEMENT)',	2,	2,	'2021-10-23 03:06:24',	'2021-10-23 03:06:24',	NULL),
(5,	2,	'EXPECTED COST SAVING',	2,	2,	'2021-10-23 03:06:24',	'2021-10-23 03:06:24',	NULL),
(6,	2,	'PARTNERS IN PRODUCTIVITY (ORGANIZATIONS) - LARGE ORGANIZATIONS',	2,	2,	'2021-10-23 03:06:24',	'2021-10-23 03:06:24',	NULL),
(7,	2,	'PARTNERS IN PRODUCTIVITY (ORGANIZATIONS) - GOVERNMENT',	2,	2,	'2021-10-23 03:06:24',	'2021-10-23 03:06:24',	NULL),
(8,	2,	'PARTNERS IN PRODUCTIVITY (ORGANIZATIONS) - SMES',	2,	2,	'2021-10-23 03:06:24',	'2021-10-23 03:06:24',	NULL),
(9,	2,	'NO. OF PARTICIPANTS - LARGE ORGANIZATIONS',	2,	2,	'2021-10-23 03:06:24',	'2021-10-23 03:06:24',	NULL),
(10,	2,	'NO. OF PARTICIPANTS - GOVERNMENT',	2,	2,	'2021-10-23 03:06:24',	'2021-10-23 03:06:24',	NULL),
(11,	2,	'NO. OF PARTICIPANTS - SMES',	2,	2,	'2021-10-23 03:06:24',	'2021-10-23 03:06:24',	NULL),
(12,	2,	'FACEBOOK REACH',	2,	2,	'2021-10-23 03:06:24',	'2021-10-23 03:06:24',	NULL),
(13,	2,	'FACEBOOK FOLLOWERS',	2,	2,	'2021-10-23 03:06:24',	'2021-10-23 03:06:24',	NULL),
(14,	2,	'TWITTER IMPRESSION',	2,	2,	'2021-10-23 03:06:24',	'2021-10-23 03:06:24',	NULL),
(15,	2,	'TWITTER FOLLOWERS',	2,	2,	'2021-10-23 03:06:24',	'2021-10-23 03:06:24',	NULL),
(16,	2,	'INSTAGRAM FOLLOWERS',	2,	2,	'2021-10-23 03:06:24',	'2021-10-23 03:06:24',	NULL),
(17,	2,	'YOUTUBE SUBSCRIBERS',	2,	2,	'2021-10-23 03:06:24',	'2021-10-23 03:06:24',	NULL),
(18,	2,	'CUSTOMERS SATISFACTION INDEX (CSI)',	2,	2,	'2021-10-23 03:06:24',	'2021-10-23 03:06:24',	NULL),
(19,	1,	'NO. OF NEW PRODUCTS / SERVICES',	2,	2,	'2021-10-23 03:06:24',	'2021-10-23 03:06:24',	NULL),
(20,	1,	'RESEARCH PAPER/REPORT/CASE STUDY/OCCASIONAL/POLICY PAPERS',	2,	2,	'2021-10-23 03:06:24',	'2021-10-23 03:06:24',	NULL),
(21,	1,	'REGULATIONS REVIEWED',	2,	2,	'2021-10-23 03:06:24',	'2021-10-23 03:06:24',	NULL),
(22,	1,	'ADVISORY AND CONSULTANCY SERVICES (ACS)',	2,	2,	'2021-10-23 03:06:24',	'2021-10-23 03:06:24',	NULL),
(23,	1,	'NO. OF PRODUCTIVITY & INNOVATION ENHANCEMENT PROGRAMMES',	2,	2,	'2021-10-23 03:06:24',	'2021-10-23 03:06:24',	NULL),
(24,	1,	'NO. OF PROMOTION ACTIVITIES (SEMINAR/CONFERENCE/RTD/WORKSHOP/TALKS & BRIEFING/ STUDY MISSION/EXHIBITIONS & EXPO/CONVENTION/SUMMIT & VISITS)',	2,	2,	'2021-10-23 03:06:24',	'2021-10-23 03:06:24',	NULL),
(25,	1,	'PR VALUE (MEDIA RELEASE)',	2,	2,	'2021-10-23 03:06:24',	'2021-10-23 03:06:24',	NULL),
(26,	1,	'NO.OF EXPERTS',	2,	2,	'2021-10-23 03:06:24',	'2021-10-23 03:06:24',	NULL),
(27,	1,	'NO. OF PRODUCTIVITY & INNOVATION PUBLICATIONS',	2,	2,	'2021-10-23 03:06:24',	'2021-10-23 03:06:24',	NULL),
(28,	4,	'AVERAGE TRAINING HOURS PER EMPLOYEE (%)',	2,	2,	'2021-10-23 03:06:24',	'2021-10-23 03:06:24',	NULL);

CREATE TABLE `ref_kpi_category` (
  `kpi_category_id` int(11) NOT NULL AUTO_INCREMENT,
  `kpi_category_desc` varchar(50) NOT NULL,
  `created_by` int(11) DEFAULT NULL,
  `updated_by` int(11) DEFAULT NULL,
  `created_at` timestamp NULL DEFAULT NULL,
  `updated_at` timestamp NOT NULL DEFAULT CURRENT_TIMESTAMP,
  `deleted_at` timestamp NULL DEFAULT NULL,
  PRIMARY KEY (`kpi_category_id`),
  KEY `idx_kpicategory_createdby` (`created_by`),
  KEY `idx_kpicategory_updatedby` (`updated_by`)
) ENGINE=InnoDB DEFAULT CHARSET=latin1;

INSERT INTO `ref_kpi_category` (`kpi_category_id`, `kpi_category_desc`, `created_by`, `updated_by`, `created_at`, `updated_at`, `deleted_at`) VALUES
(1,	'BUSINESS PROCESS',	31,	31,	'2021-10-22 04:28:00',	'2021-10-22 04:28:59',	NULL),
(2,	'CUSTOMER',	31,	31,	'2021-10-22 04:29:23',	'2021-10-22 04:29:44',	NULL),
(3,	'FINANCIAL',	31,	31,	'2021-10-22 04:29:59',	'2021-10-22 04:29:59',	NULL),
(4,	'LEARNING & GROWTH',	31,	31,	'2021-10-22 04:30:13',	'2021-10-22 04:30:13',	NULL),
(5,	'TEST',	31,	31,	'2021-10-22 04:30:24',	'2021-10-22 04:30:24',	'2021-10-21 20:30:29');

CREATE TABLE `ref_location` (
  `location_id` int(11) NOT NULL AUTO_INCREMENT,
  `location_code` varchar(10) DEFAULT NULL,
  `location_desc` varchar(255) DEFAULT NULL,
  `created_by` int(11) DEFAULT NULL,
  `updated_by` int(11) DEFAULT NULL,
  `created_at` timestamp NULL DEFAULT NULL,
  `updated_at` timestamp NOT NULL DEFAULT CURRENT_TIMESTAMP,
  `deleted_at` timestamp NULL DEFAULT NULL,
  PRIMARY KEY (`location_id`)
) ENGINE=InnoDB DEFAULT CHARSET=latin1;

INSERT INTO `ref_location` (`location_id`, `location_code`, `location_desc`, `created_by`, `updated_by`, `created_at`, `updated_at`, `deleted_at`) VALUES
(1,	'KUL',	'KUALA LUMPUR',	2,	2,	'2019-03-20 13:40:51',	'2019-03-20 13:40:51',	NULL),
(2,	'LGK',	'LANGKAWI',	2,	2,	'2019-03-20 13:40:51',	'2019-03-20 13:40:51',	NULL),
(3,	'KCH',	'KUCHING',	2,	2,	'2019-03-20 13:40:51',	'2019-03-20 13:40:51',	NULL),
(4,	'PEN',	'PENANG',	2,	2,	'2019-03-20 13:40:51',	'2019-03-20 13:40:51',	NULL),
(5,	'BKI',	'KOTA KINABALU',	2,	2,	'2019-03-20 13:40:51',	'2019-03-20 13:40:51',	NULL),
(6,	'JHB',	'JOHOR BAHRU',	2,	2,	'2019-03-20 13:40:51',	'2019-03-20 13:40:51',	NULL),
(7,	'SZB',	'SUBANG',	2,	2,	'2019-03-20 13:40:51',	'2019-03-20 13:40:51',	NULL),
(8,	'AOR',	'ALOR SETAR',	2,	2,	'2019-03-20 13:40:51',	'2019-03-20 13:40:51',	NULL),
(9,	'KBR',	'KOTA BHARU',	2,	2,	'2019-03-20 13:40:51',	'2019-03-20 13:40:51',	NULL),
(10,	'TGG',	'KUALA TERENGGANU',	2,	2,	'2019-03-20 13:40:51',	'2019-03-20 13:40:51',	NULL),
(11,	'IPH',	'IPOH',	2,	2,	'2019-03-20 13:40:51',	'2019-03-20 13:40:51',	NULL),
(12,	'KUA',	'KUANTAN',	2,	2,	'2019-03-20 13:40:51',	'2019-03-20 13:40:51',	NULL),
(13,	'SBW',	'SIBU',	2,	2,	'2019-03-20 13:40:51',	'2019-03-20 13:40:51',	NULL),
(14,	'SDK',	'SANDAKAN',	2,	2,	'2019-03-20 13:40:51',	'2019-03-20 13:40:51',	NULL),
(15,	'TWU',	'TAWAU',	2,	2,	'2019-03-20 13:40:51',	'2019-03-20 13:40:51',	NULL),
(16,	'MYY',	'MIRI',	2,	2,	'2019-03-20 13:40:51',	'2019-03-20 13:40:51',	NULL),
(17,	'LDU',	'LAHAD DATU',	46,	46,	'2019-05-10 18:39:19',	'2019-05-10 18:39:19',	NULL),
(18,	'SIN',	'CANGI, SINGAPORE',	46,	46,	'2019-05-21 13:12:58',	'2019-06-20 14:13:08',	NULL),
(19,	'XSP',	'SELETAR, SINGAPORE',	46,	46,	'2019-06-20 14:12:45',	'2019-06-20 14:13:21',	NULL),
(20,	'MZV',	'MULU, SARAWAK',	46,	46,	'2019-07-15 16:39:59',	'2019-07-15 16:39:59',	NULL),
(21,	'LBU',	'LABUAN',	46,	46,	'2019-07-15 16:40:17',	'2019-07-15 16:40:17',	NULL),
(22,	'PEK',	'BEIJING, CHINA',	46,	46,	'2019-08-07 12:26:23',	'2019-08-07 12:26:23',	NULL),
(23,	'LHR',	'LONDON, UNITED KINGDOM',	46,	46,	'2019-08-08 12:44:01',	'2019-08-09 16:09:08',	NULL),
(24,	'SYD',	'SYDNEY, AU',	46,	46,	'2019-08-09 16:04:43',	'2019-08-09 16:09:45',	NULL),
(25,	'SCL',	'SANTIAGO, CHILE',	46,	46,	'2019-08-09 16:17:03',	'2019-08-09 16:17:03',	NULL),
(26,	'PMC',	'PUERTO MONTT, CHILE',	46,	46,	'2019-08-09 16:18:58',	'2019-08-09 16:18:58',	NULL),
(27,	'BTU',	'BINTULU, SARAWAK',	46,	46,	'2019-08-28 15:45:34',	'2019-08-28 15:45:34',	NULL),
(28,	'TPE',	'TAIPEI , TAIWAN CHINA',	46,	46,	'2019-09-30 19:13:36',	'2019-09-30 19:13:36',	NULL),
(29,	'CTU',	'CHENGDU, CHINA',	46,	46,	'2019-10-01 12:23:49',	'2019-10-01 12:23:49',	NULL),
(30,	'LMN',	'LIMBANG, SARAWAK',	53,	53,	'2019-10-01 14:58:07',	'2019-10-01 14:58:07',	NULL),
(31,	'MKM',	'MUKAH, SARAWAK',	53,	53,	'2019-10-01 14:59:14',	'2019-10-01 14:59:14',	NULL),
(32,	'VTE',	'VIENTIANE, LAOS',	71,	71,	'2019-10-07 21:09:34',	'2019-10-07 21:09:34',	NULL),
(33,	'BKK',	'SURVARNABHUMI AIRPORT, THAILAND',	71,	71,	'2019-10-07 21:14:16',	'2019-10-07 21:14:16',	NULL),
(34,	'DMK',	'DON MUEANG INTERNATIONAL AIRPORT, THAILAND',	71,	71,	'2019-10-07 21:15:28',	'2019-10-07 21:15:28',	NULL),
(35,	'ICN',	'SEOUL, KOREA',	46,	46,	'2019-11-13 15:16:13',	'2019-11-13 15:16:13',	NULL),
(36,	'CDG',	'PARIS, CHARLES DE GAULLE',	46,	46,	'2019-11-20 15:59:01',	'2019-11-20 15:59:01',	NULL),
(37,	'NRT',	'TOKYO, JEPUN',	46,	46,	'2020-01-10 21:11:36',	'2020-01-10 21:11:36',	NULL),
(38,	'MEL',	'MELBOURNE, AUSTRALIA',	46,	46,	'2020-02-28 08:20:52',	'2020-02-28 08:20:52',	NULL),
(39,	'NAN',	'NADI,FIJI',	46,	46,	'2020-02-28 08:21:22',	'2020-02-28 08:21:22',	NULL);

CREATE TABLE `ref_meeting_type` (
  `meeting_type_id` int(11) NOT NULL AUTO_INCREMENT,
  `meeting_type_desc` varchar(255) DEFAULT NULL,
  `running_no` int(11) NOT NULL DEFAULT '0',
  `created_by` int(11) DEFAULT NULL,
  `updated_by` int(11) DEFAULT NULL,
  `created_at` timestamp NULL DEFAULT NULL,
  `updated_at` timestamp NOT NULL DEFAULT CURRENT_TIMESTAMP,
  `deleted_at` timestamp NULL DEFAULT NULL,
  PRIMARY KEY (`meeting_type_id`),
  KEY `idx_meetingtype_createdby` (`created_by`),
  KEY `idx_meetingtype_updatedby` (`updated_by`)
) ENGINE=InnoDB DEFAULT CHARSET=latin1;

INSERT INTO `ref_meeting_type` (`meeting_type_id`, `meeting_type_desc`, `running_no`, `created_by`, `updated_by`, `created_at`, `updated_at`, `deleted_at`) VALUES
(1,	'MESYUARAT SEBUT HARGA A',	0,	31,	31,	'2020-10-14 03:12:38',	'2020-10-14 03:12:38',	NULL),
(2,	'MESYUARAT SEBUT HARGA B',	0,	31,	31,	'2020-10-14 03:13:00',	'2020-10-14 03:13:00',	NULL);

CREATE TABLE `ref_meeting_year` (
  `meeting_year_id` int(11) NOT NULL AUTO_INCREMENT,
  `meeting_type_id` int(11) NOT NULL,
  `running_no` int(11) NOT NULL DEFAULT '1',
  `meeting_year` char(4) NOT NULL,
  `created_at` timestamp NULL DEFAULT NULL,
  `updated_at` timestamp NOT NULL DEFAULT CURRENT_TIMESTAMP,
  `deleted_at` timestamp NULL DEFAULT NULL,
  PRIMARY KEY (`meeting_year_id`),
  KEY `idx_meetingyear_meetingtypeid_year` (`meeting_type_id`,`meeting_year`)
) ENGINE=InnoDB DEFAULT CHARSET=utf8mb4;

INSERT INTO `ref_meeting_year` (`meeting_year_id`, `meeting_type_id`, `running_no`, `meeting_year`, `created_at`, `updated_at`, `deleted_at`) VALUES
(1,	2,	10,	'2020',	'2020-11-26 06:22:19',	'2020-11-26 06:22:19',	NULL),
(2,	1,	10,	'2020',	'2020-10-14 03:59:36',	'2020-10-14 03:59:36',	NULL);

CREATE TABLE `ref_other_system` (
  `other_system_id` int(11) NOT NULL AUTO_INCREMENT,
  `system_desc` varchar(200) DEFAULT NULL,
  `system_url` varchar(200) DEFAULT NULL,
  `autoauth_url` varchar(200) DEFAULT NULL,
  `authrecord_url` varchar(200) DEFAULT NULL,
  `dbconn_name` varchar(200) DEFAULT NULL,
  `app_key` varchar(255) DEFAULT NULL,
  `created_by` int(11) DEFAULT NULL,
  `updated_by` int(11) DEFAULT NULL,
  `created_at` timestamp NULL DEFAULT NULL,
  `updated_at` timestamp NOT NULL DEFAULT CURRENT_TIMESTAMP,
  `deleted_at` timestamp NULL DEFAULT NULL,
  PRIMARY KEY (`other_system_id`),
  KEY `idx_othersystem_createdby` (`created_by`),
  KEY `idx_othersystem_updatedby` (`updated_by`)
) ENGINE=InnoDB DEFAULT CHARSET=latin1;

INSERT INTO `ref_other_system` (`other_system_id`, `system_desc`, `system_url`, `autoauth_url`, `authrecord_url`, `dbconn_name`, `app_key`, `created_by`, `updated_by`, `created_at`, `updated_at`, `deleted_at`) VALUES
(1,	'Sistem eRO',	'http://spp2.mpc.gov.my/',	NULL,	'http://spp2.mpc.gov.my/authrecord/',	'mysql_ero_prod',	'WbZ9A1IySqyMP63ch27cfWyQoWrfmyVpGjjjGCrPedw=',	NULL,	NULL,	'2021-06-05 21:42:33',	'2021-06-05 21:42:33',	NULL),
(2,	'Sistem eISO',	'http://spp.mpc.gov.my/',	NULL,	'http://spp.mpc.gov.my/authrecord/',	'sqlsvr_iso_prod',	'Lt/0QC0f8pSQ7dUCcOUecZReGP5MxemJOK0irq9pUBI=',	NULL,	NULL,	'2021-06-05 21:42:33',	'2021-06-05 21:42:33',	NULL);

CREATE TABLE `ref_payment_method` (
  `payment_method_id` int(11) NOT NULL AUTO_INCREMENT,
  `payment_method_desc` varchar(150) NOT NULL,
  `created_at` timestamp NULL DEFAULT NULL,
  `updated_at` timestamp NOT NULL DEFAULT CURRENT_TIMESTAMP,
  `deleted_at` timestamp NULL DEFAULT NULL,
  PRIMARY KEY (`payment_method_id`)
) ENGINE=InnoDB DEFAULT CHARSET=latin1;

INSERT INTO `ref_payment_method` (`payment_method_id`, `payment_method_desc`, `created_at`, `updated_at`, `deleted_at`) VALUES
(1,	'Kad Kredit',	'2019-03-23 19:32:36',	'2019-03-23 19:32:36',	NULL),
(2,	'Waran',	'2019-03-23 19:32:43',	'2019-03-23 19:32:43',	NULL);

CREATE TABLE `ref_pembangunan` (
  `pembangunan_id` int(11) NOT NULL AUTO_INCREMENT,
  `pembangunan_desc` varchar(255) DEFAULT NULL,
  `created_by` int(11) DEFAULT NULL,
  `updated_by` int(11) DEFAULT NULL,
  `created_at` timestamp NULL DEFAULT NULL,
  `updated_at` timestamp NOT NULL DEFAULT CURRENT_TIMESTAMP,
  `deleted_at` timestamp NULL DEFAULT NULL,
  PRIMARY KEY (`pembangunan_id`)
) ENGINE=InnoDB DEFAULT CHARSET=latin1;

INSERT INTO `ref_pembangunan` (`pembangunan_id`, `pembangunan_desc`, `created_by`, `updated_by`, `created_at`, `updated_at`, `deleted_at`) VALUES
(1,	'NPDIR',	2,	2,	'2019-03-21 19:39:55',	'2019-03-21 19:39:55',	NULL),
(2,	'PPE',	2,	2,	'2019-03-21 19:40:05',	'2019-03-21 19:40:05',	'2019-04-15 07:21:08'),
(3,	'MBR',	2,	2,	'2019-03-21 19:40:09',	'2019-03-21 19:40:09',	NULL),
(4,	'PTPS',	2,	2,	'2019-03-21 19:40:22',	'2019-03-21 19:40:22',	NULL),
(5,	'TEST123 DDDD',	355,	355,	'2019-04-12 23:06:59',	'2019-04-12 23:07:06',	'2019-04-12 15:07:10'),
(6,	'T5-MPB',	46,	46,	'2019-04-15 15:21:35',	'2019-04-15 15:21:35',	NULL),
(7,	'NTM',	46,	46,	'2019-04-15 15:21:55',	'2019-04-15 15:21:55',	NULL),
(8,	'PKP',	46,	46,	'2019-04-15 15:22:04',	'2019-04-15 15:22:04',	NULL),
(9,	'SPN TOURISM',	46,	46,	'2019-04-15 15:22:29',	'2019-04-15 15:22:29',	NULL),
(10,	'SPN RETAIL',	46,	46,	'2019-04-15 15:24:16',	'2019-04-15 15:24:16',	NULL),
(11,	'SPN CHEMICAL',	46,	46,	'2019-04-15 15:24:40',	'2019-04-15 15:24:40',	NULL),
(12,	'SPN E & E',	46,	46,	'2019-04-15 15:24:59',	'2019-04-15 15:24:59',	NULL),
(13,	'SPN M & E',	46,	46,	'2019-04-15 15:25:15',	'2019-04-15 15:25:15',	NULL),
(14,	'SPN AGROFOOD',	46,	46,	'2019-04-15 15:25:34',	'2019-04-15 15:25:34',	NULL),
(15,	'SPN HEALTHCARE',	46,	46,	'2019-04-15 15:25:44',	'2019-04-15 15:25:44',	NULL),
(16,	'SPN PROF SERV',	46,	46,	'2019-04-15 15:26:01',	'2019-04-15 15:26:01',	NULL),
(17,	'SPN ICT',	46,	46,	'2019-04-15 15:26:21',	'2019-04-15 15:26:21',	NULL),
(18,	'SPPE',	46,	46,	'2019-07-26 19:20:19',	'2019-07-26 19:20:19',	NULL),
(19,	'CCI',	46,	46,	'2019-07-26 20:53:35',	'2019-07-26 20:53:35',	NULL),
(20,	'KLEMS - TFP',	46,	46,	'2019-07-26 20:53:52',	'2019-07-26 20:53:52',	NULL),
(21,	'EIIP',	46,	46,	'2019-07-26 20:54:02',	'2019-07-26 20:54:02',	NULL),
(22,	'MPB-EEPN',	46,	46,	'2019-07-26 20:54:21',	'2019-07-26 20:54:21',	NULL),
(23,	'MPB-CCPPN',	46,	46,	'2019-07-26 20:56:50',	'2019-07-26 20:56:50',	NULL),
(24,	'MPB-RFBPN',	46,	46,	'2019-07-26 20:57:08',	'2019-07-26 20:57:08',	NULL),
(25,	'MPB-TPN',	46,	46,	'2019-07-26 20:57:27',	'2019-07-26 20:57:27',	NULL),
(26,	'MPB AFPN',	46,	46,	'2019-07-26 20:57:41',	'2019-07-26 20:57:41',	NULL),
(27,	'MPB MEPN',	46,	46,	'2019-07-26 20:57:54',	'2019-07-26 20:57:54',	NULL),
(28,	'MPB PS',	46,	46,	'2019-07-26 20:58:05',	'2019-07-26 20:58:05',	NULL),
(29,	'MPB PH',	46,	46,	'2019-07-26 20:58:16',	'2019-07-26 20:58:16',	NULL),
(30,	'MPB ICTPN',	46,	46,	'2019-10-30 14:27:13',	'2019-10-30 14:27:13',	NULL),
(31,	'HRD',	46,	46,	'2019-11-12 14:09:57',	'2019-11-12 14:09:57',	NULL),
(32,	'BI (BEHAVIORAL INSIGHTS)',	46,	46,	'2020-01-21 15:26:54',	'2020-01-21 15:26:54',	NULL);

CREATE TABLE `ref_permohonan_doc` (
  `permohonan_doc_id` int(11) NOT NULL AUTO_INCREMENT,
  `permohonan_doc_desc` varchar(200) DEFAULT NULL,
  `sort` int(11) DEFAULT NULL,
  `active_status` int(11) NOT NULL DEFAULT '1',
  `created_at` timestamp NULL DEFAULT NULL,
  `updated_at` timestamp NOT NULL DEFAULT CURRENT_TIMESTAMP,
  `deleted_at` timestamp NULL DEFAULT NULL,
  PRIMARY KEY (`permohonan_doc_id`)
) ENGINE=InnoDB DEFAULT CHARSET=latin1;

INSERT INTO `ref_permohonan_doc` (`permohonan_doc_id`, `permohonan_doc_desc`, `sort`, `active_status`, `created_at`, `updated_at`, `deleted_at`) VALUES
(1,	'BOM',	4,	1,	'2020-07-23 10:13:10',	'2020-07-23 10:13:10',	NULL),
(2,	'LPO untuk Pembekal',	1,	1,	'2020-07-23 10:13:19',	'2020-07-23 10:13:19',	NULL),
(3,	'Sebut Harga',	5,	1,	'2020-07-23 10:13:29',	'2020-07-23 10:13:29',	NULL),
(4,	'Keratan Minit Kelulusan BOM',	6,	1,	'2020-07-23 10:13:39',	'2020-07-23 10:13:39',	NULL),
(5,	'Anggaran perbelanjaan BOM yang diluluskan',	7,	1,	'2020-07-23 10:13:48',	'2020-07-23 10:13:48',	NULL),
(6,	'Sijil GST (Wajib)',	8,	1,	'2020-07-23 10:14:01',	'2020-07-23 10:14:01',	NULL),
(7,	'Lantikan perunding/ penceramah Tempatan/ Luar Negara (attachmentb)',	12,	0,	'2020-07-23 10:14:44',	'2020-07-23 10:14:44',	NULL),
(8,	'Kelulusan Kementerian Kewangan (MOF)',	13,	1,	'2020-07-23 10:14:54',	'2020-07-23 10:14:54',	NULL),
(9,	'PLPS',	14,	1,	'2020-07-23 10:15:27',	'2020-07-23 10:15:27',	NULL),
(10,	'Surat Setuju Terima (SST) (Wajib)',	15,	1,	'2020-07-23 10:15:36',	'2020-07-23 10:15:36',	NULL),
(11,	'Surat Lantikan (Wajib)',	16,	1,	'2020-07-23 10:15:47',	'2020-07-23 10:15:47',	NULL),
(12,	'Jadual Pembayaran',	17,	1,	'2020-07-23 10:15:54',	'2020-07-23 10:15:54',	NULL),
(13,	'Terms of Reference (TOR)',	18,	1,	'2020-07-23 10:16:02',	'2020-07-23 10:16:02',	NULL),
(14,	'Borang Lampiran B (sekiranya menggunakan khidmat kakitangan kerajaan)',	19,	1,	'2020-07-23 10:16:09',	'2020-07-23 10:16:09',	NULL),
(15,	'Invois (bagi bayaran yang dibuat secara telegraphic transfer (TT) kepada pembekal di luar negara)',	20,	1,	'2020-07-23 10:16:20',	'2020-07-23 10:16:20',	NULL),
(16,	'Perolehan melalui Sebut harga B (> RM20K) / Sebut harga A (> RM50K) / Tender (>RM500K) (attachmentc)',	21,	0,	'2020-07-23 10:16:29',	'2020-07-23 10:16:29',	NULL),
(17,	'Surat Setuju Terima (SST) (Perolehan melalui Sebut harga B (> RM20K) / Sebut harga A (> RM50K) / Tender (>RM500K))',	22,	1,	'2020-07-23 10:16:41',	'2020-07-23 10:16:41',	NULL),
(18,	'Keputusan Mesyuarat sebut harga/ Lembaga Perolehan',	23,	1,	'2020-07-23 10:16:50',	'2020-07-23 10:16:50',	NULL),
(19,	'Surat Lantikan (Perolehan melalui Sebut harga B (> RM20K) / Sebut harga A (> RM50K) / Tender (>RM500K))',	24,	1,	'2020-07-23 10:16:57',	'2020-07-23 10:16:57',	NULL),
(20,	'Teknikal / Penyelenggaraan (attachmentd)',	25,	0,	'2020-07-23 10:17:03',	'2020-07-23 10:17:03',	NULL),
(21,	'Laporan penyelenggaraan yang disahkan',	26,	1,	'2020-07-23 10:17:11',	'2020-07-23 10:17:11',	NULL),
(22,	'Kontrak (Salinan)',	27,	1,	'2020-07-23 10:17:17',	'2020-07-23 10:17:17',	NULL),
(23,	'Makanan (attachmente)',	28,	0,	'2020-07-23 10:17:24',	'2020-07-23 10:17:24',	NULL),
(24,	'Senarai nama peserta bengkel/ ceramah/ taklimat',	29,	1,	'2020-07-23 10:17:32',	'2020-07-23 10:17:32',	NULL),
(25,	'Tentatif program',	30,	1,	'2020-07-23 10:17:40',	'2020-07-23 10:17:40',	NULL),
(26,	'Penginapan Hotel/Tiket Penerbangan (attachmenta)',	9,	0,	'2020-07-23 10:14:09',	'2020-07-23 10:14:09',	NULL),
(27,	'Senarai Nama Penginap',	10,	1,	'2020-07-23 10:14:24',	'2020-07-23 10:14:24',	NULL),
(28,	'Senarai Nama Tiket Kapal Terbang',	11,	1,	'2020-07-23 10:14:40',	'2020-07-23 10:14:40',	NULL),
(30,	'LPO untuk Bhg Kewangan',	2,	1,	'2020-07-23 10:17:53',	'2020-07-23 10:17:53',	NULL),
(31,	'Invoice untuk Bhg Kewangan',	3,	1,	'2020-07-23 10:18:06',	'2020-07-23 10:18:06',	NULL);

CREATE TABLE `ref_program` (
  `program_id` int(11) NOT NULL AUTO_INCREMENT,
  `project_category_id` int(11) NOT NULL,
  `program_code` char(10) DEFAULT NULL,
  `program_desc` varchar(255) DEFAULT NULL,
  `created_by` int(11) DEFAULT NULL,
  `updated_by` int(11) DEFAULT NULL,
  `created_at` timestamp NULL DEFAULT NULL,
  `updated_at` timestamp NOT NULL DEFAULT CURRENT_TIMESTAMP,
  `deleted_at` timestamp NULL DEFAULT NULL,
  PRIMARY KEY (`program_id`),
  KEY `idx_program_main` (`project_category_id`),
  KEY `idx_program_code` (`program_code`),
  KEY `idx_program_createdby` (`created_by`),
  KEY `idx_program_updatedby` (`updated_by`)
) ENGINE=InnoDB DEFAULT CHARSET=latin1;

INSERT INTO `ref_program` (`program_id`, `project_category_id`, `program_code`, `program_desc`, `created_by`, `updated_by`, `created_at`, `updated_at`, `deleted_at`) VALUES
(1,	1,	'AG001',	'AMALAN BAIK PERATURAN (GRP)',	2,	2,	'2021-03-16 15:24:56',	'2021-03-16 15:24:56',	NULL),
(2,	1,	'AG002',	'REGULATORY PROPOSAL/ NOTIFICATION2',	2,	2,	'2021-03-16 15:24:56',	'2021-05-29 17:12:06',	NULL),
(3,	1,	'AG003',	'REGULATORY IMPACT ANALYSIS/ STATEMENT',	2,	2,	'2021-03-16 15:24:56',	'2021-03-16 15:24:56',	NULL),
(4,	1,	'AG004',	'PUBLIC CONSULTATION/ STAKEHOLDER CONSULTATION/ENGAGEMENT',	2,	2,	'2021-03-16 15:24:56',	'2021-03-16 15:24:56',	NULL),
(5,	1,	'AG005',	'COST BENEFIT ANALYSIS',	2,	2,	'2021-03-16 15:24:56',	'2021-03-16 15:24:56',	NULL),
(6,	1,	'AG006',	'IMPACT ANALYSIS',	2,	2,	'2021-03-16 15:24:56',	'2021-03-16 15:24:56',	NULL),
(7,	1,	'AG007',	'STANDARD COST MODEL',	2,	2,	'2021-03-16 15:24:56',	'2021-03-16 15:24:56',	NULL),
(8,	1,	'AG008',	'MEASURING REGULATORY/ COMPLIANCE COST',	2,	2,	'2021-03-16 15:24:56',	'2021-03-16 15:24:56',	NULL),
(9,	1,	'AG009',	'POST IMPLEMENTATION REVIEW',	2,	2,	'2021-03-16 15:24:56',	'2021-03-16 15:24:56',	NULL),
(10,	1,	'AG010',	'PERFORMANCE/ OUTCOME-BASED REGULATION',	2,	2,	'2021-03-16 15:24:56',	'2021-03-16 15:24:56',	NULL),
(11,	1,	'AG011',	'MANAGEMENT-BASED REGULATIONS',	2,	2,	'2021-03-16 15:24:56',	'2021-03-16 15:24:56',	NULL),
(12,	1,	'AG012',	'REGULATORY EXPERIMENTS',	2,	2,	'2021-03-16 15:24:56',	'2021-03-16 15:24:56',	NULL),
(13,	1,	'AG013',	'REGULATORY SANDBOX',	2,	2,	'2021-03-16 15:24:56',	'2021-03-16 15:24:56',	NULL),
(14,	1,	'AG014',	'ADAPTIVE REGULATION',	2,	2,	'2021-03-16 15:24:56',	'2021-03-16 15:24:56',	NULL),
(15,	1,	'AG015',	'COMPETITION IMPACT ANALYSIS',	2,	2,	'2021-03-16 15:24:56',	'2021-03-16 15:24:56',	NULL),
(16,	1,	'AG016',	'SMES IMPACT ANALYSIS',	2,	2,	'2021-03-16 15:24:56',	'2021-03-16 15:24:56',	NULL),
(17,	1,	'AG017',	'SOCIAL IMPACT ANALYSIS',	2,	2,	'2021-03-16 15:24:56',	'2021-03-16 15:24:56',	NULL),
(18,	1,	'AG018',	'ENVIRONMENT IMPACT ANALYSIS',	2,	2,	'2021-03-16 15:24:56',	'2021-03-16 15:24:56',	NULL),
(19,	1,	'AG019',	'POLICY IMPACT ANALYSIS',	2,	2,	'2021-03-16 15:24:56',	'2021-03-16 15:24:56',	NULL),
(20,	1,	'AG020',	'SELF-REGULATION',	2,	2,	'2021-03-16 15:24:56',	'2021-03-16 15:24:56',	NULL),
(21,	1,	'AG021',	'CO-REGULATION',	2,	2,	'2021-03-16 15:24:56',	'2021-03-16 15:24:56',	NULL),
(22,	1,	'AG022',	'RISK-BASED REGULATION',	2,	2,	'2021-03-16 15:24:56',	'2021-03-16 15:24:56',	NULL),
(23,	1,	'AG023',	'INTERNATIONAL REGULATORY COOPERATION',	2,	2,	'2021-03-16 15:24:56',	'2021-03-16 15:24:56',	NULL),
(24,	1,	'AG024',	'REGULATORY DELIVERY',	2,	2,	'2021-03-16 15:24:56',	'2021-03-16 15:24:56',	NULL),
(25,	1,	'AG025',	'AGILE REGULATION',	2,	2,	'2021-03-16 15:24:56',	'2021-03-16 15:24:56',	NULL),
(26,	1,	'AG026',	'REGULATORY-BASED TECHNOLOGY',	2,	2,	'2021-03-16 15:24:56',	'2021-03-16 15:24:56',	NULL),
(27,	1,	'AG027',	'REGULATORY POLICY/ SYSTEM MANAGEMENT (GOOD REGULATORY PRACTICE POLICY REGULATORY COORDINATOR ETC.)',	2,	2,	'2021-03-16 15:24:56',	'2021-03-16 15:24:56',	NULL),
(28,	1,	'AG028',	'MULTI CRITERIA ANALYSIS',	2,	2,	'2021-03-16 15:24:56',	'2021-03-16 15:24:56',	NULL),
(29,	1,	'AG029',	'COST EFFECTIVE ANALYSIS',	2,	2,	'2021-03-16 15:24:56',	'2021-03-16 15:24:56',	NULL),
(30,	1,	'AG030',	'REGULATORY GOVERNANCE',	2,	2,	'2021-03-16 15:24:56',	'2021-03-16 15:24:56',	NULL),
(31,	1,	'AG031',	'RISK-BASED ANALYSIS',	2,	2,	'2021-03-16 15:24:56',	'2021-03-16 15:24:56',	NULL),
(32,	1,	'AG032',	'INTERNATIONAL REGULATORY MANAGEMENT (EXAMPLE: ASIA-PACIFIC ECONOMIC COOPERATION (APEC) / ASSOCIATION OF SOUTHEAST ASIAN NATIONS (ASEAN) / ORGANISATION FOR ECONOMIC CO-OPERATION AND DEVELOPMENT (OECD)',	2,	2,	'2021-03-16 15:24:56',	'2021-03-16 15:24:56',	NULL),
(33,	1,	'AG033',	'CUTTING RED TAPE',	2,	2,	'2021-03-16 15:24:56',	'2021-03-16 15:24:56',	NULL),
(34,	1,	'AG034',	'REGULATORY MAPPING',	2,	2,	'2021-03-16 15:24:56',	'2021-03-16 15:24:56',	NULL),
(35,	1,	'AG035',	'REGULATORY FRAMEWORK',	2,	2,	'2021-03-16 15:24:56',	'2021-03-16 15:24:56',	NULL),
(36,	1,	'AG036',	'REGULATORY DESIGN',	2,	2,	'2021-03-16 15:24:56',	'2021-03-16 15:24:56',	NULL),
(37,	1,	'AG037',	'REVIEW EXISTING REGULATION',	2,	2,	'2021-03-16 15:24:56',	'2021-03-16 15:24:56',	NULL),
(38,	1,	'AG038',	'REGULATORY REFORM',	2,	2,	'2021-03-16 15:24:56',	'2021-03-16 15:24:56',	NULL),
(39,	1,	'AG039',	'NON -TARIFF MEASURES (NTM) REFORM',	2,	2,	'2021-03-16 15:24:56',	'2021-03-16 15:24:56',	NULL),
(40,	1,	'AG040',	'LICENSING REFORM',	2,	2,	'2021-03-16 15:24:57',	'2021-03-16 15:24:57',	NULL),
(41,	1,	'AG041',	'BUSINESS REGULATION',	2,	2,	'2021-03-16 15:24:57',	'2021-03-16 15:24:57',	NULL),
(42,	1,	'AG042',	'IMPROVE LICENSING TRANSPARENCY',	2,	2,	'2021-03-16 15:24:57',	'2021-03-16 15:24:57',	NULL),
(43,	1,	'AG043',	'BUSINESS LICENSING GUIDELINE',	2,	2,	'2021-03-16 15:24:57',	'2021-03-16 15:24:57',	NULL),
(44,	1,	'AG044',	'REDUCING REGULATORY BURDEN',	2,	2,	'2021-03-16 15:24:57',	'2021-03-16 15:24:57',	NULL),
(45,	1,	'AG045',	'MONITORING & EVALUATION FRAMEWORK',	2,	2,	'2021-03-16 15:24:57',	'2021-03-16 15:24:57',	NULL),
(46,	1,	'AG046',	'DEREGULATION',	2,	2,	'2021-03-16 15:24:57',	'2021-03-16 15:24:57',	NULL),
(47,	1,	'AG047',	'ANALYSIS VERIFICATION',	2,	2,	'2021-03-16 15:24:57',	'2021-03-16 15:24:57',	NULL),
(48,	1,	'AG048',	'ISSUE PAPER',	2,	2,	'2021-03-16 15:24:57',	'2021-03-16 15:24:57',	NULL),
(49,	1,	'AG049',	'LAW',	2,	2,	'2021-03-16 15:24:57',	'2021-03-16 15:24:57',	NULL),
(50,	1,	'AG050',	'ECONOMY',	2,	2,	'2021-03-16 15:24:57',	'2021-03-16 15:24:57',	NULL),
(51,	1,	'AG051',	'HEALTHCARE',	2,	2,	'2021-03-16 15:24:57',	'2021-03-16 15:24:57',	NULL),
(52,	1,	'AG052',	'CONSTRUCTION',	2,	2,	'2021-03-16 15:24:57',	'2021-03-16 15:24:57',	NULL),
(53,	1,	'AG053',	'LABOUR',	2,	2,	'2021-03-16 15:24:57',	'2021-03-16 15:24:57',	NULL),
(54,	1,	'AG054',	'IMMIGRATION',	2,	2,	'2021-03-16 15:24:57',	'2021-03-16 15:24:57',	NULL),
(55,	1,	'AG055',	'TOURISM',	2,	2,	'2021-03-16 15:24:57',	'2021-03-16 15:24:57',	NULL),
(56,	1,	'AG056',	'DIGITAL',	2,	2,	'2021-03-16 15:24:57',	'2021-03-16 15:24:57',	NULL),
(57,	2,	'AB057',	'BEHAVIOURAL INSIGHTS FRAMEWORK CRITERIA: DEFINE',	2,	2,	'2021-03-16 15:24:57',	'2021-03-16 15:24:57',	NULL),
(58,	2,	'AB058',	'BEHAVIOURAL INSIGHTS FRAMEWORK CRITERIA: RESEARCH',	2,	2,	'2021-03-16 15:24:57',	'2021-03-16 15:24:57',	NULL),
(59,	2,	'AB059',	'BEHAVIOURAL INSIGHTS FRAMEWORK CRITERIA: INTERVENTION',	2,	2,	'2021-03-16 15:24:57',	'2021-03-16 15:24:57',	NULL),
(60,	2,	'AB060',	'BEHAVIOURAL INSIGHTS FRAMEWORK CRITERIA: VALIDATE',	2,	2,	'2021-03-16 15:24:57',	'2021-03-16 15:24:57',	NULL),
(61,	2,	'AB061',	'BEHAVIOURAL INSIGHTS FRAMEWORK CRITERIA: EXPAND',	2,	2,	'2021-03-16 15:24:57',	'2021-03-16 15:24:57',	NULL),
(62,	2,	'AB062',	'BEHAVIOURAL INSIGHTS GUIDELINES',	2,	2,	'2021-03-16 15:24:57',	'2021-03-16 15:24:57',	NULL),
(63,	2,	'AB063',	'BEHAVIOURAL INSIGHTS BENCHMARKING PROJECT',	2,	2,	'2021-03-16 15:24:57',	'2021-03-16 15:24:57',	NULL),
(64,	2,	'AB064',	'BEHAVIOURAL INSIGHTS BASELINE STUDY',	2,	2,	'2021-03-16 15:24:57',	'2021-03-16 15:24:57',	NULL),
(65,	2,	'AB065',	'BEHAVIOURAL INSIGHTS CONFERENCE/ WORKSHOP/SEMINAR/ RTD/ FGD',	2,	2,	'2021-03-16 15:24:57',	'2021-03-16 15:24:57',	NULL),
(66,	2,	'AB066',	'BEHAVIOURAL INSIGHTS TRAINING MODULE - BEGINNER',	2,	2,	'2021-03-16 15:24:57',	'2021-03-16 15:24:57',	NULL),
(67,	2,	'AB067',	'BEHAVIOURAL INSIGHTS TRAINING MODULE - INTERMEDIATE',	2,	2,	'2021-03-16 15:24:57',	'2021-03-16 15:24:57',	NULL),
(68,	2,	'AB068',	'BEHAVIOURAL INSIGHTS TRAINING MODULE - ADVANCED',	2,	2,	'2021-03-16 15:24:57',	'2021-03-16 15:24:57',	NULL),
(69,	2,	'AB069',	'COMPETENCY DEVELOPMENT FOR BEHAVIOURAL - INSIGHTS PRACTITIONERS',	2,	2,	'2021-03-16 15:24:57',	'2021-03-16 15:24:57',	NULL),
(70,	2,	'AB070',	'COMPETENCY DEVELOPMENT FOR BEHAVIOURAL - INSIGHTS TRAINERS/ CONSULTANTS',	2,	2,	'2021-03-16 15:24:57',	'2021-03-16 15:24:57',	NULL),
(71,	2,	'AB071',	'BEHAVIOURAL INSIGHTS TOOLKITS',	2,	2,	'2021-03-16 15:24:57',	'2021-03-16 15:24:57',	NULL),
(72,	2,	'AB072',	'DATA PROFILING DOCUMENTATION FOR BEHAVIOURAL - INSIGHTS',	2,	2,	'2021-03-16 15:24:57',	'2021-03-16 15:24:57',	NULL),
(73,	2,	'AB073',	'BEHAVIOURAL INSIGHTS DOCUMENTATION FOR GOVERNMENT',	2,	2,	'2021-03-16 15:24:57',	'2021-03-16 15:24:57',	NULL),
(74,	2,	'AB074',	'BEHAVIOURAL INSIGHTS PROJECT MANAGEMENT',	2,	2,	'2021-03-16 15:24:57',	'2021-03-16 15:24:57',	NULL),
(75,	2,	'AB075',	'APPLICATION OF NUDGE THEORY',	2,	2,	'2021-03-16 15:24:57',	'2021-03-16 15:24:57',	NULL),
(76,	3,	'AC076',	'ECONOMIC PERFORMANCE: DOMESTIC ECONOMY',	2,	2,	'2021-03-16 15:24:57',	'2021-03-16 15:24:57',	NULL),
(77,	3,	'AC077',	'ECONOMIC PERFORMANCE: INTERNATIONAL TRADE',	2,	2,	'2021-03-16 15:24:57',	'2021-03-16 15:24:57',	NULL),
(78,	3,	'AC078',	'ECONOMIC PERFORMANCE: INTERNATIONAL INVESTMENT',	2,	2,	'2021-03-16 15:24:57',	'2021-03-16 15:24:57',	NULL),
(79,	3,	'AC079',	'ECONOMIC PERFORMANCE: EMPLOYMENT',	2,	2,	'2021-03-16 15:24:57',	'2021-03-16 15:24:57',	NULL),
(80,	3,	'AC080',	'ECONOMIC PERFORMANCE: PRICES',	2,	2,	'2021-03-16 15:24:57',	'2021-03-16 15:24:57',	NULL),
(81,	3,	'AC081',	'GOVERNMENT EFFICIENCY: PUBLIC FINANCE',	2,	2,	'2021-03-16 15:24:57',	'2021-03-16 15:24:57',	NULL),
(82,	3,	'AC082',	'GOVERNMENT EFFICIENCY: TAX POLICY',	2,	2,	'2021-03-16 15:24:57',	'2021-03-16 15:24:57',	NULL),
(83,	3,	'AC083',	'GOVERNMENT EFFICIENCY: INSTITUTIONAL FRAMEWORK',	2,	2,	'2021-03-16 15:24:57',	'2021-03-16 15:24:57',	NULL),
(84,	3,	'AC084',	'GOVERNMENT EFFICIENCY: BUSINESS LEGISLATION',	2,	2,	'2021-03-16 15:24:57',	'2021-03-16 15:24:57',	NULL),
(85,	3,	'AC085',	'GOVERNMENT EFFICIENCY: SOCIETAL FRAMEWORK',	2,	2,	'2021-03-16 15:24:57',	'2021-03-16 15:24:57',	NULL),
(86,	3,	'AC086',	'BUSINESS EFFICIENCY: PRODUCTIVITY & EFFICIENCY',	2,	2,	'2021-03-16 15:24:57',	'2021-03-16 15:24:57',	NULL),
(87,	3,	'AC087',	'BUSINESS EFFICIENCY: LABOR MARKET',	2,	2,	'2021-03-16 15:24:57',	'2021-03-16 15:24:57',	NULL),
(88,	3,	'AC088',	'BUSINESS EFFICIENCY: FINANCE',	2,	2,	'2021-03-16 15:24:57',	'2021-03-16 15:24:57',	NULL),
(89,	3,	'AC089',	'BUSINESS EFFICIENCY: MANAGEMENT PRACTICES',	2,	2,	'2021-03-16 15:24:57',	'2021-03-16 15:24:57',	NULL),
(90,	3,	'AC090',	'BUSINESS EFFICIENCY: ATTITUDES & VALUES',	2,	2,	'2021-03-16 15:24:57',	'2021-03-16 15:24:57',	NULL),
(91,	3,	'AC091',	'INFRASTRUCTURE: BASIC INFRASTRUCTURE',	2,	2,	'2021-03-16 15:24:57',	'2021-03-16 15:24:57',	NULL),
(92,	3,	'AC092',	'INFRASTRUCTURE: TECHNOLOGICAL INFRASTRUCTURE',	2,	2,	'2021-03-16 15:24:57',	'2021-03-16 15:24:57',	NULL),
(93,	3,	'AC093',	'INFRASTRUCTURE: SCIENTIFIC INFRASTRUCTURE',	2,	2,	'2021-03-16 15:24:57',	'2021-03-16 15:24:57',	NULL),
(94,	3,	'AC094',	'INFRASTRUCTURE: HEALTH & ENVIRONMENT',	2,	2,	'2021-03-16 15:24:57',	'2021-03-16 15:24:57',	NULL),
(95,	3,	'AC095',	'INFRASTRUCTURE: EDUCATION',	2,	2,	'2021-03-16 15:24:57',	'2021-03-16 15:24:57',	NULL),
(96,	3,	'AC096',	'ENABLING ENVIRONMENT: INSTITUTIONS',	2,	2,	'2021-03-16 15:24:57',	'2021-03-16 15:24:57',	NULL),
(97,	3,	'AC097',	'ENABLING ENVIRONMENT: INFRASTRUCTURE',	2,	2,	'2021-03-16 15:24:57',	'2021-03-16 15:24:57',	NULL),
(98,	3,	'AC098',	'ENABLING ENVIRONMENT: ICT ADOPTION',	2,	2,	'2021-03-16 15:24:57',	'2021-03-16 15:24:57',	NULL),
(99,	3,	'AC099',	'ENABLING ENVIRONMENT: MACROECONOMIC STABILITY',	2,	2,	'2021-03-16 15:24:57',	'2021-03-16 15:24:57',	NULL),
(100,	3,	'AC100',	'HUMAN CAPITAL: HEALTH',	2,	2,	'2021-03-16 15:24:57',	'2021-03-16 15:24:57',	NULL),
(101,	3,	'AC101',	'HUMAN CAPITAL: SKILLS',	2,	2,	'2021-03-16 15:24:57',	'2021-03-16 15:24:57',	NULL),
(102,	3,	'AC102',	'MARKETS: PRODUCT MARKET',	2,	2,	'2021-03-16 15:24:57',	'2021-03-16 15:24:57',	NULL),
(103,	3,	'AC103',	'MARKETS: LABOR MARKET',	2,	2,	'2021-03-16 15:24:57',	'2021-03-16 15:24:57',	NULL),
(104,	3,	'AC104',	'MARKETS: FINANCIAL MARKET',	2,	2,	'2021-03-16 15:24:57',	'2021-03-16 15:24:57',	NULL),
(105,	3,	'AC105',	'MARKETS: MARKET SIZE',	2,	2,	'2021-03-16 15:24:57',	'2021-03-16 15:24:57',	NULL),
(106,	3,	'AC106',	'INNOVATION ECOSYSTEM: BUSINESS DYNAMISM',	2,	2,	'2021-03-16 15:24:57',	'2021-03-16 15:24:57',	NULL),
(107,	3,	'AC107',	'INNOVATION ECOSYSTEM: INNOVATION CAPABILITY',	2,	2,	'2021-03-16 15:24:57',	'2021-03-16 15:24:57',	NULL),
(108,	3,	'AC108',	'STARTING A BUSINESS',	2,	2,	'2021-03-16 15:24:57',	'2021-03-16 15:24:57',	NULL),
(109,	3,	'AC109',	'DEALING WITH CONSTRUCTION PERMITS',	2,	2,	'2021-03-16 15:24:57',	'2021-03-16 15:24:57',	NULL),
(110,	3,	'AC110',	'GETTING ELECTRICITY',	2,	2,	'2021-03-16 15:24:57',	'2021-03-16 15:24:57',	NULL),
(111,	3,	'AC111',	'REGISTERING PROPERTY',	2,	2,	'2021-03-16 15:24:57',	'2021-03-16 15:24:57',	NULL),
(112,	3,	'AC112',	'GETTING CREDIT',	2,	2,	'2021-03-16 15:24:57',	'2021-03-16 15:24:57',	NULL),
(113,	3,	'AC113',	'PROTECTING MINORITY INVESTORS',	2,	2,	'2021-03-16 15:24:57',	'2021-03-16 15:24:57',	NULL),
(114,	3,	'AC114',	'PAYING TAXES',	2,	2,	'2021-03-16 15:24:57',	'2021-03-16 15:24:57',	NULL),
(115,	3,	'AC115',	'TRADING ACROSS BORDERS',	2,	2,	'2021-03-16 15:24:57',	'2021-03-16 15:24:57',	NULL),
(116,	3,	'AC116',	'ENFORCING CONTRACTS',	2,	2,	'2021-03-16 15:24:57',	'2021-03-16 15:24:57',	NULL),
(117,	3,	'AC117',	'RESOLVING INSOLVENCY',	2,	2,	'2021-03-16 15:24:57',	'2021-03-16 15:24:57',	NULL),
(118,	3,	'AC118',	'EMPLOYING WORKERS',	2,	2,	'2021-03-16 15:24:57',	'2021-03-16 15:24:57',	NULL),
(119,	3,	'AC119',	'CONTRACTING WITH THE GOVERNMENT',	2,	2,	'2021-03-16 15:24:57',	'2021-03-16 15:24:57',	NULL),
(120,	3,	'AC120',	'E-PAYMENT',	2,	2,	'2021-03-16 15:24:57',	'2021-03-16 15:24:57',	NULL),
(121,	4,	'AE121',	'PRODUCTIVITY-LINKED WAGE SYSTEM ASSESSMENT TOOLS',	2,	2,	'2021-03-16 15:24:57',	'2021-03-16 15:24:57',	NULL),
(122,	4,	'AE122',	'PRODUCTIVITY-LINKED WAGE SYSTEM TRAINING MODULE – BEGINNER (IMPROVE PRODUCTIVITY THROUGH PRODUCTIVITY – LINKED WAGE SYSTEM (PLWS)',	2,	2,	'2021-03-16 15:24:57',	'2021-03-16 15:24:57',	NULL),
(123,	4,	'AE123',	'PRODUCTIVITY-LINKED WAGE SYSTEM – INTERMEDIATE (MASTER ON PRODUCTIVITY- LINKED WAGE SYSTEM (PLWS)',	2,	2,	'2021-03-16 15:24:57',	'2021-03-16 15:24:57',	NULL),
(124,	4,	'AE124',	'PRODUCTIVITY-LINKED WAGE SYSTEM – ADVANCED (CHAMPION ON PRODUCTIVITY-LINKED WAGE SYSTEM (PLWS)',	2,	2,	'2021-03-16 15:24:57',	'2021-03-16 15:24:57',	NULL),
(125,	4,	'AE125',	'CIRCULAR ECONOMY APPLICATION IN INDUSTRY',	2,	2,	'2021-03-16 15:24:57',	'2021-03-16 15:24:57',	NULL),
(126,	4,	'AE126',	'CIRCULAR ECONOMY & BUSINESS SUSTAINABILITY ASSESSMENT TOOLS',	2,	2,	'2021-03-16 15:24:57',	'2021-03-16 15:24:57',	NULL),
(127,	5,	'B001',	'BUSINESS EXCELLENCE CRITERIA: LEADERSHIP',	2,	2,	'2021-03-16 15:26:47',	'2021-03-16 15:26:47',	NULL),
(128,	5,	'B002',	'BUSINESS EXCELLENCE CRITERIA: PLANNING',	2,	2,	'2021-03-16 15:26:47',	'2021-03-16 15:26:47',	NULL),
(129,	5,	'B003',	'BUSINESS EXCELLENCE CRITERIA: INFORMATION',	2,	2,	'2021-03-16 15:26:47',	'2021-03-16 15:26:47',	NULL),
(130,	5,	'B004',	'BUSINESS EXCELLENCE CRITERIA: CUSTOMER',	2,	2,	'2021-03-16 15:26:47',	'2021-03-16 15:26:47',	NULL),
(131,	5,	'B005',	'BUSINESS EXCELLENCE CRITERIA: PEOPLE',	2,	2,	'2021-03-16 15:26:47',	'2021-03-16 15:26:47',	NULL),
(132,	5,	'B006',	'BUSINESS EXCELLENCE CRITERIA: PROCESS',	2,	2,	'2021-03-16 15:26:47',	'2021-03-16 15:26:47',	NULL),
(133,	5,	'B007',	'BENCHMARKING FOR BUSINESS EXCELLENCE',	2,	2,	'2021-03-16 15:26:47',	'2021-03-16 15:26:47',	NULL),
(134,	5,	'B008',	'AMALAN KAIZEN BAGI MENINGKATKAN KECEKAPAN PROSES',	2,	2,	'2021-03-16 15:26:47',	'2021-03-16 15:26:47',	NULL),
(135,	5,	'B009',	'ADVANCED KAIZEN',	2,	2,	'2021-03-16 15:26:47',	'2021-03-16 15:26:47',	NULL),
(136,	5,	'B010',	'CONTINUOUS IMPROVEMENT THROUGH KAIZEN',	2,	2,	'2021-03-16 15:26:47',	'2021-03-16 15:26:47',	NULL),
(137,	5,	'B011',	'PENGURUSAN LEAN/ LEAN MANUFACTURING',	2,	2,	'2021-03-16 15:26:47',	'2021-03-16 15:26:47',	NULL),
(138,	5,	'B012',	'LEAN SIX SIGMA',	2,	2,	'2021-03-16 15:26:47',	'2021-03-16 15:26:47',	NULL),
(139,	5,	'B013',	'VALUE STREAM MAPPING (VSM)',	2,	2,	'2021-03-16 15:26:47',	'2021-03-16 15:26:47',	NULL),
(140,	5,	'B014',	'MAPPING PROCESS PROBLEM AND SOLUTION',	2,	2,	'2021-03-16 15:26:47',	'2021-03-16 15:26:47',	NULL),
(141,	5,	'B015',	'STATISTICAL PROCESS CONTROL (SPC)',	2,	2,	'2021-03-16 15:26:47',	'2021-03-16 15:26:47',	NULL),
(142,	5,	'B016',	'TOTAL QUALITY MANAGEMENT (TQM)',	2,	2,	'2021-03-16 15:26:47',	'2021-03-16 15:26:47',	NULL),
(143,	5,	'B017',	'BALANCE SCORECARD',	2,	2,	'2021-03-16 15:26:48',	'2021-03-16 15:26:48',	NULL),
(144,	5,	'B018',	'PENGURUSAN KEWANGAN DAN ANALISIS PRODUKTIVITI',	2,	2,	'2021-03-16 15:26:48',	'2021-03-16 15:26:48',	NULL),
(145,	5,	'B019',	'AMALAN PERSEKITARAN BERKUALITI (5S/QE) YANG EFEKTIF',	2,	2,	'2021-03-16 15:26:48',	'2021-03-16 15:26:48',	NULL),
(146,	5,	'B020',	'AUDIT DALAMAN PERSEKITARAN BERKUALITI (5S/QE)',	2,	2,	'2021-03-16 15:26:48',	'2021-03-16 15:26:48',	NULL),
(147,	5,	'B021',	'KRITERIA AUDIT PERSEKITARAN BERKUALITI (5S/QE)',	2,	2,	'2021-03-16 15:26:48',	'2021-03-16 15:26:48',	NULL),
(148,	5,	'B022',	'5S SPECIALIST',	2,	2,	'2021-03-16 15:26:48',	'2021-03-16 15:26:48',	NULL),
(149,	5,	'B023',	'PENYEDIAAN DOKUMENTASI MANUAL 5S/QE',	2,	2,	'2021-03-16 15:26:48',	'2021-03-16 15:26:48',	NULL),
(150,	5,	'B024',	'DOKUMENTASI UNTUK PENGAUDITAN AMALAN 5S',	2,	2,	'2021-03-16 15:26:48',	'2021-03-16 15:26:48',	NULL),
(151,	5,	'B025',	'PENGURUSAN FAIL DAN REKOD MELALUI SISTEM 5S',	2,	2,	'2021-03-16 15:26:48',	'2021-03-16 15:26:48',	NULL),
(152,	5,	'B026',	'PENGURUSAN STOR & STOK MELALUI SISTEM 5S',	2,	2,	'2021-03-16 15:26:48',	'2021-03-16 15:26:48',	NULL),
(153,	5,	'B027',	'PENGURUSAN STOR & STOK YANG EFEKTIF',	2,	2,	'2021-03-16 15:26:48',	'2021-03-16 15:26:48',	NULL),
(154,	5,	'B028',	'PENGURUSAN PELUPUSAN FAIL DAN REKOD YANG TIDAK AKTIF',	2,	2,	'2021-03-16 15:26:48',	'2021-03-16 15:26:48',	NULL),
(155,	5,	'B029',	'BUSINESS EXCELLENCE FOR PRACTITIONER',	2,	2,	'2021-03-16 15:26:48',	'2021-03-16 15:26:48',	NULL),
(156,	5,	'B030',	'BUSINESS EXCELLENCE FOR ASSESSOR',	2,	2,	'2021-03-16 15:26:48',	'2021-03-16 15:26:48',	NULL),
(157,	5,	'B031',	'BUSINESS EXCELLENCE FOR CONSULTANT',	2,	2,	'2021-03-16 15:26:48',	'2021-03-16 15:26:48',	NULL),
(158,	5,	'B032',	'ORGANISATIONAL PROFILE FOR BUSINESS EXCELLENCE',	2,	2,	'2021-03-16 15:26:48',	'2021-03-16 15:26:48',	NULL),
(159,	5,	'B033',	'BUSINESS EXCELLENCE ASSESSMENT REPORT WRITING FOR ASSESSOR',	2,	2,	'2021-03-16 15:26:48',	'2021-03-16 15:26:48',	NULL),
(160,	5,	'B034',	'BUSINESS EXCELLENCE DOCUMENTATION FOR ORGANISATION',	2,	2,	'2021-03-16 15:26:48',	'2021-03-16 15:26:48',	NULL),
(161,	5,	'B035',	'BUSINESS EXCELLENCE DOCUMENTATION FOR AWARD APPLICANTS',	2,	2,	'2021-03-16 15:26:48',	'2021-03-16 15:26:48',	NULL),
(162,	5,	'B036',	'EFFECTIVE 5S AND LEAN MANAGEMENT IMPLEMENTATION FOR I4.0 ADOPTION',	2,	2,	'2021-03-16 15:26:48',	'2021-03-16 15:26:48',	NULL),
(163,	5,	'B037',	'KEY PERFORMANCE INDICATOR (KPI/KRA)',	2,	2,	'2021-03-16 15:26:48',	'2021-03-16 15:26:48',	NULL),
(164,	5,	'B038',	'PENGUKURAN PRODUKTIVITI (COMPASS)',	2,	2,	'2021-03-16 15:26:48',	'2021-03-16 15:26:48',	NULL),
(165,	5,	'B039',	'PRODUCTIVITY LINKED-WAGE SYSTEM (PLWS)',	2,	2,	'2021-03-16 15:26:48',	'2021-03-16 15:26:48',	NULL),
(166,	5,	'B040',	'TOTAL PREVENTIVE MAINTENANCE (TPM)',	2,	2,	'2021-03-16 15:26:48',	'2021-03-16 15:26:48',	NULL),
(167,	5,	'B041',	'MATERIAL FLOW COST ACCOUNTING (MFCA)',	2,	2,	'2021-03-16 15:26:48',	'2021-03-16 15:26:48',	NULL),
(168,	5,	'B042',	'FAILURE MODE & EFFECT ANALYSIS (FMEA)',	2,	2,	'2021-03-16 15:26:48',	'2021-03-16 15:26:48',	NULL),
(169,	5,	'B043',	'SUPPLY CHAIN SUSTAINABILITY',	2,	2,	'2021-03-16 15:26:48',	'2021-03-16 15:26:48',	NULL),
(170,	5,	'B044',	'SUSTAINABILITY IN BUSINESS PROCESS MANAGEMENT',	2,	2,	'2021-03-16 15:26:48',	'2021-03-16 15:26:48',	NULL),
(171,	5,	'B045',	'INDUSTRIAL SUSTAINABILITY',	2,	2,	'2021-03-16 15:26:48',	'2021-03-16 15:26:48',	NULL),
(172,	5,	'B046',	'EFFECTIVE COMMUNICATION FOR BUSINESS EXCELLENCE',	2,	2,	'2021-03-16 15:26:48',	'2021-03-16 15:26:48',	NULL),
(173,	5,	'B047',	'WORKSHOP ON REDUCING ORGANISATIONAL RISK THROUGH EFFECTIVE, RELIABLE DATA AND INFORMATION',	2,	2,	'2021-03-16 15:26:48',	'2021-03-16 15:26:48',	NULL),
(174,	5,	'B048',	'PROCESS IMPROVEMENT THROUGH LEAN TECHNIQUES',	2,	2,	'2021-03-16 15:26:48',	'2021-03-16 15:26:48',	NULL),
(175,	5,	'B049',	'ELIMINATING WASTES THROUGH LEAN PRACTICES',	2,	2,	'2021-03-16 15:26:48',	'2021-03-16 15:26:48',	NULL),
(176,	5,	'B050',	'IMPROVING QUALITY AND PRODUCTIVITY THROUGH LEAN PRODUCTION',	2,	2,	'2021-03-16 15:26:48',	'2021-03-16 15:26:48',	NULL),
(177,	5,	'B051',	'CERTIFIED PRODUCTIVITY SPECIALIST',	2,	2,	'2021-03-16 15:26:48',	'2021-03-16 15:26:48',	NULL),
(178,	5,	'B052',	'PRODUCTIVITY GAIN MEASUREMENT',	2,	2,	'2021-03-16 15:26:48',	'2021-03-16 15:26:48',	NULL),
(179,	5,	'B053',	'MASTERING “DESIGN THINKING” FOR HIGHER RESULT',	2,	2,	'2021-03-16 15:26:48',	'2021-03-16 15:26:48',	NULL),
(180,	5,	'B054',	'EFFECTIVE TOTAL PRODUCTIVE MAINTENANCE (TPM) FOR SMART MANUFACTURING',	2,	2,	'2021-03-16 15:26:48',	'2021-03-16 15:26:48',	NULL),
(181,	5,	'B055',	'RISK MANAGEMENT PROFILE AND CHANGE MANAGEMENT FOR BETTER GOVERNANCE',	2,	2,	'2021-03-16 15:26:48',	'2021-03-16 15:26:48',	NULL),
(182,	5,	'B056',	'WASTE & ROOT CAUSE ANALYSIS FOR LEAN MANAGEMENT IMPLEMENTATION',	2,	2,	'2021-03-16 15:26:48',	'2021-03-16 15:26:48',	NULL),
(183,	5,	'B057',	'ELIMINATING WASTES THROUGH PRODUCTIVITY TOOLS & TECHNIQUES',	2,	2,	'2021-03-16 15:26:48',	'2021-03-16 15:26:48',	NULL),
(184,	5,	'B058',	'ANALISA KOS DAN DASAR PENENTUAN HARGA',	2,	2,	'2021-03-16 15:26:48',	'2021-03-16 15:26:48',	NULL),
(185,	5,	'B059',	'STRATEGI MEMULAKAN PERNIAGAAN',	2,	2,	'2021-03-16 15:26:48',	'2021-03-16 15:26:48',	NULL),
(186,	5,	'B060',	'PEMBANGUNAN KEUSAHAWANAN',	2,	2,	'2021-03-16 15:26:48',	'2021-03-16 15:26:48',	NULL),
(187,	5,	'B061',	'STRATEGIC MARKETING',	2,	2,	'2021-03-16 15:26:48',	'2021-03-16 15:26:48',	NULL),
(188,	5,	'B062',	'LEARN MARKETING SKILLS',	2,	2,	'2021-03-16 15:26:48',	'2021-03-16 15:26:48',	NULL),
(189,	5,	'B063',	'MARKETING COMMUNICATION AND CONSUMER BEHAVIOUR',	2,	2,	'2021-03-16 15:26:48',	'2021-03-16 15:26:48',	NULL),
(190,	5,	'B064',	'STRATEGIC BRAND MANAGEMENT',	2,	2,	'2021-03-16 15:26:48',	'2021-03-16 15:26:48',	NULL),
(191,	5,	'B065',	'BRAND BUILDING STRATEGIES',	2,	2,	'2021-03-16 15:26:48',	'2021-03-16 15:26:48',	NULL),
(192,	5,	'B066',	'HOW TO BUILD YOUR PERSONAL BRAND',	2,	2,	'2021-03-16 15:26:48',	'2021-03-16 15:26:48',	NULL),
(193,	5,	'B067',	'AWARENESS ON CREATIVITY AND INNOVATION',	2,	2,	'2021-03-16 15:26:48',	'2021-03-16 15:26:48',	NULL),
(194,	5,	'B068',	'INNOVATION AND DESIGN THINKING',	2,	2,	'2021-03-16 15:26:48',	'2021-03-16 15:26:48',	NULL),
(195,	5,	'B069',	'STRATEGIC AND INNOVATION',	2,	2,	'2021-03-16 15:26:48',	'2021-03-16 15:26:48',	NULL),
(196,	5,	'B070',	'ENTREPRENEURSHIP AND INNOVATION',	2,	2,	'2021-03-16 15:26:48',	'2021-03-16 15:26:48',	NULL),
(197,	5,	'B071',	'PROBLEM SOLVING TECHNIQUE THROUGH ICC',	2,	2,	'2021-03-16 15:26:48',	'2021-03-16 15:26:48',	NULL),
(198,	5,	'B072',	'CREATIVE SOLUTION THROUGH ICC',	2,	2,	'2021-03-16 15:26:48',	'2021-03-16 15:26:48',	NULL),
(199,	5,	'B073',	'KEM ICC',	2,	2,	'2021-03-16 15:26:48',	'2021-03-16 15:26:48',	NULL),
(200,	5,	'B074',	'PROCESS IMPROVEMENT THROUGH ICC TOOLS',	2,	2,	'2021-03-16 15:26:48',	'2021-03-16 15:26:48',	NULL),
(201,	5,	'B075',	'ICC DOCUMENTATION',	2,	2,	'2021-03-16 15:26:48',	'2021-03-16 15:26:48',	NULL),
(202,	5,	'B076',	'JUDGING CRITERIA FOR ICC',	2,	2,	'2021-03-16 15:26:48',	'2021-03-16 15:26:48',	NULL),
(203,	5,	'B077',	'BENGKEL PENULISAN LAPORAN ICC',	2,	2,	'2021-03-16 15:26:48',	'2021-03-16 15:26:48',	NULL),
(204,	5,	'B078',	'INNOVATION IN SERVICES SECTOR',	2,	2,	'2021-03-16 15:26:48',	'2021-03-16 15:26:48',	NULL),
(205,	5,	'B079',	'TRIZ – THE THEORY OF INVENTING PROBLEM SOLVING',	2,	2,	'2021-03-16 15:26:48',	'2021-03-16 15:26:48',	NULL),
(206,	5,	'B080',	'OVERVIEW OF TRIZ TOOLS',	2,	2,	'2021-03-16 15:26:48',	'2021-03-16 15:26:48',	NULL),
(207,	5,	'B081',	'CREATIVE PROBLEM SOLVING AND INNOVATIVE THINKING THROUGH TRIZ',	2,	2,	'2021-03-16 15:26:48',	'2021-03-16 15:26:48',	NULL),
(208,	5,	'B082',	'PRODUCT INNOVATION AND MANAGEMENT',	2,	2,	'2021-03-16 15:26:48',	'2021-03-16 15:26:48',	NULL),
(209,	5,	'B083',	'LEADERSHIP SUSTAINABILITY',	2,	2,	'2021-03-16 15:26:48',	'2021-03-16 15:26:48',	NULL),
(210,	5,	'B084',	'SUSTAINABILITY CORPORATE RESPONSIBILITY TRAINING PROGRAM',	2,	2,	'2021-03-16 15:26:48',	'2021-03-16 15:26:48',	NULL),
(211,	5,	'B085',	'LEADERSHIP DEVELOPMENT TRAINING',	2,	2,	'2021-03-16 15:26:48',	'2021-03-16 15:26:48',	NULL),
(212,	5,	'B086',	'CHANGE MANAGEMENT TRAINING',	2,	2,	'2021-03-16 15:26:48',	'2021-03-16 15:26:48',	NULL),
(213,	5,	'B087',	'DEVELOPING LEADERSHIP SKILLS FOR WORKPLACE OF TOMORROW',	2,	2,	'2021-03-16 15:26:48',	'2021-03-16 15:26:48',	NULL),
(214,	5,	'B088',	'KEMAHIRAN PENGURUSAN BEKERJA DARI RUMAH (WFH)',	2,	2,	'2021-03-16 15:26:48',	'2021-03-16 15:26:48',	NULL),
(215,	5,	'B089',	'PENGURUSAN PENGAMBILAN MINIT MESYUARAT, PENULISAN SURAT DAN MEMO RASMI',	2,	2,	'2021-03-16 15:26:48',	'2021-03-16 15:26:48',	NULL),
(216,	5,	'B090',	'IMEJ DAN KETERAMPILAN',	2,	2,	'2021-03-16 15:26:48',	'2021-03-16 15:26:48',	NULL),
(217,	5,	'B091',	'PENGURUSAN PERKHIDMATAN PELANGGAN BERKUALITI DAN CEMERLANG DI KAUNTER',	2,	2,	'2021-03-16 15:26:48',	'2021-03-16 15:26:48',	NULL),
(218,	5,	'B092',	'LEADERSHIP WORKSHOP FOR SENIOR MANAGEMENT',	2,	2,	'2021-03-16 15:26:48',	'2021-03-16 15:26:48',	NULL),
(219,	5,	'B093',	'PSYCHOLOGICAL WELLBEING IN HANDLING STRESS AND WORKPLACE DEPRESSION',	2,	2,	'2021-03-16 15:26:48',	'2021-03-16 15:26:48',	NULL),
(220,	5,	'B094',	'PSYCHOLOGICAL WELLBEING IN DIGITAL ERA FOR ORGANISATIONAL EXCELLENCE',	2,	2,	'2021-03-16 15:26:48',	'2021-03-16 15:26:48',	NULL),
(221,	5,	'B095',	'POWER UP FOR LEADERS USING NLP',	2,	2,	'2021-03-16 15:26:48',	'2021-03-16 15:26:48',	NULL),
(222,	5,	'B096',	'BALANCING WORK AND LIFE WITH OPTIMUM PRODUCTIVITY',	2,	2,	'2021-03-16 15:26:48',	'2021-03-16 15:26:48',	NULL),
(223,	5,	'B097',	'NLP FOR EFFECTIVE COMMUNICATION IN ORGANISATION',	2,	2,	'2021-03-16 15:26:48',	'2021-03-16 15:26:48',	NULL),
(224,	5,	'B098',	'DIGITAL MARKETING/ PEMASARAN SECARA DIGITAL',	2,	2,	'2021-03-16 15:26:48',	'2021-03-16 15:26:48',	NULL),
(225,	5,	'B099',	'IMPROVING PROCESS AND QUALITY THROUGH IOT TECHNOLOGY',	2,	2,	'2021-03-16 15:26:48',	'2021-03-16 15:26:48',	NULL),
(226,	5,	'B100',	'INDUSTRIAL IOT TECHNOLOGY (IIOT)',	2,	2,	'2021-03-16 15:26:48',	'2021-03-16 15:26:48',	NULL),
(227,	5,	'B101',	'DIGITIZE YOUR BUSINESS',	2,	2,	'2021-03-16 15:26:48',	'2021-03-16 15:26:48',	NULL),
(228,	5,	'B102',	'DIGITIZE YOUR BUSINESS PROCESS',	2,	2,	'2021-03-16 15:26:48',	'2021-03-16 15:26:48',	NULL),
(229,	5,	'B103',	'DIGITIZE YOUR WORKPLACE FOR BETTER EMPLOYEE ENGAGEMENT',	2,	2,	'2021-03-16 15:26:48',	'2021-03-16 15:26:48',	NULL),
(230,	5,	'B104',	'DIGITAL WORKPLACE STRATEGY',	2,	2,	'2021-03-16 15:26:48',	'2021-03-16 15:26:48',	NULL),
(231,	5,	'B105',	'DIGITIZING YOUR WORK FOR MAXIMUM PRODUCTIVITY',	2,	2,	'2021-03-16 15:26:48',	'2021-03-16 15:26:48',	NULL),
(232,	5,	'B106',	'START YOUR E-COMMERCE BUSINESS',	2,	2,	'2021-03-16 15:26:48',	'2021-03-16 15:26:48',	NULL),
(233,	5,	'B107',	'DEVELOP EFFECTIVE STRATEGIES FOR A DIGITAL AGE',	2,	2,	'2021-03-16 15:26:48',	'2021-03-16 15:26:48',	NULL),
(234,	5,	'B108',	'DIGITAL TRANSFORMATION INITIATIVES IN THE ORGANISATION',	2,	2,	'2021-03-16 15:26:48',	'2021-03-16 15:26:48',	NULL),
(235,	5,	'B109',	'INCORPORATE CLOUD BASED TECHNOLOGY',	2,	2,	'2021-03-16 15:26:48',	'2021-03-16 15:26:48',	NULL),
(236,	5,	'B110',	'SIMULATION & AUGMENTED REALITY',	2,	2,	'2021-03-16 15:26:48',	'2021-03-16 15:26:48',	NULL),
(237,	5,	'B111',	'UNDERSTANDING I4.0 AS NEW BUSINESS MODELS & SYSTEM INTEGRATION',	2,	2,	'2021-03-16 15:26:48',	'2021-03-16 15:26:48',	NULL),
(238,	5,	'B112',	'3D PRINTING',	2,	2,	'2021-03-16 15:26:48',	'2021-03-16 15:26:48',	NULL),
(239,	5,	'B113',	'CYBER SECURITY MANAGEMENT',	2,	2,	'2021-03-16 15:26:48',	'2021-03-16 15:26:48',	NULL),
(240,	5,	'B114',	'AUTONOMOUS ROBOTS',	2,	2,	'2021-03-16 15:26:48',	'2021-03-16 15:26:48',	NULL),
(241,	5,	'B115',	'ADDITIVE MANUFACTURING & SUPPLY CHAIN',	2,	2,	'2021-03-16 15:26:48',	'2021-03-16 15:26:48',	NULL),
(242,	5,	'B116',	'EFFECTIVE APPLICATION OF INTERNET OF THINGS (IOT) FOR GREATER PERFORMANCE',	2,	2,	'2021-03-16 15:26:48',	'2021-03-16 15:26:48',	NULL),
(243,	5,	'B117',	'EFFECTIVE IMPLEMENTATION OF SMART MANUFACTURING FOR SMES',	2,	2,	'2021-03-16 15:26:48',	'2021-03-16 15:26:48',	NULL),
(244,	5,	'B118',	'ENHANCING SMES’ DIGITALISATION FOR BETTER BUSINESS PERFORMANCE',	2,	2,	'2021-03-16 15:26:48',	'2021-03-16 15:26:48',	NULL),
(245,	5,	'B119',	'STRENGTHENING SME PERFORMANCE THROUGH BETTER DATA COLLECTION AND ANALYSIS',	2,	2,	'2021-03-16 15:26:48',	'2021-03-16 15:26:48',	NULL),
(246,	5,	'B120',	'ARTIFICIAL INTELLIGENCE',	2,	2,	'2021-03-16 15:26:48',	'2021-03-16 15:26:48',	NULL),
(247,	5,	'B121',	'BIG DATA ANALYTICS FOR BETTER BUSINESS RESULTS',	2,	2,	'2021-03-16 15:26:48',	'2021-03-16 15:26:48',	NULL),
(248,	5,	'B122',	'SMART MANUFACTURING THROUGH I4.0',	2,	2,	'2021-03-16 15:26:48',	'2021-03-16 15:26:48',	NULL),
(249,	5,	'B123',	'ENHANCING WORKFORCE PRODUCTIVITY FOR I4.0',	2,	2,	'2021-03-16 15:26:48',	'2021-03-16 15:26:48',	NULL),
(250,	5,	'B124',	'ORGANISATION TRANSFORMATION TOWARDS I4.0',	2,	2,	'2021-03-16 15:26:48',	'2021-03-16 15:26:48',	NULL),
(251,	5,	'B125',	'RISK MANAGEMENT',	2,	2,	'2021-03-16 15:26:48',	'2021-03-16 15:26:48',	NULL),
(252,	5,	'B126',	'MANAGE RISKS WITH NEW OPPORTUNITIES',	2,	2,	'2021-03-16 15:26:48',	'2021-03-16 15:26:48',	NULL),
(253,	5,	'B127',	'SISTEM PENGURUSAN DOKUMENTASI DAN AUDIT ISO 9001:2008',	2,	2,	'2021-03-16 15:26:48',	'2021-03-16 15:26:48',	NULL),
(254,	5,	'B128',	'INTERNAL AUDITOR TRAINING ISO 9001:2008',	2,	2,	'2021-03-16 15:26:48',	'2021-03-16 15:26:48',	NULL),
(255,	5,	'B129',	'SISTEM PENGURUSAN KESELAMATAN MAKANAN ISO 22000:2005',	2,	2,	'2021-03-16 15:26:48',	'2021-03-16 15:26:48',	NULL),
(256,	5,	'B130',	'SISTEM PENGURUSAN KUALITI INDUSTRI AUTOMOTIF ISO/TS 16949:2002',	2,	2,	'2021-03-16 15:26:48',	'2021-03-16 15:26:48',	NULL),
(257,	5,	'B131',	'SISTEM PENGURUSAN KUALITI MAKMAL MS ISO/IEC 17025',	2,	2,	'2021-03-16 15:26:48',	'2021-03-16 15:26:48',	NULL),
(258,	5,	'B132',	'SISTEM PENGURUSAN PERSEKITARAN ISO 14001:2004',	2,	2,	'2021-03-16 15:26:48',	'2021-03-16 15:26:48',	NULL),
(259,	5,	'B133',	'HAZARD ANALYSIS AND CRITICAL CONTROL POINT (HACCP)',	2,	2,	'2021-03-16 15:26:48',	'2021-03-16 15:26:48',	NULL),
(260,	5,	'B134',	'KESIHATAN DAN KESELAMATAN DALAM PEKERJAAN (OSHA)',	2,	2,	'2021-03-16 15:26:48',	'2021-03-16 15:26:48',	NULL),
(261,	5,	'B135',	'AMALAN KEBERSIHAN DAN PERKILANGAN YANG BAIK (GMP)',	2,	2,	'2021-03-16 15:26:48',	'2021-03-16 15:26:48',	NULL),
(262,	5,	'B136',	'INDUSTRY 4.0 READINESS ASSESSMENT FOR ASSESSOR',	2,	2,	'2021-03-16 15:26:48',	'2021-03-16 15:26:48',	NULL),
(263,	5,	'B137',	'SISTEM PENGURUSAN KESIHATAN DAN KESELAMATAN PEKERJAAN ISO 45001:2018 (OHSMS)',	2,	2,	'2021-03-16 15:26:48',	'2021-03-16 15:26:48',	NULL),
(264,	5,	'B138',	'SISTEM PENGURUSAN KESELAMATAN MAKANAN ISO 22000:2018',	2,	2,	'2021-03-16 15:26:48',	'2021-03-16 15:26:48',	NULL),
(265,	5,	'B139',	'KURSUS PENSIJILAN MINYAK KELAPA SAWIT MAMPAN (MSPO) MS 2530:2013',	2,	2,	'2021-03-16 15:26:48',	'2021-03-16 15:26:48',	NULL),
(266,	6,	'BB140',	'SPPE - LEAN',	2,	2,	'2021-03-16 15:26:48',	'2021-03-16 15:26:48',	NULL),
(267,	6,	'BB141',	'SPPE - DIGITALISASI',	2,	2,	'2021-03-16 15:26:48',	'2021-03-16 15:26:48',	NULL),
(268,	6,	'BB142',	'SPPE – KAIZEN',	2,	2,	'2021-03-16 15:26:48',	'2021-03-16 15:26:48',	NULL),
(269,	6,	'BB143',	'SPPE – QE/5S (AMALAN PERSEKITARAN BERKUALITI)',	2,	2,	'2021-03-16 15:26:48',	'2021-03-16 15:26:48',	NULL),
(270,	6,	'BB144',	'SPPE – SISTEM PENGURUSAN KUALITI',	2,	2,	'2021-03-16 15:26:48',	'2021-03-16 15:26:48',	NULL),
(271,	6,	'BB145',	'SPPE – SISTEM KESELAMATAN MAKANAN',	2,	2,	'2021-03-16 15:26:48',	'2021-03-16 15:26:48',	NULL),
(272,	6,	'BB146',	'SPPE – BUSINESS EXCELLENCE FRAMEWORK',	2,	2,	'2021-03-16 15:26:48',	'2021-03-16 15:26:48',	NULL),
(273,	6,	'BB147',	'SPPE – TOTAL PRODUCTIVE MANITENANCE (TPM)',	2,	2,	'2021-03-16 15:26:48',	'2021-03-16 15:26:48',	NULL),
(274,	6,	'BC148',	'PPKV – MEDAC (LEAN)',	2,	2,	'2021-03-16 15:26:48',	'2021-03-16 15:26:48',	NULL),
(275,	6,	'BC149',	'PPKV-MEDAC (INDUSTRY 4.0/DIGITALISASI)',	2,	2,	'2021-03-16 15:26:48',	'2021-03-16 15:26:48',	NULL),
(276,	6,	'BC150',	'PPKV-MEDAC (KAIZEN)',	2,	2,	'2021-03-16 15:26:48',	'2021-03-16 15:26:48',	NULL),
(277,	6,	'BC151',	'ADVISORY & CONSULTANCY SERVICES (PRODUCTIVITY)',	2,	2,	'2021-03-16 15:26:48',	'2021-03-16 15:26:48',	NULL),
(278,	8,	'C001',	'POLISI DAN PERATURAN: AGROFOOD PRODUCTIVITY NEXUS',	2,	2,	'2021-03-16 15:27:45',	'2021-03-16 15:27:45',	NULL),
(279,	8,	'C002',	'POLISI DAN PERATURAN: TOURISM PRODUCTIVITY NEXUS',	2,	2,	'2021-03-16 15:27:45',	'2021-03-16 15:27:45',	NULL),
(280,	8,	'C003',	'POLISI DAN PERATURAN: RETAIL AND FOOD & BEVERAGE PRODUCTIVITY NEXUS',	2,	2,	'2021-03-16 15:27:45',	'2021-03-16 15:27:45',	NULL),
(281,	8,	'C004',	'POLISI DAN PERATURAN: CHEMICALS AND CHEMICAL PRODUCTS PRODUCTIVITY NEXUS',	2,	2,	'2021-03-16 15:27:45',	'2021-03-16 15:27:45',	NULL),
(282,	8,	'C005',	'POLISI DAN PERATURAN: DIGITAL PRODUCTIVITY NEXUS',	2,	2,	'2021-03-16 15:27:45',	'2021-03-16 15:27:45',	NULL),
(283,	8,	'C006',	'POLISI DAN PERATURAN: PROFESSIONAL SERVICES PRODUCTIVITY NEXUS',	2,	2,	'2021-03-16 15:27:45',	'2021-03-16 15:27:45',	NULL),
(284,	8,	'C007',	'POLISI DAN PERATURAN: PRIVATE HEALTHCARE PRODUCTIVITY NEXUS',	2,	2,	'2021-03-16 15:27:45',	'2021-03-16 15:27:45',	NULL),
(285,	8,	'C008',	'POLISI DAN PERATURAN: MACHINERY AND EQUIPMENT PRODUCTIVITY NEXUS',	2,	2,	'2021-03-16 15:27:45',	'2021-03-16 15:27:45',	NULL),
(286,	8,	'C009',	'POLISI DAN PERATURAN: ELECTRICAL AND ELECTRONICS PRODUCTIVITY NEXUS',	2,	2,	'2021-03-16 15:27:45',	'2021-03-16 15:27:45',	NULL),
(287,	8,	'C010',	'PRODUCTIVITY IMPROVEMENT',	2,	2,	'2021-03-16 15:27:45',	'2021-03-16 15:27:45',	NULL),
(288,	8,	'C011',	'STRUKTUR INDUSTRI: AGROFOOD PRODUCTIVITY NEXUS',	2,	2,	'2021-03-16 15:27:45',	'2021-03-16 15:27:45',	NULL),
(289,	8,	'C012',	'STRUKTUR INDUSTRI: TOURISM PRODUCTIVITY NEXUS',	2,	2,	'2021-03-16 15:27:45',	'2021-03-16 15:27:45',	NULL),
(290,	8,	'C013',	'STRUKTUR INDUSTRI: RETAIL AND FOOD & BEVERAGE PRODUCTIVITY NEXUS',	2,	2,	'2021-03-16 15:27:45',	'2021-03-16 15:27:45',	NULL),
(291,	8,	'C014',	'STRUKTUR INDUSTRI: CHEMICALS AND CHEMICAL PRODUCTS PRODUCTIVITY NEXUS',	2,	2,	'2021-03-16 15:27:45',	'2021-03-16 15:27:45',	NULL),
(292,	8,	'C015',	'STRUKTUR INDUSTRI: DIGITAL PRODUCTIVITY NEXUS',	2,	2,	'2021-03-16 15:27:45',	'2021-03-16 15:27:45',	NULL),
(293,	8,	'C016',	'STRUKTUR INDUSTRI: PROFESSIONAL SERVICES PRODUCTIVITY NEXUS',	2,	2,	'2021-03-16 15:27:45',	'2021-03-16 15:27:45',	NULL),
(294,	8,	'C017',	'STRUKTUR INDUSTRI: PRIVATE HEALTHCARE PRODUCTIVITY NEXUS',	2,	2,	'2021-03-16 15:27:45',	'2021-03-16 15:27:45',	NULL),
(295,	8,	'C018',	'STRUKTUR INDUSTRI: MACHINERY AND EQUIPMENT PRODUCTIVITY NEXUS',	2,	2,	'2021-03-16 15:27:45',	'2021-03-16 15:27:45',	NULL),
(296,	8,	'C019',	'STRUKTUR INDUSTRI: ELECTRICAL AND ELECTRONICS PRODUCTIVITY NEXUS',	2,	2,	'2021-03-16 15:27:45',	'2021-03-16 15:27:45',	NULL),
(297,	8,	'C020',	'INSENTIF: AGROFOOD PRODUCTIVITY NEXUS',	2,	2,	'2021-03-16 15:27:45',	'2021-03-16 15:27:45',	NULL),
(298,	8,	'C021',	'INSENTIF: TOURISM PRODUCTIVITY NEXUS',	2,	2,	'2021-03-16 15:27:45',	'2021-03-16 15:27:45',	NULL),
(299,	8,	'C022',	'INSENTIF: RETAIL AND FOOD & BEVERAGE PRODUCTIVITY NEXUS',	2,	2,	'2021-03-16 15:27:45',	'2021-03-16 15:27:45',	NULL),
(300,	8,	'C023',	'INSENTIF: CHEMICALS AND CHEMICAL PRODUCTS PRODUCTIVITY NEXUS',	2,	2,	'2021-03-16 15:27:45',	'2021-03-16 15:27:45',	NULL),
(301,	8,	'C024',	'INSENTIF: DIGITAL PRODUCTIVITY NEXUS',	2,	2,	'2021-03-16 15:27:45',	'2021-03-16 15:27:45',	NULL),
(302,	8,	'C025',	'INSENTIF: PROFESSIONAL SERVICES PRODUCTIVITY NEXUS',	2,	2,	'2021-03-16 15:27:45',	'2021-03-16 15:27:45',	NULL),
(303,	8,	'C026',	'INSENTIF: PRIVATE HEALTHCARE PRODUCTIVITY NEXUS',	2,	2,	'2021-03-16 15:27:45',	'2021-03-16 15:27:45',	NULL),
(304,	8,	'C027',	'INSENTIF: MACHINERY AND EQUIPMENT PRODUCTIVITY NEXUS',	2,	2,	'2021-03-16 15:27:45',	'2021-03-16 15:27:45',	NULL),
(305,	8,	'C028',	'INSENTIF: ELECTRICAL AND ELECTRONICS PRODUCTIVITY NEXUS',	2,	2,	'2021-03-16 15:27:45',	'2021-03-16 15:27:45',	NULL),
(306,	8,	'C029',	'AGROFOOD PRODUCTIVITY NEXUS: TENAGA KERJA (WORKFORCE)',	2,	2,	'2021-03-16 15:27:45',	'2021-03-16 15:27:45',	NULL),
(307,	8,	'C030',	'AGROFOOD PRODUCTIVITY NEXUS: TEKNOLOGI (TECHNOLOGY)',	2,	2,	'2021-03-16 15:27:45',	'2021-03-16 15:27:45',	NULL),
(308,	8,	'C031',	'AGROFOOD PRODUCTIVITY NEXUS: DIGITAL',	2,	2,	'2021-03-16 15:27:45',	'2021-03-16 15:27:45',	NULL),
(309,	8,	'C032',	'AGROFOOD PRODUCTIVITY NEXUS: POLISI & PERATURAN (REGULATION)',	2,	2,	'2021-03-16 15:27:45',	'2021-03-16 15:27:45',	NULL),
(310,	8,	'C033',	'AGROFOOD PRODUCTIVITY NEXUS: INSENTIF (INCENTIVE)',	2,	2,	'2021-03-16 15:27:45',	'2021-03-16 15:27:45',	NULL),
(311,	8,	'C034',	'AGROFOOD PRODUCTIVITY NEXUS: INDUSTRY STRUCTURE',	2,	2,	'2021-03-16 15:27:45',	'2021-03-16 15:27:45',	NULL),
(312,	8,	'C035',	'AGROFOOD PRODUCTIVITY NEXUS: MARKETING STRATEGY',	2,	2,	'2021-03-16 15:27:45',	'2021-03-16 15:27:45',	NULL),
(313,	8,	'C036',	'AGROFOOD PRODUCTIVITY NEXUS: STANDARD & PENSIJILAN (MYGAP, HALAL, HACCP, GMP, MESTI DAN LAIN-LAIN YANG BERKAITAN)',	2,	2,	'2021-03-16 15:27:45',	'2021-03-16 15:27:45',	NULL),
(314,	8,	'C037',	'AGROFOOD PRODUCTIVITY NEXUS: FINANCIAL MANAGEMENT',	2,	2,	'2021-03-16 15:27:45',	'2021-03-16 15:27:45',	NULL),
(315,	8,	'C038',	'AGROFOOD PRODUCTIVITY NEXUS: OPERATION MANAGEMENT',	2,	2,	'2021-03-16 15:27:45',	'2021-03-16 15:27:45',	NULL),
(316,	8,	'C039',	'AGROFOOD PRODUCTIVITY NEXUS: BUSINESS MANAGEMENT',	2,	2,	'2021-03-16 15:27:45',	'2021-03-16 15:27:45',	NULL),
(317,	8,	'C040',	'AGROFOOD PRODUCTIVITY NEXUS: PRODUCT DEVELOPMENT',	2,	2,	'2021-03-16 15:27:45',	'2021-03-16 15:27:45',	NULL),
(318,	8,	'C041',	'AGROFOOD PRODUCTIVITY NEXUS: SYSTEM DEVELOPMENT',	2,	2,	'2021-03-16 15:27:45',	'2021-03-16 15:27:45',	NULL),
(319,	8,	'C042',	'AGROFOOD PRODUCTIVITY NEXUS: PROFESSIONAL SERVICES',	2,	2,	'2021-03-16 15:27:45',	'2021-03-16 15:27:45',	NULL),
(320,	8,	'C043',	'AGROFOOD PRODUCTIVITY NEXUS: IMPORT & EXPORT',	2,	2,	'2021-03-16 15:27:45',	'2021-03-16 15:27:45',	NULL),
(321,	8,	'C044',	'TOURISM PRODUCTIVITY NEXUS: WORKFORCE & TALENT DEVELOPMENT',	2,	2,	'2021-03-16 15:27:45',	'2021-03-16 15:27:45',	NULL),
(322,	8,	'C045',	'TOURISM PRODUCTIVITY NEXUS: INCENTIVE',	2,	2,	'2021-03-16 15:27:45',	'2021-03-16 15:27:45',	NULL),
(323,	8,	'C046',	'TOURISM PRODUCTIVITY NEXUS: INDUSTRY STRUCTURE',	2,	2,	'2021-03-16 15:27:45',	'2021-03-16 15:27:45',	NULL),
(324,	8,	'C047',	'TOURISM PRODUCTIVITY NEXUS: PROMOTION & MARKETING STRATEGY',	2,	2,	'2021-03-16 15:27:45',	'2021-03-16 15:27:45',	NULL),
(325,	8,	'C048',	'TOURISM PRODUCTIVITY NEXUS: PROGRAM PENSIJILAN PERNIAGAAN MALAYSIA TOURISM EXCELLENCE (MATEX)',	2,	2,	'2021-03-16 15:27:45',	'2021-03-16 15:27:45',	NULL),
(326,	8,	'C049',	'GARIS PANDUAN PATUH DAN AMAL COVID-19',	2,	2,	'2021-03-16 15:27:45',	'2021-03-16 15:27:45',	NULL),
(327,	8,	'C050',	'TOURISM PRODUCTIVITY NEXUS: STANDARD & PENSIJILAN INDUSTRY LEVEL (SUB-SECTOR SPECIFIC / ACROSS VALUE CHAIN) STANDARD AND CERTIFICATION',	2,	2,	'2021-03-16 15:27:45',	'2021-03-16 15:27:45',	NULL),
(328,	8,	'C051',	'TOURISM PRODUCTIVITY NEXUS: STANDARD & PENSIJILAN MALAYSIA TOURISM QUALITY ASSURANCE (MYTQA)',	2,	2,	'2021-03-16 15:27:45',	'2021-03-16 15:27:45',	NULL),
(329,	8,	'C052',	'TOURISM PRODUCTIVITY NEXUS: STANDARD & PENSIJILAN MALAYSIAN STANDARD / NATIONAL LEVEL / ISO',	2,	2,	'2021-03-16 15:27:45',	'2021-03-16 15:27:45',	NULL),
(330,	8,	'C053',	'TOURISM PRODUCTIVITY NEXUS: STANDARD & PENSIJILAN UN-WTO / INTERNATIONAL LEVEL / REGIONAL LEVEL / ASEAN LEVEL STANDARD AND CERTIFICATION',	2,	2,	'2021-03-16 15:27:45',	'2021-03-16 15:27:45',	NULL),
(331,	8,	'C054',	'TOURISM PRODUCTIVITY NEXUS: MANAGEMENT (FINANCIAL, OPERATION, BUSINESS)',	2,	2,	'2021-03-16 15:27:45',	'2021-03-16 15:27:45',	NULL),
(332,	8,	'C055',	'TOURISM PRODUCTIVITY NEXUS: PRODUCT DEVELOPMENT',	2,	2,	'2021-03-16 15:27:45',	'2021-03-16 15:27:45',	NULL),
(333,	8,	'C056',	'TOURISM PRODUCTIVITY NEXUS: SYSTEM DEVELOPMENT',	2,	2,	'2021-03-16 15:27:45',	'2021-03-16 15:27:45',	NULL),
(334,	8,	'C057',	'TOURISM PRODUCTIVITY NEXUS: PROFESSIONAL SERVICES',	2,	2,	'2021-03-16 15:27:45',	'2021-03-16 15:27:45',	NULL),
(335,	8,	'C058',	'TOURISM PRODUCTIVITY NEXUS: IMPORT & EXPORT',	2,	2,	'2021-03-16 15:27:45',	'2021-03-16 15:27:45',	NULL),
(336,	8,	'C059',	'TOURISM PRODUCTIVITY NEXUS: CONTENT DEVELOPMENT',	2,	2,	'2021-03-16 15:27:45',	'2021-03-16 15:27:45',	NULL),
(337,	8,	'C060',	'TOURISM PRODUCTIVITY NEXUS: ECONOMICS',	2,	2,	'2021-03-16 15:27:45',	'2021-03-16 15:27:45',	NULL),
(338,	8,	'C061',	'TOURISM PRODUCTIVITY NEXUS: SPECIFIC / CURRENT INDUSTRY ISSUES',	2,	2,	'2021-03-16 15:27:45',	'2021-03-16 15:27:45',	NULL),
(339,	8,	'C062',	'TOURISM PRODUCTIVITY NEXUS: INBOUND TOURISM BOOTCAMP (ITB)',	2,	2,	'2021-03-16 15:27:45',	'2021-03-16 15:27:45',	NULL),
(340,	8,	'C063',	'TOURISM PRODUCTIVITY NEXUS: INBOUND DESTINATION EXPERTS (IDEX)',	2,	2,	'2021-03-16 15:27:45',	'2021-03-16 15:27:45',	NULL),
(341,	8,	'C064',	'TOURISM PRODUCTIVITY NEXUS: MALAYSIA VIRTUAL EXPERIENCE (MYVXP)',	2,	2,	'2021-03-16 15:27:45',	'2021-03-16 15:27:45',	NULL),
(342,	8,	'C065',	'TOURISM PRODUCTIVITY NEXUS: INBOUND TOURISM BUSINESS EXCHANGE (IBEX)',	2,	2,	'2021-03-16 15:27:45',	'2021-03-16 15:27:45',	NULL),
(343,	8,	'C066',	'TOURISM PRODUCTIVITY NEXUS: SHOWCASING TOURISM PRODUCTS (STP)',	2,	2,	'2021-03-16 15:27:45',	'2021-03-16 15:27:45',	NULL),
(344,	8,	'C067',	'TOURISM PRODUCTIVITY NEXUS: TPN VIRTUAL ADVISORY CLINICS (T-VAC)',	2,	2,	'2021-03-16 15:27:45',	'2021-03-16 15:27:45',	NULL),
(345,	8,	'C068',	'TOURISM PRODUCTIVITY NEXUS: INBOUND TOURISM EXCHANGE (INTEX)',	2,	2,	'2021-03-16 15:27:45',	'2021-03-16 15:27:45',	NULL),
(346,	8,	'C069',	'RETAIL AND FOOD & BEVERAGE PRODUCTIVITY NEXUS: BUSINESS DIGITALISATION',	2,	2,	'2021-03-16 15:27:45',	'2021-03-16 15:27:45',	NULL),
(347,	8,	'C070',	'RETAIL AND FOOD & BEVERAGE PRODUCTIVITY NEXUS: BRANDING & MARKETING',	2,	2,	'2021-03-16 15:27:45',	'2021-03-16 15:27:45',	NULL),
(348,	8,	'C071',	'RETAIL AND FOOD & BEVERAGE PRODUCTIVITY NEXUS: SUPPLY CHAIN MANAGEMENT',	2,	2,	'2021-03-16 15:27:45',	'2021-03-16 15:27:45',	NULL),
(349,	8,	'C072',	'RETAIL AND FOOD & BEVERAGE PRODUCTIVITY NEXUS: BUSINESS OPERATION/ SOP',	2,	2,	'2021-03-16 15:27:45',	'2021-03-16 15:27:45',	NULL),
(350,	8,	'C073',	'RETAIL AND FOOD & BEVERAGE PRODUCTIVITY NEXUS: HUMAN RESOURCE MANAGEMENT',	2,	2,	'2021-03-16 15:27:45',	'2021-03-16 15:27:45',	NULL),
(351,	8,	'C074',	'RETAIL AND FOOD & BEVERAGE PRODUCTIVITY NEXUS: BUSINESS FINANCE & FUNDING',	2,	2,	'2021-03-16 15:27:45',	'2021-03-16 15:27:45',	NULL),
(352,	8,	'C075',	'RETAIL AND FOOD & BEVERAGE PRODUCTIVITY NEXUS: DIGITAL MARKETING AND E-COMMERCE',	2,	2,	'2021-03-16 15:27:45',	'2021-03-16 15:27:45',	NULL),
(353,	8,	'C076',	'RETAIL AND FOOD & BEVERAGE PRODUCTIVITY NEXUS: DIGITAL BUSINESS OPERATION SYSTEM (ERP)',	2,	2,	'2021-03-16 15:27:45',	'2021-03-16 15:27:45',	NULL),
(354,	8,	'C077',	'RETAIL AND FOOD & BEVERAGE PRODUCTIVITY NEXUS: RESTAURANT MANAGEMENT',	2,	2,	'2021-03-16 15:27:45',	'2021-03-16 15:27:45',	NULL),
(355,	8,	'C078',	'RETAIL AND FOOD & BEVERAGE PRODUCTIVITY NEXUS: PERANCANG STRATEGIK ICT (ISP)',	2,	2,	'2021-03-16 15:27:45',	'2021-03-16 15:27:45',	NULL),
(356,	8,	'C079',	'RETAIL AND FOOD & BEVERAGE PRODUCTIVITY NEXUS: PENGURUSAN MAKLUMAT ICT',	2,	2,	'2021-03-16 15:27:45',	'2021-03-16 15:27:45',	NULL),
(357,	8,	'C080',	'RETAIL AND FOOD & BEVERAGE PRODUCTIVITY NEXUS: PENGURUSAN NILAI BUKAN FIZIKAL',	2,	2,	'2021-03-16 15:27:45',	'2021-03-16 15:27:45',	NULL),
(358,	8,	'C081',	'RETAIL AND FOOD & BEVERAGE PRODUCTIVITY NEXUS: PENGURUSAN TELEKOMUNIKASI',	2,	2,	'2021-03-16 15:27:45',	'2021-03-16 15:27:45',	NULL),
(359,	8,	'C082',	'RETAIL AND FOOD & BEVERAGE PRODUCTIVITY NEXUS: PENSIJILAN DAN PENGIKTIRAFAN UJIAN',	2,	2,	'2021-03-16 15:27:45',	'2021-03-16 15:27:45',	NULL),
(360,	8,	'C083',	'RETAIL AND FOOD & BEVERAGE PRODUCTIVITY NEXUS: BAHAN BACAAN',	2,	2,	'2021-03-16 15:27:45',	'2021-03-16 15:27:45',	NULL),
(361,	8,	'C084',	'RETAIL AND FOOD & BEVERAGE PRODUCTIVITY NEXUS: PENERBITAN ELEKTRONIK ATAS TALIAN',	2,	2,	'2021-03-16 15:27:45',	'2021-03-16 15:27:45',	NULL),
(362,	8,	'C085',	'RETAIL AND FOOD & BEVERAGE PRODUCTIVITY NEXUS: CERTIFICATION OF RETAIL AND F&B WORKFORCE WITH SIJIL KEMAHIRAN MALAYSIA (SKM)',	2,	2,	'2021-03-16 15:27:45',	'2021-03-16 15:27:45',	NULL),
(363,	8,	'C086',	'RETAIL AND FOOD & BEVERAGE PRODUCTIVITY NEXUS: CERTIFICATE IN F&B OPERATIONS (SERVICE EXCELLENCE)',	2,	2,	'2021-03-16 15:27:45',	'2021-03-16 15:27:45',	NULL),
(364,	8,	'C087',	'RETAIL AND FOOD & BEVERAGE PRODUCTIVITY NEXUS: RETAIL AND F&B VIRTUAL ADVISORY CLINIC (RFB-VAC)',	2,	2,	'2021-03-16 15:27:45',	'2021-03-16 15:27:45',	NULL),
(365,	8,	'C088',	'RETAIL AND FOOD & BEVERAGE PRODUCTIVITY NEXUS: PRODUCT DEVELOPMENT',	2,	2,	'2021-03-16 15:27:45',	'2021-03-16 15:27:45',	NULL),
(366,	8,	'C089',	'CHEMICALS AND CHEMICAL PRODUCTS PRODUCTIVITY NEXUS: BASIC CHEMICALS',	2,	2,	'2021-03-16 15:27:45',	'2021-03-16 15:27:45',	NULL),
(367,	8,	'C090',	'CHEMICALS AND CHEMICAL PRODUCTS PRODUCTIVITY NEXUS: FERTILIZERS AND NITROGEN COMPOUNDS',	2,	2,	'2021-03-16 15:27:45',	'2021-03-16 15:27:45',	NULL),
(368,	8,	'C091',	'CHEMICALS AND CHEMICAL PRODUCTS PRODUCTIVITY NEXUS: PLASTICS AND SYNTHETIC RUBBER IN PRIMARY FORMS',	2,	2,	'2021-03-16 15:27:45',	'2021-03-16 15:27:45',	NULL),
(369,	8,	'C092',	'CHEMICALS AND CHEMICAL PRODUCTS PRODUCTIVITY NEXUS: PESTICIDES AND OTHER AGROCHEMICAL PRODUCTS',	2,	2,	'2021-03-16 15:27:45',	'2021-03-16 15:27:45',	NULL),
(370,	8,	'C093',	'CHEMICALS AND CHEMICAL PRODUCTS PRODUCTIVITY NEXUS: PAINTS, VARNISHES AND SIMILAR COATINGS, PRINTING INK AND MASTICS',	2,	2,	'2021-03-16 15:27:45',	'2021-03-16 15:27:45',	NULL),
(371,	8,	'C094',	'CHEMICALS AND CHEMICAL PRODUCTS PRODUCTIVITY NEXUS: SOAP AND DETERGENTS, CLEANING AND POLISHING PREPARATIONS, PERFUMES AND TOILET PREPARATIONS',	2,	2,	'2021-03-16 15:27:45',	'2021-03-16 15:27:45',	NULL),
(372,	8,	'C095',	'CHEMICALS AND CHEMICAL PRODUCTS PRODUCTIVITY NEXUS: CHEMICAL ENGINEERING',	2,	2,	'2021-03-16 15:27:45',	'2021-03-16 15:27:45',	NULL),
(373,	8,	'C096',	'CHEMICALS AND CHEMICAL PRODUCTS PRODUCTIVITY NEXUS: PROCESS ENGINEERING',	2,	2,	'2021-03-16 15:27:45',	'2021-03-16 15:27:45',	NULL),
(374,	8,	'C097',	'CHEMICALS AND CHEMICAL PRODUCTS PRODUCTIVITY NEXUS: CHEMICAL SAFETY',	2,	2,	'2021-03-16 15:27:45',	'2021-03-16 15:27:45',	NULL),
(375,	8,	'C098',	'CHEMICALS AND CHEMICAL PRODUCTS PRODUCTIVITY NEXUS: REGULATORY COMPLIANCE',	2,	2,	'2021-03-16 15:27:45',	'2021-03-16 15:27:45',	NULL),
(376,	8,	'C099',	'CHEMICALS AND CHEMICAL PRODUCTS PRODUCTIVITY NEXUS: PHARMACEUTICALS, MEDICINAL CHEMICAL AND',	2,	2,	'2021-03-16 15:27:45',	'2021-03-16 15:27:45',	NULL),
(377,	8,	'',	'CHEMICALS AND CHEMICAL PRODUCTS PRODUCTIVITY NEXUS: BOTANICAL PRODUCTS',	2,	2,	'2021-03-16 15:27:45',	'2021-03-16 15:27:45',	NULL),
(378,	8,	'C100',	'CHEMICALS AND CHEMICAL PRODUCTS PRODUCTIVITY NEXUS: MAN-MADE FIBRES',	2,	2,	'2021-03-16 15:27:45',	'2021-03-16 15:27:45',	NULL),
(379,	8,	'C101',	'CHEMICALS AND CHEMICAL PRODUCTS PRODUCTIVITY NEXUS: HAZARDOUS CHEMICAL',	2,	2,	'2021-03-16 15:27:45',	'2021-03-16 15:27:45',	NULL),
(380,	8,	'C102',	'CHEMICALS AND CHEMICAL PRODUCTS PRODUCTIVITY NEXUS: INNOVATION BUSINESS OPERATIONS',	2,	2,	'2021-03-16 15:27:45',	'2021-03-16 15:27:45',	NULL),
(381,	8,	'C103',	'CHEMICALS AND CHEMICAL PRODUCTS PRODUCTIVITY NEXUS: INTELLIGENCE MANUFACTURING SOLUTION',	2,	2,	'2021-03-16 15:27:45',	'2021-03-16 15:27:45',	NULL),
(382,	8,	'C104',	'CHEMICALS AND CHEMICAL PRODUCTS PRODUCTIVITY NEXUS: FINANCIAL CONSULTATION',	2,	2,	'2021-03-16 15:27:45',	'2021-03-16 15:27:45',	NULL),
(383,	8,	'C105',	'CHEMICALS AND CHEMICAL PRODUCTS PRODUCTIVITY NEXUS: SUPPLY CHAIN OPERATIONS',	2,	2,	'2021-03-16 15:27:45',	'2021-03-16 15:27:45',	NULL),
(384,	8,	'C106',	'CHEMICALS AND CHEMICAL PRODUCTS PRODUCTIVITY NEXUS: INFORMATION TECHNOLOGY',	2,	2,	'2021-03-16 15:27:45',	'2021-03-16 15:27:45',	NULL),
(385,	8,	'C107',	'DIGITAL PRODUCTIVITY NEXUS: TENAGA KERJA (WORKFORCE)',	2,	2,	'2021-03-16 15:27:45',	'2021-03-16 15:27:45',	NULL),
(386,	8,	'C108',	'DIGITAL PRODUCTIVITY NEXUS: TEKNOLOGI (TECHNOLOGY) & DIGITAL',	2,	2,	'2021-03-16 15:27:45',	'2021-03-16 15:27:45',	NULL),
(387,	8,	'C109',	'DIGITAL PRODUCTIVITY NEXUS: POLISI & PERATURAN (REGULATION)',	2,	2,	'2021-03-16 15:27:45',	'2021-03-16 15:27:45',	NULL),
(388,	8,	'C110',	'DIGITAL PRODUCTIVITY NEXUS: INSENTIF (INCENTIVE)',	2,	2,	'2021-03-16 15:27:45',	'2021-03-16 15:27:45',	NULL),
(389,	8,	'C111',	'DIGITAL PRODUCTIVITY NEXUS: INDUSTRY STRUCTURE',	2,	2,	'2021-03-16 15:27:45',	'2021-03-16 15:27:45',	NULL),
(390,	8,	'C112',	'DIGITAL PRODUCTIVITY NEXUS: MARKETING STRATEGY',	2,	2,	'2021-03-16 15:27:45',	'2021-03-16 15:27:45',	NULL),
(391,	8,	'C113',	'DIGITAL PRODUCTIVITY NEXUS: STANDARD & PENSIJILAN',	2,	2,	'2021-03-16 15:27:45',	'2021-03-16 15:27:45',	NULL),
(392,	8,	'C114',	'DIGITAL PRODUCTIVITY NEXUS: MANAGEMENT',	2,	2,	'2021-03-16 15:27:45',	'2021-03-16 15:27:45',	NULL),
(393,	8,	'C115',	'PROFESSIONAL SERVICES PRODUCTIVITY NEXUS: WORKFORCE & TALENT DEVELOPMENT',	2,	2,	'2021-03-16 15:27:45',	'2021-03-16 15:27:45',	NULL),
(394,	8,	'C116',	'PROFESSIONAL SERVICES PRODUCTIVITY NEXUS: TECHNOLOGY & DIGITAL (INTELLIGENT SERVICES SOLUTIONS)',	2,	2,	'2021-03-16 15:27:45',	'2021-03-16 15:27:45',	NULL),
(395,	8,	'C117',	'PROFESSIONAL SERVICES PRODUCTIVITY NEXUS: INDUSTRY STRUCTURE (INNOVATIVE BUSINESS OPERATION)',	2,	2,	'2021-03-16 15:27:45',	'2021-03-16 15:27:45',	NULL),
(396,	8,	'C118',	'PROFESSIONAL SERVICES PRODUCTIVITY NEXUS: POLICY & REGULATIONS',	2,	2,	'2021-03-16 15:27:45',	'2021-03-16 15:27:45',	NULL),
(397,	8,	'C119',	'PROFESSIONAL SERVICES PRODUCTIVITY NEXUS: FINANCIAL CONSULTATION',	2,	2,	'2021-03-16 15:27:45',	'2021-03-16 15:27:45',	NULL),
(398,	8,	'C120',	'ELECTRICAL AND ELECTRONICS PRODUCTIVITY NEXUS: HACKATHON',	2,	2,	'2021-03-16 15:27:45',	'2021-03-16 15:27:45',	NULL),
(399,	8,	'C121',	'ELECTRICAL AND ELECTRONICS PRODUCTIVITY NEXUS: PLUGFEST 1.0 (IOT)',	2,	2,	'2021-03-16 15:27:45',	'2021-03-16 15:27:45',	NULL),
(400,	8,	'C122',	'ELECTRICAL AND ELECTRONICS PRODUCTIVITY NEXUS: PLUGFEST 2.0',	2,	2,	'2021-03-16 15:27:45',	'2021-03-16 15:27:45',	NULL),
(401,	8,	'C123',	'ELECTRICAL AND ELECTRONICS PRODUCTIVITY NEXUS:  VIRTUAL ADVISORY CLINIC (EEVAC)',	2,	2,	'2021-03-16 15:27:45',	'2021-03-16 15:27:45',	NULL),
(402,	8,	'C124',	'ELECTRICAL AND ELECTRONICS PRODUCTIVITY NEXUS:  MENTORING FOR INDUSTRY 4.0 (EEMI4.0)',	2,	2,	'2021-03-16 15:27:45',	'2021-03-16 15:27:45',	NULL),
(403,	8,	'C125',	'ELECTRICAL AND ELECTRONICS PRODUCTIVITY NEXUS: EMBEDDED SYSTEM DESIGN',	2,	2,	'2021-03-16 15:27:45',	'2021-03-16 15:27:45',	NULL),
(404,	8,	'C126',	'ELECTRICAL AND ELECTRONICS PRODUCTIVITY NEXUS: E TESTING AND ACCREDITATIONS',	2,	2,	'2021-03-16 15:27:45',	'2021-03-16 15:27:45',	NULL),
(405,	8,	'C127',	'ELECTRICAL AND ELECTRONICS PRODUCTIVITY NEXUS: IC DESIGN & DEVELOPMENT',	2,	2,	'2021-03-16 15:27:45',	'2021-03-16 15:27:45',	NULL),
(406,	8,	'C128',	'ELECTRICAL AND ELECTRONICS PRODUCTIVITY NEXUS:  AUTOMATION',	2,	2,	'2021-03-16 15:27:45',	'2021-03-16 15:27:45',	NULL),
(407,	8,	'C129',	'ELECTRICAL AND ELECTRONICS PRODUCTIVITY NEXUS: MCAD',	2,	2,	'2021-03-16 15:27:45',	'2021-03-16 15:27:45',	NULL),
(408,	8,	'C130',	'ELECTRICAL AND ELECTRONICS PRODUCTIVITY NEXUS: OPERATING SYSTEM (OS) DEVELOPMENT',	2,	2,	'2021-03-16 15:27:45',	'2021-03-16 15:27:45',	NULL),
(409,	8,	'C131',	'ELECTRICAL AND ELECTRONICS PRODUCTIVITY NEXUS: LED',	2,	2,	'2021-03-16 15:27:45',	'2021-03-16 15:27:45',	NULL),
(410,	8,	'C132',	'ELECTRICAL AND ELECTRONICS PRODUCTIVITY NEXUS: SOLAR PHOTOVOLTAIC (PV)',	2,	2,	'2021-03-16 15:27:45',	'2021-03-16 15:27:45',	NULL),
(411,	8,	'C133',	'ELECTRICAL AND ELECTRONICS PRODUCTIVITY NEXUS:  TESTING AND ACCREDITATIONS',	2,	2,	'2021-03-16 15:27:45',	'2021-03-16 15:27:45',	NULL),
(412,	8,	'C134',	'MACHINERY AND EQUIPMENT PRODUCTIVITY NEXUS: TENAGA KERJA (WORKFORCE)',	2,	2,	'2021-03-16 15:27:45',	'2021-03-16 15:27:45',	NULL),
(413,	8,	'C135',	'MACHINERY AND EQUIPMENT PRODUCTIVITY NEXUS: PERKHIDMATAN SOKONGAN KEJURUTERAAN TEKNOLOGI I4.0',	2,	2,	'2021-03-16 15:27:45',	'2021-03-16 15:27:45',	NULL),
(414,	8,	'C136',	'MACHINERY AND EQUIPMENT PRODUCTIVITY NEXUS: POLISI & PERATURAN (REGULATION)',	2,	2,	'2021-03-16 15:27:45',	'2021-03-16 15:27:45',	NULL),
(415,	8,	'C137',	'MACHINERY AND EQUIPMENT PRODUCTIVITY NEXUS: INSENTIF (INCENTIVE)',	2,	2,	'2021-03-16 15:27:45',	'2021-03-16 15:27:45',	NULL),
(416,	8,	'C138',	'MACHINERY AND EQUIPMENT PRODUCTIVITY NEXUS: INDUSTRY STRUCTURE, VALUE CHAIN DAN CLUSTER',	2,	2,	'2021-03-16 15:27:45',	'2021-03-16 15:27:45',	NULL),
(417,	8,	'C139',	'MACHINERY AND EQUIPMENT PRODUCTIVITY NEXUS: STANDARD, PENSIJILAN (LOCAL & INTERNATIONAL) DAN PENILAIAN/PEMERIKSAAN',	2,	2,	'2021-03-16 15:27:45',	'2021-03-16 15:27:45',	NULL),
(418,	8,	'C140',	'MACHINERY AND EQUIPMENT PRODUCTIVITY NEXUS: MANAGEMENT (FINANCIAL, OPERATION, BUSINESS DEVELOPMENT, SALES, MARKETING, WAREHOUSE, PLANT)',	2,	2,	'2021-03-16 15:27:45',	'2021-03-16 15:27:45',	NULL),
(419,	8,	'C141',	'PRODUCT DESIGN AND DEVELOPMENT AND R&D',	2,	2,	'2021-03-16 15:27:45',	'2021-03-16 15:27:45',	NULL),
(420,	8,	'C142',	'MACHINERY AND EQUIPMENT PRODUCTIVITY NEXUS: SYSTEM DEVELOPMENT, INTEGRATION AND TOTAL SOLUTION',	2,	2,	'2021-03-16 15:27:45',	'2021-03-16 15:27:45',	NULL),
(421,	8,	'C143',	'MACHINERY AND EQUIPMENT PRODUCTIVITY NEXUS: PROFESSIONAL SERVICES IN ENGINEERING RELATED (ELECTRICAL, ELECTRONIC, MECHANICAL & MECHATRONIC)',	2,	2,	'2021-03-16 15:27:45',	'2021-03-16 15:27:45',	NULL),
(422,	8,	'C144',	'MACHINERY AND EQUIPMENT PRODUCTIVITY NEXUS: IMPORT & EXPORT',	2,	2,	'2021-03-16 15:27:45',	'2021-03-16 15:27:45',	NULL),
(423,	8,	'C145',	'MACHINERY AND EQUIPMENT PRODUCTIVITY NEXUS: PRODUCTIVITY ANALYSIS',	2,	2,	'2021-03-16 15:27:45',	'2021-03-16 15:27:45',	NULL),
(424,	8,	'C146',	'MACHINERY AND EQUIPMENT PRODUCTIVITY NEXUS: PRODUCTIVITY TOOLS (LEAN, 5S, KANBAN, KAIZEN, SIX SIGMA, PROBLEM SOLVING, TPM, TQM)',	2,	2,	'2021-03-16 15:27:45',	'2021-03-16 15:27:45',	NULL),
(425,	8,	'C147',	'MACHINERY AND EQUIPMENT PRODUCTIVITY NEXUS: INDUSTRY SPECIFIC ISSUES, CHALLANGES AND RECOMENDARTION (SOCIO-ECONOMICS)',	2,	2,	'2021-03-16 15:27:45',	'2021-03-16 15:27:45',	NULL),
(426,	8,	'C148',	'MACHINERY AND EQUIPMENT PRODUCTIVITY NEXUS: AUTOMATION AND DIGITALISATION',	2,	2,	'2021-03-16 15:27:45',	'2021-03-16 15:27:45',	NULL),
(427,	8,	'C149',	'MACHINERY AND EQUIPMENT PRODUCTIVITY NEXUS: PRODUCTIVITY LINKED TRAINING COURSE FOR TVET INSTITUTIONS IN M&E SECTOR',	2,	2,	'2021-03-16 15:27:45',	'2021-03-16 15:27:45',	NULL),
(428,	8,	'C150',	'MACHINERY AND EQUIPMENT PRODUCTIVITY NEXUS: OVERALL EQUIPMENT EFFECTIVENESS (OEE)',	2,	2,	'2021-03-16 15:27:45',	'2021-03-16 15:27:45',	NULL),
(429,	8,	'C151',	'MACHINERY AND EQUIPMENT PRODUCTIVITY NEXUS: EMPOWERMENT OF EXISTING CENTRE OF EXCELLENCE (COE)',	2,	2,	'2021-03-16 15:27:45',	'2021-03-16 15:27:45',	NULL),
(430,	8,	'C152',	'MACHINERY AND EQUIPMENT PRODUCTIVITY NEXUS: M&E VIRTUAL ADVISORY CLINIC (MEVAC)',	2,	2,	'2021-03-16 15:27:45',	'2021-03-16 15:27:45',	NULL),
(431,	8,	'C153',	'MACHINERY AND EQUIPMENT PRODUCTIVITY NEXUS: PRODUCTIVITY1010 (PRODUCTIVITY THROUGH DIGITISATION)',	2,	2,	'2021-03-16 15:27:45',	'2021-03-16 15:27:45',	NULL),
(432,	8,	'C154',	'MACHINERY AND EQUIPMENT PRODUCTIVITY NEXUS: PRODUCTIVITY IMPROVEMENT PROGRAM',	2,	2,	'2021-03-16 15:27:45',	'2021-03-16 15:27:45',	NULL),
(433,	8,	'C155',	'MACHINERY AND EQUIPMENT PRODUCTIVITY NEXUS: M&E COORDINATION PROGRAM',	2,	2,	'2021-03-16 15:27:45',	'2021-03-16 15:27:45',	NULL),
(434,	8,	'C156',	'MACHINERY AND EQUIPMENT PRODUCTIVITY NEXUS: M&E CLUSTERING INITIATIVE',	2,	2,	'2021-03-16 15:27:45',	'2021-03-16 15:27:45',	NULL),
(435,	8,	'C157',	'PRIVATE HEALTHCARE PRODUCTIVITY NEXUS: TENAGA KERJA (WORKFORCE)',	2,	2,	'2021-03-16 15:27:45',	'2021-03-16 15:27:45',	NULL),
(436,	8,	'C158',	'PRIVATE HEALTHCARE PRODUCTIVITY NEXUS:TEKNOLOGI (TECHNOLOGY) & DIGITAL',	2,	2,	'2021-03-16 15:27:45',	'2021-03-16 15:27:45',	NULL),
(437,	8,	'C159',	'PRIVATE HEALTHCARE PRODUCTIVITY NEXUS:POLISI & PERATURAN (REGULATION)',	2,	2,	'2021-03-16 15:27:45',	'2021-03-16 15:27:45',	NULL),
(438,	8,	'C160',	'PRIVATE HEALTHCARE PRODUCTIVITY NEXUS:INSENTIF (INCENTIVE)',	2,	2,	'2021-03-16 15:27:45',	'2021-03-16 15:27:45',	NULL),
(439,	8,	'C161',	'PRIVATE HEALTHCARE PRODUCTIVITY NEXUS:EKONOMI (ECONOMICS)',	2,	2,	'2021-03-16 15:27:45',	'2021-03-16 15:27:45',	NULL),
(440,	8,	'C162',	'PRIVATE HEALTHCARE PRODUCTIVITY NEXUS:INDUSTRY STRUCTURE',	2,	2,	'2021-03-16 15:27:45',	'2021-03-16 15:27:45',	NULL),
(441,	8,	'C163',	'PRIVATE HEALTHCARE PRODUCTIVITY NEXUS:MARKETING STRATEGY',	2,	2,	'2021-03-16 15:27:45',	'2021-03-16 15:27:45',	NULL),
(442,	8,	'C164',	'PRIVATE HEALTHCARE PRODUCTIVITY NEXUS:STANDARD & PENSIJILAN',	2,	2,	'2021-03-16 15:27:45',	'2021-03-16 15:27:45',	NULL),
(443,	8,	'C165',	'PRIVATE HEALTHCARE PRODUCTIVITY NEXUS:MANAGEMENT (FINANCIAL, OPERATION, BUSINESS)',	2,	2,	'2021-03-16 15:27:45',	'2021-03-16 15:27:45',	NULL),
(444,	8,	'C166',	'PRIVATE HEALTHCARE PRODUCTIVITY NEXUS:PRODUCT DEVELOPMENT',	2,	2,	'2021-03-16 15:27:45',	'2021-03-16 15:27:45',	NULL),
(445,	8,	'C167',	'PRIVATE HEALTHCARE PRODUCTIVITY NEXUS:SYSTEM DEVELOPMENT',	2,	2,	'2021-03-16 15:27:45',	'2021-03-16 15:27:45',	NULL),
(446,	8,	'C168',	'PRIVATE HEALTHCARE PRODUCTIVITY NEXUS:PROFESSIONAL SERVICES',	2,	2,	'2021-03-16 15:27:45',	'2021-03-16 15:27:45',	NULL),
(447,	8,	'C169',	'PRIVATE HEALTHCARE PRODUCTIVITY NEXUS:PRIVATE HEALTHCARE – VIRTUAL ADVISORY SERVICES',	2,	2,	'2021-03-16 15:27:45',	'2021-03-16 15:27:45',	NULL),
(448,	9,	'D001',	'MYRESKILL IOT',	210,	210,	'2021-09-22 06:58:44',	'2021-09-22 06:58:44',	NULL),
(449,	9,	'D002',	'MYRESKILL WORKFORCE (INDUSTRIAL UPSKILLING) FOR FRESH ENGINEERS',	210,	210,	'2021-09-22 06:59:24',	'2021-09-22 06:59:24',	NULL),
(450,	9,	'D003',	'MYRESKILL WORKFORCE (INDUSTRIAL UPSKILLING) FOR RETRENCHED ENGINEERS',	210,	210,	'2021-09-22 07:00:54',	'2021-09-22 07:00:54',	NULL),
(451,	9,	'D004',	'MYRESKILL WORKFORCE (INDUSTRIAL UPSKILLING) FOR TECHNICIANS',	210,	210,	'2021-09-22 07:01:28',	'2021-09-22 07:01:28',	NULL),
(452,	9,	'D005',	'MYRESKILL WORKFORCE (INDUSTRIAL UPSKILLING) FOR SUPPLY CHAIN PERSONNEL',	210,	210,	'2021-09-22 07:02:03',	'2021-09-22 07:02:03',	NULL),
(453,	9,	'D006',	'MYRESKILL WORKFORCE (INDUSTRIAL UPSKILLING) FOR SUPPORT FUNCTION PERSONNEL',	210,	210,	'2021-09-22 07:02:35',	'2021-09-22 07:02:35',	NULL);

CREATE TABLE `ref_project_category` (
  `project_category_id` int(11) NOT NULL AUTO_INCREMENT,
  `project_category_code` char(10) DEFAULT NULL,
  `project_category_desc` varchar(100) DEFAULT NULL,
  `created_by` int(11) DEFAULT NULL,
  `updated_by` int(11) DEFAULT NULL,
  `created_at` timestamp NULL DEFAULT NULL,
  `updated_at` timestamp NOT NULL DEFAULT CURRENT_TIMESTAMP,
  `deleted_at` timestamp NULL DEFAULT NULL,
  PRIMARY KEY (`project_category_id`),
  KEY `idx_projcat_code` (`project_category_code`),
  KEY `idx_projcat_createdby` (`created_by`),
  KEY `idx_projcat_updatedby` (`updated_by`)
) ENGINE=InnoDB DEFAULT CHARSET=latin1;

INSERT INTO `ref_project_category` (`project_category_id`, `project_category_code`, `project_category_desc`, `created_by`, `updated_by`, `created_at`, `updated_at`, `deleted_at`) VALUES
(1,	'AG',	'GOOD REGULATORY PRACTICE (GRP)',	2,	2,	'2021-03-16 15:08:57',	'2021-03-16 15:08:57',	NULL),
(2,	'AB',	'BEHAVIOURAL INSIGHTS',	2,	2,	'2021-03-16 15:08:57',	'2021-05-29 17:13:57',	NULL),
(3,	'AC',	'COMPETITIVENESS',	2,	2,	'2021-03-16 15:08:57',	'2021-03-16 15:08:57',	NULL),
(4,	'AE',	'PRODUCTIVITY-LINKED WAGE SYSTEM (PLWS)',	2,	2,	'2021-03-16 15:08:57',	'2021-03-16 15:08:57',	NULL),
(5,	'B',	'ORGANISATIONAL EXCELLENCE DEVELOPMENT (OED)',	2,	2,	'2021-03-16 15:08:57',	'2021-03-16 15:08:57',	NULL),
(6,	'BB',	'SKIM PENINGKATAN PRODUKTIVITI ENTERPRIS (SPPE)',	2,	2,	'2021-03-16 15:08:57',	'2021-03-16 15:08:57',	NULL),
(7,	'BC',	'PROGRAM PEMBANGUNAN KAPASITI VENDOR (PPKV)',	2,	2,	'2021-03-16 15:08:57',	'2021-03-16 15:08:57',	NULL),
(8,	'C',	'PRODUCTIVITY GROWTH',	2,	2,	'2021-03-16 15:08:57',	'2021-03-16 15:08:57',	NULL),
(9,	'D',	'MYRESKILL',	210,	210,	'2021-09-22 06:57:26',	'2021-09-22 06:57:26',	NULL);

CREATE TABLE `ref_race` (
  `race_id` int(11) NOT NULL AUTO_INCREMENT,
  `race_desc` varchar(50) NOT NULL,
  `created_at` timestamp NULL DEFAULT NULL,
  `updated_at` timestamp NOT NULL DEFAULT CURRENT_TIMESTAMP,
  `deleted_at` timestamp NULL DEFAULT NULL,
  PRIMARY KEY (`race_id`,`updated_at`)
) ENGINE=InnoDB DEFAULT CHARSET=latin1;

INSERT INTO `ref_race` (`race_id`, `race_desc`, `created_at`, `updated_at`, `deleted_at`) VALUES
(1,	'Melayu',	'2018-12-04 13:29:28',	'2018-12-04 13:29:07',	NULL),
(2,	'Cina',	'2018-12-04 13:29:31',	'2018-12-04 13:29:09',	NULL),
(3,	'India',	'2018-12-04 13:29:36',	'2018-12-04 13:29:13',	NULL),
(4,	'Lain-lain',	'2018-12-04 13:29:39',	'2018-12-04 13:29:18',	NULL);

CREATE TABLE `ref_reference_sst` (
  `reference_sst_id` int(11) NOT NULL AUTO_INCREMENT,
  `reference_sst_desc` varchar(100) NOT NULL,
  `startdate` date NOT NULL,
  `enddate` date NOT NULL,
  `created_by` int(11) DEFAULT NULL,
  `updated_by` int(11) DEFAULT NULL,
  `created_at` timestamp NULL DEFAULT NULL,
  `updated_at` timestamp NOT NULL DEFAULT CURRENT_TIMESTAMP,
  `deleted_at` timestamp NULL DEFAULT NULL,
  PRIMARY KEY (`reference_sst_id`,`updated_at`),
  KEY `idx_refsst_createdby` (`created_by`),
  KEY `idx_refsst_updatedby` (`updated_by`)
) ENGINE=InnoDB DEFAULT CHARSET=latin1;

INSERT INTO `ref_reference_sst` (`reference_sst_id`, `reference_sst_desc`, `startdate`, `enddate`, `created_by`, `updated_by`, `created_at`, `updated_at`, `deleted_at`) VALUES
(1,	'MPC(PCT)499/5/1',	'2020-01-01',	'2020-12-31',	2,	2,	'2021-06-07 18:37:30',	'2021-06-07 18:37:30',	NULL),
(2,	'MPC.100-14/1/21',	'2021-01-01',	'2022-12-31',	2,	390,	'2021-06-07 18:38:05',	'2021-08-11 00:41:44',	NULL);

CREATE TABLE `ref_religion` (
  `religion_id` int(11) NOT NULL AUTO_INCREMENT,
  `religion_desc` varchar(50) NOT NULL,
  `created_at` timestamp NULL DEFAULT NULL,
  `updated_at` timestamp NOT NULL DEFAULT CURRENT_TIMESTAMP,
  `deleted_at` timestamp NULL DEFAULT NULL,
  PRIMARY KEY (`religion_id`,`updated_at`)
) ENGINE=InnoDB DEFAULT CHARSET=latin1;

INSERT INTO `ref_religion` (`religion_id`, `religion_desc`, `created_at`, `updated_at`, `deleted_at`) VALUES
(1,	'Islam',	'2018-12-04 13:28:12',	'2018-12-04 13:28:12',	NULL),
(2,	'Kristian',	'2018-12-04 13:28:12',	'2018-12-04 13:28:19',	NULL),
(3,	'Buddha',	'2018-12-04 13:28:12',	'2018-12-04 13:28:22',	NULL),
(4,	'Hindu',	'2018-12-04 13:28:12',	'2018-12-04 13:28:26',	NULL),
(5,	'Lain-lain',	'2018-12-04 13:28:12',	'2018-12-04 13:28:43',	NULL);

CREATE TABLE `ref_service_distance` (
  `service_distance_id` int(11) NOT NULL AUTO_INCREMENT,
  `service_distance_desc` varchar(255) DEFAULT NULL,
  `created_by` int(11) DEFAULT NULL,
  `updated_by` int(11) DEFAULT NULL,
  `created_at` timestamp NULL DEFAULT NULL,
  `updated_at` timestamp NOT NULL DEFAULT CURRENT_TIMESTAMP,
  `deleted_at` timestamp NULL DEFAULT NULL,
  PRIMARY KEY (`service_distance_id`),
  KEY `idx_servicedistance_createdby` (`created_by`),
  KEY `idx_servicedistance_updatedby` (`updated_by`)
) ENGINE=InnoDB DEFAULT CHARSET=latin1;

INSERT INTO `ref_service_distance` (`service_distance_id`, `service_distance_desc`, `created_by`, `updated_by`, `created_at`, `updated_at`, `deleted_at`) VALUES
(1,	'Kadar Jarak [<100 km]\r\n',	2,	2,	'2021-06-21 16:15:33',	'2021-06-21 16:15:33',	NULL),
(2,	'Kadar Jarak [>100 km]',	2,	2,	'2021-06-21 16:15:33',	'2021-06-21 16:15:33',	NULL),
(3,	'Kadar Jarak ke Sabah/Sarawak',	2,	2,	'2021-06-21 16:15:33',	'2021-06-21 16:15:33',	NULL);

CREATE TABLE `ref_service_group` (
  `service_group_id` int(11) NOT NULL AUTO_INCREMENT,
  `service_group_code` varchar(20) DEFAULT NULL,
  `service_group_desc` varchar(50) NOT NULL,
  `created_by` int(11) DEFAULT NULL,
  `updated_by` int(11) DEFAULT NULL,
  `created_at` timestamp NULL DEFAULT NULL,
  `updated_at` timestamp NOT NULL DEFAULT CURRENT_TIMESTAMP,
  `deleted_at` timestamp NULL DEFAULT NULL,
  PRIMARY KEY (`service_group_id`),
  KEY `idx_servicegroup_code` (`service_group_code`),
  KEY `idx_servicegroup_createdby` (`created_by`),
  KEY `idx_servicegroup_updatedby` (`updated_by`)
) ENGINE=InnoDB DEFAULT CHARSET=latin1;

INSERT INTO `ref_service_group` (`service_group_id`, `service_group_code`, `service_group_desc`, `created_by`, `updated_by`, `created_at`, `updated_at`, `deleted_at`) VALUES
(1,	NULL,	'Pengurusan Tertinggi',	2,	2,	'2021-01-13 13:38:37',	'2021-01-13 13:38:37',	NULL),
(2,	NULL,	'Pengurusan & Professional Gred 53 & 54',	2,	2,	'2021-01-13 13:38:37',	'2021-01-13 13:38:37',	NULL),
(3,	NULL,	'Pengurusan & Professional Gred 45 – 52',	2,	2,	'2021-01-13 13:38:37',	'2021-01-13 13:38:37',	NULL),
(4,	NULL,	'Pengurusan & Professional Gred 41 – 44',	2,	2,	'2021-03-19 13:12:21',	'2021-03-19 13:12:27',	NULL),
(5,	NULL,	'Sokongan',	2,	2,	'2021-03-19 13:12:24',	'2021-03-19 13:12:29',	NULL);

CREATE TABLE `ref_service_type` (
  `service_type_id` int(11) NOT NULL AUTO_INCREMENT,
  `service_type_code` varchar(20) DEFAULT NULL,
  `service_type_desc` varchar(50) NOT NULL,
  `created_by` int(11) DEFAULT NULL,
  `updated_by` int(11) DEFAULT NULL,
  `created_at` timestamp NULL DEFAULT NULL,
  `updated_at` timestamp NOT NULL DEFAULT CURRENT_TIMESTAMP,
  `deleted_at` timestamp NULL DEFAULT NULL,
  PRIMARY KEY (`service_type_id`),
  KEY `idx_servicetype_code` (`service_type_code`),
  KEY `idx_servicetype_createdby` (`created_by`),
  KEY `idx_servicetype_updatedby` (`updated_by`)
) ENGINE=InnoDB DEFAULT CHARSET=latin1;

INSERT INTO `ref_service_type` (`service_type_id`, `service_type_code`, `service_type_desc`, `created_by`, `updated_by`, `created_at`, `updated_at`, `deleted_at`) VALUES
(1,	'P&P',	'Pengurusan Tertinggi',	2,	2,	'2021-01-13 13:38:37',	'2021-01-13 13:38:37',	NULL),
(2,	'P&P',	'Pengurusan & Profesional',	2,	2,	'2021-01-13 13:38:37',	'2021-01-13 13:38:37',	NULL),
(3,	'Sokongan',	'Khidmat Sokongan',	2,	2,	'2021-01-13 13:38:37',	'2021-01-13 13:38:37',	NULL);

CREATE TABLE `ref_sub_allocation` (
  `sub_allocation_id` int(11) NOT NULL AUTO_INCREMENT,
  `allocation_id` int(11) NOT NULL,
  `allocation_code` varchar(50) DEFAULT NULL,
  `sub_allocation_code` varchar(50) DEFAULT NULL,
  `sub_allocation_desc` varchar(255) DEFAULT NULL,
  `has_budget` int(11) NOT NULL DEFAULT '0',
  `status` int(11) NOT NULL DEFAULT '1',
  `created_by` int(11) DEFAULT NULL,
  `updated_by` int(11) DEFAULT NULL,
  `created_at` timestamp NULL DEFAULT NULL,
  `updated_at` timestamp NOT NULL DEFAULT CURRENT_TIMESTAMP,
  `deleted_at` timestamp NULL DEFAULT NULL,
  PRIMARY KEY (`sub_allocation_id`),
  KEY `idx_refsuballocation_allocationid` (`allocation_id`),
  KEY `idx_refsuballocation_createdby` (`created_by`),
  KEY `idx_refsuballocation_updatedby` (`updated_by`),
  KEY `idx_refsuballocation_allocation` (`has_budget`),
  KEY `idx_refsuballocation_allocationcode` (`allocation_code`),
  KEY `idx_refsuballocation_suballocationcode` (`sub_allocation_code`),
  KEY `idx_refsuballocation_budget` (`has_budget`)
) ENGINE=InnoDB DEFAULT CHARSET=latin1;

INSERT INTO `ref_sub_allocation` (`sub_allocation_id`, `allocation_id`, `allocation_code`, `sub_allocation_code`, `sub_allocation_desc`, `has_budget`, `status`, `created_by`, `updated_by`, `created_at`, `updated_at`, `deleted_at`) VALUES
(1,	2,	'0005XX10-NPCX',	'KLEMS-TFP',	'Capital, Labor, Energy, Material And Services - Total Factor Productivity',	1,	1,	2,	2,	'2020-10-14 02:28:42',	'2020-10-14 02:28:42',	NULL),
(2,	2,	'0007XX11-NPCX',	'MBR',	'Modern Business Regulation',	1,	1,	2,	2,	'2020-10-14 02:28:42',	'2020-10-14 02:28:42',	NULL),
(3,	2,	'0008XX11-NPCX',	'NPDIR',	'Pelaksanaan NPDIR bagi Kerajaan Negeri dan Kerajaan Tempatan',	1,	1,	2,	2,	'2020-10-14 02:28:42',	'2020-10-14 02:28:42',	NULL),
(4,	2,	'0006XX10-NPCX',	'EIIP',	'Enterprise Innovation Intervention Programmed',	1,	1,	2,	2,	'2020-10-14 02:28:42',	'2020-10-14 02:28:42',	'2021-02-03 16:55:07'),
(5,	2,	'0009XX11-NPCX',	'SPPE-MPB',	'Skim Peningkatan Produktiviti Entepris Selaras Dengan Malaysia Prod Blueprint',	1,	1,	2,	31,	'2020-10-14 02:28:42',	'2021-11-06 07:29:03',	NULL),
(6,	2,	'0010XX11-NPCX',	'MPB-EEPN',	'Malaysia Productivity Blueprint - Electrical & Electronic',	1,	1,	2,	2,	'2020-10-14 02:28:42',	'2020-10-14 02:28:42',	NULL),
(7,	2,	'0011XX11-NPCX',	'MPB-CCPPN',	'Malaysia Productivity Blueprint - Chemicals & Chemical Products',	1,	1,	2,	2,	'2020-10-14 02:28:42',	'2020-10-14 02:28:42',	NULL),
(8,	2,	'0012XX11-NPCX',	'MPB-RFBPN',	'Malaysia Productivity Blueprint - Retail and F&B',	1,	1,	2,	2,	'2020-10-14 02:28:42',	'2020-10-14 02:28:42',	NULL),
(9,	2,	'0013XX11-NPCX',	'MPB-TPN',	'Malaysia Productivity Blueprint - Tourism Productivity Nexus',	1,	1,	2,	2,	'2020-10-14 02:28:42',	'2020-10-14 02:28:42',	NULL),
(10,	2,	'0014XX11-NPCX',	'MPB-AFPN',	'Malaysia Productivity Blueprint - Agrofood Productivity Nexus',	1,	1,	2,	2,	'2020-10-14 02:28:42',	'2020-10-14 02:28:42',	NULL),
(11,	2,	'0015XX11-NPCX',	'MPB-MEPN',	'Malaysia Productivity Blueprint - Machinery & Equipment Productivity Nexus',	1,	1,	2,	2,	'2020-10-14 02:28:42',	'2020-10-14 02:28:42',	NULL),
(12,	2,	'0016XX11-NPCX',	'MPB-PSPN',	'MALAYSIA PRODUCTIVITY BLUEPRINT - PROFESSIONAL SERVICES PRODUCTIVITY NEXUS',	1,	1,	2,	31,	'2020-10-14 02:28:42',	'2020-10-14 02:35:29',	NULL),
(13,	2,	'0017XX11-NPCX',	'MPB-ICT',	'Malaysia Productivity Blueprint -ICT Productivity Nexus',	1,	1,	2,	2,	'2020-10-14 02:28:42',	'2020-10-14 02:28:42',	NULL),
(14,	2,	'0018XX11-NPCX',	'MPB-PHPN',	'MALAYSIA PRODUCTIVITY BLUEPRINT - PRIVATE HEALTHCARE PRODUCTIVITY NEXUS',	1,	1,	2,	31,	'2020-10-14 02:28:42',	'2020-10-14 02:36:14',	NULL),
(15,	2,	'0019XX11-NPCX',	'T5 - MPB',	'Membentuk Mekanisme Pelaksanaan Yang Padu Selaras Dengan MPB-DMO',	1,	1,	2,	2,	'2020-10-14 02:28:42',	'2020-10-14 02:28:42',	NULL),
(16,	2,	'0020XX11-NPCX',	'PTPS',	'PROGRAM TRANSFORMASI PERATURAN SEDIA ADA',	1,	1,	2,	2,	'2020-10-14 02:28:42',	'2020-10-14 02:28:42',	NULL),
(17,	2,	'0021XX11-NPCX',	'NTM',	'Memudahkan Peraturan Perniagaan Perdagangan Antarabangsa',	1,	1,	2,	2,	'2020-10-14 02:28:42',	'2020-10-14 02:28:42',	NULL),
(18,	2,	'0023XX11-NPCX',	'PKP',	'Peningkatan Kualiti Peraturan',	1,	1,	2,	2,	'2020-10-14 02:28:42',	'2020-10-14 02:28:42',	NULL),
(19,	1,	'M-NPC-SS20',	'Usahasama- MTCP/TCTP/JICA',	'MTCP/TCTP/JICA',	1,	1,	2,	2,	'2020-10-14 02:28:42',	'2020-10-14 02:28:42',	NULL),
(20,	1,	'U60S0000-PP60',	'USAHASAMA- INDUSTRY 4.0 2020',	'PROGRAM-INDUSTRY 4WRD',	1,	1,	2,	31,	'2020-10-14 02:28:42',	'2021-06-11 07:43:00',	NULL),
(21,	1,	'U70S0000-PP70',	'Usahasama- PPRN',	'Kajian Impak Pelaksanaan Inisiatif Public -Private Research Network (PPRN)',	1,	1,	2,	2,	'2020-10-14 02:28:42',	'2020-10-14 02:28:42',	NULL),
(22,	1,	'U80S0000-PP80',	'Usahasama- HICoE',	'Kajian Impak Pelaksanaan Higher - Institutions Centre Of Excellence (HICOE)',	1,	1,	2,	2,	'2020-10-14 02:28:42',	'2020-10-14 02:28:42',	NULL),
(23,	1,	'U90S0000-PP90',	'Usahasama- AKI',	'Anugerah Kecemerlangan Industri (AKI)',	1,	1,	2,	2,	'2020-10-14 02:28:42',	'2020-10-14 02:28:42',	NULL),
(24,	1,	'M-NPC-SS20',	'Usahasama- PPV-MED',	'PPV-MED',	1,	1,	2,	2,	'2020-10-14 02:28:42',	'2020-10-14 02:28:42',	NULL),
(25,	1,	'U11S0000-RP10',	'Usahasama- JPA',	'Kajian Pengukuran Produktiviti Perkhidmatan Awam (JPA)',	1,	1,	2,	2,	'2020-10-14 02:28:42',	'2020-10-14 02:28:42',	NULL),
(26,	1,	'U12S0000-PP10',	'Usahasama- MEDAC 2020-LEAN',	'Kemudahan Latihan Prog Pembangunan Kapasiti Vendor 2019-2020',	1,	1,	2,	2,	'2020-10-14 02:28:42',	'2020-10-14 02:28:42',	NULL),
(27,	1,	'U13S0000-RM10',	'Usahasama- HICoE (KEUSAHAWANAN)',	'Kajian Impak Perlaksanaan Prog Keusahawanan Institusi Pendidikan Tinggi',	1,	1,	2,	2,	'2020-10-14 02:28:42',	'2020-10-14 02:28:42',	NULL),
(28,	1,	'M-NPC-SS20',	'Usahasama- DBKL',	'Kajian Pengukuran Prestasi (DBKL)',	1,	1,	2,	2,	'2020-10-14 02:28:42',	'2020-10-14 02:28:42',	NULL),
(29,	1,	'U14S0000-LP10',	'Usahasama- MEDAC 2020-KAIZEN',	'Kemudahan Latihan Prog Pembangunan Kapasiti Vendor 2019-2020',	1,	1,	2,	2,	'2020-10-14 02:28:42',	'2020-10-14 02:28:42',	NULL),
(30,	1,	'U15S0000-LP20',	'Usahasama- MEDAC 2020-I4.0',	'Kemudahan Latihan Prog Pembangunan Kapasiti Vendor 2019-2020',	1,	1,	2,	2,	'2020-10-14 02:28:42',	'2020-10-14 02:28:42',	NULL),
(31,	1,	'K001N016-NPCX',	'Program Khas- NTEx',	'Konvensyen Team Excellence Kebangsaan',	0,	1,	2,	2,	'2020-10-14 02:28:42',	'2020-10-14 02:28:42',	NULL),
(32,	1,	'K002N016-NPCX',	'Program Khas- RTEx (CRO)',	'Konvensyen Wilayah Tengah',	0,	1,	2,	2,	'2020-10-14 02:28:42',	'2020-10-14 02:28:42',	NULL),
(33,	1,	'K003N016-NPCX',	'Program Khas- MTEx (CRO)',	'Mini Konvensyen Wilayah Tengah',	0,	1,	2,	2,	'2020-10-14 02:28:42',	'2020-10-14 02:28:42',	NULL),
(34,	1,	'K004N016-WU0X',	'Program Khas- RTEx (NRO)',	'Konvensyen Team Excellence Wilayah Utara ',	0,	1,	2,	2,	'2020-10-14 02:28:42',	'2020-10-14 02:28:42',	NULL),
(35,	1,	'K005N016-JB0X',	'Program Khas- RTEx (SRO)',	'Konvensyen Team Excellence Wilayah Selatan',	0,	1,	2,	2,	'2020-10-14 02:28:42',	'2020-10-14 02:28:42',	NULL),
(36,	1,	'K015N016-KK0X',	'Program Khas- MTEx (SBO)',	'Mini Konvensyen Wilayah Sabah',	0,	1,	2,	2,	'2020-10-14 02:28:42',	'2020-10-14 02:28:42',	NULL),
(37,	1,	'K006N016-PT0X',	'Program Khas- RTEx (ECR)',	'Konvensyen Team Excellence Wilayah P. Timur',	0,	1,	2,	2,	'2020-10-14 02:28:42',	'2020-10-14 02:28:42',	NULL),
(38,	1,	'K007N016-KK0X',	'Program Khas- RTEx (SBO)',	'Konvensyen Team Excellence Sabah ',	0,	1,	2,	2,	'2020-10-14 02:28:42',	'2020-10-14 02:28:42',	NULL),
(39,	1,	'K008N016-SW0X',	'Program Khas- RTEx (SKO)',	'Konvensyen Team Excellence Sarawak',	0,	1,	2,	2,	'2020-10-14 02:28:42',	'2020-10-14 02:28:42',	NULL),
(40,	1,	'K011N016-JB0X',	'Program Khas- MTEx (SRO)',	'Mini Konvensyen Wilayah Selatan',	0,	1,	2,	2,	'2020-10-14 02:28:42',	'2020-10-14 02:28:42',	NULL),
(41,	1,	'K012N016-PT0X',	'Program Khas- MTEx (ECR)',	'Mini Konvensyen Wilayah Pantai Timur',	0,	1,	2,	2,	'2020-10-14 02:28:42',	'2020-10-14 02:28:42',	NULL),
(42,	1,	'K013N016-WU0X',	'Program Khas- MTEx (NRO)',	'Mini Konvensyen Wilayah Utara',	0,	1,	2,	2,	'2020-10-14 02:28:42',	'2020-10-14 02:28:42',	NULL),
(43,	1,	'K014N016-SW0X',	'Program Khas- MTEx (SKO)',	'Mini Konvensyen Wilayah Sarawak',	0,	1,	2,	2,	'2020-10-14 02:28:42',	'2020-10-14 02:28:42',	NULL),
(44,	1,	'K016N016-NPCX',	'Program Khas- PC',	'Productivity Conference',	0,	1,	2,	2,	'2020-10-14 02:28:42',	'2020-10-14 02:28:42',	NULL),
(45,	1,	'K017N016-NPCX',	'Program Khas- APIC',	'Annual Productivity & Innovation Conference',	0,	1,	2,	2,	'2020-10-14 02:28:42',	'2020-10-14 02:28:42',	NULL),
(46,	1,	'K018N016-NPCX',	'Program Khas- APQC',	'Asia Pacific Quality Conference',	0,	1,	2,	2,	'2020-10-14 02:28:42',	'2020-10-14 02:28:42',	NULL),
(47,	1,	'S001N016-NPCX',	'ICQCC',	'International Convention on Quality Control Circles',	0,	1,	2,	2,	'2020-10-14 02:28:42',	'2020-10-14 02:28:42',	NULL),
(48,	1,	'S003N009-NPCX',	'Seminar/Study Mission Luar Negara',	'Seminar/Study Mission Luar Negara',	0,	1,	2,	2,	'2020-10-14 02:28:42',	'2020-10-14 02:28:42',	NULL),
(49,	1,	'S005N016-NPCX',	'IQPC',	'International Quality and Productivity Convention',	0,	1,	2,	2,	'2020-10-14 02:28:42',	'2020-10-14 02:28:42',	NULL),
(50,	1,	'M-NPC-JB0',	'Mengurus-MPC SRO',	'Mengurus-MPC Wilayah Selatan',	0,	1,	2,	2,	'2020-10-14 02:28:42',	'2020-10-14 02:28:42',	NULL),
(51,	1,	'M-NPC-WU0',	'Mengurus-MPC NRO',	'Mengurus-MPC Wilayah Utara',	0,	1,	2,	2,	'2020-10-14 02:28:42',	'2020-10-14 02:28:42',	NULL),
(52,	1,	'M-NPC-SW0',	'Mengurus-MPC SKO',	'Mengurus-MPC Sarawak',	0,	1,	2,	2,	'2020-10-14 02:28:42',	'2020-10-14 02:28:42',	NULL),
(53,	1,	'M-NPC-PT0',	'Mengurus-MPC ECR',	'Mengurus-MPC Wilayah Pantai Timur',	0,	1,	2,	2,	'2020-10-14 02:28:42',	'2020-10-14 02:28:42',	NULL),
(54,	1,	'M-NPC-KK0',	'Mengurus-MPC SBO',	'Mengurus-MPC Sabah',	0,	1,	2,	2,	'2020-10-14 02:28:42',	'2020-10-14 02:28:42',	NULL),
(55,	1,	'M-CR0-LP10',	'MENGURUS-PACS',	'MENGURUS-PACS',	0,	1,	2,	31,	'2020-10-14 02:28:42',	'2021-04-06 06:17:40',	NULL),
(56,	1,	'M-NPC-KP01',	'MENGURUS-KP',	'MENGURUS - PEJABAT KETUA PENGARAH',	0,	1,	2,	31,	'2020-10-14 02:28:42',	'2021-02-15 02:56:24',	NULL),
(57,	1,	'M-NPC-LB10',	'MENGURUS-OED',	'MENGURUS - OED',	0,	1,	2,	31,	'2020-10-14 02:28:42',	'2021-02-15 02:46:43',	NULL),
(58,	1,	'M-NPC-UP30',	'MENGURUS-BTI',	'MENGURUS - INOVASI & TRANSFORMASI PERNIAGAAN',	0,	1,	2,	31,	'2020-10-14 02:28:42',	'2021-02-15 02:55:35',	NULL),
(59,	1,	'M-NPC-RK10',	'MENGURUS-PCD',	'MENGURUS - PCD',	0,	1,	2,	182,	'2020-10-14 02:28:42',	'2021-02-08 03:59:30',	NULL),
(60,	1,	'M-NPC-RM10',	'Mengurus-PCK',	'Mengurus-Pembangunan Prod & Daya Saing',	0,	1,	2,	2,	'2020-10-14 02:28:42',	'2020-10-14 02:28:42',	'2021-02-14 18:45:27'),
(61,	1,	'M-NPC-RP10',	'MENGURUS-PRODUCTIVITY GROWTH',	'MENGURUS - PRODUCTIVITY GROWTH',	0,	1,	2,	182,	'2020-10-14 02:28:42',	'2021-02-08 03:59:00',	'2021-03-18 23:33:03'),
(62,	1,	'M-NPC-SS10',	'Mengurus-MSF',	'Mengurus-Khidmat Pengurusan & Kewangan',	0,	1,	2,	2,	'2020-10-14 02:28:42',	'2020-10-14 02:28:42',	NULL),
(63,	1,	'M-NPC-SS20',	'Mengurus-FIN',	'Mengurus-Unit Kewangan',	0,	1,	2,	2,	'2020-10-14 02:28:42',	'2020-10-14 02:28:42',	NULL),
(64,	1,	'M-NPC-SS30',	'Mengurus-PCT',	'Mengurus-Unit Perolehan',	0,	1,	2,	2,	'2020-10-14 02:28:42',	'2020-10-14 02:28:42',	NULL),
(65,	1,	'M-NPC-SS50',	'Mengurus-HRMD',	'Mengurus-Unit Pengurusan Sumber Manusia',	0,	1,	2,	2,	'2020-10-14 02:28:42',	'2020-10-14 02:28:42',	NULL),
(66,	1,	'M-NPC-SS60',	'Mengurus-MIT',	'Mengurus-Unit Pengurusan Teknologi Maklumat',	0,	1,	2,	2,	'2020-10-14 02:28:42',	'2020-10-14 02:28:42',	NULL),
(67,	1,	'M-NPC-TP02',	'MENGURUS-TKP PCD',	'MENGURUS-TKP PCD',	0,	1,	2,	31,	'2020-10-14 02:28:42',	'2021-04-02 02:56:14',	NULL),
(68,	1,	'M-NPC-UP10',	'Mengurus-CSL/IA',	'Mengurus-Urusetia Perbadanan / Audit Dalam',	0,	1,	2,	2,	'2020-10-14 02:28:42',	'2020-10-14 02:28:42',	NULL),
(69,	1,	'M-NPC-UP20',	'Mengurus-Unit Inovasi',	'Mengurus-Unit Inovasi',	0,	1,	2,	2,	'2020-10-14 02:28:42',	'2020-10-14 02:28:42',	'2021-04-02 02:32:23'),
(70,	1,	'M-NPC-UP20',	'MENGURUS-ITR',	'MENGURUS-UNIT PERHUBUNGAN ANTARABANGSA',	0,	1,	2,	31,	'2020-10-14 02:28:42',	'2021-02-15 02:43:47',	NULL),
(71,	2,	'0022XX11-NPCX',	'SPN',	'SPN',	1,	1,	298,	31,	'2020-10-15 03:18:06',	'2020-10-15 04:20:20',	NULL),
(72,	2,	'0032XX11-NPCX',	'BI',	'BEHAVIORAL INSIGHTS',	1,	1,	31,	31,	'2020-10-15 08:25:26',	'2020-11-17 05:22:57',	NULL),
(73,	2,	'0002XXX7-NPCX',	'HRD',	'PEMBANGUNAN SUMBER MANUSIA',	1,	1,	31,	31,	'2020-11-03 04:29:36',	'2020-11-03 04:29:36',	NULL),
(74,	2,	'0035XX12-NPCX',	'FORE',	'MEMBENTUK EKOSISTEM PERATURAN PERNIAGAAN YANG TEGUH',	1,	1,	298,	298,	'2021-01-17 05:42:06',	'2021-01-17 05:58:50',	NULL),
(75,	2,	'0033XX12-NPCX',	'SPC 2.0',	'MELAKSANAKAN INISIATIF PUSAT PRODUKTIVITI PERINGKAT SEKTOR',	1,	1,	298,	298,	'2021-01-17 07:20:38',	'2021-01-17 07:20:38',	NULL),
(76,	2,	'0034XX12-NPCX',	'TWIP',	'TRANSFORMASI UPAH KE ARAH PENINGKATAN PRODUKTIVITI DAN PAMPASAN PEKERJA',	1,	1,	298,	298,	'2021-01-18 03:30:15',	'2021-01-18 03:30:15',	NULL),
(77,	2,	'0032XX12-NPCX',	'BI 2.0',	'PENERAPAN KAEDAH BEHAVIOURAL INSIGHTS (BI) DALAM POLISI AWAM DAN PERATURAN DI MALAYSIA',	1,	1,	91,	182,	'2021-01-22 00:24:24',	'2021-02-04 01:59:58',	NULL),
(78,	2,	'0009XX12-NPCX',	'SPPE 2.0',	'SKIM PENINGKATAN PRODUKTIVITI ENTERPRISE 2.0',	1,	1,	182,	182,	'2021-02-04 01:58:34',	'2021-02-04 01:59:46',	NULL),
(79,	1,	'M-NPC-RP10',	'MENGURUS-PG',	'MENGURUS - PRODUCTIVITY GROWTH',	0,	1,	31,	31,	'2021-02-15 02:53:59',	'2021-02-15 02:53:59',	NULL),
(80,	1,	'M-NPC-UP10',	'MENGURUS-CSL/IA',	'MENGURUS-CSL/INTERNAL AUDIT',	0,	1,	31,	31,	'2021-03-19 07:35:25',	'2021-03-19 07:35:25',	NULL),
(81,	1,	'M-NPC-PP10',	'MENGURUS-CPD',	'MENGURUS-CPD',	0,	1,	31,	31,	'2021-03-22 08:00:54',	'2021-03-22 08:00:54',	NULL),
(82,	1,	'M-NPC-TP01',	'MENGURUS-TKP OED',	'MENGURUS-TKP OED',	0,	1,	31,	31,	'2021-04-02 02:57:02',	'2021-04-02 02:57:02',	NULL),
(83,	1,	'M-NPC-SS20',	'USAHASAMA-APO',	'APO',	1,	1,	31,	31,	'2021-05-05 08:58:03',	'2021-05-05 08:58:03',	NULL),
(84,	1,	'U60S0000-PP60',	'USAHASAMA- INDUSTRY 4.0 2021',	'PROGRAM-INDUSTRY 4WRD',	1,	1,	31,	31,	'2021-06-11 07:44:00',	'2021-06-11 07:44:00',	NULL),
(85,	1,	'U22S0000-RP40',	'USAHASAMA- KWC0-19',	'KUMPULAN WANG COVID',	1,	1,	31,	31,	'2021-09-24 03:55:44',	'2021-09-24 10:09:21',	NULL);

CREATE TABLE `ref_supplier` (
  `supplier_id` int(11) NOT NULL AUTO_INCREMENT,
  `supplier_code` varchar(50) NOT NULL,
  `supplier_name` varchar(100) NOT NULL,
  `supplier_regno` varchar(20) NOT NULL,
  `supplier_address_1` varchar(100) DEFAULT NULL,
  `supplier_address_2` varchar(100) DEFAULT NULL,
  `supplier_address_3` varchar(100) DEFAULT NULL,
  `supplier_postcode` char(5) DEFAULT NULL,
  `district_id` int(11) DEFAULT NULL,
  `state_id` int(11) DEFAULT NULL,
  `supplier_contact_person` varchar(100) DEFAULT NULL,
  `supplier_office_no` varchar(20) DEFAULT NULL,
  `supplier_mobile_no` varchar(20) DEFAULT NULL,
  `supplier_fax_no` varchar(20) DEFAULT NULL,
  `supplier_email` varchar(100) DEFAULT NULL,
  `supplier_account_no` varchar(50) DEFAULT NULL,
  `bank_id` int(11) DEFAULT NULL,
  `created_by` int(11) DEFAULT NULL,
  `created_at` timestamp NULL DEFAULT NULL,
  `updated_by` int(11) DEFAULT NULL,
  `updated_at` timestamp NOT NULL DEFAULT CURRENT_TIMESTAMP,
  `deleted_by` int(11) DEFAULT NULL,
  `deleted_at` timestamp NULL DEFAULT NULL,
  PRIMARY KEY (`supplier_id`)
) ENGINE=InnoDB DEFAULT CHARSET=latin1;


CREATE TABLE `ref_unit` (
  `unit_id` int(11) NOT NULL AUTO_INCREMENT,
  `unit_desc` varchar(200) NOT NULL,
  `purpose` int(11) NOT NULL COMMENT '1-perkhidmatan',
  `is_active` char(1) NOT NULL DEFAULT '1',
  `created_by` int(11) NOT NULL,
  `updated_by` int(11) NOT NULL,
  `created_at` timestamp NULL DEFAULT NULL,
  `updated_at` timestamp NULL DEFAULT CURRENT_TIMESTAMP,
  `deleted_at` timestamp NULL DEFAULT NULL,
  PRIMARY KEY (`unit_id`)
) ENGINE=InnoDB DEFAULT CHARSET=latin1;

INSERT INTO `ref_unit` (`unit_id`, `unit_desc`, `purpose`, `is_active`, `created_by`, `updated_by`, `created_at`, `updated_at`, `deleted_at`) VALUES
(1,	'JAM',	1,	'1',	2,	2,	'2021-06-20 14:45:25',	'2021-06-20 14:45:25',	NULL),
(2,	'HARI',	1,	'1',	2,	2,	'2021-06-20 14:45:25',	'2021-06-20 14:45:28',	NULL),
(3,	'KM',	1,	'1',	2,	2,	'2021-06-20 14:45:25',	'2021-06-20 14:46:06',	'2021-06-20 18:27:21'),
(4,	'MUKASURAT',	1,	'1',	2,	2,	'2021-06-20 14:45:25',	'2021-06-20 14:46:40',	NULL),
(5,	'ARTIKAL',	1,	'1',	2,	2,	'2021-06-20 14:45:25',	'2021-06-20 14:51:25',	NULL),
(6,	'LAPORAN',	1,	'1',	2,	2,	'2021-06-20 14:45:25',	'2021-06-20 14:52:27',	NULL),
(7,	'MESYUARAT',	1,	'1',	2,	2,	'2021-06-20 14:45:25',	'2021-06-20 14:52:37',	NULL),
(8,	'AKTIVITI',	1,	'1',	2,	2,	'2021-06-20 14:45:25',	'2021-06-20 14:53:37',	NULL),
(9,	'ARTIKAL/LAPORAN',	1,	'1',	2,	2,	'2021-06-20 14:45:25',	'2021-06-20 14:53:37',	NULL),
(10,	'MESYUARAT/AKTIVITI',	1,	'1',	2,	2,	'2021-06-20 18:33:50',	'2021-06-20 18:33:50',	NULL),
(11,	'SESI',	1,	'1',	2,	2,	'2021-06-20 18:38:52',	'2021-06-20 18:38:52',	NULL),
(12,	'KERTAS',	1,	'1',	2,	2,	'2021-06-20 18:42:04',	'2021-06-20 18:42:04',	NULL);

CREATE TABLE `ref_unit_bahagian` (
  `unit_bahagian_id` int(11) NOT NULL AUTO_INCREMENT,
  `parent_id` int(11) DEFAULT NULL,
  `unit_bahagian_desc` varchar(100) NOT NULL,
  `is_cawangan` int(11) NOT NULL DEFAULT '0',
  `prefix_running_no` varchar(20) DEFAULT NULL,
  `running_no` int(11) NOT NULL DEFAULT '0',
  `address_1` varchar(100) DEFAULT NULL,
  `address_2` varchar(100) DEFAULT NULL,
  `address_3` varchar(100) DEFAULT NULL,
  `postcode` char(5) DEFAULT NULL,
  `district_id` int(11) DEFAULT NULL,
  `state_id` int(11) DEFAULT NULL,
  `contact_no` varchar(20) DEFAULT NULL,
  `fax_no` varchar(20) DEFAULT NULL,
  `email` varchar(50) DEFAULT NULL,
  `account_no` varchar(20) DEFAULT NULL,
  `bank_id` int(11) DEFAULT NULL,
  `created_by` int(11) DEFAULT NULL,
  `updated_by` int(11) DEFAULT NULL,
  `created_at` timestamp NULL DEFAULT NULL,
  `updated_at` timestamp NOT NULL DEFAULT CURRENT_TIMESTAMP,
  `deleted_at` timestamp NULL DEFAULT NULL,
  PRIMARY KEY (`unit_bahagian_id`)
) ENGINE=InnoDB DEFAULT CHARSET=latin1;

INSERT INTO `ref_unit_bahagian` (`unit_bahagian_id`, `parent_id`, `unit_bahagian_desc`, `is_cawangan`, `prefix_running_no`, `running_no`, `address_1`, `address_2`, `address_3`, `postcode`, `district_id`, `state_id`, `contact_no`, `fax_no`, `email`, `account_no`, `bank_id`, `created_by`, `updated_by`, `created_at`, `updated_at`, `deleted_at`) VALUES
(0,	NULL,	'HQ',	0,	NULL,	0,	NULL,	NULL,	NULL,	NULL,	NULL,	NULL,	NULL,	NULL,	NULL,	NULL,	NULL,	2,	2,	'2019-03-29 12:32:26',	'2019-03-29 12:32:28',	NULL),
(1,	0,	'CPD',	0,	NULL,	5,	NULL,	NULL,	NULL,	NULL,	NULL,	NULL,	NULL,	NULL,	NULL,	NULL,	NULL,	2,	2,	'2019-03-28 17:14:07',	'2019-03-28 17:14:07',	NULL),
(2,	0,	'PACS',	1,	NULL,	21,	NULL,	NULL,	NULL,	NULL,	NULL,	NULL,	NULL,	NULL,	NULL,	NULL,	NULL,	2,	2,	'2019-03-28 17:14:07',	'2020-10-15 08:55:30',	NULL),
(3,	0,	'DGO',	0,	NULL,	2,	NULL,	NULL,	NULL,	NULL,	NULL,	NULL,	NULL,	NULL,	NULL,	NULL,	NULL,	2,	2,	'2019-03-28 17:14:07',	'2019-03-28 17:14:07',	NULL),
(4,	0,	'DMO',	1,	'',	68,	NULL,	NULL,	NULL,	NULL,	NULL,	NULL,	NULL,	NULL,	NULL,	NULL,	NULL,	2,	2,	'2019-03-28 17:14:07',	'2021-01-05 07:11:26',	NULL),
(5,	0,	'MSF',	0,	NULL,	4,	NULL,	NULL,	NULL,	NULL,	NULL,	NULL,	NULL,	NULL,	NULL,	NULL,	NULL,	2,	2,	'2019-03-28 17:14:07',	'2019-03-28 17:14:07',	NULL),
(6,	0,	'PCD',	0,	NULL,	131,	NULL,	NULL,	NULL,	NULL,	NULL,	NULL,	NULL,	NULL,	NULL,	NULL,	NULL,	2,	2,	'2019-03-28 17:14:07',	'2019-03-28 17:14:07',	NULL),
(7,	0,	'OED',	1,	NULL,	3,	NULL,	NULL,	NULL,	NULL,	NULL,	NULL,	NULL,	NULL,	NULL,	NULL,	NULL,	2,	2,	'2019-03-28 17:14:07',	'2020-10-14 01:48:11',	NULL),
(8,	7,	'ECR',	1,	'K-PT0',	3,	NULL,	NULL,	NULL,	NULL,	NULL,	NULL,	NULL,	NULL,	NULL,	NULL,	NULL,	2,	2,	'2019-03-28 17:14:07',	'2021-01-05 07:12:35',	NULL),
(9,	7,	'NRO',	1,	'K-WU0',	5,	NULL,	NULL,	NULL,	NULL,	NULL,	NULL,	NULL,	NULL,	NULL,	NULL,	NULL,	2,	2,	'2019-03-28 17:14:07',	'2019-03-28 17:14:07',	NULL),
(10,	7,	'SBO',	1,	'K-KK0',	7,	NULL,	NULL,	NULL,	NULL,	NULL,	NULL,	NULL,	NULL,	NULL,	NULL,	NULL,	2,	2,	'2019-03-28 17:14:07',	'2019-03-28 17:14:07',	NULL),
(11,	7,	'SKO',	1,	'K-SW0',	13,	NULL,	NULL,	NULL,	NULL,	NULL,	NULL,	NULL,	NULL,	NULL,	NULL,	NULL,	2,	2,	'2019-03-28 17:14:07',	'2019-03-28 17:14:07',	NULL),
(12,	7,	'SRO',	1,	'K-JB0',	11,	NULL,	NULL,	NULL,	NULL,	NULL,	NULL,	NULL,	NULL,	NULL,	NULL,	NULL,	2,	2,	'2019-03-28 17:14:07',	'2019-03-28 17:14:07',	NULL);

CREATE TABLE `roles` (
  `id` int(10) unsigned NOT NULL AUTO_INCREMENT,
  `name` varchar(255) COLLATE utf8_unicode_ci NOT NULL,
  `description` longtext COLLATE utf8_unicode_ci,
  `is_bigamount_approver` int(1) NOT NULL DEFAULT '0',
  `sort` int(1) NOT NULL DEFAULT '11',
  `created_at` timestamp NULL DEFAULT NULL,
  `updated_at` timestamp NULL DEFAULT NULL,
  `deleted_at` timestamp NULL DEFAULT NULL,
  PRIMARY KEY (`id`),
  UNIQUE KEY `roles_name_unique` (`name`)
) ENGINE=InnoDB DEFAULT CHARSET=utf8 COLLATE=utf8_unicode_ci ROW_FORMAT=DYNAMIC COMMENT='ACL related';

INSERT INTO `roles` (`id`, `name`, `description`, `is_bigamount_approver`, `sort`, `created_at`, `updated_at`, `deleted_at`) VALUES
(1,	'superadmin',	'Super System Administrator',	0,	1,	'2018-04-03 13:56:05',	'2018-04-03 13:56:05',	NULL),
(2,	'admin',	'Pentadbir Sistem',	0,	2,	'2018-04-03 13:56:55',	'2018-04-03 13:56:55',	NULL),
(4,	'deptdirector',	'Pengarah Bahagian',	0,	5,	'2021-10-26 09:55:22',	'2021-10-26 09:55:26',	NULL),
(5,	'vicedirector',	'Timbalan Ketua Pengarah',	0,	14,	'2021-10-26 09:55:24',	'2021-10-26 09:55:26',	NULL),
(6,	'director',	'Ketua Pengarah',	0,	15,	'2021-10-26 09:55:26',	'2021-10-26 09:55:26',	NULL),
(7,	'approver',	'Penyelia',	0,	4,	'2019-03-21 06:20:14',	'2019-03-21 06:20:14',	NULL),
(8,	'officer',	'Pegawai',	0,	3,	'2019-03-21 06:20:14',	'2019-03-21 06:20:14',	NULL),
(12,	'asset',	'Pegawai Aset',	0,	8,	'2021-10-26 09:52:47',	'2021-10-26 09:52:49',	NULL),
(16,	'accountant',	'Ketua Akauntan',	0,	9,	'2021-10-26 10:31:53',	'2021-10-26 10:31:53',	NULL),
(17,	'budget',	'Pemilik Bajet',	0,	10,	'2021-10-26 10:31:53',	'2021-10-26 10:31:53',	NULL),
(18,	'pct',	'Ketua Perolehan (PCT)',	0,	11,	'2021-10-26 10:31:53',	'2021-10-26 10:31:53',	NULL),
(19,	'secretariat',	'Urusetia',	0,	6,	'2021-10-26 10:31:53',	'2021-10-26 10:31:53',	NULL),
(20,	'bti',	'BTI',	0,	7,	'2021-10-26 10:31:53',	'2021-10-26 10:31:53',	NULL),
(21,	'bom',	'Pengarah BOM',	0,	12,	'2021-12-28 14:31:54',	'2021-12-28 14:31:57',	NULL),
(22,	'deptdirectbom',	'Pengarah & Pengarah BOM',	0,	13,	'2021-12-28 16:46:04',	'2021-12-28 16:46:06',	NULL);

CREATE TABLE `role_has_permissions` (
  `permission_id` int(10) unsigned NOT NULL,
  `role_id` int(10) unsigned NOT NULL,
  PRIMARY KEY (`permission_id`,`role_id`),
  KEY `role_has_permissions_role_id_foreign` (`role_id`),
  CONSTRAINT `role_has_permissions_permission_id_foreign` FOREIGN KEY (`permission_id`) REFERENCES `permissions` (`id`) ON DELETE CASCADE,
  CONSTRAINT `role_has_permissions_role_id_foreign` FOREIGN KEY (`role_id`) REFERENCES `roles` (`id`) ON DELETE CASCADE
) ENGINE=InnoDB DEFAULT CHARSET=utf8 COLLATE=utf8_unicode_ci ROW_FORMAT=DYNAMIC COMMENT='ACL related';

INSERT INTO `role_has_permissions` (`permission_id`, `role_id`) VALUES
(13,	1),
(13,	2),
(13,	4),
(13,	5),
(13,	6),
(13,	7),
(13,	8),
(13,	12),
(13,	16),
(13,	17),
(13,	18),
(13,	19),
(13,	20),
(13,	21),
(13,	22),
(14,	1),
(14,	2),
(14,	19),
(15,	1),
(15,	2),
(15,	19),
(16,	1),
(16,	2),
(16,	4),
(16,	5),
(16,	6),
(16,	7),
(16,	8),
(16,	12),
(16,	16),
(16,	17),
(16,	18),
(16,	19),
(16,	20),
(16,	21),
(16,	22),
(17,	1),
(18,	1),
(19,	1),
(20,	1),
(21,	1),
(22,	1),
(22,	2),
(22,	19),
(29,	1),
(29,	2),
(29,	19),
(30,	1),
(30,	2),
(30,	19),
(101,	1),
(101,	2),
(101,	12),
(101,	19),
(101,	20),
(104,	1),
(104,	2),
(104,	19),
(108,	2),
(108,	7),
(108,	8),
(108,	12),
(108,	16),
(108,	17),
(108,	18),
(108,	19),
(108,	20),
(110,	1),
(110,	2),
(110,	4),
(110,	5),
(110,	6),
(110,	16),
(110,	17),
(110,	19),
(110,	21),
(110,	22),
(121,	1),
(121,	2),
(121,	19),
(123,	1),
(123,	2),
(123,	12),
(123,	19),
(124,	1),
(124,	2),
(124,	19),
(128,	1),
(128,	2),
(128,	19),
(129,	4),
(129,	5),
(129,	6),
(129,	7),
(129,	8),
(129,	12),
(129,	16),
(129,	17),
(129,	18),
(129,	20),
(129,	21),
(129,	22),
(130,	2),
(130,	4),
(130,	5),
(130,	6),
(130,	7),
(130,	8),
(130,	12),
(130,	16),
(130,	17),
(130,	18),
(130,	19),
(130,	20),
(130,	21),
(130,	22),
(131,	21),
(131,	22),
(132,	2),
(132,	4),
(132,	7),
(132,	12),
(132,	16),
(132,	17),
(132,	18),
(132,	19),
(132,	20),
(132,	21),
(132,	22),
(134,	1),
(134,	2),
(134,	4),
(134,	5),
(134,	6),
(134,	16),
(134,	17),
(134,	19),
(134,	21),
(134,	22),
(138,	1),
(138,	2),
(138,	16),
(138,	17),
(138,	18),
(138,	19),
(140,	5),
(141,	6),
(150,	1),
(150,	2),
(150,	4),
(150,	5),
(150,	6),
(150,	12),
(150,	16),
(150,	17),
(150,	18),
(150,	19),
(150,	21),
(150,	22),
(156,	1),
(156,	2),
(156,	19),
(157,	1),
(157,	2),
(157,	12),
(157,	19),
(162,	1),
(162,	2),
(162,	12),
(162,	19),
(162,	20),
(163,	1),
(163,	2),
(163,	12),
(163,	19),
(163,	20),
(166,	1),
(166,	2),
(166,	19),
(169,	1),
(169,	2),
(170,	1),
(170,	2),
(170,	16),
(170,	17),
(170,	18),
(170,	19),
(171,	1),
(171,	2),
(171,	16),
(171,	17),
(171,	18),
(171,	19),
(172,	1),
(172,	2),
(172,	12),
(172,	19),
(173,	1),
(173,	2),
(173,	12),
(173,	19),
(174,	4),
(174,	16),
(174,	17),
(174,	22),
(175,	18),
(176,	1),
(176,	2),
(176,	19),
(177,	1),
(177,	2),
(177,	19),
(178,	1),
(178,	4),
(178,	5),
(178,	6),
(178,	21),
(178,	22),
(179,	2),
(179,	7),
(179,	8),
(179,	12),
(179,	16),
(179,	17),
(179,	18),
(179,	19),
(179,	20),
(180,	1),
(180,	2),
(180,	4),
(180,	5),
(180,	6),
(180,	16),
(180,	17),
(180,	19),
(180,	21),
(180,	22),
(181,	1),
(181,	2),
(181,	19),
(181,	20),
(182,	4),
(182,	22),
(183,	1),
(183,	2),
(183,	4),
(183,	5),
(183,	6),
(183,	12),
(183,	16),
(183,	17),
(183,	18),
(183,	19),
(183,	20),
(183,	21),
(183,	22),
(184,	2),
(184,	12),
(184,	19),
(185,	1),
(185,	2),
(185,	20);

CREATE TABLE `scripts` (
  `content` text
) ENGINE=InnoDB DEFAULT CHARSET=latin1;

INSERT INTO `scripts` (`content`) VALUES
('w');

CREATE TABLE `upload` (
  `upload_id` int(11) NOT NULL AUTO_INCREMENT,
  `upload_model` varchar(50) DEFAULT NULL COMMENT '1-fromcomplaint,2-fromemergency',
  `upload_model_id` int(11) DEFAULT NULL,
  `upload_desc` varchar(255) DEFAULT NULL,
  `upload_path` varchar(50) NOT NULL,
  `upload_filename` varchar(200) NOT NULL,
  `upload_type` char(2) DEFAULT NULL,
  `upload_imagetype` varchar(20) DEFAULT NULL COMMENT 'thumbnail, feature, original',
  `upload_model_runningno` int(11) DEFAULT NULL,
  `upload_imageid` longtext COMMENT 'this will be used during delete action. this id generate based on encrypt filename',
  `upload_file_date` date DEFAULT NULL,
  `created_by` int(11) NOT NULL,
  `updated_by` int(11) DEFAULT NULL,
  `created_at` timestamp NULL DEFAULT NULL,
  `updated_at` timestamp NOT NULL DEFAULT CURRENT_TIMESTAMP,
  `deleted_at` timestamp NULL DEFAULT NULL,
  PRIMARY KEY (`upload_id`),
  KEY `idx_upload_upload_model` (`upload_model`),
  KEY `idx_upload_upload_model_id` (`upload_model_id`),
  KEY `idx_upload_upload_type` (`upload_type`),
  KEY `idx_upload_createdby` (`created_by`),
  KEY `idx_upload_updatedby` (`updated_by`)
) ENGINE=InnoDB DEFAULT CHARSET=latin1;

INSERT INTO `upload` (`upload_id`, `upload_model`, `upload_model_id`, `upload_desc`, `upload_path`, `upload_filename`, `upload_type`, `upload_imagetype`, `upload_model_runningno`, `upload_imageid`, `upload_file_date`, `created_by`, `updated_by`, `created_at`, `updated_at`, `deleted_at`) VALUES
(1,	'PermohonanModel',	2,	'Kertas Cadangan',	'/uploads/permohonan/2/sokongan/',	'sokongan_20220110031248_2_1.docx',	'1',	NULL,	NULL,	NULL,	NULL,	15,	NULL,	'2022-01-10 03:12:48',	'2022-01-10 03:12:48',	NULL),
(2,	'PermohonanModel',	2,	'Surat Setuju Kursus Permintaan',	'/uploads/permohonan/2/sokongan/',	'sokongan_20220110031248_2_2.pdf',	'1',	NULL,	NULL,	NULL,	NULL,	15,	NULL,	'2022-01-10 03:12:48',	'2022-01-10 03:12:48',	NULL),
(3,	'PermohonanModel',	2,	'Email Komunikasi',	'/uploads/permohonan/2/sokongan/',	'sokongan_20220110031248_2_3.pdf',	'1',	NULL,	NULL,	NULL,	NULL,	15,	NULL,	'2022-01-10 03:12:48',	'2022-01-10 03:12:48',	NULL);

CREATE TABLE `users` (
  `id` int(10) unsigned NOT NULL AUTO_INCREMENT,
  `name` varchar(255) COLLATE utf8_unicode_ci NOT NULL,
  `email` varchar(255) COLLATE utf8_unicode_ci DEFAULT NULL,
  `username` varchar(100) COLLATE utf8_unicode_ci NOT NULL,
  `password` varchar(255) COLLATE utf8_unicode_ci NOT NULL,
  `status` char(1) COLLATE utf8_unicode_ci NOT NULL DEFAULT '0',
  `approve_status` char(1) COLLATE utf8_unicode_ci NOT NULL DEFAULT '0',
  `supplier_status` char(1) COLLATE utf8_unicode_ci NOT NULL DEFAULT '0',
  `remember_token` varchar(100) COLLATE utf8_unicode_ci DEFAULT NULL,
  `api_token` varchar(200) COLLATE utf8_unicode_ci DEFAULT NULL,
  `locale` varchar(20) COLLATE utf8_unicode_ci DEFAULT NULL,
  `picture` longtext COLLATE utf8_unicode_ci,
  `type` char(1) COLLATE utf8_unicode_ci NOT NULL DEFAULT '0',
  `jabatan_id` int(11) DEFAULT NULL,
  `created_by` int(11) DEFAULT NULL,
  `updated_by` int(11) DEFAULT NULL,
  `created_at` timestamp NULL DEFAULT NULL,
  `updated_at` timestamp NULL DEFAULT NULL ON UPDATE CURRENT_TIMESTAMP,
  `deleted_at` timestamp NULL DEFAULT NULL,
  PRIMARY KEY (`id`),
  UNIQUE KEY `users_email_unique` (`email`)
) ENGINE=InnoDB DEFAULT CHARSET=utf8 COLLATE=utf8_unicode_ci ROW_FORMAT=DYNAMIC;

INSERT INTO `users` (`id`, `name`, `email`, `username`, `password`, `status`, `approve_status`, `supplier_status`, `remember_token`, `api_token`, `locale`, `picture`, `type`, `jabatan_id`, `created_by`, `updated_by`, `created_at`, `updated_at`, `deleted_at`) VALUES
(1,	'SUPERADMIN',	'superadmin@gmail.com',	'superadmin',	'$2y$10$gw0izPMU3RRuC4YfPSl4m.kGzqtxT9mby73D.yAouGl/p8agf1LQa',	'1',	'1',	'0',	'XDBKYqoCifHlZM3dI0usvNW1JUfhqCGsOVqZa4WblUKZOKGVkT6RETZN4816',	NULL,	'en',	NULL,	'0',	NULL,	NULL,	NULL,	'2018-03-13 06:12:25',	'2022-01-14 11:31:49',	NULL),
(2,	'ADMIN',	'admin@gmail.com',	'admin',	'$2y$10$gw0izPMU3RRuC4YfPSl4m.kGzqtxT9mby73D.yAouGl/p8agf1LQa',	'1',	'1',	'0',	'Bl3JXVDhFILXqsrS9BgTlljYBrbW6pLgxMmcujeMwow1hMxDUweC4UCzScsf',	NULL,	'en',	NULL,	'0',	NULL,	NULL,	NULL,	'2018-04-17 18:31:06',	'2020-09-29 16:27:40',	NULL),
(3,	'AB. RAZAK SALLEH',	'razaksalleh@mpc.gov.my',	'620310035231',	'$2y$10$CZ81pZ5nnSKe.d82oXpAROm1qByTj8d7wLicTff8MIowauEgV69ku',	'1',	'1',	'0',	'gsva41Uez2RbTl3vBgWRuP8uRzgr2osz62iF1UnxJSYK98JOHxAVdl0ElT5S',	NULL,	'en',	NULL,	'0',	NULL,	2,	182,	'2019-03-29 10:02:54',	'2022-01-06 13:48:43',	NULL),
(4,	'ABANG NURFADLI ABANG YUSUF',	'nurfadli@mpc.gov.my',	'881113136047',	'$2y$10$bnu2yyfLxnZC.QRePsFeAeYi9Jbyg7/jGpVqKe/YjoSWpKTXG.ilK',	'0',	'1',	'0',	NULL,	NULL,	'en',	NULL,	'0',	NULL,	2,	31,	'2019-03-29 10:02:54',	'2021-10-26 07:55:09',	NULL),
(5,	'ABDOLLAH TALIB',	'dollah@mpc.gov.my',	'641129055193',	'$2y$10$CtQDx994caSha8ZfmBM4O.vcXDRPjUfXQMP6f6ALk9xfCbz4C8Z.O',	'0',	'1',	'0',	'Rz5O9iZFoYasmFxAQjxI3sqVIpdZno303vs2M258syUPK54OeeMXjvVOoDlI',	NULL,	'en',	NULL,	'0',	NULL,	2,	1,	'2019-03-29 10:02:54',	'2021-06-23 07:11:07',	NULL),
(6,	'ABDUL HADI ISHAK',	'hadi@mpc.gov.my',	'810825045057',	'$2y$10$wMHxVymsehS/Yr9UjCLpMudH5J24gjjd/8GA01e3P4rB2AeYlb7Sy',	'1',	'1',	'0',	'2YINMATCHn5Mlq7PVcLcz0PoKUR8tpsFpriGC85o1QEu1UjEjqqwggUT43qS',	NULL,	'en',	NULL,	'0',	NULL,	2,	182,	'2019-03-29 10:02:54',	'2022-01-06 13:48:46',	NULL),
(7,	'ABDUL HAKIM BIN MOHAMAD SHARIF',	'hakim@mpc.gov.my',	'840515145893',	'$2y$10$LV34RMBlsx9RvL932M2wXes7T3nszJcEiR.oKW0VCeh2vLCExkW8q',	'1',	'1',	'0',	'1QArCCkFex03LItEhfzdZGFw3AYPwyWxKA99ZGdHBUxmZdn6mmPCaJKzl2Yv',	NULL,	'en',	NULL,	'0',	NULL,	2,	182,	'2019-03-29 10:02:54',	'2022-01-06 13:48:47',	NULL),
(8,	'ABDUL KARIM ABDUL HALIM',	'karim@mpc.gov.my',	'810328145225',	'$2y$10$bBDl0ZAm2Mmgm9edSM6WW.1iTZzIAZP5HXkgwsghZNUYZRf5AzVCu',	'1',	'1',	'0',	'b7CGi5kRYsfhfI6XeFxhrlLrY6lmjjKnnXO8uvEOZJGF6RgsW5ZzkBBaRF32',	NULL,	'en',	NULL,	'0',	NULL,	2,	182,	'2019-03-29 10:02:54',	'2022-01-06 13:48:48',	NULL),
(9,	'DATO\' ABDUL LATIF BIN HAJI ABU SEMAN',	'abdullatif@mpc.gov.my',	'610529065073',	'$2y$10$ZPqL0guqFUL0n2omcyKWWeyTrB11aIQ03jB2qQKtykgzQiwt/aOUS',	'1',	'1',	'0',	'nqEQPlXL7h7SMFwJ1NYZO7cEVemqCTe7O20tqkVMfCnAdeCaRH2s35QQfOhL',	NULL,	'en',	NULL,	'0',	NULL,	2,	31,	'2019-03-29 10:02:54',	'2022-01-07 08:30:46',	NULL),
(10,	'ABDUL LATIF HUSSEIN',	'abdullatifh@mpc.gov.my',	'600723135435',	'$2y$10$ESKp1/U/V6vWGiL17MuDbuJmjPf0PDe/7UOw8Vsf1u4mUMBTRyxji',	'0',	'1',	'0',	NULL,	NULL,	'en',	NULL,	'0',	NULL,	2,	46,	'2019-03-29 10:02:54',	'2021-06-28 08:21:26',	NULL),
(11,	'ABDUL MALEK MOHAMAD ARIPIN',	'malek@mpc.gov.my',	'690206045185',	'$2y$10$iBQprUKx3XAUvF//mCxGZOicYFdzT/vT.bzApP6CwFXFlT3cJP3Ky',	'1',	'1',	'0',	NULL,	NULL,	'en',	NULL,	'0',	NULL,	2,	182,	'2019-03-29 10:02:54',	'2022-01-06 13:48:51',	NULL),
(12,	'ABDUL QUYUN MANSOR',	'quyun@mpc.gov.my',	'850207065305',	'$2y$10$EyYfLJGXRPfR6YyDqEGd3uOp.MRaqT2r.fYL0UqYgkQd1nAJM4axa',	'1',	'1',	'0',	NULL,	NULL,	'en',	NULL,	'0',	NULL,	2,	182,	'2019-03-29 10:02:54',	'2022-01-06 13:48:52',	NULL),
(13,	'ABIGAIL SUBATRA A/P ANBALAKAN',	'abigail@mpc.gov.my',	'850106055140',	'$2y$10$.40Rm4Pwx0pa2rx76/JYxemtKXrufRpatfHvlFyQP7pksHVwnImvm',	'1',	'1',	'0',	NULL,	NULL,	'en',	NULL,	'0',	NULL,	2,	182,	'2019-03-29 10:02:54',	'2022-01-06 13:48:53',	NULL),
(14,	'ADLINA SNAWI',	'adlina@mpc.gov.my',	'781031075342',	'$2y$10$GE3mtQzNsaNPUQjAp5hW2.VasYOOynDhhSHv.Q4hq/W02UDGXWsdG',	'1',	'1',	'0',	'TinF37s2WS5ZYDb5tkV6VJ3w2Aj1TCeoeG5uHEKzPPEbOzVBYyc7PN3kEq9P',	NULL,	'en',	NULL,	'0',	NULL,	2,	182,	'2019-03-29 10:02:54',	'2022-01-11 04:00:28',	NULL),
(15,	'AHMAD FATHAN ABDUL RAHIM',	'fathan@mpc.gov.my',	'860818355343',	'$2y$10$G11gPc3z0iSQWK7/0x.1HOLTs8dBgKDz9IT.CCHRv.CC1wXJ0KgeW',	'1',	'1',	'0',	NULL,	NULL,	'en',	NULL,	'0',	NULL,	2,	2,	'2019-03-29 10:02:54',	'2022-01-06 13:48:55',	NULL),
(16,	'AHMAD HARRIS ABDULLAH',	'harris@mpc.gov.my',	'790805115235',	'$2y$10$RP7BtZMg99c6ziqcqV8LhO.0Owa6STJ1fMkKSkJLbyfk2oslUOSlW',	'1',	'1',	'0',	'C0RAEBcgwiP8KDJSYxWUfSsQegUQogDSwUGGwSNjsANtbAniylxfBUuErpDs',	NULL,	'en',	NULL,	'0',	NULL,	2,	182,	'2019-03-29 10:02:54',	'2022-01-06 13:48:56',	NULL),
(17,	'AIMAN ZAKWAN ZAHARI',	'aiman@mpc.gov.my',	'891020015691',	'$2y$10$NwUXqPAiZUcjQx5gvtMnn.zSZ0t0.sr0oCiB1hNga8do6ac2YD45i',	'1',	'1',	'0',	'Jk35CR1tBQpdwfSk3v5ngaxvwXx5uAa39rGKBjBAjyFxO22XF7Nba17snPuw',	NULL,	'en',	NULL,	'0',	NULL,	2,	182,	'2019-03-29 10:02:54',	'2022-01-06 13:48:57',	NULL),
(18,	'AIZULHISHAM MAT MENAN',	'aizul@mpc.gov.my',	'801211105313',	'$2y$10$BcYMC7Aa7SA.ey2YJeZn1e6uoVtoh9DHB1PCiEKGRE.bM/SXxsBw2',	'1',	'1',	'0',	'kUnt2HvBKBqSozGrjpfpRqKtoH0pTTfYncJjz9S9gcsvxVbzkWE2SNug1fvS',	NULL,	'en',	NULL,	'0',	NULL,	2,	182,	'2019-03-29 10:02:54',	'2022-01-06 13:48:58',	NULL),
(19,	'AKMAR ASHAARI',	'akmar@mpc.gov.my',	'790723075671',	'$2y$10$K6HLAqQG8EtDOrDXOWcYZOz6GplHL1KXLw5QVbKCiJ6TpzscybZ.G',	'1',	'1',	'0',	'VDM9xf6iyIWq2nr4SpCxOcSzs66vafpQm7U4sSZY5RRjZx6hLJMRazequhPs',	NULL,	'en',	NULL,	'0',	NULL,	2,	31,	'2019-03-29 10:02:54',	'2022-01-06 13:48:59',	NULL),
(20,	'AL HISYAM ABDUL HALIM',	'alhisyam@mpc.gov.my',	'780407145421',	'$2y$10$iYW64HIQlPtitxRylhgmEOMRcDL71w2nX4JOHf4couqvJEwoXvh5q',	'1',	'1',	'0',	'ixpQ2kHIuvhsyjM9IRPT9cEgkoFWNU8WOepLDS2cSHcBKC7Nc4zqXF2AQByC',	NULL,	'en',	NULL,	'0',	NULL,	2,	31,	'2019-03-29 10:02:54',	'2022-01-06 13:49:00',	NULL),
(21,	'ALUYAH SUHAILI',	'alluyah@mpc.gov.my',	'630805135268',	'$2y$10$EF6HYQBzs8kheLv4QoWoJOhpC9AwVd2HAsk/hd8MehwLgtq2SVcwK',	'1',	'1',	'0',	'kmvoEjZYmkxeQmerlXceaNi8y3aiv1SKCmeg1DBlCfJpaT9ncQMr04XGLkDE',	NULL,	'en',	NULL,	'0',	NULL,	2,	182,	'2019-03-29 10:02:54',	'2022-01-06 13:49:01',	NULL),
(22,	'AMIRUL QAMAR ZAKARIA',	'amirulqamar@mpc.gov.my',	'870118086399',	'$2y$10$bl/K1Ml125iLujJTsiw7r.G9dovXXy0pankneoxyAfiqOJcehbXEW',	'1',	'1',	'0',	NULL,	NULL,	'en',	NULL,	'0',	NULL,	2,	182,	'2019-03-29 10:02:54',	'2022-01-06 13:49:02',	NULL),
(23,	'ANIS MARINA ABD. WAHAB',	'anis@mpc.gov.my',	'850708145936',	'$2y$10$DIfGs2r/yFK96jLrPSO/BOS/oH1usgdTr1dQN3nNBCmh1/XaZv/HO',	'1',	'1',	'0',	NULL,	NULL,	'en',	NULL,	'0',	NULL,	2,	182,	'2019-03-29 10:02:54',	'2022-01-06 13:49:03',	NULL),
(24,	'ASMAHAN OTHMAN',	'asmahan@mpc.gov.my',	'730601715226',	'$2y$10$k2QRC5JsB64qwYpkSXJkAOIbmt3zEhkdeXQV2jiD2QaKo5OhAghda',	'1',	'1',	'0',	'1NKZ1ijBZ0aFsk6yEVjmeZvFVyC5LtE97AxFAQWQN6sas5MDVyrBe91HXh3t',	NULL,	'en',	NULL,	'0',	NULL,	2,	182,	'2019-03-29 10:02:54',	'2022-01-06 13:49:04',	NULL),
(25,	'ASMAWADI MOHAMED',	'asmawadi@mpc.gov.my',	'800318035293',	'$2y$10$UnqSWsynjMOZW1wMBivg1uuB11gKQ64MZiqxYeBElEhyNe10Hy4na',	'1',	'1',	'0',	'hE9Z770SCn7SxW4tz4qrgAGveVORDGqHpQTnTUld08paFMRK698S0yOqNqII',	NULL,	'en',	NULL,	'0',	NULL,	2,	182,	'2019-03-29 10:02:54',	'2022-01-06 13:49:05',	NULL),
(26,	'ATHIRAH ISHAK',	'athirah@mpc.gov.my',	'890925035094',	'$2y$10$l8htpx1FSHiQarbn78dGyuFWMBacuILNOlsBy7pV/a0opUhVMZKwq',	'1',	'1',	'0',	'2z5YxK4tVshVC0aRsFIgKp8ChRqrNWK4WpeISxkqy25XnOOU7GcXU1Qg0j1P',	NULL,	'en',	NULL,	'0',	NULL,	2,	182,	'2019-03-29 10:02:54',	'2022-01-06 13:49:06',	NULL),
(27,	'ATI DJAM SERI MONTOI',	'atidjam@mpc.gov.my',	'721110125470',	'$2y$10$kpyrymEF7F0uHoEFi.dgrelV/0beV32jggzmtpNtFqoCEyE/5y/Ty',	'1',	'1',	'0',	'EVnT3j5cSiwgWiG24naaqlJoOyETTez49Wq4v4xsJWXeWbKKRiqcS0TUX9W3',	NULL,	'en',	NULL,	'0',	NULL,	2,	182,	'2019-03-29 10:02:54',	'2022-01-10 02:48:13',	NULL),
(28,	'AWANG UDIN KANDA',	'awangudin@mpc.gov.my',	'620807125523',	'$2y$10$r4TjMnHKJlV5MK4UJek/5uqTSCkAG6kjJIWjikaSISm0afRLbIPi2',	'1',	'1',	'0',	NULL,	NULL,	'en',	NULL,	'0',	NULL,	2,	182,	'2019-03-29 10:02:54',	'2022-01-06 13:49:08',	NULL),
(29,	'AZHANI ISMAIL',	'azhani@mpc.gov.my',	'740621715142',	'$2y$10$4Dafb/XHxt88X0pIyf7W6uiP9smvMlFqnOTAFMRYynmRmJk0TMFVK',	'1',	'1',	'0',	NULL,	NULL,	'en',	NULL,	'0',	NULL,	2,	182,	'2019-03-29 10:02:54',	'2022-01-06 13:49:09',	NULL),
(30,	'AZIMAH ADNAN',	'azimah@mpc.gov.my',	'820910105084',	'$2y$10$kttfuitmkUItj7afQ4ON6eJR/WMstx5yl.jDTEMsFfdQKXYsMRQUi',	'1',	'1',	'0',	'ZIZjceP2t5Cefdu2FqztpBKWIoceXiunrmt9EoWGr1bKZJIt8eWz9Uu8iX0i',	NULL,	'en',	NULL,	'0',	NULL,	2,	182,	'2019-03-29 10:02:54',	'2022-01-06 13:49:10',	NULL),
(31,	'AZIRA MOHAMED HODZAI',	'azira@mpc.gov.my',	'871121295452',	'$2y$10$8U9avwR1WkDpRwG2/ZKT/usljODcoPEVr5WUmyTFtKxqBDbJER6AW',	'1',	'1',	'0',	'n1kr5c0iqSiXUDAxHpcVxx1RMS4UPJe8NOdK44lXxbBLYRypZzyG0PgYdfMH',	'laQyvOAj3YhD8GBMLBwkoBv1u6hulLjrh6kR3HVB6qnk5ratS2hGgXJDIYmW',	'en',	NULL,	'0',	NULL,	2,	182,	'2019-03-29 10:02:54',	'2022-01-10 03:50:31',	NULL),
(32,	'AZIZAN OMAR',	'azizan@mpc.gov.my',	'590613055315',	'$2y$10$ekBpX0Kv.fZe3aeSbH78SOBzktVgKnacMTkV2mVyvl8/lgE2lhJFu',	'0',	'1',	'0',	NULL,	NULL,	'en',	NULL,	'0',	NULL,	2,	2,	'2019-03-29 10:02:54',	'2021-06-25 08:29:38',	NULL),
(33,	'AZLAN KASSIM',	'azk@mpc.gov.my',	'600518106299',	'$2y$10$FfC7i98oTzHvfIYN14tbE.G5U6WaC2i/cwn/1lkc1oy5Vbru/1svi',	'0',	'1',	'0',	'3c6u2qsYx2URxYSIFm9yq8CgM9eibEY4LStccHFSx39gg6Eb9PeVv5md7GW0',	NULL,	'en',	NULL,	'0',	NULL,	2,	46,	'2019-03-29 10:02:54',	'2020-10-15 04:21:39',	NULL),
(34,	'AZLIN MOHD ALIAS',	'azlin@mpc.gov.my',	'771102145856',	'$2y$10$Rq/y3Yu/hogLeEnAMCCSk.lD0NnBr9joIl7TEYX6r/QkIueOcsJXe',	'1',	'1',	'0',	'KR9Z0xiD9qMTs75e88N6P2Qrb6ZYPISZLTT21b0p8dvVWxPFzDxioIyLV2mT',	NULL,	'en',	NULL,	'0',	NULL,	2,	182,	'2019-03-29 10:02:54',	'2022-01-06 13:49:14',	NULL),
(35,	'BAHAR MUSA',	'bahar@mpc.gov.my',	'591116055239',	'$2y$10$LdFpq7HVg5DclO/w6EiqQOGeSu1yuv60luioDf33HDwdvDMX47kB6',	'0',	'1',	'0',	NULL,	NULL,	'en',	NULL,	'0',	NULL,	2,	2,	'2019-03-29 10:02:54',	'2021-06-20 11:00:54',	NULL),
(36,	'BURHANUDDIN SAIDIN',	'bob@mpc.gov.my',	'601103085419',	'$2y$10$pdt.CUgn4t2XOLK0cRKVier/8/M.m3n013uIkp5qXrxylII7TJ1KS',	'0',	'1',	'0',	'oRtHaGoF5W39rtr0zDysHxj3E8svCHZWNGomEJVcxdNZ3GIExejWaJ4QeEGi',	NULL,	'en',	NULL,	'0',	NULL,	2,	46,	'2019-03-29 10:02:54',	'2021-06-24 07:39:33',	NULL),
(37,	'CHAM YIN HWA',	'cham@mpc.gov.my',	'850809045416',	'$2y$10$8kfF2/Kmb5aBKZ6FPkujPeJ7Dy/8TqG3eK7WHWbUSZpPZkxK0RySW',	'1',	'1',	'0',	'wsL99PeAvTzp7ncymKv59lg2Cc5uP5eb8zIJmvr40D9hpb7RYiLkAMR9d49V',	NULL,	'en',	NULL,	'0',	NULL,	2,	182,	'2019-03-29 10:02:54',	'2022-01-06 13:49:17',	NULL),
(38,	'DARUL ADIZUL ISHAK',	'daruladizul@mpc.gov.my',	'821110105937',	'$2y$10$fQWhAtWRzzCp7QYCebR8UesXh1ZBjAV4KGt/LQLL4hLI2o4fmqG0e',	'1',	'1',	'0',	'F7bhv5JiOHpTQVkVGiJJL2UWPsQsM49hy2dVgskrjGj7IrD9hO8rAYzTCUNh',	NULL,	'en',	NULL,	'0',	NULL,	2,	182,	'2019-03-29 10:02:54',	'2022-01-06 13:49:18',	NULL),
(39,	'DR. DAUD TALIB',	'daud@mpc.gov.my',	'650523015733',	'$2y$10$kEreLbQxiO5aaqCKx6uOgOksOO.r4A6N6mYiMeZ0XGbd.ZbHY5vIa',	'0',	'1',	'0',	'aHKX1Wmv3VhBs2UhO2Xrpgbaztq4v2eNRRaJgyYr0QmLE7LXBjWzAkOYzoZf',	NULL,	'en',	NULL,	'0',	NULL,	2,	46,	'2019-03-29 10:02:54',	'2020-10-15 04:22:08',	NULL),
(40,	'EAMIZAN HASIM',	'eamizan@mpc.gov.my',	'671215106089',	'$2y$10$KDpqYgkR4khp4VPsPPoHJelqmZFjmsIQpwXX0Hk9rnGXElF8E9xUm',	'1',	'1',	'0',	'8QX1WZldjgjI5HbQjNmCTjpcTn3qqjstgHnDuMgqdiG9M8WZQGAX8w2GIt3X',	NULL,	'en',	NULL,	'0',	NULL,	2,	182,	'2019-03-29 10:02:54',	'2022-01-06 13:49:20',	NULL),
(41,	'EDWARD BINTY',	'edward@mpc.gov.my',	'750707125521',	'$2y$10$aal1E.ibD06RdCgvad78Iuvg.OGjtEq.Au3W78mDn.eklNmnxvO6y',	'1',	'1',	'0',	'rzUhLwowdrDxcnn39T0Ha8ij8EjUN2lfbFcVwI6YrjWu1OouPxbkz1O7WfkQ',	NULL,	'en',	NULL,	'0',	NULL,	2,	182,	'2019-03-29 10:02:54',	'2022-01-06 13:49:21',	NULL),
(42,	'ELLMA EDDIAHWATI MUSA',	'ellma@mpc.gov.my',	'760622145362',	'$2y$10$t6zUP3ShBeD0CkCYgHNqgu04oa3HsKBu4olYz9TyhjXkdKK6YmUnq',	'1',	'1',	'0',	'XDijWm8xXs2Z7rYC6Vh1fmHGM1OzAkx7j9HxknOw53AQ0yuAB3lEK2s2wM58',	NULL,	'en',	NULL,	'0',	NULL,	2,	182,	'2019-03-29 10:02:54',	'2022-01-06 13:49:22',	NULL),
(43,	'FAIZUL MOHAMED',	'faizul@mpc.gov.my',	'730506015053',	'$2y$10$tFGt1eAj9t7uWIuMX28cte93XFbloRR.DoYIo.2XmX76f3pAtCOyG',	'1',	'1',	'0',	NULL,	NULL,	'en',	NULL,	'0',	NULL,	2,	182,	'2019-03-29 10:02:54',	'2022-01-06 13:49:23',	NULL),
(44,	'FARA SALINDA AYU HALIM',	'farasalinda@mpc.gov.my',	'790904085772',	'$2y$10$te3cpcB8RWjG6jjNo.0XWeFehBk4d7CRsgN7ZgDlcjBeJ1SnbhChi',	'1',	'1',	'0',	'VKa29YhcyVv56c5vgNGUknOUKIRdeGEFq5trKPH8hGkWO27oXC9JOydV2HEz',	NULL,	'en',	NULL,	'0',	NULL,	2,	182,	'2019-03-29 10:02:54',	'2022-01-06 13:49:24',	NULL),
(45,	'FARA SURAYA HANI BINTI HALIM',	'fara@mpc.gov.my',	'780714085668',	'$2y$10$z7eUpnioJcrQNGMA2ni50.NBIWRGz6eAnQtavHRhzkduE6STkqWri',	'1',	'1',	'0',	'cxdOwbRtc6t565ogHgrLfefjCgXwM0N5ID94GZ1uERrCIUxCjZ1rwWOQ7lkb',	NULL,	'en',	NULL,	'0',	NULL,	2,	182,	'2019-03-29 10:02:54',	'2022-01-06 13:49:25',	NULL),
(46,	'FARAH DIYANA DERMA DEWA',	'diyana@mpc.gov.my',	'820812105056',	'$2y$10$5ueVNp8pwNaftR2ttwXmrORe61Xwj9Im6hSQWkvAslRCsHOtO1S0W',	'1',	'1',	'0',	'E0YEqCuouBGOd5JbnaQGRnc1e9KBdVp2xdAjbRfXM5GgvUH023LCxqcwQWHW',	NULL,	'en',	NULL,	'0',	NULL,	2,	182,	'2019-03-29 10:02:54',	'2022-01-06 13:49:26',	NULL),
(47,	'FARAH SAZARINA OTHMAN',	'farah@mpc.gov.my',	'811203015456',	'$2y$10$vWfbEVZB7GpJwr5JkVLzyenbcySChDuVu5ycUkSNmSkGHXx6V3Msq',	'1',	'1',	'0',	'w1sojZiKV8kEy7z9Y81udb9AmhZTAVvhuzulkAtqyPh5zpbbXStvlDUfjpxg',	NULL,	'en',	NULL,	'0',	NULL,	2,	182,	'2019-03-29 10:02:54',	'2022-01-06 13:49:27',	NULL),
(48,	'FARHAN ABDULLAH',	'farhan@mpc.gov.my',	'730617105449',	'$2y$10$GR2uglfLtNb9IPDutZwYXOdSJNiXvL138jBtuTw7ybMIcEHrI6/Dm',	'1',	'1',	'0',	NULL,	NULL,	'en',	NULL,	'0',	NULL,	2,	182,	'2019-03-29 10:02:54',	'2022-01-06 13:49:28',	NULL),
(49,	'DR. FARIDAH TAJU RAHIM',	'faridah_tr@mpc.gov.my',	'760308065380',	'$2y$10$i6YYxkEwKoqar7iKRx6MUuMFSVIhvxFDMeXAf9OsBfwmhd./T0.Ne',	'1',	'1',	'0',	'L6kzDi2xln0p1zjWzaoUkiA5h1dj2bXIr2B8n2GVipZj9itA8Zdm0Oe9LxZk',	NULL,	'en',	NULL,	'0',	NULL,	2,	31,	'2019-03-29 10:02:54',	'2022-01-07 09:01:22',	NULL),
(50,	'FAUZIAH AHMAD NAWAWI',	'fauziahnawawi@mpc.gov.my',	'790625105398',	'$2y$10$jo6zd9BlA1//IcqFVlzp9.cdGGMynYyYg0rh4pVXTSlYQZ.JZEx1W',	'1',	'1',	'0',	'LjlYSgu6fhN2eoRaKTyHABYhOpVqcqGZEhWf9AscrczmvOcUkE9m7ZNtzjbu',	NULL,	'en',	NULL,	'0',	NULL,	2,	182,	'2019-03-29 10:02:54',	'2022-01-06 13:49:30',	NULL),
(51,	'FAUZIAH MANAF',	'fauziah@mpc.gov.my',	'660107065028',	'$2y$10$9v8Dr1tA7Qwnm/.G3v9e3OFYle102lQogMQlCBvTeh9tj5IqhWzQG',	'1',	'1',	'0',	'kpfLpG2Cz87CldNVQ83iaGnStfs38R9euWhqUgmmLEtQayZ8244kWFyBTIvn',	NULL,	'en',	NULL,	'0',	NULL,	2,	182,	'2019-03-29 10:02:54',	'2022-01-06 13:49:31',	NULL),
(52,	'FAUZIAH SAKIMAN',	'fauziahsakiman@mpc.gov.my',	'720323015326',	'$2y$10$vjL9X8tfZzBjqzaU4Z1zyuwULRGvTTUJJL2BEvHnldKCKAYPCHMKy',	'1',	'1',	'0',	NULL,	NULL,	'en',	NULL,	'0',	NULL,	2,	182,	'2019-03-29 10:02:54',	'2022-01-06 13:49:32',	NULL),
(53,	'FIZALAWATI AMIN',	'fizalawati@mpc.gov.my',	'810813135258',	'$2y$10$7lrJpRIQRHwyclBuGV8a5eBJIHqkmbvBq8nWCxr7svc0somMIEBFm',	'1',	'1',	'0',	'NloYiTphdZEOMC0A7XZKNHouRXXgwv7J7av5iOhcAnwudulEDctES5NmtuhE',	NULL,	'en',	NULL,	'0',	NULL,	2,	182,	'2019-03-29 10:02:54',	'2022-01-11 03:52:40',	NULL),
(54,	'HAFIZA ATHA AHMAD',	'hafiza@mpc.gov.my',	'811010105092',	'$2y$10$0kw4iMKeV2Rs/7NdaZmaF.zabnwKoTy9P3gqQYgTSOyMvmBIehBZq',	'1',	'1',	'0',	'ovbu9QWGoMAfBhkP5YGdtPMhIBIjxFWPGH77eIcj9L4U6qJmzRBa1MMjaGOm',	NULL,	'en',	NULL,	'0',	NULL,	2,	182,	'2019-03-29 10:02:54',	'2022-01-06 13:49:34',	NULL),
(55,	'HAFIZAH SITH',	'hafizahsith@mpc.gov.my',	'790329016120',	'$2y$10$ZtjhH/zbt0g73wxXTlk.TeBR7TtmzfNvGVdh07.6Yt5jCEY2odgdC',	'1',	'1',	'0',	NULL,	NULL,	'en',	NULL,	'0',	NULL,	2,	46,	'2019-03-29 10:02:54',	'2022-01-06 13:49:35',	NULL),
(56,	'HAFIZOH MD. ARIS',	'hafizoh@mpc.gov.my',	'780402025746',	'$2y$10$1BJO/oxayfyT1y6U27e3J.FhG2YNYpaBp/6kRfxNMoWiHcESkSnle',	'1',	'1',	'0',	'p4FLl6QuaVAcsLxZWm3YyL2e4uJR1WobFp7uL4fPgwgi1PC5vskv91s0HDLN',	NULL,	'en',	NULL,	'0',	NULL,	2,	182,	'2019-03-29 10:02:54',	'2022-01-06 13:49:36',	NULL),
(57,	'HAIRUL MIZAN HAMDAN',	'hairul@mpc.gov.my',	'770222015947',	'$2y$10$ysZ6RD1ecM1BCrUGR5488egShFRns9wD5SCPAWuufnKsSjCw6J7U2',	'1',	'1',	'0',	NULL,	NULL,	'en',	NULL,	'0',	NULL,	2,	182,	'2019-03-29 10:02:54',	'2022-01-06 13:49:37',	NULL),
(58,	'DR. HALIMAHTON SA\'DIAH LET',	'halimahton@mpc.gov.my',	'730930085368',	'$2y$10$ckaSKluKWQdQ/NurSy.I1eHrRztlXcPJsYbkSRM7eg.Rblctn1HQK',	'1',	'1',	'0',	'ol2M35Vpnjvhakbj93Gf48yIaYBhlvBPNE6J1fFnDgBv3XqhG5peYlSDcVMM',	NULL,	'en',	NULL,	'0',	NULL,	2,	182,	'2019-03-29 10:02:54',	'2022-01-06 13:49:38',	NULL),
(59,	'HAMZALY ZAKARIA',	'hamzaly@mpc.gov.my',	'680617105825',	'$2y$10$Q2llnygwSl5uqBdxPgjKJ.RIisKHnFi96ZQZpXAaxTPgjrmxl80tu',	'1',	'1',	'0',	NULL,	NULL,	'en',	NULL,	'0',	NULL,	2,	182,	'2019-03-29 10:02:54',	'2022-01-06 13:49:39',	NULL),
(60,	'HANISAH RAMLI',	'hanisah@mpc.gov.my',	'840523105736',	'$2y$10$tV9fRhFwxKm9G.fb5o2fE.f1o.99AXKsYCVdW5is01vcsy9AVQ.Fa',	'1',	'1',	'0',	NULL,	NULL,	'en',	NULL,	'0',	NULL,	2,	182,	'2019-03-29 10:02:54',	'2022-01-06 13:49:40',	NULL),
(61,	'HASBULLAH ABDUL HAMID',	'hasbullah@mpc.gov.my',	'800114025253',	'$2y$10$A1I0Ifh7Cnqi6xjEjWgErO3JpjA1BdO2.KRsgm4OsraQfINywIToi',	'1',	'1',	'0',	NULL,	NULL,	'en',	NULL,	'0',	NULL,	2,	182,	'2019-03-29 10:02:54',	'2022-01-06 13:49:41',	NULL),
(62,	'HASLIZAYANTI OTHMAN',	'haslizayanti@mpc.gov.my',	'810117065348',	'$2y$10$DT65BE4dLMkQkJ9Fyw1xZeTV4dsMSUxOgAxXZLpGHTNLbGa8o/dvq',	'1',	'1',	'0',	'Et9ITFHybzrTca7aodePj9ho7PmcyZqYSOUGWmTZ5SBqI8ku3EM6SuDbWj43',	NULL,	'en',	NULL,	'0',	NULL,	2,	182,	'2019-03-29 10:02:54',	'2022-01-06 13:49:42',	NULL),
(63,	'HAZWANI NADIAH ISMAIL',	'hazwani@mpc.gov.my',	'820913035624',	'$2y$10$A8jxNkP3AbyroYUbiiXA5.0Szu8/mA72omamTTFMQIxYnz50VqBce',	'1',	'1',	'0',	'23CMGm3dOmgux6fQBbbv2KY9S5YgJKbU3j39TG1NaWBP8LaQi6aMwpnvhvcO',	NULL,	'en',	NULL,	'0',	NULL,	2,	182,	'2019-03-29 10:02:54',	'2022-01-11 02:36:45',	NULL),
(64,	'HILLINA ABDUL KARIM',	'hillina@mpc.gov.my',	'760325105284',	'$2y$10$K3mEm.KuRPoDiuLW1qoKM.A7Ir47M9pyOsEyUgdtxMG1mv1KDWEuK',	'1',	'1',	'0',	NULL,	NULL,	'en',	NULL,	'0',	NULL,	2,	182,	'2019-03-29 10:02:54',	'2022-01-06 13:49:44',	NULL),
(65,	'HISHAMUDDIN HASSAN',	'hishammudin@mpc.gov.my',	'811203025531',	'$2y$10$HWCuayIspv.RH0nBtAgtduIgbEuioy/jFpA3xG12aEOiXte04E26G',	'1',	'1',	'0',	NULL,	NULL,	'en',	NULL,	'0',	NULL,	2,	2,	'2019-03-29 10:02:54',	'2022-01-06 13:49:45',	NULL),
(66,	'AB. RAHIM YUSOFF',	'abrahim@mpc.gov.my',	'601217035145',	'$2Y$10$wiLyp/.FHFVl.9NOLSX2vuc8QFljJ8DWnBW5SkvW9TRdMSCUYKc7y',	'0',	'1',	'0',	'yXL0GYLcnUegpyr5i9cTUDMSpA1tpWloodudoA0HQ8OAFoShZ3E8ypoxEtSY',	NULL,	'en',	NULL,	'0',	NULL,	2,	31,	'2019-03-29 10:02:54',	'2021-07-28 15:50:22',	NULL),
(67,	'AB. RASHID OMAR',	'abrash@mpc.gov.my',	'660801045393',	'$2y$10$tj6Az1tMt.aW3zEvCYwToOkRturTpMH7s85FNBAT.2KXouRuIFLp2',	'1',	'1',	'0',	'u8vDcT4g1HdP4jyMtpkKGRbURp9NBbLSvqvp2BN2ojLzhVbMcEtyIFNExmvM',	NULL,	'en',	NULL,	'0',	NULL,	2,	31,	'2019-03-29 10:02:54',	'2022-01-07 03:01:18',	NULL),
(68,	'HUDA ATIQAH SAMSIR',	'atiqah@mpc.gov.my',	'881028015128',	'$2y$10$a1AJbYjhK1CEqzzTlhmuxOImNipKGVTN2G/J6fuUCZPuTqEnaEL6K',	'1',	'1',	'0',	NULL,	NULL,	'en',	NULL,	'0',	NULL,	2,	182,	'2019-03-29 10:02:54',	'2022-01-06 13:49:48',	NULL),
(69,	'ILYANA NORSAIDAH AB RAHMAN',	'ilyana@mpc.gov.my',	'910911035478',	'$2y$10$15hS2XJIVr8Y8x3wRS7NCu7oCcZE34wVwqBiNZP7eh25w86PxaEP2',	'1',	'1',	'0',	'xvsKeIbkP07zDDwvpJC1r7ksBAYr7DrYyzv5G495WmMhYuNRMjQ4UHE4QsDV',	NULL,	'en',	NULL,	'0',	NULL,	2,	182,	'2019-03-29 10:02:54',	'2022-01-06 13:49:49',	NULL),
(70,	'INGRID NG EDY',	'ingrid@mpc.gov.my',	'871121495040',	'$2y$10$3zqZb2ustabeTxha8WCoHey8kyebXuZFtqGd1PAq5YgoxBQKE0blO',	'1',	'1',	'0',	'A3NCheILeIByDocmnIC9fvFGjcX5GDoMIGCrSCuDstuioqKojmR8gSAE7Pu4',	NULL,	'en',	NULL,	'0',	NULL,	2,	182,	'2019-03-29 10:02:54',	'2022-01-06 13:49:50',	NULL),
(71,	'ISRAM AZHAR',	'isram@mpc.gov.my',	'820324105479',	'$2y$10$Xwa7MWd6M1foRj1besvsXu/vt5iT9/cgAxM8nlCdPkJrvPrISfkRq',	'1',	'1',	'0',	'BAD8ZZFHEiuxcKjjrWPaIhWlZIfwUoMpfqwSd4OHtw35fDvimulUUEzQRsHc',	NULL,	'en',	NULL,	'0',	NULL,	2,	182,	'2019-03-29 10:02:54',	'2022-01-06 13:49:51',	NULL),
(72,	'IZANI ISHAK',	'izani@mpc.gov.my',	'630610035689',	'$2y$10$7eXapXTkMZeycnuoMAisPudYERgZDfDOHsjBTd620mm5/cGer7fu6',	'1',	'1',	'0',	'N3zJayV6aUJJryItzYJyWsL9K98AXtAj9975V1ywhp8z0dybc8YfaTV4xXIr',	NULL,	'en',	NULL,	'0',	NULL,	2,	182,	'2019-03-29 10:02:54',	'2022-01-06 13:49:52',	NULL),
(73,	'IZZUL IKHWAN ISHAK',	'izzulikhwan18@yahoo.com',	'910610105989',	'$2y$10$Q.i22U4leEwvFZqxJkbfjOsGyK3exHilMH2kFy/lnpuT9Cg6TPhp.',	'1',	'1',	'0',	'ao3zEWtwNQt6htWObZwn87FNLesQf8RE1let1pK96n9aMm7epvVXIAflk5mD',	NULL,	'en',	NULL,	'0',	NULL,	2,	182,	'2019-03-29 10:02:54',	'2022-01-06 13:49:53',	NULL),
(74,	'JAUZA JUHAIRAH JIMMY ABDULLAH',	'jauza@mpc.gov.my',	'920127126324',	'$2y$10$IBVhquZnOjQK2UQBNe5jWOFmyq6q3V0Cz1moBRTqOhcz.XsHh1zKS',	'1',	'1',	'0',	NULL,	NULL,	'en',	NULL,	'0',	NULL,	2,	182,	'2019-03-29 10:02:54',	'2022-01-06 13:49:54',	NULL),
(75,	'JAYALETCHUMI KRISHNAN',	'jaya@mpc.gov.my',	'780507025152',	'$2y$10$5GGRMYotB6zbkDevfUtwqes60Y8uKV27zYj6pexAUbVzVyoqd6R2W',	'1',	'1',	'0',	'zd8RvZjyOGZR4m3ehnYXobMg8Zl9jwWxYlYMrlWdBadPG4zvRwwN0dm2er8w',	NULL,	'en',	NULL,	'0',	NULL,	2,	188,	'2019-03-29 10:02:54',	'2022-01-06 13:49:55',	NULL),
(76,	'JERRY SHAHNIZAL AB AZIZ',	'jerry@mpc.gov.my',	'830808146065',	'$2y$10$LDhFZkxEBjt6.YqyhzGqROP8rlHJhEhP7mJe0QBz5Kn9C9PV6ecG2',	'1',	'1',	'0',	'xB8aAja1ouQ9KMw5VaBDhSVulsMGGsFJohqDCft5ZRmLhFBrGs6TJUCI88v6',	NULL,	'en',	NULL,	'0',	NULL,	2,	182,	'2019-03-29 10:02:54',	'2022-01-06 13:49:56',	NULL),
(77,	'JOSFFA ISMAIL',	'josffa@mpc.gov.my',	'780215075975',	'$2y$10$bmbZUWtuAwI80sJhV3HBTOgzCmHqwnJsN9uhqwIj1H72chRUf8Xnm',	'1',	'1',	'0',	NULL,	NULL,	'en',	NULL,	'0',	NULL,	2,	182,	'2019-03-29 10:02:54',	'2022-01-06 13:49:57',	NULL),
(78,	'KABIR AHMAD MOHD JAMIL',	'kabir@mpc.gov.my',	'600101025303',	'$2y$10$h6g44/p2vkAPVDFkMsiJ7usgDt/vjucsboMA3/KfO9P3HDoXiQ.CG',	'0',	'1',	'0',	'QiEl5sHq8okwaC7w8Qg9klMwAOn132JFDL3Dpd2h1C9aTFMNJ9JWvMcQAjR7',	NULL,	'en',	NULL,	'0',	NULL,	2,	46,	'2019-03-29 10:02:54',	'2020-01-06 14:48:26',	NULL),
(79,	'KAMARUDDIN MOHAMAD',	'dinmohd@mpc.gov.my',	'610718115105',	'$2y$10$TGrzEFJLHaiOfraNpna3pOUFnG6JnMLxnxcbjRYMY7mxvih7k8tCi',	'0',	'1',	'0',	'qswZH6Z98txoTEKhmj76DVTwMbhA8yYtdP73qe86VrFJDdRcgdjXEXTqMZSs',	NULL,	'en',	NULL,	'0',	NULL,	2,	182,	'2019-03-29 10:02:54',	'2021-08-12 13:51:24',	NULL),
(80,	'KAMARUZAMAN RAMLI',	'kamaruzamanr@mpc.gov.my',	'830308115035',	'$2y$10$vUnFBgBDIEwHMtlfwIDRiuW0DANWEK/q45RJnYs2srwApExJD9J.u',	'1',	'1',	'0',	'rAa2qAbObfMN15Mox8VaemtvSTkVCt0OsfWc7ZjFU05sCvoewZLr2IbN3Yzs',	NULL,	'en',	NULL,	'0',	NULL,	2,	182,	'2019-03-29 10:02:54',	'2022-01-06 13:50:00',	NULL),
(81,	'KARTIN HASLINDA CHE MAT',	'haslinda@mpc.gov.my',	'760304035264',	'$2y$10$1Oh/Pa/UvjBiYNtDjAHPsO7Ny66y.Zanm0V8qHHMnanTixgYs9WBa',	'1',	'1',	'0',	'Vc5B0f0jeQKgWgifbf6vCmbyiV1uePxm64Hzkskh3PnlPM0zpkv9EbmuVY6u',	NULL,	'en',	NULL,	'0',	NULL,	2,	81,	'2019-03-29 10:02:54',	'2022-01-06 13:50:01',	NULL),
(82,	'KASTURI DEVI A/P APPANNA',	'kasturi@mpc.gov.my',	'810525085890',	'$2y$10$F.vYDELX8W5AlrbHFQkRr.zmMOLwWK23UyD7ya/5jFuCz/bqrgxmy',	'1',	'1',	'0',	NULL,	NULL,	'en',	NULL,	'0',	NULL,	2,	2,	'2019-03-29 10:02:54',	'2022-01-06 13:50:02',	NULL),
(83,	'KHAIRIL AFI ADNAN',	'khairilafi@mpc.gov.my',	'871003065189',	'$2y$10$FHN9KPOmjAqQk2WS0hyFrepXHRiEi8SS3ygH0.V6y.RkHNcpKIO7y',	'1',	'1',	'0',	'PKONKWT1Hj3ixCN9FMU1K2DRR6I3G5XZBQeix9KWDw1eKF1nmMRMLpttKweV',	NULL,	'en',	NULL,	'0',	NULL,	2,	182,	'2019-03-29 10:02:54',	'2022-01-06 13:50:03',	NULL),
(84,	'KHALIDATUL ASRIN ABDUL AZIZ',	'asrin@mpc.gov.my',	'800112025794',	'$2y$10$5DUlAtR4Z9n2Wdy6cOnHGu9.yZr5TVMaT3TmdYx0EBJ1krT5lGmNa',	'1',	'1',	'0',	NULL,	NULL,	'en',	NULL,	'0',	NULL,	2,	84,	'2019-03-29 10:02:54',	'2022-01-06 13:50:04',	NULL),
(85,	'KHATIJAH RAHMAT',	'khatijah@mpc.gov.my',	'840710135404',	'$2y$10$JN2rxs9GSu5a6ppCJtiRoOv1xhgf4m82jdbB.TlOkqYUmSACso26u',	'1',	'1',	'0',	'DCPr3j9xiFrQ01c07hSWf4CArr92dFMVr8sNlC5B2MQP4KBzFiTLQEZTEOq7',	NULL,	'en',	NULL,	'0',	NULL,	2,	182,	'2019-03-29 10:02:54',	'2022-01-06 13:50:05',	NULL),
(86,	'KHIDZIR BIN AHMAD',	'khidzir@mpc.gov.my',	'780830105611',	'$2y$10$Gny/ztbDQ4EmmZ4LRE5eZO5TdJh6KSBuPqPTTcL.psLSTbFmhG1qi',	'1',	'1',	'0',	'ST67YLWibdBX8DwKJeZ6cf4IRKCZwr9xRZYwNpEYW3sKL2ESUAh3xoT1tbhL',	NULL,	'en',	NULL,	'0',	NULL,	2,	182,	'2019-03-29 10:02:54',	'2022-01-06 13:50:06',	NULL),
(87,	'DATIN LATCHUMY PRABHA',	'prabha@mpc.gov.my',	'620517015246',	'$2y$10$IVyIjV2V/sO6haCLuonsauYVdJmSSP3HTVzUPAJh5buK7hVuG2eEW',	'1',	'1',	'0',	NULL,	NULL,	'en',	NULL,	'0',	NULL,	2,	182,	'2019-03-29 10:02:54',	'2022-01-06 13:50:07',	NULL),
(88,	'LEE WAN SWANEE',	'swanee@mpc.gov.my',	'850915035756',	'$2y$10$L9AWqTKGLWthKCuHOQU0Zu9VvAAbAYtgzM5DBnnvchk.7KDkxZVCS',	'1',	'1',	'0',	'KgSfeqdvocRSv36JHIBkEHbX4aEVbWQJUHv9hcx9ufvzBN5BI6BXVEUnBloB',	NULL,	'en',	NULL,	'0',	NULL,	2,	182,	'2019-03-29 10:02:54',	'2022-01-06 13:50:08',	NULL),
(89,	'LEE WAN WEI',	'wanwei@mpc.gov.my',	'860814595008',	'$2y$10$TbxzwXWRRytIv/z3wGFnaOfVKuM3CL7ANkBrKkcQJp6W73JOktCeC',	'1',	'1',	'0',	'ykf0s34EiZjbKpppY1wCdllnZHgHDv3BXplkx6fAw31FBKlS0uNMIKktRKQL',	NULL,	'en',	NULL,	'0',	NULL,	2,	182,	'2019-03-29 10:02:54',	'2022-01-06 13:50:09',	NULL),
(90,	'LIYANA OTHMAN',	'liyana@mpc.gov.my',	'900703137438',	'$2y$10$44XaFsA05XVaPrkPW239CO/SXTT2sUATvUguKKvG0QSUmDEOuIo6O',	'1',	'1',	'0',	'H6AVDbo8e1TGCvc5x8E9wrSjB6DPe2SkW4eYCmpTCVeUFow9VVWU0v5DD5Jx',	NULL,	'en',	NULL,	'0',	NULL,	2,	182,	'2019-03-29 10:02:54',	'2022-01-06 13:50:10',	NULL),
(91,	'MAHADI HASBULLAH',	'mahadi@mpc.gov.my',	'760815035303',	'$2y$10$Ptp8gBca7lYKB.Ibn2N1Lutx70xiyBmo8PlIBZtDOs8Ng8jRNQfpG',	'1',	'1',	'0',	'8mJbPNBrEzQVgDykNfYj3ulAopwz87aeDRXa4mtvD2pN4tsXTgm9QvxvTeSQ',	NULL,	'en',	NULL,	'0',	NULL,	2,	31,	'2019-03-29 10:02:54',	'2022-01-07 07:05:11',	NULL),
(92,	'MARIATUL AF-IDA BT MOHD TAJUL ARIFFIN',	'mariatul@mpc.gov.my',	'750712085034',	'$2y$10$YWF06n.c1ASb6WYB5enzQOSV2n2vE8lCWGCFKvM/xk2aFKfJMMRFm',	'1',	'1',	'0',	'CKtQUy8GLqw1szm0YzOlP84rAnsHHp1TjkAMLJvJjc1sc2UHfg1yl4xUyD9Y',	NULL,	'en',	NULL,	'0',	NULL,	2,	182,	'2019-03-29 10:02:54',	'2022-01-06 13:50:12',	NULL),
(93,	'MARINA MAULAD ISMAIL',	'marina@mpc.gov.my',	'860329145038',	'$2y$10$OTEvUkZSieSYYtUrtJExD.wdcNGxAuKJeWiSFggn3N.CfCXQITFPi',	'1',	'1',	'0',	'Lr2skJHGCMQFw6wfULdm1dYUFNk45vW8XWru4nQNhhWVmJCvkgpEPmpK7Dkb',	NULL,	'en',	NULL,	'0',	NULL,	2,	182,	'2019-03-29 10:02:54',	'2022-01-06 13:50:13',	NULL),
(94,	'MARZIAH AHMAD',	'marziahahmad@mpc.gov.my',	'650411065218',	'$2y$10$mtdJ7Qis3BXY1qJiO2B6UOXliPWH1xRBhRsHlzdNLF3.SulQlgJTm',	'0',	'1',	'0',	'MrZizcPNVHkq2spkhtakOotZL6fiUA15pJuLyykHbRmXzqYQorLy1q0gr2Hq',	NULL,	'en',	NULL,	'0',	NULL,	2,	2,	'2019-03-29 10:02:54',	'2021-06-20 11:00:54',	NULL),
(95,	'MASHITANOR ZAINUDIN',	'mashitanor@mpc.gov.my',	'761019055308',	'$2y$10$yEVmdZMD1hH0ThUJp082We63qv5E/R26QFvrgWXEDBC3ld2soGh.W',	'1',	'1',	'0',	NULL,	NULL,	'en',	NULL,	'0',	NULL,	2,	182,	'2019-03-29 10:02:54',	'2022-01-06 13:50:15',	NULL),
(96,	'MASWANI ISMAIL',	'maswani@mpc.gov.my',	'810316035600',	'$2y$10$VbSc5pbMiFkLAksQVBygI.1by122gBhF1ARUf0vESawdELMxCGm8i',	'1',	'1',	'0',	NULL,	NULL,	'en',	NULL,	'0',	NULL,	2,	182,	'2019-03-29 10:02:54',	'2022-01-06 13:50:16',	NULL),
(97,	'DR. MAZLINA SHAFII',	'eyna@mpc.gov.my',	'720731086000',	'$2y$10$KCQLSCtUL3CkFSpkmvoBTe1XoWT/tUHY/W9N3ZCDvmUrxzhZ/8XvO',	'1',	'1',	'0',	'9tN3n7Fa7RUCSB5mDFeOLWs9IJpMof3MNdjb48BCgu4L7MK6x1Nq04ERTjye',	NULL,	'en',	NULL,	'0',	NULL,	2,	182,	'2019-03-29 10:02:54',	'2022-01-06 13:50:17',	NULL),
(98,	'MAZNEE ABD. HALIM',	'maznee@mpc.gov.my',	'661204115036',	'$2y$10$7Bv3PRQp5pZ8SglYUdsa.OT1GLmgY5znPQ43YVBVzvk4lRvABnNY2',	'0',	'1',	'0',	'ZVH9j82dr50uBwqzSYcRuaFUzrPnCnrhzhvhtTVgwHen5nTI34izRQUVMyvc',	NULL,	'en',	NULL,	'0',	NULL,	2,	182,	'2019-03-29 10:02:54',	'2022-01-06 13:50:18',	NULL),
(99,	'DR. MAZRINA MOHD. IBRAMSAH',	'mazrina@mpc.gov.my',	'741207075594',	'$2y$10$qeysvv7YITZVINosytnQL.xTlqP2exxuwqnmEKdERqx0elVDSo67S',	'1',	'1',	'0',	'DYrmhpxBBtamsnqu1u1hcBimihh3JCJjQg4OIrEsD0YVG6IJ4y7k3lDUOsWS',	NULL,	'en',	NULL,	'0',	NULL,	2,	31,	'2019-03-29 10:02:54',	'2022-01-06 13:50:19',	NULL),
(100,	'MAZUAN SALLEH',	'mazuan@mpc.gov.my',	'810105125067',	'$2y$10$jACqLD9.rx.010FSanrMuOq2i5gUeLV8S2Mh3u0hli.bZLMcUzeVm',	'1',	'1',	'0',	'Gpgkc99HRuDg18wB3L1oM5ZSelfyjsUqIuIRrkTc0umDGbOTVSjFJsWWLWcq',	NULL,	'en',	NULL,	'0',	NULL,	2,	182,	'2019-03-29 10:02:54',	'2022-01-06 13:50:20',	NULL),
(101,	'MAZUIN DAHLAN',	'mazuin@mpc.gov.my',	'790417145328',	'$2y$10$xt56WKnlbJPW9adzinCv9.sJnq5lWmhx3Q.Z5lmbr2UZWLN/kdhPS',	'1',	'1',	'0',	'dqPYxTtHTHlbNjkEmSZCGixOvHsGtywuBneIUpYNXHDBwKfbSiY95RRH9iyR',	NULL,	'en',	NULL,	'0',	NULL,	2,	101,	'2019-03-29 10:02:54',	'2022-01-06 13:50:21',	NULL),
(102,	'MD SHUBRI ISMAIL',	'shubri@mpc.gov.my',	'591223075331',	'$2y$10$jQmCXquH5UeS29BKfLTtJ.Ajdx22LIdN7YYO1MmP5Hh7xL78Q4bnO',	'0',	'1',	'0',	NULL,	NULL,	'en',	NULL,	'0',	NULL,	2,	46,	'2019-03-29 10:02:54',	'2020-10-15 04:25:08',	NULL),
(103,	'MD ZAINURI JURI',	'zainuri@mpc.gov.my',	'741122017053',	'$2y$10$M/q5YPco3nvvkFjMdbZ/b.RkCXgYPdBXHrFmcWyCBGj9V18ea/BZO',	'0',	'1',	'0',	NULL,	NULL,	'en',	NULL,	'0',	NULL,	2,	182,	'2019-03-29 10:02:54',	'2021-06-24 08:09:54',	NULL),
(104,	'MEGAT AMIRUL SAIFULNIZAM MEGAT KAMARUL BAHRIN',	'megatamirul@mpc.gov.my',	'820702115739',	'$2y$10$dpO8H3RpszmowN6W8UCAU.rhuChBwR5DpcJEkHwJevqhnaZfVIAeq',	'1',	'1',	'0',	'KSIjJB2MyDGZ0ZFLhphp87PrOHa1TwUgNgiKFXYyRLVkyZKbdvyUmLltRQ9U',	NULL,	'en',	NULL,	'0',	NULL,	2,	182,	'2019-03-29 10:02:54',	'2022-01-06 13:50:24',	NULL),
(105,	'MELISSA AHMAD ARSHAD',	'melissa@mpc.gov.my',	'761210105270',	'$2y$10$tfEhgIeU/S.uNd/g3G6dSe19.3vVPB.YPHRL84F/tkDhIgJu3WpiS',	'1',	'1',	'0',	'p6CIqPzwliV4qwQFIsYwjBdnzrHmWnDaQLcERgThaGvEyBdGxOrN1TEuJyLg',	NULL,	'en',	NULL,	'0',	NULL,	2,	182,	'2019-03-29 10:02:54',	'2022-01-06 13:50:25',	NULL),
(106,	'MIMI HASNITA AHMAD',	'mimi@mpc.gov.my',	'761108065348',	'$2y$10$Rn4ImrYij1QFhhVnUC6H1OF3TRHnbQdhxq2mZXPwtUIt/AsNrEPou',	'1',	'1',	'0',	'Jij9LDRZbzKSigH2XOOqHjm0oe6QWNoOn9qUZmrR1aoFBMxXaawffzWe8b4E',	NULL,	'en',	NULL,	'0',	NULL,	2,	182,	'2019-03-29 10:02:54',	'2022-01-06 13:50:26',	NULL),
(107,	'MINHANA YAHAYA',	'minhana@mpc.gov.my',	'790514145178',	'$2y$10$tug3ajR5pslbBtTy3bdy6uLhd1DDhxThkJ8eR9RHa8DivHt5obaQS',	'0',	'1',	'0',	NULL,	NULL,	'en',	NULL,	'0',	NULL,	2,	2,	'2019-03-29 10:02:54',	'2021-06-28 08:27:25',	NULL),
(108,	'MOHAMAD AZROL MOHAMAD DALI',	'mdazrol@mpc.gov.my',	'750930015683',	'$2y$10$ngENSD8pw2aT8vs8SXdKvehDhMG4Wgnau8JkYZ/aaOYB.wYV7UQ3q',	'1',	'1',	'0',	'4GwTO09ysb4TIDQMMukTVsS6w6REjeHB5P5epm7c1y5bvdMmJBztKDnC8Opq',	NULL,	'en',	NULL,	'0',	NULL,	2,	31,	'2019-03-29 10:02:54',	'2022-01-12 06:28:00',	NULL),
(109,	'MOHAMAD HAFIZI ABD RASHID',	'hafizi@mpc.gov.my',	'880905025009',	'$2y$10$W9so.DxuXpVhUNcgnOOdLunNp/iCu3693SVfbBUzdil7NiQajsHyu',	'1',	'1',	'0',	NULL,	NULL,	'en',	NULL,	'0',	NULL,	2,	182,	'2019-03-29 10:02:54',	'2022-01-06 13:50:29',	NULL),
(110,	'MOHAMAD MUZAFFAR ABDUL HAMID',	'muzaffar@mpc.gov.my',	'740919017603',	'$2y$10$q8ji32.U6MObs5r0rbq9ge2CffryVP.hR85pkI8YbaZt3xaWR5XoC',	'1',	'1',	'0',	'oq5UhgAm3ZCxJJJvmLVRkVcjlA9rxLRCghVc7r7Ffj4ZZ6T4HuqrC4IH7TiV',	NULL,	'en',	NULL,	'0',	NULL,	2,	31,	'2019-03-29 10:02:54',	'2022-01-06 13:50:30',	NULL),
(111,	'MOHAMAD NOR BOLHI',	'mohamadnor@mpc.gov.my',	'790607135681',	'$2y$10$l6UROBnIrLcfPvVtjv0EZO9eFzApu8rNU19k/NShRWgM3KONK5.ZO',	'1',	'1',	'0',	'Rq30OcuqkruD4wSSm1Z6L9U9TKESEyxqU8olPIoqz5LmhdLNM3oAPHguF0K4',	NULL,	'en',	NULL,	'0',	NULL,	2,	111,	'2019-03-29 10:02:54',	'2022-01-06 13:50:31',	NULL),
(112,	'DR. MOHAMAD NORJAYADI TAMAM',	'norjayadi@mpc.gov.my',	'741205135725',	'$2y$10$EAri7RReD5wLFlKWdKnoX.9SSkuvwJj2uxId5X1i3MWl0p/fHlr7u',	'1',	'1',	'0',	'cDFY87JaKKUBIF2V7oAkguxLekMI7ATLFRc4DhEpetiuqHL6f2OP6Qw7NBh8',	NULL,	'en',	NULL,	'0',	NULL,	2,	31,	'2019-03-29 10:02:54',	'2022-01-06 13:50:32',	NULL),
(113,	'MOHAMAD SAHRIL AHMAD PUZI',	'sahril@mpc.gov.my',	'821115085445',	'$2y$10$RwSHIqTr8ROdQn1nuHM3LOxtniMFSUZArKpe4MRMYa/ZwQeomRwB6',	'1',	'1',	'0',	'SZfkLvlpMANhbnG85d0WhLTe2XfkylIbiYmd2MjOMd10QqesNcjr0kbQHV0i',	NULL,	'en',	NULL,	'0',	NULL,	2,	182,	'2019-03-29 10:02:54',	'2022-01-06 13:50:33',	NULL),
(114,	'MOHAMMAD AFDHAN FAUZI',	'afdhan@mpc.gov.my',	'860427565669',	'$2y$10$/e0dbvBCrbsotK2XCrdq3ONPD1qKwh4nBDStdGPz/ZF/ZPWI2WiKi',	'1',	'1',	'0',	'D2nOQ4MPGimkxmb7p4dy2Rle2Y1k15ouidMlQ3s1jg69GkNJ3SBi8InePvLy',	NULL,	'en',	NULL,	'0',	NULL,	2,	182,	'2019-03-29 10:02:54',	'2022-01-06 13:50:34',	NULL),
(115,	'MOHAMMAD KHAIRUL HAKIMIN ZAINOOR',	'mkhairul@mpc.gov.my',	'830111015487',	'$2y$10$zv6L7DNsnZZBfhz/eJ8FGOTroRzt0RyX4PM.5i0C7qmwvyqZmaSGe',	'1',	'1',	'0',	NULL,	NULL,	'en',	NULL,	'0',	NULL,	2,	182,	'2019-03-29 10:02:54',	'2022-01-06 13:50:35',	NULL),
(116,	'MOHAMMED ALAMIN REHAN',	'alamin@mpc.gov.my',	'790113065169',	'$2y$10$YGaS1wH96Nvoh0jlDV3N4.ULRsLZvEviuMo.KoUwvlo8VdSYuT3MS',	'1',	'1',	'0',	'mRarV0rMoNOt5lZPf11VUAEC6L1rFElkmEORHoDrJPGlLqg1wCg34a1yccHh',	NULL,	'en',	NULL,	'0',	NULL,	2,	182,	'2019-03-29 10:02:54',	'2022-01-06 13:50:36',	NULL),
(117,	'MOHD AMIROL MD. KHAIR',	'amirol@mpc.gov.my',	'900309026107',	'$2y$10$MlGwOFVUBg3iV7IMkTP/q.0kGYPDcaTSUeo9IdjBSSJvgnvKhpWhO',	'1',	'1',	'0',	'VKscZqHT8iwdZ4bORBMSlHocyB2Fr7J9dj0ph8xHJXyFtj7khnl5xi563qEu',	NULL,	'en',	NULL,	'0',	NULL,	2,	182,	'2019-03-29 10:02:54',	'2022-01-06 13:50:37',	NULL),
(118,	'MOHD AZHAR ZAINUDDIN',	'mohdazhar@mpc.gov.my',	'810110105773',	'$2y$10$xCqPHgYw.3NTOV738VqHleAxaFeqYyvUEuMpCcBtc7MWIHo1rf7wS',	'1',	'1',	'0',	NULL,	NULL,	'en',	NULL,	'0',	NULL,	2,	182,	'2019-03-29 10:02:54',	'2022-01-06 13:50:38',	NULL),
(119,	'MOHD. AZRUL KAMIS',	'mohdazrul@mpc.gov.my',	'770526025423',	'$2y$10$bffcWvOKWgEhMX7Ci2fRjOXj3sJAwa6f3f0vC6yY3koEPrTS5o5se',	'1',	'1',	'0',	NULL,	NULL,	'en',	NULL,	'0',	NULL,	2,	182,	'2019-03-29 10:02:54',	'2022-01-06 13:50:39',	NULL),
(120,	'MOHD. AZWAN MOHD. SALLEH',	'azwan@mpc.gov.my',	'730926075271',	'$2y$10$APhniuC425TGLT/C2tw6.O./wrOTYfIkrzxvI2pUQmo83JJ6cBMZm',	'1',	'1',	'0',	'iDybovjBz1koQvlWXZggXezZJVAkMXgBKlREO5LrAKZffL1aUm742Fi43UAu',	NULL,	'en',	NULL,	'0',	NULL,	2,	31,	'2019-03-29 10:02:54',	'2022-01-06 13:50:40',	NULL),
(121,	'MOHD FAIZOL ABD. RAHMAN',	'mohdfaizol@mpc.gov.my',	'841110115033',	'$2y$10$isF5KLDAcAigeAQ7DpAT/ef25lagwcyso3cKt019WFtfuMHQ4NcV.',	'1',	'1',	'0',	'OXCxlad4BHd1K40QLWijSeRDZWxfb9EU17PLtkLVzBCaPOksJxtpkMBuisjt',	NULL,	'en',	NULL,	'0',	NULL,	2,	121,	'2019-03-29 10:02:54',	'2022-01-06 13:50:41',	NULL),
(122,	'MOHD FAIZZUL SHAHIR',	'faizzul@mpc.gov.my',	'860917436181',	'$2y$10$nlbg.aaX2CDISUrRm16uxO88qP0ZBtkd3SZLbocFdhPLPq.wHwFWO',	'1',	'1',	'0',	'ic6OqHRriv9ayJqaBHEM2BiPz1fkGckpxXID4ogekFHQ0WljMZjvOTUixUIV',	NULL,	'en',	NULL,	'0',	NULL,	2,	182,	'2019-03-29 10:02:54',	'2022-01-06 13:50:42',	NULL),
(123,	'MOHD HILMI BIN MOHD IDRIS',	'hilmi@mpc.gov.my',	'790308105095',	'$2y$10$XgMBfh3Bkhk9y1YOEbwkOuQwr2ElOsO3/lj.JxNZ/qnnifPa.sokS',	'1',	'1',	'0',	'KKMTAmJihGemrDZeFEtM7ko5bnjw0x7BKT7BBJ7v0yPMN6NPWQfaRfYIVZnc',	NULL,	'en',	NULL,	'0',	NULL,	2,	182,	'2019-03-29 10:02:54',	'2022-01-06 13:50:43',	NULL),
(124,	'MOHD HISYAM HATIMTAI',	'mohdhisyam.hatimtai@gmail.com',	'780321105277',	'$2y$10$Y7nq/gVoawrXGpwlycFgPeCbsajSD2sE7PBKjVavG0SB3.s0aFDpS',	'1',	'1',	'0',	'NYYvHMxPhgA4ONy31KD2qkrmIgDX1Pjlg065kGIDUInuPA6XwDiNeKRLrj99',	NULL,	'en',	NULL,	'0',	NULL,	2,	31,	'2019-03-29 10:02:54',	'2022-01-06 13:50:44',	NULL),
(125,	'MOHD. KHAIRIL ANUAR AMIR HAMZAH',	'khairil@mpc.gov.my',	'840225025017',	'$2y$10$SvqBGygo1viixPB/aPSYROp03QCzNg1jApUbPAA8qunjnvaA5gN5a',	'1',	'1',	'0',	'lQDaTBJboNGsPG0mqQnW7a9NPbI2kokU7G64WYpUk2NvtfHEpXE3F3eHnpeH',	NULL,	'en',	NULL,	'0',	NULL,	2,	182,	'2019-03-29 10:02:54',	'2022-01-06 13:50:45',	NULL),
(126,	'MOHD. KHAIRIZAL KHAHIDIR',	'khairizal@mpc.gov.my',	'830405055353',	'$2y$10$0/eN4y7SfxTEQKOgCacObOPiXFMJcMQJyFcpQVCKLGTW9mhXTKH4e',	'1',	'1',	'0',	'vYjzULAYZY8v1jLhyrlYEWaOU7miXP8XMD1sRbVYrwoRFYfQYsAZHy60Q03l',	NULL,	'en',	NULL,	'0',	NULL,	2,	182,	'2019-03-29 10:02:54',	'2022-01-06 13:50:46',	NULL),
(127,	'MOHD. KHAIRUL NAZIR NAWI',	'khairul@mpc.gov.my',	'770220025957',	'$2y$10$mr5M8kVodBUm9SDn6z3XLOZyeHZeo2rZ8jD2Q0lCHk09ox7.SX0AC',	'1',	'1',	'0',	'PP127vgBone1HvWepp6lr9KhqB6HeLGOLWi8D4k5Q5oZKv8SbPoFZjGpTxmY',	NULL,	'en',	NULL,	'0',	NULL,	2,	31,	'2019-03-29 10:02:54',	'2022-01-07 08:16:34',	NULL),
(128,	'MOHD NIZAM ALI',	'nizam@mpc.gov.my',	'791128145297',	'$2y$10$jbyXfyi876OK/zFrpsOVtufI6xDTepgOhOuQCv1bSC/OxTwrTZEfe',	'1',	'1',	'0',	NULL,	NULL,	'en',	NULL,	'0',	NULL,	2,	182,	'2019-03-29 10:02:54',	'2022-01-06 13:50:48',	NULL),
(129,	'DATO\' MOHD RAZALI HUSSAIN',	'mrazali@mpc.gov.my',	'590826115385',	'$2y$10$0Xm.ztEB3CKE61cNf5gjU.7uBGHyg42LVu7utLcfOeEhd3E7AeZyW',	'0',	'1',	'0',	'pcDahYfDBVnOI0swbOT9eMaZrN2qUBsWL7EQ24XWw1EZ6FC2aXEo8phl412M',	NULL,	'en',	NULL,	'0',	NULL,	2,	2,	'2019-03-29 10:02:54',	'2021-06-20 11:00:54',	NULL),
(130,	'MOHD. WAFI ARIP',	'wafi@mpc.gov.my',	'770212105551',	'$2y$10$6jsRO3gKUKOOOji/1k01q.OvxRH2q63fXCOZUNieTBTGctTgIzT8a',	'1',	'1',	'0',	'QVlvTffsvXPvkFSuRwIPblrEr4g5BmO12p7yrXAQ35LbmU91Cxy6lgz2qSFO',	NULL,	'en',	NULL,	'0',	NULL,	2,	31,	'2019-03-29 10:02:54',	'2022-01-07 08:31:23',	NULL),
(131,	'MOHD YAZID ABDUL MAJID',	'yazidmajid@mpc.gov.my',	'790310105537',	'$2y$10$UtJkmaj3dSiP7dFFTcNQgOxcGkUJVIbkz0SflUstzxsGy2VztqbCC',	'1',	'1',	'0',	'qtLGqQGTe34Lm7V3UczaoNmaX0qnzXWC8l2cvNlrZJUCWEBLu5y24FQfpvEO',	NULL,	'en',	NULL,	'0',	NULL,	2,	31,	'2019-03-29 10:02:54',	'2022-01-14 11:33:24',	NULL),
(132,	'MOHD ZULKIFLY CHE MOHD RAWAWI',	'mohdzulkifly@mpc.gov.my',	'830910035265',	'$2y$10$fu0Bk9FehMDsiYAdpMRAj.FDEbZR3pakJYGDg6k26kawkoCmrUceW',	'1',	'1',	'0',	NULL,	NULL,	'en',	NULL,	'0',	NULL,	2,	182,	'2019-03-29 10:02:54',	'2022-01-06 13:50:52',	NULL),
(133,	'MOHD. AZUAR MD. SIDEK',	'azuar@mpc.gov.my',	'750514105065',	'$2y$10$LZA/F7n6ufL3K98n8/iV3uW9FfyZA8Fm5dsqCdvOZ9Oo0CQiosMla',	'1',	'1',	'0',	NULL,	NULL,	'en',	NULL,	'0',	NULL,	2,	182,	'2019-03-29 10:02:54',	'2022-01-06 13:50:53',	NULL),
(134,	'MOHD. HOSNI MAMAT @ ARIFFIN',	'hosni@mpc.gov.my',	'840528115511',	'$2y$10$URKtQN38e34n67Wsiukkb.MKHs4iqhFUEsDYzMQL3lupmfIANGe8O',	'1',	'1',	'0',	'sZmqYQ8uWL4Gi6VgmsB0pou8E6tFkuctTwfoHxWjiizgak5nB7U12qhiRe1P',	NULL,	'en',	NULL,	'0',	NULL,	2,	182,	'2019-03-29 10:02:54',	'2022-01-10 01:10:28',	NULL),
(135,	'MOHD. HYKAL MOHD. HALIM',	'hykal@mpc.gov.my',	'840415015223',	'$2y$10$IZdSKls9vSbbKNc/LSRKD..j1bY7ieYSCvGgx37JuFtbGrOOU.ybW',	'1',	'1',	'0',	'9VzOcw5j4ilffA6s3LvF4dpuZdhozNfDpfwaAEMJ4QQPIc8ujXyKIKj2dPZb',	NULL,	'en',	NULL,	'0',	NULL,	2,	182,	'2019-03-29 10:02:54',	'2022-01-06 13:50:55',	NULL),
(136,	'MOHD. RIDUAN DAUD',	'riduan@mpc.gov.my',	'830906045057',	'$2y$10$Fvg0wJCDYzRHqkgIMf2WHe6XxqC0x0MllTskRHc7xsHyUHC4iTugm',	'1',	'1',	'0',	NULL,	NULL,	'en',	NULL,	'0',	NULL,	2,	182,	'2019-03-29 10:02:54',	'2022-01-06 13:50:56',	NULL),
(137,	'MOHD. ROSDI MOHD KAUZI',	'rosdi@mpc.gov.my',	'750423035989',	'$2y$10$5tqZc1ebLrqokuETR0A1Veesl04.2Kb7egsmBQknou6HhfKW9UIbW',	'1',	'1',	'0',	NULL,	NULL,	'en',	NULL,	'0',	NULL,	2,	182,	'2019-03-29 10:02:54',	'2022-01-06 13:50:57',	NULL),
(138,	'MOHD. SHAPRI ISMAIL',	'shapri@mpc.gov.my',	'600813085945',	'$2y$10$FMGNb/7GCQHAwjYwaSNYw.PU5G8m47a8qqjR6NZTahc9ufnYAf4R.',	'0',	'1',	'0',	NULL,	NULL,	'en',	NULL,	'0',	NULL,	2,	2,	'2019-03-29 10:02:54',	'2021-06-20 11:00:54',	NULL),
(139,	'MOHD SUZLEZAN SUPU',	'suzlezan@mpc.gov.my',	'781219125145',	'$2y$10$SSX/0cZxHMSnL4CiQ7XnIus27SOuW16kkRhBLJ/twjqwQKeiuANfO',	'1',	'1',	'0',	'nMCiVa0IvY4N1AsgY52bXJfu0TptFJ7AEzmLnGjRu6zV9NrrznEUIqddZ7ch',	NULL,	'en',	NULL,	'0',	NULL,	2,	182,	'2019-03-29 10:02:54',	'2022-01-13 15:08:10',	NULL),
(140,	'MOHD. SYARIF SAMSUDIN',	'syarif@mpc.gov.my',	'800305075173',	'$2y$10$L8wf9ChCkRdCOWki8ng1teQhk8LM7nf3VRHfKXvhb7yo/jn.kaVBi',	'1',	'1',	'0',	NULL,	NULL,	'en',	NULL,	'0',	NULL,	2,	2,	'2019-03-29 10:02:54',	'2022-01-06 13:51:00',	NULL),
(141,	'MOHD. ZAKI BIN IBRAHIM',	'zaki@mpc.gov.my',	'610119035197',	'$2y$10$43NcBshHS37ugvGM0.qEFeGJz5wZ53DposjKh55I5NxnnChc/nzf.',	'0',	'1',	'0',	'eBY5JObves7mqQSNHWTlsCdZAuSzB5AjmWaUD2lVtyG9tLlXX1Vsicyz3w86',	NULL,	'en',	NULL,	'0',	NULL,	2,	46,	'2019-03-29 10:02:54',	'2021-01-03 16:31:07',	NULL),
(142,	'MOHD. ZAMROS YUSOF',	'zamros@mpc.gov.my',	'670705055347',	'$2y$10$FDZIhX2YcB3Exgrb4bZ1wOXBXfkZoP6O5ktb3cOE3Ara1aD0qEuYO',	'1',	'1',	'0',	'NPqaw0mWBUy6zZzcFBWDgt7uVPGOfD077m4cu9ZM7H4RvkzZxykuD6LCiejG',	NULL,	'en',	NULL,	'0',	NULL,	2,	182,	'2019-03-29 10:02:54',	'2022-01-06 13:51:02',	NULL),
(143,	'MOKHZANI ARIS MOHD. YUSOFF',	'mokhzani@mpc.gov.my',	'730308105015',	'$2y$10$NXvS30QhCjO9JLayFqT/b.iaqZFsciJ76k5ybpMZnz.RpJuH4aK/e',	'1',	'1',	'0',	'ddnHuiVHqFL6yKahABPNHCSx2c7Rk8TTRd9496bOY9Z9M7Jr2mX60YV8850z',	NULL,	'en',	NULL,	'0',	NULL,	2,	31,	'2019-03-29 10:02:54',	'2022-01-06 13:51:03',	NULL),
(144,	'MUHAMAD AFIQ PIRAMLI',	'afiq@mpc.gov.my',	'901211036379',	'$2y$10$Zq9sb41QpQKf2NX6.I1oQ.c.f1r/mZ2kBx4no197./7.b.nHmnt7m',	'1',	'1',	'0',	NULL,	NULL,	'en',	NULL,	'0',	NULL,	2,	182,	'2019-03-29 10:02:54',	'2022-01-06 13:51:04',	NULL),
(145,	'MUHAMAD RIZUWAN ABU BAKAR',	'muhamadrizuwan@mpc.gov.my',	'860512465355',	'$2y$10$GlfgX5.5tRMOO.mMYPEvde/reE.l1eEHXWvLmwoHwzZ3YKj6JvRh.',	'1',	'1',	'0',	'FOOu3AXoiq7NpNubrqIhCCAUNI1cpDW6gvHyvHPYPxT7zwrqWQiYEhlTeDsG',	NULL,	'en',	NULL,	'0',	NULL,	2,	182,	'2019-03-29 10:02:54',	'2022-01-06 13:51:05',	NULL),
(146,	'MOHAMMAD SHAHAIZAL ABU TALIB',	'shahaizal@mpc.gov.my',	'780218025869',	'$2y$10$3tKL1plpcaUD1erH4b4n6erg0M1a9k3bdLXWvtLfYdE9aJ5GGJ8SG',	'1',	'1',	'0',	NULL,	NULL,	'en',	NULL,	'0',	NULL,	2,	182,	'2019-03-29 10:02:54',	'2022-01-06 13:51:06',	NULL),
(147,	'MUHAMAD ZAIN MUSA',	'zain@mpc.gov.my',	'611224055477',	'$2y$10$3UjLz51xIqP7A9OBbw4AheOXwn/TkyKwgCydScsriRs4sxDA0GPOK',	'1',	'1',	'0',	'yOY6hHzDaD6tuXoYb6uJcwNBcUcJbT0FwbVGu9LqO5Xfow0i8FqG4DpgCLlJ',	NULL,	'en',	NULL,	'0',	NULL,	2,	182,	'2019-03-29 10:02:54',	'2022-01-06 13:51:07',	NULL),
(148,	'MUHAMAD ZAMRI ZAINOL',	'zamri@mpc.gov.my',	'690427075433',	'$2y$10$XiH.k9kGz7cPJNKn4adMiev2ZO2iWEsC5w8x1hHRzDCSV1IlUAA7y',	'1',	'1',	'0',	NULL,	NULL,	'en',	NULL,	'0',	NULL,	2,	2,	'2019-03-29 10:02:54',	'2022-01-06 13:51:08',	NULL),
(149,	'MUHAMMAD AFZANI AHMAD',	'afzani@mpc.gov.my',	'811125145705',	'$2y$10$VvrPsvEeSCUvM9M.gcX8Y.rUpNEtd9WiImzfmJnIcCd74Op6.E35K',	'1',	'1',	'0',	'HE14DOG3wRYbQIaAgeIv8m0r1P4ggulyaOuvpybhGLEBfflGyEh0q9XQ2VxW',	NULL,	'en',	NULL,	'0',	NULL,	2,	182,	'2019-03-29 10:02:54',	'2022-01-06 13:51:09',	NULL),
(150,	'MUHAMMAD AIDIL RAZAK',	'aidil@mpc.gov.my',	'910418035597',	'$2y$10$fb21xofciSOHxAoVICnZ/eH1PxwfQ7661L9z43S20XQhNgLm7C1W.',	'1',	'1',	'0',	'sMeqAoSgW7ZsCwTt5NnLAbc75LskuJ8F0vg1h5vyRQYbZpkl0bhoyk2UvErL',	NULL,	'en',	NULL,	'0',	NULL,	2,	182,	'2019-03-29 10:02:54',	'2022-01-06 13:51:10',	NULL),
(151,	'MUHAMMAD FAZRE ZULHELMI FIZWAN',	'fazre@mpc.gov.my',	'881014566439',	'$2y$10$OZqrxkz6Jtk67n9Tl19m5u7e4ytLH4AsE5fpcvjVzPTKOs7H4N95.',	'1',	'1',	'0',	'o66196ykNYeMVdANS43V7MRFrMGPzb8QmH9mPEtCgN27PX3nBDAuBbfZMpvr',	NULL,	'en',	NULL,	'0',	NULL,	2,	182,	'2019-03-29 10:02:54',	'2022-01-06 13:51:11',	NULL),
(152,	'MOHAMMAD HAFIZ SABARUDDIN',	'hafiz@mpc.gov.my',	'830408065477',	'$2y$10$A0SeMslOcIsaIzlZGt0I3eJYsaNQMAkTU2MRpxJzFcw9pTM24gk3q',	'1',	'1',	'0',	'UshaYPSB3Jxeyp9wsfzkPN6SaGRTWctN4c1PMw2f9Iz9RUX5ExkxmSHWL6bu',	NULL,	'en',	NULL,	'0',	NULL,	2,	182,	'2019-03-29 10:02:54',	'2022-01-06 13:51:12',	NULL),
(153,	'MUHAMMAD HISHAM NORDIN',	'mhisham@mpc.gov.my',	'881113565247',	'$2y$10$xXBWr8M2BxB4Ho55JrV9YuwzrpHgAbBO5XolOzl3pOTu1PdU8URQ.',	'1',	'1',	'0',	'oN0MTPp2QCVLynUkSUjiJy8X2FK6ep5KISuEGb8Lv1BDHrCvYcAPTEZPmufz',	NULL,	'en',	NULL,	'0',	NULL,	2,	182,	'2019-03-29 10:02:54',	'2022-01-06 13:51:13',	NULL),
(154,	'MUHAMMAD IDHAM MOHD ZAIN',	'idham@mpc.gov.my',	'731006035511',	'$2y$10$r7tgLEbc2C78VoaI9RfTMOZu8cCSvEa8lxtyXTwmLctU.Y1RyUoNu',	'1',	'1',	'0',	NULL,	NULL,	'en',	NULL,	'0',	NULL,	2,	182,	'2019-03-29 10:02:54',	'2022-01-06 13:51:14',	NULL),
(155,	'MUHAMMAD MUIZZUDDIN MUHAMAD',	'muiz@mpc.gov.my',	'910330036237',	'$2y$10$HnB.5WxuMBsg8hi3K9b9yOB9.lcggSnR9m6LwaPhgAXLlM/NSjc4W',	'1',	'1',	'0',	NULL,	NULL,	'en',	NULL,	'0',	NULL,	2,	182,	'2019-03-29 10:02:54',	'2022-01-06 13:51:15',	NULL),
(156,	'MUHAMMAD SUFFIAN AHMAD',	'suffian@mpc.gov.my',	'790617145859',	'$2y$10$CnY2AssApvfA9B9hofzEGuPi5YSpZBlwetpQMfXAXqGVks9oItuUe',	'1',	'1',	'0',	'OksmBHhDmvn8g8VxE1wEUgSyUsS08DwX8RI5WxLzDJg3oTOKMH0ESThEeLKs',	NULL,	'en',	NULL,	'0',	NULL,	2,	182,	'2019-03-29 10:02:54',	'2022-01-06 13:51:16',	NULL),
(157,	'MUHASLIZAWATI MOHD BAKRI',	'muhaslizawati@mpc.gov.my',	'820619035746',	'$2y$10$T7R.1qBoFXgLIuxT2Utbzetd.6Suqp6TTku2BBQUB8QN70Ugl6ZHu',	'1',	'1',	'0',	'E3hBeAXnVCjvhL4XOmzvBTuLVobX3DBZ1FiOK3H0bmIFvc1mf7EPkx5Q4FDR',	NULL,	'en',	NULL,	'0',	NULL,	2,	182,	'2019-03-29 10:02:54',	'2022-01-10 03:42:24',	NULL),
(158,	'MUHD. ADHA ABD. HAMID',	'adha@mpc.gov.my',	'830918105555',	'$2y$10$yu0PlzQdWv0UqjVqB8PlquKfGmJ0zfqmhs5jy.WYcnAqHgSaAmSBe',	'1',	'1',	'0',	'DM7yPxvvfydwHF9PuWdQQWllaqZkBgZl6tV7s7XnT9ocMjBlRhswoTl1m6WR',	NULL,	'en',	NULL,	'0',	NULL,	2,	182,	'2019-03-29 10:02:54',	'2022-01-06 13:51:18',	NULL),
(159,	'NAHDATUL FAEIZIN NORMAN',	'nahdatul@mpc.gov.my',	'901028015094',	'$2y$10$zAi3Mc9DaUuxQU287oukL.M69Yj0VEaX9B5Afilb2Sge2WnI6f0g2',	'1',	'1',	'0',	NULL,	NULL,	'en',	NULL,	'0',	NULL,	2,	182,	'2019-03-29 10:02:54',	'2022-01-06 13:51:19',	NULL),
(160,	'NAZAHIAH MOHAMAD',	'nazahiah@mpc.gov.my',	'790525075056',	'$2y$10$QHtGGykMikhpSy8Be3MeGOUwmi8wb3jrivickwQktwJg.LGCwLcSK',	'1',	'1',	'0',	NULL,	NULL,	'en',	NULL,	'0',	NULL,	2,	182,	'2019-03-29 10:02:54',	'2022-01-06 13:51:20',	NULL),
(161,	'NAZERI ARIFFIN MADON',	'nazeri@mpc.gov.my',	'860804235965',	'$2y$10$KsGNRcSK1abzoE12gCVSgeGRUiU..RWC2vJf2iqtkxcQijpXQEsnm',	'1',	'1',	'0',	NULL,	NULL,	'en',	NULL,	'0',	NULL,	2,	182,	'2019-03-29 10:02:54',	'2022-01-06 13:51:21',	NULL),
(162,	'NAZILAH AHMAD',	'nazilah@mpc.gov.my',	'830710016190',	'$2y$10$IdADkssjF0PMpc7ughuR..XwY8YC99MoyojZ5mKsBaciVfGysIMV6',	'1',	'1',	'0',	'Q0wDkrhuDyu6Qlz5lOPg7i27TU2NSKPUgdhRBbdaqzA6khrCSba13KmpdOMO',	NULL,	'en',	NULL,	'0',	NULL,	2,	182,	'2019-03-29 10:02:54',	'2022-01-06 13:51:22',	NULL),
(163,	'NIK FAIZAL NIK AHMAD',	'nikfaizal@mpc.gov.my',	'690320035423',	'$2y$10$eLeicHWNc/bZQHe//CGZdOrUPcuZJDUk0ZruXxIndU0x0rJ2XLz4G',	'1',	'1',	'0',	NULL,	NULL,	'en',	NULL,	'0',	NULL,	2,	182,	'2019-03-29 10:02:54',	'2022-01-06 13:51:23',	NULL),
(164,	'NIK NAZARINA BINTI NEK MOHAMED',	'nazarina@mpc.gov.my',	'891121146332',	'$2y$10$GHcNihAyqHW1HNuX/rEtGuVCdHcbCSoqSRgvFbo9Jmr9TPV276o6u',	'1',	'1',	'0',	'feebtgLi1TGocDe1FvDCCCOv67Dvc0RKQyj56O1zw49VqwLhc0DQ1zeGJake',	NULL,	'en',	NULL,	'0',	NULL,	2,	182,	'2019-03-29 10:02:54',	'2022-01-06 13:51:24',	NULL),
(165,	'NIK ROSDI NIK YUSOFF',	'nikrosdi@mpc.gov.my',	'591022035333',	'$2y$10$Tj1Y/VIZ1cYZjZoXJb5Hcu4Jnaok/8t9E./.VMvp4Nm908XrSUPEK',	'0',	'1',	'0',	'fxjgN5gAibPJZGj0YimkvCyHL6orARwrKnPQ4ynIos99aSaBW5I3VAYMkZbJ',	NULL,	'en',	NULL,	'0',	NULL,	2,	165,	'2019-03-29 10:02:54',	'2021-01-03 16:33:04',	NULL),
(166,	'DR. NOOR AISHAH HASSAN',	'noor_aishah@mpc.gov.my',	'781121145260',	'$2y$10$Tgb2fRsC/.aL40l6VwDr.eFgOM45n9noiQgPY2cObz6uZF8Qcgzja',	'1',	'1',	'0',	'a3acNheOdRTQ8OqozRv0aIQywkdyDizPARUBzdx8EFBApQXfRjLqmaXZSowe',	NULL,	'en',	NULL,	'0',	NULL,	2,	31,	'2019-03-29 10:02:54',	'2022-01-07 07:04:57',	NULL),
(167,	'NOOR ANARIZA HASSAN',	'anariza@mpc.gov.my',	'760121075060',	'$2y$10$WSj9cqE.qfV4VwYGMo/es.kyzCwnggcCUj05lS7ypo79.jboJ98o2',	'1',	'1',	'0',	'tGontf0yImZlhwYsANNn5rfOMbrnCiWxIq3Eutb626I7mkxpHx2dUNNLQLOL',	NULL,	'en',	NULL,	'0',	NULL,	2,	182,	'2019-03-29 10:02:54',	'2022-01-06 13:51:27',	NULL),
(168,	'NOOR ASMAWATI HUSSIN',	'asmawati@mpc.gov.my',	'820725085480',	'$2y$10$tsYnOs9tK2wGfjZ3y1rOy.8kGJo3DJPVVXV2KSs3Qzq0h5NFDMehq',	'1',	'1',	'0',	'Vb1EKDnIKelvrvGNc4Ydb25XEuo1ylk1wDyDiv94hdwF5P1bzKMC1SfofMtO',	NULL,	'en',	NULL,	'0',	NULL,	2,	182,	'2019-03-29 10:02:54',	'2022-01-06 13:51:28',	NULL),
(169,	'NOOR AZIAH OTHMAN',	'noraziah@mpc.gov.my',	'790928075448',	'$2y$10$RhC5WMVYidfRUpYZP/DbHOqjTbeXuTrKkQuUJz1mLUMoHoREVd1tK',	'1',	'1',	'0',	NULL,	NULL,	'en',	NULL,	'0',	NULL,	2,	182,	'2019-03-29 10:02:54',	'2022-01-06 13:51:29',	NULL),
(170,	'NOOR AZMAN HASSAN',	'azman@mpc.gov.my',	'770211036515',	'$2y$10$sZmnriAm8lSpSeNZEt1/kOPa54.LXmeh.QHbPtspbjPVLQuOfA1V.',	'1',	'1',	'0',	'JZLjUqYgoAaplbqJoac3DkeBVe0jmLp8RMteOF3EjcAJZc4ecMVwH3obH20t',	NULL,	'en',	NULL,	'0',	NULL,	2,	31,	'2019-03-29 10:02:54',	'2022-01-07 08:59:50',	NULL),
(171,	'NOOR HAZILAH ABDULLAH',	'hazilah@mpc.gov.my',	'820318035814',	'$2y$10$ltvEuXTARcM2r9pGAIBupOYeM.0mBSxtzqTyrPiHqWChcbnopckA6',	'1',	'1',	'0',	'5tw0c8Li9CRNBgLPbicrnYCfAWuWG8AY20uYWkKlwc8YTE4yieBwAoIPz0AB',	NULL,	'en',	NULL,	'0',	NULL,	2,	182,	'2019-03-29 10:02:54',	'2022-01-06 13:51:31',	NULL),
(172,	'NOOR IZZATI KAMIS',	'noorizzati@mpc.gov.my',	'900629145658',	'$2y$10$8gA/S3ToooO.0Td6KrsGA.Ahor1OtPj.yAeLY/zx35lLcW70oXfHG',	'1',	'1',	'0',	'c0SNTZmwbIKatlelCZfZxlxXQ8wxNJIiMKcBszw6sjOYgJ6wtyd1YyZ77T0I',	NULL,	'en',	NULL,	'0',	NULL,	2,	182,	'2019-03-29 10:02:54',	'2022-01-06 13:51:32',	NULL),
(173,	'NOOR MOHAMMAD FARHAN NOR AZMAN',	'mfarhan@mpc.gov.my',	'881216566111',	'$2y$10$i8uL3QRTAkYhacft3v0WduxJcF3Pa1sckAztSSK1kdhH23tubFVOi',	'1',	'1',	'0',	'dndj6b1r2RqAc9tyEmbl3n5XfaH6WPkiiIBR0txfzkqkNpG3FB0nTLXMzJbD',	NULL,	'en',	NULL,	'0',	NULL,	2,	182,	'2019-03-29 10:02:54',	'2022-01-06 13:51:33',	NULL),
(174,	'NOOR RAHIDAH ABDUL RAZAK',	'rahidah@mpc.gov.my',	'830505045048',	'$2y$10$5ARz2XWHKzLr/f0IbZ2I9u/DwGSTt2gmGBP552Iwy5vNscMkirBsK',	'1',	'1',	'0',	'9syvDokR974VSzpwtWnSu9QyXTY6sVqY0RzfBhsf98MTX4zi690SczcO5Wsa',	NULL,	'en',	NULL,	'0',	NULL,	2,	182,	'2019-03-29 10:02:54',	'2022-01-06 13:51:34',	NULL),
(175,	'NOOR SALFARINA JAMALUDIN',	'salfarina@mpc.gov.my',	'830202045278',	'$2y$10$D5VWmtXaCGrt6IjKJkQG7eshmz7yvnYJQW4xwn1iDJSNz994ZAiuS',	'1',	'1',	'0',	NULL,	NULL,	'en',	NULL,	'0',	NULL,	2,	175,	'2019-03-29 10:02:54',	'2022-01-10 15:13:06',	NULL),
(176,	'NOORSAMSINAR SUM ABDULLAH',	'noorsamsi@mpc.gov.my',	'610608105088',	'$2y$10$NJL9za7YWra6fWS7fyzAy.4ToiZKS7xFeCXKs/T6/Dummlv2wvu9W',	'0',	'1',	'0',	NULL,	NULL,	'en',	NULL,	'0',	NULL,	2,	2,	'2019-03-29 10:02:54',	'2021-06-20 11:00:54',	NULL),
(177,	'NOR ADIRA ADNAN',	'noradira@mpc.gov.my',	'870504295260',	'$2y$10$XtyWhjKmgKtz8BOUT4ltKOQa5jiu4PlcdC3Qoqkd.4mEVub9q6Rky',	'1',	'1',	'0',	'6YwaNZ37Naizu9F4t09NjSs00RrKJh4HDP2R2Hb6zuidlAdWoa7gceEF0qY7',	NULL,	'en',	NULL,	'0',	NULL,	2,	182,	'2019-03-29 10:02:54',	'2022-01-06 13:51:37',	NULL),
(178,	'DR. NOR AISHAH HASSAN',	'shah@mpc.gov.my',	'740928085894',	'$2y$10$y7a.n6GKHz44X6BSG.1Vr.3KPMoX1IpySt3IjmMqiY9wNZ4eN2Zie',	'1',	'1',	'0',	'CKoNFH8aNfOmKVPYzuj5UGFELyfpOmUCfuisAtNqtHbf6Vn5TTqW00nBPCNp',	NULL,	'en',	NULL,	'0',	NULL,	2,	31,	'2019-03-29 10:02:54',	'2022-01-07 08:45:33',	NULL),
(179,	'NOR AKMA CHE WAN NAMAN',	'norakma@mpc.gov.my',	'890101035104',	'$2y$10$t4jw/2OUHSc/J0hKVzW7Ruegh2RAlZGNyKO/RpL921f0WjWCE7ht.',	'1',	'1',	'0',	'80OINhbDuHPgh8zlDaYkrPBzXpCjhE7DPcmwC9dQLW8xPl5UvB66OYaCDG9Q',	NULL,	'en',	NULL,	'0',	NULL,	2,	182,	'2019-03-29 10:02:54',	'2022-01-06 13:51:39',	NULL),
(180,	'NOR AZMI YAHAYA',	'norazmi@mpc.gov.my',	'600102065139',	'$2y$10$YhU50CIXU4JotxvlbchGKeQ8OX9ULnl7vK0VkzS4YnzUUNTMrxwLm',	'0',	'1',	'0',	NULL,	NULL,	'en',	NULL,	'0',	NULL,	2,	2,	'2019-03-29 10:02:54',	'2021-06-20 11:00:54',	NULL),
(181,	'NOR ESHAH ABD. RAMAN',	'noreshah@mpc.gov.my',	'620113065052',	'$2y$10$h6jE0O0g0gkvuqPumYoHKeLh4534MU3wcNCVn.2D1rThnB7zjVLtm',	'0',	'1',	'0',	NULL,	NULL,	'en',	NULL,	'0',	NULL,	2,	2,	'2019-03-29 10:02:54',	'2021-06-20 11:00:54',	NULL),
(182,	'NOR FADILAH ZULKIFLI MUHAMAD',	'norfadilah@mpc.gov.my',	'941219036070',	'$2y$10$4NQ9nk/akNDWamuCL7atNuTfqAAJnE0gzMb4GeArtp.C2fOe09n8q',	'1',	'1',	'0',	'6tlTNQa7b1jlhZl5YQU4RM7LH9b4dMio7ziQnq44U6u4j0LiqmBEE3DIpTLz',	NULL,	'en',	NULL,	'0',	NULL,	2,	31,	'2019-03-29 10:02:54',	'2022-01-06 13:51:42',	NULL),
(183,	'NOR FAZILA HASHIM',	'ila@mpc.gov.my',	'660129086196',	'$2y$10$Sez7h778f6yGgwbz0mSeI.2MucGqv8A7thOzJhOdy.Xf324X0yc3u',	'1',	'1',	'0',	NULL,	NULL,	'en',	NULL,	'0',	NULL,	2,	31,	'2019-03-29 10:02:54',	'2022-01-06 13:51:43',	NULL),
(184,	'NOR HAFIZAH MOHD AROP',	'hafizah@mpc.gov.my',	'681203105352',	'$2y$10$vhya7E11QzQCjfeVGvFvHOaXvLDgJUPa8E8.BolMgLYlCltjtzjJq',	'1',	'1',	'0',	'ZcXMQrAChLY0vqEJCt0UV9mkXwHh5yu66n4s9aauK05b3i8dMRhqsakbbQST',	NULL,	'en',	NULL,	'0',	NULL,	2,	31,	'2019-03-29 10:02:54',	'2022-01-06 13:51:44',	NULL),
(185,	'NOR HALISA MOHAMAD HALIL',	'halisa@mpc.gov.my',	'730228125374',	'$2y$10$mZij0pXKioqAP2m8qGQPWuCfWolkycTK7IgzjCvOwb8ZlqoyU3WUC',	'1',	'1',	'0',	'y9FVeo0hnEjPhpTNHaJk73nsBlW5eC4mrLduQ7gv2ADe3iBxXAoSkETACnex',	NULL,	'en',	NULL,	'0',	NULL,	2,	182,	'2019-03-29 10:02:54',	'2022-01-06 13:51:45',	NULL),
(186,	'NOR HASIMAH AB. RAHMAN',	'hasimah@mpc.gov.my',	'610823105654',	'$2y$10$X8uKequVzo9eBJVi0NKzxe7AunJxUzeLHb32ali9J9lNCa11HBZr6',	'0',	'1',	'0',	'KgxMQACCLmmJWleYkO5Jun8qIDDIuKUS7ecGoj77BzMu10XKrg5yTCUn9ZKN',	NULL,	'en',	NULL,	'0',	NULL,	2,	182,	'2019-03-29 10:02:54',	'2022-01-06 13:51:46',	NULL),
(187,	'NOR IDAYUNIZA RAHMAT',	'ayu@mpc.gov.my',	'781012145720',	'$2y$10$KqdM1ZDQ/IAHBnKHkkVPiOphOhohxp9JvZVR5z7K8sis3g0fRu2Im',	'1',	'1',	'0',	'CAwI1HHEQfN1bHY9Ev87JZrjBSOBn9UyldgZlX0gT7pNSpcphkdnCQqGuyVM',	NULL,	'en',	NULL,	'0',	NULL,	2,	182,	'2019-03-29 10:02:54',	'2022-01-06 13:51:47',	NULL),
(188,	'NOR IZZATI NORHISAM',	'izzati@mpc.gov.my',	'850514105100',	'$2y$10$c9./jgl0lsCgoaEYaEreBOpgjzOEJB0AQrvDAdxPwQzpgLm5MVYC.',	'1',	'1',	'0',	'wUgxuHtGNw1QUhRBXRltcip7DMnKBhJoMrjFeGnPnLvPCMiPqUV9R2SEde5A',	NULL,	'en',	NULL,	'0',	NULL,	2,	182,	'2019-03-29 10:02:54',	'2022-01-06 13:51:48',	NULL),
(189,	'NOR ROBAAYAH MOHD. NOOR',	'nrmn@mpc.gov.my',	'660915085430',	'$2y$10$K/Vm9xBEHn6phwJRFSG.mO4T3mpkxhAGeB.ywGKlJc88aW7S2y0DC',	'0',	'1',	'0',	NULL,	NULL,	'en',	NULL,	'0',	NULL,	2,	46,	'2019-03-29 10:02:54',	'2020-10-15 04:29:48',	NULL),
(190,	'Nor Surayya Abd. Samad',	'surayya@mpc.gov.my',	'751119145758',	'$2y$10$CklKElVYnyt8iolXOBqUo.jH2QB8tCiBFJjuK/ErJAbUwREBRWQWG',	'1',	'1',	'0',	NULL,	NULL,	'en',	NULL,	'0',	NULL,	2,	2,	'2019-03-29 10:02:54',	'2022-01-06 13:51:50',	NULL),
(191,	'NOR ZAIRISHAM ZAKARIA',	'norzairisham@mpc.gov.my',	'681118015811',	'$2y$10$RWmIqS5706LFKhg.EckqyeldJrtzC.gi7oN/.0zcolhE2hStA93xW',	'1',	'1',	'0',	'HNQvbqpeMgGgiAj4gknlz9YiZluJ53Y3WEtyUqpCOlVEMDXApBHjRhJLdsRI',	NULL,	'en',	NULL,	'0',	NULL,	2,	182,	'2019-03-29 10:02:54',	'2022-01-06 13:51:51',	NULL),
(192,	'NORA\'IN AHMAD KAMIL',	'norain@mpc.gov.my',	'690916016290',	'$2y$10$mwzHIVCoFPB0RT55Px.IKesMOG3IMCtqhIRT2hw38QINCfeBVvM2K',	'1',	'1',	'0',	'Ik9s7NLmdXnQqtvoiieS2c5tKqy8U4UnlM46tIKqhtmZDcH44M0HGBpaqeKS',	NULL,	'en',	NULL,	'0',	NULL,	2,	182,	'2019-03-29 10:02:54',	'2022-01-06 13:51:52',	NULL),
(193,	'NORAFIDAH RAMLI',	'norafidah@mpc.gov.my',	'770815016494',	'$2y$10$w2N8uGJx26gH2KORKdjHsuBcmskQi2pflNeTWtGlOnMZ/vvfViohu',	'1',	'1',	'0',	NULL,	NULL,	'en',	NULL,	'0',	NULL,	2,	182,	'2019-03-29 10:02:54',	'2022-01-06 13:51:53',	NULL),
(194,	'NORANIZA DAUD',	'noraniza@mpc.gov.my',	'821008065262',	'$2y$10$ESpBHEgXHvkTQ62eaVLo5eG2hS1aV2QV7eg.mQPkYVsYNVobntIqC',	'1',	'1',	'0',	'dQv93wTHsFcVBZzgabOjOozgjLPD5RRafDTnbg6E8bf7zY66Z8EPZyT53Xp4',	NULL,	'en',	NULL,	'0',	NULL,	2,	182,	'2019-03-29 10:02:54',	'2022-01-06 13:51:54',	NULL),
(195,	'NORASHIKIN ABDUL SHUKOR',	'shikin@mpc.gov.my',	'820722086154',	'$2y$10$A4OfPcFmn71L/T8b1Z8YC.wMAbarZn7IPBG/NS5tCbZw.AJyakQhK',	'1',	'1',	'0',	'VCZFtWOG8sEPxkWT50gsTgp571A06JSJD4pIJOf1hFMEXzNeHeBvCwZn8LqS',	NULL,	'en',	NULL,	'0',	NULL,	2,	182,	'2019-03-29 10:02:54',	'2022-01-06 13:51:55',	NULL),
(196,	'NORASHIMA HAMZAH',	'norashima@mpc.gov.my',	'771210115582',	'$2y$10$N1.mbL7vz7p4uj6IfbGJOOZ/yetpdasPTPtvAj.t/yrZZfhpoOeIK',	'1',	'1',	'0',	'Zxd93PBmmb6IftV9XK7OhrFVR8tddFVUNQaiPI2wd9U3KBVtQJnWzi8iaEe8',	NULL,	'en',	NULL,	'0',	NULL,	2,	182,	'2019-03-29 10:02:54',	'2022-01-06 13:51:56',	NULL),
(197,	'NORAZLINA TUN IBRAHIM',	'norazlina@mpc.gov.my',	'800222145850',	'$2y$10$a17zuOkv2z/B7F8dEK.kEuqc2KHr2DxYBxjA6ktBYaWT0MM/XlA4y',	'1',	'1',	'0',	'ENnLdB2pSwYHjjA5nz7dZ4ffHsEITmNhCjVePLQJ4WqDbr3OnlGNW9yIbzFi',	NULL,	'en',	NULL,	'0',	NULL,	2,	182,	'2019-03-29 10:02:54',	'2022-01-06 13:51:57',	NULL),
(198,	'NORDIEANA NORDIN',	'deana@mpc.gov.my',	'790206105078',	'$2y$10$/JbLmOY0JTWio7.neD/e8.5GFudfMucPicew1mfq.O01FX1gFdXb6',	'1',	'1',	'0',	'DBgyMeHIYuWDEXHiKDoaVx44TZdlqy9GFNXm4UQdVfD5K1MrrwgwGhjIsNrS',	NULL,	'en',	NULL,	'0',	NULL,	2,	182,	'2019-03-29 10:02:54',	'2022-01-06 13:51:58',	NULL),
(199,	'NORFAIZAH ABDUL RAHMAN',	'faizah@mpc.gov.my',	'720531065416',	'$2y$10$rwfdstjUq7SO1pBYkOY8pe8LZdxYE0m2RptFeOnqjT0RXe82LU7Vq',	'1',	'1',	'0',	'FBHkMUyLZpFY73WUA7pa5AO18AibTVmmJnr3JxiNHksnNXZ70mfUzmsY8fgO',	NULL,	'en',	NULL,	'0',	NULL,	2,	182,	'2019-03-29 10:02:54',	'2022-01-06 13:51:59',	NULL),
(200,	'NORHAIDA ROSLAN',	'norhaida@mpc.gov.my',	'830513035616',	'$2y$10$jTcUTQWi9KtFiNuneFpDr.waECBHkmWxKWzgoy/Bc3cdNU0GZS8ES',	'1',	'1',	'0',	NULL,	NULL,	'en',	NULL,	'0',	NULL,	2,	182,	'2019-03-29 10:02:54',	'2022-01-06 13:52:00',	NULL),
(201,	'NORHANIDA AHMAD PUAD',	'norhanida@mpc.gov.my',	'800929085038',	'$2y$10$dpDcuXyTA7D55bIB63ClFufDKU3WPtXjUTiWK7cpl.F8XaQfdxC.2',	'1',	'1',	'0',	'3gJf9uVTSjLqIn18rvv8U9taihOZ4KPTYluj2HeB7JAe32IxsroHe6G9DLOO',	NULL,	'en',	NULL,	'0',	NULL,	2,	182,	'2019-03-29 10:02:54',	'2022-01-06 13:52:01',	NULL),
(202,	'NORHANIZA HAMIR',	'norhaniza@mpc.gov.my',	'790131086326',	'$2y$10$fzdWXgTWVn98fGxa0fIkMuL8O.A/pG34ERxoF5qE/rhadOOF.ka1m',	'1',	'1',	'0',	'VQWI4JM7UYPzxOJxpsChdA6YoE08kWLEaVG6LUTj1D9VCgLaOg0LxUjX3M66',	NULL,	'en',	NULL,	'0',	NULL,	2,	182,	'2019-03-29 10:02:54',	'2022-01-11 02:11:22',	NULL),
(203,	'NORHASIMAH IBRAHIM',	'norhasimah@mpc.gov.my',	'750420105494',	'$2y$10$qSjk9gDBnDBOTtmNbkDiRe6RRyj.FtXwFZldDl4cdcufyClhxIVuO',	'1',	'1',	'0',	'LGJLRcMMTZrMmBwynlqnsR8Yw7Tiua3wwsRQfwsVdYXagFSpICeCme9iVoRd',	NULL,	'en',	NULL,	'0',	NULL,	2,	182,	'2019-03-29 10:02:54',	'2022-01-06 13:52:03',	NULL),
(204,	'NORHAYATI HARUN',	'norhayatiharun@mpc.gov.my',	'741211025426',	'$2y$10$VeUGtHUk59Sk25hQGAvEi.0S/MWviSyBDItgaKiXAu7lQmN/lEcq6',	'1',	'1',	'0',	NULL,	NULL,	'en',	NULL,	'0',	NULL,	2,	2,	'2019-03-29 10:02:54',	'2022-01-06 13:52:04',	NULL),
(205,	'NORHISAM AHMAD',	'norhisam@mpc.gov.my',	'590121085147',	'$2y$10$DRtymwwuEVO0bMsQo5QtwujbG3xBGy4jjztUV6ZFeRmscglPyqfmq',	'0',	'1',	'0',	'RcE8otqWZP0eJKC47xuX6M9KXlSNdW1ElFqu4IunrlbTMGGAMe4j6vGtTnMR',	NULL,	'en',	NULL,	'0',	NULL,	2,	2,	'2019-03-29 10:02:54',	'2022-01-06 13:52:05',	NULL),
(206,	'NORHUDA ABDULLAH',	'norhuda@mpc.gov.my',	'810924075016',	'$2y$10$HApNMGsOVv//EVlJyY.EEOtBdxxWrFKZYhSMIU8GUjf.K1mCH2b.q',	'1',	'1',	'0',	'0Aj0Dx14L6yAoH9fEpYW4GLs1DNeWcsiPzO0sEOuXs8EOxojL2fPoOwvHoUr',	NULL,	'en',	NULL,	'0',	NULL,	2,	31,	'2019-03-29 10:02:54',	'2022-01-06 13:52:06',	NULL),
(207,	'NORIJAH JUEN',	'norijah@mpc.gov.my',	'760715135972',	'$2y$10$8RLkamKwQMmboxKlL7VSGOmvJmjR1Hok1h74kFRFmBxgJgnJMKdGW',	'1',	'1',	'0',	'W7AJSf8ubUg2fSGjhG7rPOoGhvdZ6lw3yuOzVTdHDRAcIDu6oGCohh6ngVHK',	NULL,	'en',	NULL,	'0',	NULL,	2,	182,	'2019-03-29 10:02:54',	'2022-01-06 13:52:07',	NULL),
(208,	'NORKAMILA SHAHRUDIN',	'norkamila@mpc.gov.my',	'810301106066',	'$2y$10$oktRPefCBRiYhPOTvFwNCejcwKviuDwO7eMRYTCLZX0rvcy2hB1Q.',	'1',	'1',	'0',	NULL,	NULL,	'en',	NULL,	'0',	NULL,	2,	182,	'2019-03-29 10:02:54',	'2022-01-06 13:52:08',	NULL),
(209,	'NORLIANA MAHMUD',	'norliana@mpc.gov.my',	'770521075034',	'$2y$10$UVnHrl0p4o.AD0H/lt1.ouWvegIf86nUgFgcS1RQ7zNA.MUxbN3g2',	'1',	'1',	'0',	'4dngHTfJ7iriMnLGvMc5N8lgUTrHO70R2mj1lLddkhz9qONGzcd2nUlFwI6F',	NULL,	'en',	NULL,	'0',	NULL,	2,	182,	'2019-03-29 10:02:54',	'2022-01-06 13:52:09',	NULL),
(210,	'NORLIZA AHMAD',	'norliza@mpc.gov.my',	'761213035482',	'$2y$10$0lFa7tiA3T9a8zjnxBcG4.nQGo3PpQlclYWl4DbK9c5u.NaObBQJm',	'1',	'1',	'0',	'qaDuAJbFieqnYLj5ibSZi3YhIfhVoTzZgDKyy1lbhI6CkIQMnikvege62zO3',	NULL,	'en',	NULL,	'0',	NULL,	2,	31,	'2019-03-29 10:02:54',	'2022-01-06 13:52:10',	NULL),
(211,	'NORLIZA ROSLI',	'norlizar@mpc.gov.my',	'850306055196',	'$2y$10$dinqEEd5GGb.0NAuCYzbv.HJr8.LfJzXftf00io8RvPZBC94Bh4Ly',	'1',	'1',	'0',	'iG8v6kWwGX5KG7gkuIiTk7uhNkXEsBxVqzw5tNXx4tGgQ8u1zzRyXnUt3tdK',	NULL,	'en',	NULL,	'0',	NULL,	2,	182,	'2019-03-29 10:02:54',	'2022-01-06 13:52:11',	NULL),
(212,	'NORUL HASILA ABDULLAH',	'norulhasila@mpc.gov.my',	'830714065344',	'$2y$10$jHh0j5MejQ3tRcU5zHPXwOMYkzWMos.OGI/deEVhGcreBJ2MDPu9S',	'1',	'1',	'0',	NULL,	NULL,	'en',	NULL,	'0',	NULL,	2,	182,	'2019-03-29 10:02:54',	'2022-01-06 13:52:12',	NULL),
(213,	'NORWAHIDAH ABDULLAH',	'norwahidah@mpc.gov.my',	'800603035364',	'$2y$10$d2ValofpWKvKCNOr2.4Wxer5v1R33/TwZIVKYmEUaQxRzyLMfrz4S',	'1',	'1',	'0',	'3AFI12zxxprmJUrSe4ptq2UMUGYKeNbaKGSYtQRHwyP0vcEWxHrUM24G2JsM',	NULL,	'en',	NULL,	'0',	NULL,	2,	182,	'2019-03-29 10:02:54',	'2022-01-06 13:52:13',	NULL),
(214,	'NORWAHIZAN BT MOHAMED',	'norwahizan@mpc.gov.my',	'781117035608',	'$2y$10$W5eISXLkRB2lFqr7s0o5/OpWp7R4NDOdbQdE7.9z.y2dmwLvtFNqS',	'1',	'1',	'0',	NULL,	NULL,	'en',	NULL,	'0',	NULL,	2,	182,	'2019-03-29 10:02:54',	'2022-01-06 13:52:14',	NULL),
(215,	'NORZIAH KABIL',	'norziah@mpc.gov.my',	'741111135206',	'$2y$10$sgnuiASLmvPV/z005bEB3edQuH5i1BZCOPy5L23RLPuc7us05dN/q',	'1',	'1',	'0',	's949vkGiIsbMrKQ70CBRQ92crF36iIF3v4f5PZJXH0kGsKdnyAJtHN53GQA1',	NULL,	'en',	NULL,	'0',	NULL,	2,	182,	'2019-03-29 10:02:54',	'2022-01-06 13:52:15',	NULL),
(216,	'NORZIRIN ARIFFIN',	'zirin@mpc.gov.my',	'640927075362',	'$2y$10$nP0BW4rro0aa1I0RHkNreucvbxgKGTtzv5Xe7/b1yfcGcuENEIhaq',	'0',	'1',	'0',	'5EndwdD3j9hBfmL4G6QdPXjSMRJZUfsmGdGeDsRko2Glu924PnXagtfTE6NU',	NULL,	'en',	NULL,	'0',	NULL,	2,	46,	'2019-03-29 10:02:54',	'2021-01-03 16:35:29',	NULL),
(217,	'Nur Jihan Ramli',	'nurjihan@mpc.gov.my',	'820215065332',	'$2y$10$v4n7EZpjD37MWuDbK.P.hOOrkn0ymkfiJIrWiEOVnH13KODm11zgG',	'1',	'1',	'0',	NULL,	NULL,	'en',	NULL,	'0',	NULL,	2,	182,	'2019-03-29 10:02:54',	'2022-01-06 13:52:17',	NULL),
(218,	'NUR \'AMIRAH SHAABAN',	'nuramirah@mpc.gov.my',	'911229075316',	'$2y$10$pCh/D6kpzSsc56NgnpODAehZmDKJ8BlLWWv1/X00kqUTChYpY46w6',	'1',	'1',	'0',	NULL,	NULL,	'en',	NULL,	'0',	NULL,	2,	182,	'2019-03-29 10:02:54',	'2022-01-06 13:52:18',	NULL),
(219,	'NUR FAIZAH TASMAN',	'nurfaizah@mpc.gov.my',	'820719015320',	'$2y$10$SrkMogCTTTipCevZ7TrHMunQzrYBrfGdxmAbCidnz5vdwuS1Di7o6',	'1',	'1',	'0',	'1nE219eHPttdhGsYP1dCxcgOOsWwBp3oJqadla18nrsYdh2wVZ5Q4Bvz1rqG',	NULL,	'en',	NULL,	'0',	NULL,	2,	182,	'2019-03-29 10:02:54',	'2022-01-11 02:39:46',	NULL),
(220,	'NUR FATIMAH MOHD ZAKI',	'nurfatimah@mpc.gov.my',	'890703085766',	'$2y$10$UHXNTOY2keCNNDZSsJ5MMOezxlqfBkZPZ6pvYZ3/1g0jD4tpsN3zC',	'1',	'1',	'0',	'Cn3bBYvJEkhab4VcOcrXHBW1Kzeq3XFlCh6lPgN0nGvGMguHJvpxdUZjRXf3',	NULL,	'en',	NULL,	'0',	NULL,	2,	182,	'2019-03-29 10:02:54',	'2022-01-06 13:52:20',	NULL),
(221,	'NUR HAFIZAH HALIMUDDIN',	'nurhafizah@mpc.gov.my',	'830829145870',	'$2y$10$Q2fiUWT4ksBVtrArxJzMWuf4i7rA7SxKZZFcyeRE0e4PrU74mBUaO',	'1',	'1',	'0',	'7cYEDXhhWrVhNZaSmmvx3t6fDWG9R4kOTr3JOVPc9iuzjtLJ8YhaX2Yj7dnQ',	NULL,	'en',	NULL,	'0',	NULL,	2,	182,	'2019-03-29 10:02:54',	'2022-01-06 13:52:21',	NULL),
(222,	'NUR HANIM ABD GHANI',	'hanim@mpc.gov.my',	'760301145732',	'$2y$10$PDBGkIEA.Ci3SGRY6n/9F./TUzxYLLVnbz4fCtzJIaP8OImXPcJHW',	'1',	'1',	'0',	'mHTiwXKb5pTkWFgbBUXS2JNOB6qn9bmB1S1sbfG8NrsVrOu5FkUZ8Qq50KdU',	NULL,	'en',	NULL,	'0',	NULL,	2,	182,	'2019-03-29 10:02:54',	'2022-01-06 13:52:22',	NULL),
(223,	'Nur Rafidah Zulkifl',	'nurrafidah@mpc.gov.my',	'880707086492',	'$2y$10$5e/Be6CLPdfnkL71CnmBWO9G5aYS2CsqeYUdSKSa.EDi0qAb0peP.',	'1',	'1',	'0',	'CNBn3MUEI1YbMLxOUAKZYJ359CzxJQCEZawnbyGqdaFSOdrQ0ZyhUk0FBhEQ',	NULL,	'en',	NULL,	'0',	NULL,	2,	188,	'2019-03-29 10:02:54',	'2022-01-06 13:52:23',	NULL),
(224,	'NUR SULIA SAARI',	'sulia@mpc.gov.my',	'830512145776',	'$2y$10$lhz6Lh6yD110YpF5mJ5olOn1cm2y5NjbAkQ55TBoWAgARmhjUxLqq',	'1',	'1',	'0',	NULL,	NULL,	'en',	NULL,	'0',	NULL,	2,	182,	'2019-03-29 10:02:54',	'2022-01-06 13:52:24',	NULL),
(225,	'NUR SYAFINA ANUAR',	'syafina@mpc.gov.my',	'830628105688',	'$2y$10$occ6BMGDDFoWdsihkAS4Kee3sISsKV5Lyut332tKaEEyrFv/Ey8m6',	'1',	'1',	'0',	'nNsU4rJMrQQ0wJkq6pk74i6fYwi0so0PMBgu24M81ERZKxD5D1ls55iuckqZ',	NULL,	'en',	NULL,	'0',	NULL,	2,	182,	'2019-03-29 10:02:54',	'2022-01-06 13:52:25',	NULL),
(226,	'Nur Syahrina Muhamad Nor',	'syahrina@mpc.gov.my',	'830726146360',	'$2y$10$7SSsH5iR3q46D52jZATO1eXqpIglrtK1lX5VbblpFpkXcJUT/xwYG',	'1',	'1',	'0',	NULL,	NULL,	'en',	NULL,	'0',	NULL,	2,	182,	'2019-03-29 10:02:54',	'2022-01-06 13:52:26',	NULL),
(227,	'NURAIZAH HARUN @ HARRON',	'nuraizah@mpc.gov.my',	'831217015586',	'$2y$10$Zj0VDRPgCJTJ.ZHmP6fbhOkQqLW5440NaxtqgrWPZWjsForBv2dw6',	'1',	'1',	'0',	'PxwNoDPI7uMxpBU8NrYFdctO84MniTKe82r359YNc0krrPXIJYDwGzBBvaEr',	NULL,	'en',	NULL,	'0',	NULL,	2,	182,	'2019-03-29 10:02:54',	'2022-01-06 13:52:27',	NULL),
(228,	'NURFAYUNIE PAKHRURURZI',	'nurfayunie@mpc.gov.my',	'880219145668',	'$2y$10$WrB2x1YbMgQSj60wz36jvO8XSrNQIsOixG17Y7waUN9SdawrvARey',	'1',	'1',	'0',	'1X39FDWE4IT3ConOYbOSxwGq7l3VZ9AoCZ1SyN8cXK62LdGnmRzKGNSeFNVQ',	NULL,	'en',	NULL,	'0',	NULL,	2,	182,	'2019-03-29 10:02:54',	'2022-01-06 13:52:28',	NULL),
(229,	'NURFAZILA HAJI ZULAIHI',	'nurfazila@mpc.gov.my',	'900802136836',	'$2y$10$DRw5JKG3v4/HdGqMgBnGx.oGgHKtqN9ThBuY3tfv6r.dTuKYAQZL2',	'1',	'1',	'0',	'00IKjgt6O5jMM2x7ruTJHjD1yCjC69g7qKErgAP7uGgE8kus7GqgLbSqC5wR',	NULL,	'en',	NULL,	'0',	NULL,	2,	182,	'2019-03-29 10:02:54',	'2022-01-06 13:52:29',	NULL),
(230,	'Nursyahida Muhamad Aszahari',	'nursyahida@mpc.gov.my',	'890921146168',	'$2y$10$Muvbwt2QGAINhnlu9XhT1OtMI1yeZIhCFZc4hR34M3kCQ7Zfgdam.',	'1',	'1',	'0',	'UTzoK5a5gvjVTbtfhlMWvEbU4I2XMr3OSEviFWSUFud5SAiAMqrbHSp893Jf',	NULL,	'en',	NULL,	'0',	NULL,	2,	2,	'2019-03-29 10:02:54',	'2022-01-06 13:52:30',	NULL),
(231,	'Nurul Ain Alia  Abdullah Zawawi',	'alia@mpc.gov.my',	'860805435694',	'$2y$10$RAoupw6HfGnjgAJnZGJSeuJKypT3COFzbVtrNCF81KzRfUzqMVIHG',	'1',	'1',	'0',	'jRs3uQKbO7UsyfZadZj9UHGbFiFHijRwDU1IiIwfPd3x1Dcbwsztf9D2ZIB2',	NULL,	'en',	NULL,	'0',	NULL,	2,	182,	'2019-03-29 10:02:54',	'2022-01-06 13:52:31',	NULL),
(232,	'Nurul Farahaton Najihan Jusoh',	'farahaton@mpc.gov.my',	'900430115822',	'$2y$10$VngOwM74lhmMb.UmAING8u0JbfC2t0cMOqBvpzJp78enq8u46PFMu',	'1',	'1',	'0',	'p54DV9q3DZvSxNmzBQQW27lup6ah7QE5cBZx7SSzJ38v9WAujTnzrQoIPfX7',	NULL,	'en',	NULL,	'0',	NULL,	2,	182,	'2019-03-29 10:02:54',	'2022-01-06 13:52:32',	NULL),
(233,	'NURUL FATIHAH BINTI MOHD AZLAN',	'fatihahazlan14@gmail.com',	'860509295922',	'$2y$10$gZ9xhM1n2CwizsNfDMMgXe0DSe2zrzqT2lCo8O6l0GYTYnBdJ7iTS',	'1',	'1',	'0',	'EjzERXE6OawNgBnWRHpCzY0lpHRWSDGNBPnTlX13UTv6s8uV8HZSinjVUoum',	NULL,	'en',	NULL,	'0',	NULL,	2,	182,	'2019-03-29 10:02:54',	'2022-01-06 13:52:33',	NULL),
(234,	'Nurul Nadia Zainal Adnan',	'nurulnadia@mpc.gov.my',	'870825565508',	'$2y$10$BgTvDCJWpNqD2XvIETfDW.RZ.IhsfsopaWCMCGXozVxZbH5KhtSQe',	'1',	'1',	'0',	'ZGhRMaXR7leTVXdXQuX0Q4ZYYauBIKqcb4FA4egNq3Yb3yTUsB3BXIq7M4os',	NULL,	'en',	NULL,	'0',	NULL,	2,	234,	'2019-03-29 10:02:54',	'2022-01-06 13:52:34',	NULL),
(235,	'Nurul Sazrina Mohd Shukor',	'sazrina@mpc.gov.my',	'830322105028',	'$2y$10$MbdY1rVvtpl4ZFRz3e8ZOOgSvah.g72R7jTomTRqDEr7NRLHeJe1i',	'1',	'1',	'0',	'cVx709AOhPJ5jYUMXFQMzDB09hA2n0Zx2zPFVZyZ4LLYhocFxFZjcoRRuYHC',	NULL,	'en',	NULL,	'0',	NULL,	2,	182,	'2019-03-29 10:02:54',	'2022-01-06 13:52:35',	NULL),
(236,	'NURUL SYAMIMI ISMAIL',	'syamimi@mpc.gov.my',	'850926035516',	'$2y$10$6L7icLyqBpPqbq9KPAfCK.8PkRVf5qE/o88KlE59XFXsV7B4OMMJm',	'1',	'1',	'0',	'86PCr2iFMjOYsuX2sRAPsa01QRLoPNLUKjqCaUfKLgbulUWBWm5WXBftCsl6',	NULL,	'en',	NULL,	'0',	NULL,	2,	182,	'2019-03-29 10:02:54',	'2022-01-06 13:52:36',	NULL),
(237,	'NURZARINA JAAFAR',	'nurzarina@mpc.gov.my',	'800509075538',	'$2y$10$DLZ0jeokaIBw2OVrAZRoaOGzukfPzXYHi9pvw8N3ukD330U5Vub3q',	'1',	'1',	'0',	'8QnO8kzNQA1kfPooKmwe1TBNIZQf6JuUni0A7bIO57jgyfvbTqfpuH1xooqq',	NULL,	'en',	NULL,	'0',	NULL,	2,	46,	'2019-03-29 10:02:54',	'2022-01-06 13:52:37',	NULL),
(238,	'OMI KALSOM OSMAN',	'omi@mpc.gov.my',	'590905085292',	'$2y$10$DPgppx.vwVxLrXHp1H.XkeDjeRPe4lh/fNmJuHP61NpauEDRGBjHG',	'0',	'1',	'0',	NULL,	NULL,	'en',	NULL,	'0',	NULL,	2,	2,	'2019-03-29 10:02:54',	'2021-06-28 08:35:41',	NULL),
(239,	'OSMAN ZAIDAN',	'osmanzaidan@mpc.gov.my',	'680925135225',	'$2y$10$6T.1R2I7py3m6EzkX1CeeuFzsHk29XAxGx2S/yyA6bcPgVWxyvAam',	'1',	'1',	'0',	NULL,	NULL,	'en',	NULL,	'0',	NULL,	2,	182,	'2019-03-29 10:02:54',	'2022-01-06 13:52:39',	NULL),
(240,	'RABIA�TUL HANA ISHAK',	'rabiatulhana@mpc.gov.my',	'901211146770',	'$2y$10$5QI3GcWa4vsXYbqDJhMkreMhwjBnwCfLCoq3xUWPsbnqlFt/KnF56',	'1',	'1',	'0',	'eob7Wv0nUMoETQi2bpgij4TnTYfqiVTBKvjrryjo565fUqyaCsNTyC6oCaPt',	NULL,	'en',	NULL,	'0',	NULL,	2,	182,	'2019-03-29 10:02:54',	'2022-01-06 13:52:40',	NULL),
(241,	'Rahayu Abd. Rahman',	'RahayuR@mpc.gov.my',	'821114115518',	'$2y$10$fwDZuPsuVXDnrx8VVeeOlutLRS1RfSZMOy9mVcOkjBlgKo1Uss5Si',	'1',	'1',	'0',	NULL,	NULL,	'en',	NULL,	'0',	NULL,	2,	31,	'2019-03-29 10:02:54',	'2022-01-06 13:52:41',	NULL),
(242,	'DR. RAHMAT MD. SMAIL',	'rahmat@mpc.gov.my',	'600302045271',	'$2y$10$OSI7xV8HZsvTf3kOh6..meyU1D8VGI5E5XJ9Ss8jh/Ea2Xng..LE6',	'0',	'1',	'0',	'M4msXTuUs2FEGEYClteVm66cmzoBw7XCOK7v6956mCjkskTV8o324n3AlrJP',	NULL,	'en',	NULL,	'0',	NULL,	2,	46,	'2019-03-29 10:02:54',	'2020-10-15 04:22:20',	NULL),
(243,	'RAINAH OSMAN',	'rainah@mpc.gov.my',	'731111125252',	'$2y$10$XLo4SSfMtX1zt7Gkv077F.5QuKsTWXT7v5RpMiAVUey79Lew0Eiua',	'1',	'1',	'0',	NULL,	NULL,	'en',	NULL,	'0',	NULL,	2,	182,	'2019-03-29 10:02:54',	'2022-01-06 13:52:43',	NULL),
(244,	'Raja Ainul Bismi Raja Abd. Hadi',	'rajaainul@mpc.gov.my',	'831026086234',	'$2y$10$7bKPpStYrsf8g4/sXzEf2uTU84SnHgdCBwjKYXu59ZGnShiPluTRW',	'1',	'1',	'0',	'jnB4JJJWJM6FD95heHeQas2TpDIPUMMw049I9Aa964CXX4oRvbSCwcJymYpH',	NULL,	'en',	NULL,	'0',	NULL,	2,	31,	'2019-03-29 10:02:54',	'2022-01-07 09:02:47',	NULL),
(245,	'Ramale Yusoff',	'ramale@mpc.gov.my',	'640510035445',	'$2y$10$ow7/zpFy7radiCOtEo3nkuuZhBjZYS12GnobuT4nW94hDYKPnK0pm',	'1',	'1',	'0',	NULL,	NULL,	'en',	NULL,	'0',	NULL,	2,	182,	'2019-03-29 10:02:54',	'2022-01-06 13:52:45',	NULL),
(246,	'RAMLAN SAINAN',	'ramlan@mpc.gov.my',	'610228105027',	'$2y$10$FonIOSpq.7DtU4dsGJyGMem692DwGG2FULWlyxmQpVKFuYdFBdHUK',	'0',	'1',	'0',	NULL,	NULL,	'en',	NULL,	'0',	NULL,	2,	2,	'2019-03-29 10:02:54',	'2021-06-28 08:36:57',	NULL),
(247,	'ROSELEENA HASHIM',	'leena@mpc.gov.my',	'650318035284',	'$2y$10$eRqc.b74sCJJnt5uztGUw.pwdlwsYsrL26cy8bWhzDeM6dO6cEXWK',	'0',	'1',	'0',	'czDu4vAB7f2t6gwkiIrmHabXsDE9Yr7Vsd898F0GmQHfF6RNOeUxeDfuW9Wc',	NULL,	'en',	NULL,	'0',	NULL,	2,	182,	'2019-03-29 10:02:54',	'2022-01-06 13:52:47',	NULL),
(248,	'ROSLAH MD YUSOF',	'roslah@mpc.gov.my',	'610210105328',	'$2y$10$mAhQU8OQQO.fEki3sCNwJ.Kl.aMVHtgS111VIJTWTvhFmszzIfAm.',	'0',	'1',	'0',	NULL,	NULL,	'en',	NULL,	'0',	NULL,	2,	2,	'2019-03-29 10:02:54',	'2022-01-06 13:52:48',	NULL),
(249,	'ROSLI MAT DOM',	'rosli@mpc.gov.my',	'610314055177',	'$2y$10$h6Ode4Dw6MoVDeVVMj2Ml.QlObtbo7dlXFW4z0x9JcOMGoro1hUjS',	'1',	'1',	'0',	'G950v2LhQSRibnXwuNGcItYFsY5VuB0WnJggHJFNR1jl4uSUomvFKCC758dU',	NULL,	'en',	NULL,	'0',	NULL,	2,	46,	'2019-03-29 10:02:54',	'2022-01-06 13:52:49',	NULL),
(250,	'Roslinda Abdul Hamid',	'lynda@mpc.gov.my',	'770706065860',	'$2y$10$cWZg5fKK3yNHSSa6obBHJ.daKa4zZ9W0RUgspe34cv4G7mDFDymEi',	'1',	'1',	'0',	'OgrsNFYBCjmiNIngEyWrzCBVNCG9Yedd8qygsBbDIUNwStyhLRR4Dnx6aVws',	NULL,	'en',	NULL,	'0',	NULL,	2,	182,	'2019-03-29 10:02:54',	'2022-01-12 02:27:59',	NULL),
(251,	'Roslinda Ahmad',	'roslinda@mpc.gov.my',	'780922105002',	'$2y$10$H8iuOvgrlkY5HODzOJIEl.XD55kDsRYA/YU3Vfo5MwqX61e8a.R2e',	'1',	'1',	'0',	NULL,	NULL,	'en',	NULL,	'0',	NULL,	2,	31,	'2019-03-29 10:02:54',	'2022-01-06 13:52:51',	NULL),
(252,	'ROSMI  ABDULLAH',	'rosmi@mpc.gov.my',	'630525035473',	'$2y$10$f9tZx4rozwRBGC1Ucu3QxeQ/j.M4G2CTiCb/.hAmK6Kg78/osvCxG',	'1',	'1',	'0',	'JynyhnvjenfvGGbuuBs0jGDuG0bFDrSzpGv8M8lzWyme3Dasb80PQhgInx9q',	NULL,	'en',	NULL,	'0',	NULL,	2,	31,	'2019-03-29 10:02:54',	'2022-01-06 13:52:52',	NULL),
(253,	'ROSMIZA ROSLY',	'iza@mpc.gov.my',	'721031065086',	'$2y$10$pvXv8wLtQNtkX2kP4uvH6eYIgNwxNX5Z.iPiFpzxCNXzPVAqnhk9m',	'1',	'1',	'0',	'OsYYt7xDYmvfDscFGenpd2LtRAyFcpt4ZO92k4hPNIndBZ1tAQMDoAEi6g6i',	NULL,	'en',	NULL,	'0',	NULL,	2,	182,	'2019-03-29 10:02:54',	'2022-01-06 13:52:53',	NULL),
(254,	'Rosniwati Abdullah',	'rosniwati@mpc.gov.my',	'760405075492',	'$2y$10$.JuM2mRpaSpFWPT.ZsWyverxo68/sSdOws4qkR9RBX/g/ybA5fsRG',	'1',	'1',	'0',	NULL,	NULL,	'en',	NULL,	'0',	NULL,	2,	182,	'2019-03-29 10:02:54',	'2022-01-06 13:52:54',	NULL),
(255,	'ROZIANA OTHMAN',	'ogie@mpc.gov.my',	'660928015060',	'$2y$10$FU3aKi5fc1oDqc87R.tzT.YTztGp6rhM8p.5KWo2pm.aUNkpAv2IC',	'1',	'1',	'0',	'Z3sqKjGQQmZRDJn6Qo3x8W5m0bvsAcETFawMrJf5jPTBKSWno58sx4W06KDJ',	NULL,	'en',	NULL,	'0',	NULL,	2,	182,	'2019-03-29 10:02:54',	'2022-01-06 13:52:55',	NULL),
(256,	'Rozitah Ma\'al',	'rozitah@mpc.gov.my',	'730323145672',	'$2y$10$NNp0rCCsCHxdcGfuzAfFxeg6oZy62t6wa.G24RrjJXt5jP5ErTM.q',	'1',	'1',	'0',	'Ep3XT1zswJx2XzyEoWtgmooAcGpq10PRxBqOrH3vQ3DVc2ocdwiqHfqm3rba',	NULL,	'en',	NULL,	'0',	NULL,	2,	182,	'2019-03-29 10:02:54',	'2022-01-06 13:52:56',	NULL),
(257,	'RUSDI MUDA',	'rusdi@mpc.gov.my',	'650803035157',	'$2y$10$6ugiGTEKcdDEgs5oZFiEBOc2rn/66dOV1tZ1TY4/dyqR1JmnM5Gki',	'1',	'1',	'0',	'i0eGHyDmSJX1f7HeuF1Nsfj36gg0NAlFnWL1kFooMTgM1BetgbFQUksrx75p',	NULL,	'en',	NULL,	'0',	NULL,	2,	182,	'2019-03-29 10:02:54',	'2022-01-06 13:52:57',	NULL),
(258,	'SABRI HASAN',	'sabri@mpc.gov.my',	'750708035595',	'$2y$10$9BmGReSggWWiRM9RRwur/e6xNnNnTigmb7gyP10H7QuMbSynNLWna',	'1',	'1',	'0',	'ZNmqFNENHZxDXMwuA8xVl4CBERqvTxW1kG5oFSGyU4T2UKzRbn9hRtL8k7oe',	NULL,	'en',	NULL,	'0',	NULL,	2,	46,	'2019-03-29 10:02:54',	'2022-01-06 13:52:58',	NULL),
(259,	'SAFARWAN BIN MOHD SUHAIMI',	'safarwan@mpc.gov.my',	'890306146107',	'$2y$10$lYZp9GzlA667ckEKpHuO2.IKXXc3fJGjjpZ/gnwlvn5Pxn.i3wGo6',	'1',	'1',	'0',	'v8s7oVhT0Gzd4HkBcSyvWG1cV0F1xwFRtUx94TrDafMc4uukotrXvHGTNarP',	NULL,	'en',	NULL,	'0',	NULL,	2,	182,	'2019-03-29 10:02:54',	'2022-01-06 13:52:59',	NULL),
(260,	'Safiah Mitri',	'safiah@mpc.gov.my',	'830413125884',	'$2y$10$wLiLd.SI1ME7z50XEPlHluZuJyIBco2mVTMXtxGCvQN4ABm1IE2sm',	'1',	'1',	'0',	'1DOuXWlbNT6EZhCGERwlst7xpBFrFO1SeLjMWVL6EWqvjTQauCbd1dihHc3S',	NULL,	'en',	NULL,	'0',	NULL,	2,	182,	'2019-03-29 10:02:54',	'2022-01-06 13:53:00',	NULL),
(261,	'SAFNIWATI JASRI',	'safniwati@mpc.gov.my',	'760217715026',	'$2y$10$I8Md6xKTZRlfw1rpgk.IBubI0RihAwAELoENN6337ZPhS8PzOsSKu',	'1',	'1',	'0',	'oGQYzbvapTfVH8IkuXG714BTmyETC37iTusIk0OOhMbiu9b2IL2OfQf9C9X7',	NULL,	'en',	NULL,	'0',	NULL,	2,	182,	'2019-03-29 10:02:54',	'2022-01-06 13:53:01',	NULL),
(262,	'SAFURA ABDUL MALEK',	'safura@mpc.gov.my',	'860904525900',	'$2y$10$kVaWk7eMT8lh6qRBUH5.Ae3CtSi.pmRoEczpjH64j1AucTb7dusly',	'1',	'1',	'0',	'qDAa2ciTtqUCTst0uFTIEXDML0iaWwKCfxaADeIogjtn05VYIPMwossXwhJw',	NULL,	'en',	NULL,	'0',	NULL,	2,	182,	'2019-03-29 10:02:54',	'2022-01-06 13:53:02',	NULL),
(263,	'SALIZA SAARI',	'saliza@mpc.gov.my',	'770801066220',	'$2y$10$cHxF8ufOMZu1TTH8VDM9MuHkAJKkS.miSDBFcohquEu6Dfw/HsaIC',	'1',	'1',	'0',	'18GHMN0N7m1oJOLp8BT9LNnUNU3orLPHnTLTE76fi6HX1msHS4DDjmTti442',	NULL,	'en',	NULL,	'0',	NULL,	2,	31,	'2019-03-29 10:02:54',	'2022-01-13 02:48:03',	NULL),
(264,	'SARIMAH MISMAN',	'sarimah@mpc.gov.my',	'640414107066',	'$2y$10$lcocG3Vrva62i/CgOvABKe3hmrAlqanL4I3lc4reFnn8JRzogxUoK',	'1',	'1',	'0',	'QAlYxChSqdCYc9pF3lnMadigY3XYiJBc38cdrb8MeJGWUc8ZC37KYYDZjKoM',	NULL,	'en',	NULL,	'0',	NULL,	2,	31,	'2019-03-29 10:02:54',	'2022-01-06 13:53:04',	NULL),
(265,	'SAWIAH ABDUL SAMAD',	'sawiah@mpc.gov.my',	'680101045120',	'$2y$10$8U1W2WTQ11Fc5fB9y4dBf.HtiNNh.he7DurTcfW/qO4KTdyXCpa7S',	'1',	'1',	'0',	'8Jm45qRvf4Mc1OLijH5LFkxhxcTcvqoGUSfNwIU1cW2tdHJ0UxnF875HirfX',	NULL,	'en',	NULL,	'0',	NULL,	2,	182,	'2019-03-29 10:02:54',	'2022-01-06 13:53:05',	NULL),
(266,	'Semawi Zakaria',	'semawi@mpc.gov.my',	'630328085527',	'$2y$10$iya3wKKNaAHu38xvktStcOE3ALryDSj4D6JCRlCdhUWBL0iqm86hq',	'1',	'1',	'0',	NULL,	NULL,	'en',	NULL,	'0',	NULL,	2,	182,	'2019-03-29 10:02:54',	'2022-01-06 13:53:06',	NULL),
(267,	'Shafirul Izwar Saad',	'shafirul@mpc.gov.my',	'810418025235',	'$2y$10$1Js6M4CbAvGhuJzMqMJEnORjfWo.nOVPDAS6LUfJunzEC/mv1CalO',	'1',	'1',	'0',	NULL,	NULL,	'en',	NULL,	'0',	NULL,	2,	2,	'2019-03-29 10:02:54',	'2022-01-06 13:53:07',	NULL),
(268,	'Shahidah Samsudin',	'shahidah@mpc.gov.my',	'820526145858',	'$2y$10$K3mMnR2JtnK2GKBQpOoiIuek5Q10.p8x2Yf3lp8.RCWyiRfLQG.Wy',	'1',	'1',	'0',	'2X3LhJgBYFb8sb5COfQvOXfFk1ulXZAlnk8kcFKCvFHS7djDdebpR8D826yH',	NULL,	'en',	NULL,	'0',	NULL,	2,	182,	'2019-03-29 10:02:54',	'2022-01-06 13:53:08',	NULL),
(269,	'Shahriza Bahari',	'shahriza@mpc.gov.my',	'751226145016',	'$2y$10$z/5oNMnpZO79Uq1Ywsv1/OeKDEblEuR6VDStvezfGrN3Y9K2bBz6G',	'1',	'1',	'0',	'vcL78ApLkNG2qPd5L4emp5j5j5m3s7tD13BJD7mW3HAGQxiCdqFeFUYtn7LP',	NULL,	'en',	NULL,	'0',	NULL,	2,	182,	'2019-03-29 10:02:54',	'2022-01-06 13:53:09',	NULL),
(270,	'DR. SHAIK ROSLINAH BUX',	'roslinahbux@mpc.gov.my',	'630619106404',	'$2y$10$.aadGnfpKpkmddARvkjYfuVWN3OvslZE0Lbpn5tnCi4.H0UkJ5Rn6',	'1',	'1',	'0',	NULL,	NULL,	'en',	NULL,	'0',	NULL,	2,	31,	'2019-03-29 10:02:54',	'2022-01-06 13:53:10',	NULL),
(271,	'SHANTHINI TAMADORAM',	'shanthini@mpc.gov.my',	'800528145896',	'$2y$10$fqv1D9j5LV7j6kBCW4O13OoI14h5/TNOJFEV44oX7XJZwx1O0Zqym',	'1',	'1',	'0',	'ExveKPKmdt0tvyw3GQRPqSJcQN91bUOvuB2EcDT9mg6x3yvn9axe3gOQwRL7',	NULL,	'en',	NULL,	'0',	NULL,	2,	182,	'2019-03-29 10:02:54',	'2022-01-06 13:53:11',	NULL),
(272,	'SHARIPAH MAZINA SYED MOHAMMED',	'sharipah@mpc.gov.my',	'660228035028',	'$2y$10$biHM9Z3I5Fk4D7Qj0Y/DzuvG2HrjlWZaXM6KH3z1WuZ0PfMJ7fozm',	'0',	'1',	'0',	NULL,	NULL,	'en',	NULL,	'0',	NULL,	2,	2,	'2019-03-29 10:02:54',	'2021-06-28 04:08:29',	NULL),
(273,	'Sharizal Samsudin',	'sharizal@mpc.gov.my',	'800809085025',	'$2y$10$cEvoHrdk27iGchHjtlHl0OVeVFNUc9P92DTX77tNaneWUTFQCnj86',	'1',	'1',	'0',	NULL,	NULL,	'en',	NULL,	'0',	NULL,	2,	182,	'2019-03-29 10:02:54',	'2022-01-06 13:53:13',	NULL),
(274,	'SHEZLINA ZAKARIA',	'shez@mpc.gov.my',	'720408025822',	'$2y$10$HTkGDRnwhuZOuibMRXY6tOF5r7EFGPn.g2kSgcxqwoWcdB6M0J8Di',	'1',	'1',	'0',	's8e0d9tpI2728WszFOH1tpU7GD32UaNtos1fBHELwB7pZuRZtnc7VgZBGGTG',	NULL,	'en',	NULL,	'0',	NULL,	2,	182,	'2019-03-29 10:02:54',	'2022-01-06 13:53:14',	NULL),
(275,	'SITI ASLINDAH AHMAD',	'sitiaslindah@mpc.gov.my',	'830813125234',	'$2y$10$gVajUAbVOeK./OFNBbxcl.CyOEYaYpGkdbCQr.xC9r3BHw1y2fvTi',	'1',	'1',	'0',	'JM677QWHipGCB9u3QMNw8h9rwFDdYUFABuBWGjYZnoxSoHJW2R3YWeKr8wA6',	NULL,	'en',	NULL,	'0',	NULL,	2,	182,	'2019-03-29 10:02:54',	'2022-01-06 13:53:15',	NULL),
(276,	'Siti Rahayu Md. Desa',	'rahayu@mpc.gov.my',	'750514075062',	'$2y$10$EpPBRwjWgtRUJJpQRkWtBuX33u8nxbjfml2oEXDutzt5A0QLsHn7y',	'1',	'1',	'0',	'VTYFyE6aOmQ8ydyl4b4AQrP5FKJ8FXb3Zmm0iVrmzCndTkfR2CaURSvQnrZx',	NULL,	'en',	NULL,	'0',	NULL,	2,	182,	'2019-03-29 10:02:54',	'2022-01-06 13:53:16',	NULL),
(277,	'Siti Rawaida Shariff',	'rawaida@mpc.gov.my',	'840604075284',	'$2y$10$.9yOkxqWMmIxdgXCtztTjORZbKwqASibdsIn2i8OproqJzfF9gPIu',	'1',	'1',	'0',	'pHJobEWwJeA2DbhxjzzPqTzlYEXXnRwItA735iCkIbIaDiK4yIDe4OCR9Z2V',	NULL,	'en',	NULL,	'0',	NULL,	2,	182,	'2019-03-29 10:02:54',	'2022-01-06 13:53:17',	NULL),
(278,	'Siti Sakinah Mohd Zaki',	'sakinah@mpc.gov.my',	'890129035608',	'$2y$10$OpGdKxMe5itiZCrjnsumRO7oq0316Lg22w26Je.8bLCDVvn74ET4K',	'1',	'1',	'0',	'YrIuK0lvw6AvoXUPI16rHGMk2vE0v3Lb6MKxDpXVRCKNHlPUVjGyQAUDgH8M',	NULL,	'en',	NULL,	'0',	NULL,	2,	182,	'2019-03-29 10:02:54',	'2022-01-06 13:53:18',	NULL),
(279,	'Siti Salia Azizan',	'salia@mpc.gov.my',	'770502025592',	'$2y$10$kb6.JILEjHybLMkNu4fiCuTyZi/RwDqtbKYMerb7Ro.68FeZ/iN9u',	'1',	'1',	'0',	'O1UdW5xWbZBGZD4G1J7vRxcbpyF1AWOds0VKkmtd1UjHEC5iJO8CEBedTlnJ',	NULL,	'en',	NULL,	'0',	NULL,	2,	182,	'2019-03-29 10:02:54',	'2022-01-06 13:53:19',	NULL),
(280,	'SITI SALMIAH YAHAYA',	'siti@mpc.gov.my',	'641101065170',	'$2y$10$lSE6K67yZFr.7tq2Rsg5vegEtDSH4wIIEZkbgdQeYYvVE9FxCej1O',	'0',	'1',	'0',	NULL,	NULL,	'en',	NULL,	'0',	NULL,	2,	2,	'2019-03-29 10:02:54',	'2021-06-28 08:37:52',	NULL),
(281,	'SITI SYAFIQAH AHMAD',	'syafiqah@mpc.gov.my',	'891122146000',	'$2y$10$a8nF0Bt8Nzd0zqZ8zztNU.4.BfKy6RIPSag1cM212ilpaT.JVfop6',	'1',	'1',	'0',	NULL,	NULL,	'en',	NULL,	'0',	NULL,	2,	31,	'2019-03-29 10:02:54',	'2022-01-06 13:53:21',	NULL),
(282,	'Siti Zaharah Mohamed',	'zaharah@mpc.gov.my',	'860913235390',	'$2y$10$jMD2IS/9/531VSS982bqZenx6GECQCcI/QEHLz7EXy/IyW.A576EK',	'1',	'1',	'0',	NULL,	NULL,	'en',	NULL,	'0',	NULL,	2,	182,	'2019-03-29 10:02:54',	'2022-01-06 13:53:22',	NULL),
(283,	'SITI ZURIANAH OTHMAN',	'zurianah@mpc.gov.my',	'780808045202',	'$2y$10$oEH//svcfJecad.4d2owTuGpfggdzf56gfBfRh0cs64TGa4rq7Z2q',	'1',	'1',	'0',	'S05fbpHOUSqJzgUK0QQmgkYMFuyvEF2iMbWp2jQjtiyw8Q3OuGjh1MiC4Y1i',	NULL,	'en',	NULL,	'0',	NULL,	2,	182,	'2019-03-29 10:02:54',	'2022-01-06 13:53:23',	NULL),
(284,	'SUGUMAR A/L SAMINATHAN',	'sugumar@mpc.gov.my',	'650711025373',	'$2y$10$xilmTQOg2TY.r89GR74sEuPuTLpuMrhUpBKTgHu8MEmNzj9S26Eui',	'1',	'1',	'0',	'hdUIcBQi1llLB5X3ySwHPKzGTvMJcmrQrVE2vaKsxGzPgiSBMvkm3Zy4j3rk',	NULL,	'en',	NULL,	'0',	NULL,	2,	182,	'2019-03-29 10:02:54',	'2022-01-06 13:53:24',	NULL),
(285,	'SUHAIMI HAMAD',	'suhaimi@mpc.gov.my',	'610920035475',	'$2y$10$NVP0Qcy44g0Duq9WC6rCt.y0gA8hvVcUh.1DSjce6rLQKVAMqVVki',	'0',	'1',	'0',	'LuWxXtPTeVGT6I46knbchVZRxUI7RxNeLrngttHK591X8uQGwNEEhO2RVPsZ',	NULL,	'en',	NULL,	'0',	NULL,	2,	182,	'2019-03-29 10:02:54',	'2021-09-22 08:37:47',	NULL),
(286,	'Suhaimi Robini',	'suhaimi_robini@mpc.gov.my',	'821006015819',	'$2y$10$8eno3lKksVsAQgc5/jERp.yI2IsMqYSowjwGyx3l.nLt5oB2e9yae',	'1',	'1',	'0',	NULL,	NULL,	'en',	NULL,	'0',	NULL,	2,	182,	'2019-03-29 10:02:54',	'2022-01-06 13:53:26',	NULL),
(287,	'DR. SURIATI ZAINAL ABIDIN',	'ati@mpc.gov.my',	'720615045084',	'$2y$10$D3/cVgDZ5R2bCy3zs9pF/u1w2odAPANqqDHD0GUYz.em8eciASAdq',	'1',	'1',	'0',	'qhrSvt3OchM92NdsvGnBPxPqbcfgwnfx6mowwF7Q1r3Sl9yJGmsW3Ngpg6aR',	NULL,	'en',	NULL,	'0',	NULL,	2,	182,	'2019-03-29 10:02:54',	'2022-01-06 13:53:27',	NULL),
(288,	'SUZANA ISMAIL',	'suzana@mpc.gov.my',	'730505035706',	'$2y$10$96oJjuyAIwdKXS/pd7Z.QeOWX4jt0dlVZr88ZVElauF2mBE4VrmoO',	'1',	'1',	'0',	NULL,	NULL,	'en',	NULL,	'0',	NULL,	2,	31,	'2019-03-29 10:02:54',	'2022-01-10 03:23:58',	NULL),
(289,	'SYAIRAH ZAIMAH SHAFIEE',	'syairah@mpc.gov.my',	'860504387326',	'$2y$10$fIB5mvMh8kHn6QZgygMEEOyfD1FigFnhi5nuu3SOuAeHcxtt/VI/i',	'1',	'1',	'0',	'xap5yN2fpNSU56UbntH45hkYxnoqgGX4qYqisRxkQhitVHjCNn3Xj4dq89jR',	NULL,	'en',	NULL,	'0',	NULL,	2,	46,	'2019-03-29 10:02:54',	'2022-01-06 13:53:29',	NULL),
(290,	'Syed Mohammad Fitri Syed Abdul Rahim',	'smfitri@mpc.gov.my',	'780905065205',	'$2y$10$uH0hryR2LD113wp5SXC3EezJUqKdAlgbbSkhCl05Yhz89SXyN7bl2',	'1',	'1',	'0',	NULL,	NULL,	'en',	NULL,	'0',	NULL,	2,	182,	'2019-03-29 10:02:54',	'2022-01-06 13:53:30',	NULL),
(291,	'SYED MOHD. AL-KHAFIEZ SHAH SYED MOHD. AZAM SHAH',	'syed@mpc.gov.my',	'800531145133',	'$2y$10$2GY4P4xumrg7kTNaV1qlluJobS7VNwWDSjwcsR0OXZZh2JMQ03qIK',	'1',	'1',	'0',	'7iYACM2839oaJX5hiyI16C8zTaSGyyWog8IYj86KpAPUECJLCVqxN7r1Xd4E',	NULL,	'en',	NULL,	'0',	NULL,	2,	182,	'2019-03-29 10:02:54',	'2022-01-06 13:53:31',	NULL),
(292,	'THEA JUMINITA CHEONG KIAM',	'thea@mpc.gov.my',	'611123125392',	'$2y$10$lo8iNYZqHOc8RZ90znX3Z.DJXAx5H3UQoSF8o46j1MQxGfoZBmvmu',	'1',	'1',	'0',	'ac5NEctWumnj1pGgPjjZJediL02lZ5CoZZMUMeRw26bSWJWeb1TmeoQ1Corh',	NULL,	'en',	NULL,	'0',	NULL,	2,	182,	'2019-03-29 10:02:54',	'2022-01-06 13:53:32',	NULL),
(293,	'UMI KALSOM OSMAN',	'umi@mpc.gov.my',	'610102045102',	'$2y$10$GZ6kZTHl.2a.BDwHM8twjex4OSYMybypZOBPP4t8nckYQPviFAYTK',	'0',	'1',	'0',	NULL,	NULL,	'en',	NULL,	'0',	NULL,	2,	2,	'2019-03-29 10:02:54',	'2021-06-28 08:38:06',	NULL),
(294,	'VIMALA A/P R.MUNIANDY',	'vimala@mpc.gov.my',	'830708146260',	'$2y$10$zqY6nQzuyhf7SH.HY54qq.CkgLTlKHy9ffxOi60Dp6R6tkXAYd0ry',	'1',	'1',	'0',	'B2Zlrjk02GSuoZPnTYBu9KJJBgeeOADzHsvu9mQO6aEz2NL6N74Lq9GYI3Bd',	NULL,	'en',	NULL,	'0',	NULL,	2,	182,	'2019-03-29 10:02:54',	'2022-01-06 13:53:34',	NULL),
(295,	'WAILA MOHD. NASIR',	'waila@mpc.gov.my',	'730621106022',	'$2y$10$QxwKzXGEUHIn3PQYsjIT1e4he4Ee4YP/9S4yWamB0bL7GcNEkGOg2',	'1',	'1',	'0',	'cGkHiHJMffH4zuwbM98IBcDdyGStlFbJDepahei339Ur4uyyYoC9ZeR0ibpD',	NULL,	'en',	NULL,	'0',	NULL,	2,	31,	'2019-03-29 10:02:54',	'2022-01-06 13:53:35',	NULL),
(296,	'WAN FARID WAN HAMAD @ WAN AHMAD',	'wanfarid@mpc.gov.my',	'791024105661',	'$2y$10$Dbn2ucgWiVjNdTP9Iuj3K.S7u8Dv6hPHEqo2b.GQ9.LotRqowbXPC',	'1',	'1',	'0',	'Yb8p7GNngA4fSutnrbnoroROWQEyHRLQKZ8XKHtobhpxqaJkcXp57OrwpetM',	NULL,	'en',	NULL,	'0',	NULL,	2,	182,	'2019-03-29 10:02:54',	'2022-01-06 13:53:36',	NULL),
(297,	'WAN FAZLIN NADIA WAN OSMAN',	'nadia@mpc.gov.my',	'791126015974',	'$2y$10$K/BTBiOMrQJwuok0Aa7RyOdGb40aobLoxLIE4NOj4zLvgp2Myf3au',	'1',	'1',	'0',	'HKnTgmkKE125lMfFNv1MhN4mzWnXT6G2IhVnLkyWM3aI9pzye0bT92uou6Ea',	NULL,	'en',	NULL,	'0',	NULL,	2,	31,	'2019-03-29 10:02:54',	'2022-01-07 08:05:57',	NULL),
(298,	'WAN KHAIRUNNISA AZMI',	'khairunnisa@mpc.gov.my',	'860225295576',	'$2y$10$zTfd5WnvMdmVOY1/8qhkQOGLyYeMHpM7YO8wjMXNQA.eLtGuFzCjy',	'1',	'1',	'0',	'UybkBUOSVE2OSmOkBoNkJExW1rVNIOKrrP30kvSCXg9COM2xYxtMoh4Y7Qew',	NULL,	'en',	NULL,	'0',	NULL,	2,	31,	'2019-03-29 10:02:54',	'2022-01-06 13:53:38',	NULL),
(299,	'WAN NORHANI WAN KHALID',	'wannorhani@mpc.gov.my',	'640706115164',	'$2y$10$TCNAlxNx57IR7gHrgxxXtO.1swp2OxWAqMbs2LR5eQVyEWorT.n9K',	'1',	'1',	'0',	'fdbHZwuzMLOUnw3l8ZxPEvs1z9WQR6hgRqITGWoiV9vtjeSTMQTPUAFBLr4K',	NULL,	'en',	NULL,	'0',	NULL,	2,	31,	'2019-03-29 10:02:54',	'2022-01-07 08:14:46',	NULL),
(300,	'WAN ROZITA HUSSAIN',	'wanrozita@mpc.gov.my',	'770518065820',	'$2y$10$Zl1pCsO0d.jCTv3ZJfvWuOZuvuAJWh9pG7Bna34z1tIo5v14SYtHe',	'1',	'1',	'0',	't4Sa8RlC62naQFvCvJiOd1a6qGNTGOcHuWb3GRGubWwUBEahkAyn31VWpk2J',	NULL,	'en',	NULL,	'0',	NULL,	2,	182,	'2019-03-29 10:02:54',	'2022-01-06 13:53:40',	NULL),
(301,	'Wan Yusnaini Wan Yaacob',	'yusnaini@mpc.gov.my',	'710502035534',	'$2y$10$Pd1kTOPRjapjqQzTfsN6cuW7YmHt72ZT9fvpxxhPhNm161qpVkTfi',	'1',	'1',	'0',	'E5XYCjsxnuyOwqVsquTLQyqlFHyO6XyvrkB46F3LUdaCjToZLJv8HE1xEysy',	NULL,	'en',	NULL,	'0',	NULL,	2,	301,	'2019-03-29 10:02:54',	'2022-01-06 13:53:41',	NULL),
(302,	'Wan Zainulhaq Thaniah Che Haron',	'WanZainulhaq@mpc.gov.my',	'710129035076',	'$2y$10$H5IeaHcTNzyG2rk1PhdS2euaqZD98bsv3NgyL4z9lCprcs1EE1zuq',	'1',	'1',	'0',	NULL,	NULL,	'en',	NULL,	'0',	NULL,	2,	182,	'2019-03-29 10:02:54',	'2022-01-06 13:53:42',	NULL),
(303,	'ZAFFRULLA BIN HUSSEIN',	'zaff@mpc.gov.my',	'691003035395',	'$2y$10$qQZrLrdAMdehB4gSK7Gnn.3qdrzLvSamchX/p0qaaAMdmuvkNptSe',	'1',	'1',	'0',	NULL,	NULL,	'en',	NULL,	'0',	NULL,	2,	31,	'2019-03-29 10:02:54',	'2022-01-06 13:53:43',	NULL),
(304,	'ZAHID ISMAIL',	'zahid@mpc.gov.my',	'660320075225',	'$2y$10$XZa2iw5OxLJLzmPFNBRlsebNDkn32tXuekOIb3JJiZdVVR6uicC6O',	'1',	'1',	'0',	'HlzG2aFwsY3bTN4M4ZAcIMD3DIqqZZ2fv5K0U6P9ClJxf8snvA8OOOBQUQHM',	NULL,	'en',	NULL,	'0',	NULL,	2,	31,	'2019-03-29 10:02:54',	'2022-01-07 08:26:17',	NULL),
(305,	'Zaidah Hassan',	'zaidah@mpc.gov.my',	'810614065568',	'$2y$10$bu0VtBc38HQ9yHIbz5GZaOd0XQU06F7L85qz0sI2sLfmz4QsqFGVK',	'1',	'1',	'0',	NULL,	NULL,	'en',	NULL,	'0',	NULL,	2,	182,	'2019-03-29 10:02:54',	'2022-01-06 13:53:45',	NULL),
(306,	'Zaini Haron',	'zainiharon@mpc.gov.my',	'830119105073',	'$2y$10$fbF.g4Rj0xWY54nabo2t0.L3Qj26oNO0aebT0m7VogptI459ryT8.',	'1',	'1',	'0',	NULL,	NULL,	'en',	NULL,	'0',	NULL,	2,	182,	'2019-03-29 10:02:54',	'2022-01-06 13:53:46',	NULL),
(307,	'DATIN ZAINON BAKAR',	'zainon@mpc.gov.my',	'630524106620',	'$2y$10$PULZrBut8YdPBQ3TtRWAdek5or3Y03/fbYEsejARxjlULjaFT01bO',	'1',	'1',	'0',	'ILAo8VSpQGKX2Shk9X2NKRECcej5L6d6UyJfKbmCQ0wxtPhlxk19NVnHMVy9',	NULL,	'en',	NULL,	'0',	NULL,	2,	31,	'2019-03-29 10:02:54',	'2022-01-07 08:25:29',	NULL),
(308,	'ZAINUDIN ELIAS',	'zainudine@mpc.gov.my',	'650322015235',	'$2y$10$4yga4aA7mHa3GFDZdQPG6.4qtLRh3JlyZOkyXLLn.Qb9D7yZ.1ijO',	'1',	'1',	'0',	'gex2DIya7avJdzcfvRUzxaibyZ93mSLnzCgApKWKsEy1sCu60s8G0V5TjSoi',	NULL,	'en',	NULL,	'0',	NULL,	2,	31,	'2019-03-29 10:02:54',	'2022-01-06 13:53:48',	NULL),
(309,	'ZAITON NORDIN',	'zainordin@mpc.gov.my',	'621101065316',	'$2y$10$v7IpQfJoO.953PC.20/TQO8dQ5.aHi.gk/frC/xm7p/VMpWhKWYam',	'0',	'1',	'0',	NULL,	NULL,	'en',	NULL,	'0',	NULL,	2,	182,	'2019-03-29 10:02:54',	'2021-06-25 03:49:11',	NULL),
(310,	'ZAKI JAAFAR',	'zeck@mpc.gov.my',	'670719035611',	'$2y$10$hhaKi2pZxkcgRRk8bPJBGOAgBKSnygBmNTkG2eelsPHE65A0LWUv6',	'1',	'1',	'0',	'5XxmnZEjtN5wuqf6VS7kRs45r1hae6rzKa8d3CDRe1RQK6urh5S04sjMLJT6',	NULL,	'en',	NULL,	'0',	NULL,	2,	182,	'2019-03-29 10:02:54',	'2022-01-06 13:53:50',	NULL),
(311,	'Zawiyah Abd Manaf',	'zawiyahmanaf@mpc.gov.my',	'871012235530',	'$2y$10$FnImoV2tesv9kklk6fLsBuHmmTCDn.G0GyEf8nJB0hig8fzBpJs2W',	'1',	'1',	'0',	'Y5ATn2SD4gamQHX5cAMdmGImjeZcyfh7xx2lTSN96u7gWPobdhFUHfNYaoGW',	NULL,	'en',	NULL,	'0',	NULL,	2,	182,	'2019-03-29 10:02:54',	'2022-01-06 13:53:51',	NULL),
(312,	'Zubir Zainuddin',	'zack@mpc.gov.my',	'720327055077',	'$2y$10$1BCvvlCBAfaXQJtxmGkKXe0Pdutyiq3Y8LZB3neN/DZoOP8DM3j3K',	'1',	'1',	'0',	NULL,	NULL,	'en',	NULL,	'0',	NULL,	2,	182,	'2019-03-29 10:02:54',	'2022-01-06 13:53:52',	NULL),
(313,	'Zul Ezwan Muhamad',	'zulezwan@mpc.gov.my',	'810122015257',	'$2y$10$H6cI5X3z6IPhZZ88w8CUB.aJuM/ltRPBNAmGUg7k3ImgPfXyBFNuu',	'1',	'1',	'0',	NULL,	NULL,	'en',	NULL,	'0',	NULL,	2,	2,	'2019-03-29 10:02:54',	'2022-01-06 13:53:53',	NULL),
(314,	'ZULAIFAH OMAR',	'xue@mpc.gov.my',	'631016015006',	'$2y$10$XjmlPquEks25kegvHQZUte/CLmXgXgHvVZBvFPNhTd0bJY0iPwzv6',	'1',	'1',	'0',	'UIWiGh3yjdCjecSTdLYcvKu8za9j9zr8rlGyYyJ3jzz2kMF7BXAHax7oXuIO',	NULL,	'en',	NULL,	'0',	NULL,	2,	182,	'2019-03-29 10:02:54',	'2022-01-06 13:53:54',	NULL),
(315,	'Zunaidah Awang Nawi',	'zunaidah@mpc.gov.my',	'820911035882',	'$2y$10$C8Z1k.90Rx3VfVM1sZxEjOi5WRBUPJQIP2qhLa8Rw/7caEd91aAw.',	'1',	'1',	'0',	'fsUUuWtS2DypNIO4Xc6VbLFB59Faj8aofYIR2DdgAFPAY6oorkbPI1P8UKFV',	NULL,	'en',	NULL,	'0',	NULL,	2,	182,	'2019-03-29 10:02:54',	'2022-01-06 13:53:55',	NULL),
(316,	'ZURAIDI ZAINOL',	'zuraidi@mpc.gov.my',	'830428095219',	'$2y$10$1MuJB11O670GFF8JRgoRzu4QrRnmTqjcxeVEi9bgTKsNnc.RttwpS',	'1',	'1',	'0',	'SdLtIlytU40Dy3QumrZ0V8n7Ixw70ggHfqKVx65MZmpH0ubxpZF3rBchY4EI',	NULL,	'en',	NULL,	'0',	NULL,	2,	316,	'2019-03-29 10:02:54',	'2022-01-13 02:45:50',	NULL),
(317,	'ZURAINI SUBKI',	'zuraini@mpc.gov.my',	'820829035744',	'$2y$10$Xx4sYatlAhQggM1Nu3eJK.2Aw6ELGLvbG.RyesPYWIakhD3N9RMkG',	'1',	'1',	'0',	'qV3yWI0PDK9Y7FeGY22JndFvzDLyBAFipxs6QXn2Tm1RBrR3hdReOWhTQf5R',	NULL,	'en',	NULL,	'0',	NULL,	2,	182,	'2019-03-29 10:02:54',	'2022-01-06 13:53:57',	NULL),
(318,	'Zurianti Nor Azian Mohd. Nafi',	'zurianti@mpc.gov.my',	'880229065872',	'$2y$10$CjtIKYt0vppATqm2TcqzG.pprV.e0XHGIhLaiSygfrxifAXyGOcNu',	'1',	'1',	'0',	'XTI9JEUtSzodHXTFEgSEtQBXAYKpX2lmubAiUSpZd0g56sIEQzpSq9dFu3uQ',	NULL,	'en',	NULL,	'0',	NULL,	2,	182,	'2019-03-29 10:02:54',	'2022-01-06 13:53:58',	NULL),
(319,	'ABDUL RAHMAN KAMIS',	'arahman@mpc.gov.my',	'911019085241',	'$2y$10$JYiPL2qFXpQ3KaE4cMHHDO74DLFRyDGPBIzusrtU6S6TEHWvwPDUu',	'1',	'1',	'0',	'wsTVVTcRxNyhfuNqYFBDn8T5Hu6gmlrwzLZRy74E1WZjF2PJkZjaWEOntiuc',	NULL,	'en',	NULL,	'0',	NULL,	2,	182,	'2019-03-29 10:02:54',	'2022-01-06 13:53:59',	NULL),
(320,	'AIMI ZAHIRA AZAMI',	'aimizahira@mpc.gov.my',	'891008026064',	'$2y$10$w39geegsrN99lf/BKGMNr.GWrv6HcId.kjIKKSpiNLET.kGBbDMfy',	'0',	'1',	'0',	NULL,	NULL,	'en',	NULL,	'0',	NULL,	2,	2,	'2019-03-29 10:02:54',	'2021-06-28 08:21:57',	NULL),
(321,	'ANIS SYAFIQAH AYOB',	'anissyafiqah@mpc.gov.my',	'910208095030',	'$2y$10$CzuPgv6Fga4fUb3n1uVkWu/DH0U4VPUGnKbUCHo/jN2U7FJzYUuXy',	'0',	'1',	'0',	NULL,	NULL,	'en',	NULL,	'0',	NULL,	2,	2,	'2019-03-29 10:02:54',	'2021-06-28 08:23:31',	NULL),
(322,	'JERRECY ELSIE P. TOJIPUN',	'jerrecy@mpc.gov.my',	'841208125352',	'$2y$10$3uuY35K45pOCfI08uOAyxOF8HWzSYEnaOnhj7uaTmfCa8N/KmNMu2',	'1',	'1',	'0',	NULL,	NULL,	'en',	NULL,	'0',	NULL,	2,	31,	'2019-03-29 10:02:54',	'2022-01-06 13:54:02',	NULL),
(323,	'MOHAMAD AMIRUL ARIF SAHIMI',	'mohamad@mpc.gov.my',	'910408036123',	'$2y$10$fL7nbP18iyKD2lgvOfxdPuoe6vClZybD5PqEE32uO1eNTd7XlrI7e',	'0',	'1',	'0',	NULL,	NULL,	'en',	NULL,	'0',	NULL,	2,	2,	'2019-03-29 10:02:54',	'2021-09-30 07:06:25',	NULL),
(324,	'MOHAMMAD FADZRUL FARIDZ HAZNI',	'mfadzrul@mpc.gov.my',	'930527045223',	'$2y$10$1BHOYldISyfm9FDVdZTaguv9Tnf/oJQDn45oNnqeEVlZKX07dcY3i',	'0',	'1',	'0',	'eWVdSOMMnCp9nZwRIA1G24hWTFIsDYWTChypyp199evbis0qgPNjQrgrqaGV',	NULL,	'en',	NULL,	'0',	NULL,	2,	275,	'2019-03-29 10:02:54',	'2021-01-03 16:29:34',	NULL),
(325,	'MOHD AIZUDDIN NOOR AZMAN',	'aizuddin@mpc.gov.my',	'890129085541',	'$2y$10$JtL2piGFTgbJiM0CeIT7jOpbPk2Pp/ahWHK3kAxFk9dHdHVfORA9e',	'1',	'1',	'0',	'kD5BYf9PwHXuK0gYg7cjS0XTJo3STwsnUcUNHy1fCi0Jpx5lu5zRs7wSV2v6',	NULL,	'en',	NULL,	'0',	NULL,	2,	182,	'2019-03-29 10:02:54',	'2022-01-06 13:54:05',	NULL),
(326,	'MOHD MUJAHID MOHD YUSOFF',	'mujahid@mpc.gov.my',	'900521036193',	'$2y$10$Hevu2GddoW5gelNS7bklsuqTEo8m4bOW9Ez4WZPWUEJd4rTyKfvCu',	'1',	'1',	'0',	'eX3rCTuXWKnfD0NE1kFMATg3GcjgshvbTWaUadPVuqkIvujQkw6PmMcGlzgg',	NULL,	'en',	NULL,	'0',	NULL,	2,	326,	'2019-03-29 10:02:54',	'2022-01-06 13:54:06',	NULL),
(327,	'MUHAMMAD ADIB FITRIE MUKHTAR',	'adibfitrie@mpc.gov.my',	'910416036107',	'$2y$10$oIVvzSUS9xEJLEhLlNTaaOgRWi1rnZqYoiuck5zEb0dZ2/0yHaFHq',	'0',	'1',	'0',	NULL,	NULL,	'en',	NULL,	'0',	NULL,	2,	2,	'2019-03-29 10:02:54',	'2021-06-20 11:00:54',	NULL),
(328,	'MUHAMMAD AZRULL NAZREEN',	'azrullnazreen@mpc.gov.my',	'940822015325',	'$2y$10$Za7eRSw.phviIO6nIepjneefsEHmycKa8fcawsvV9GHQd706KqDV.',	'0',	'1',	'0',	NULL,	NULL,	'en',	NULL,	'0',	NULL,	2,	2,	'2019-03-29 10:02:54',	'2021-06-25 08:25:24',	NULL),
(329,	'MUHAMMAD FIRDAUS YAHYA',	'firdaus@mpc.gov.my',	'940723015733',	'$2y$10$MRFXDLrAnnPagqoWo54s7.boH8tnUnkTmbtAUAjQkuOsuYnLUiMiS',	'0',	'1',	'0',	'iixPepPne4bkjkewCtQf7HRlguqm4YQLRYbBZTcjVK6kCnF7pFyGwYLX2Ivv',	NULL,	'en',	NULL,	'0',	NULL,	2,	2,	'2019-03-29 10:02:54',	'2021-06-28 08:29:50',	NULL),
(330,	'MUHAMMAD HANIF CHE WAN NAMAN',	'hanif@mpc.gov.my',	'950913035929',	'$2y$10$mKUvJv0wtJh/IDVxsV3jhu5KOSDMgaUpFaUlv195LIHoJNidN21TC',	'0',	'1',	'0',	'm8PhVfodEmWUIelTSBtF0LkTueyezxRCd32NlX1m9vA9ZeLW3bTZ6VwvGUeI',	NULL,	'en',	NULL,	'0',	NULL,	2,	46,	'2019-03-29 10:02:54',	'2021-06-28 08:29:55',	NULL),
(331,	'MUHAMMAD IMAZAKWAN ABDUL RAZAK',	'imazakwan@mpc.gov.my',	'930213145205',	'$2y$10$vNUt153KdYLQ3jBcNOKYk.3csH.uW8EbU0qD39ukhLhYpg1bnvcNe',	'0',	'1',	'0',	NULL,	NULL,	'en',	NULL,	'0',	NULL,	2,	2,	'2019-03-29 10:02:54',	'2021-06-20 11:00:54',	NULL),
(332,	'MUHAMMAD ZARUL NAIM ZUL HADDI',	'zarulnaim@mpc.gov.my',	'941218085225',	'$2y$10$74j33Pj//FXKwMaqZT/jn.PRXscAJD93Ig0f.OyvOMtE50/k2GQEy',	'0',	'1',	'0',	NULL,	NULL,	'en',	NULL,	'0',	NULL,	2,	2,	'2019-03-29 10:02:54',	'2021-06-20 11:00:54',	NULL),
(333,	'MUNIRA ABD RAZAK',	'muniraabd@mpc.gov.my',	'821219105244',	'$2y$10$8QgoZwIsw0Cpat9crcIDrusnPG5cXpVIMgHMMAgsXC5pFHjZooSTq',	'0',	'1',	'0',	NULL,	NULL,	'en',	NULL,	'0',	NULL,	2,	2,	'2019-03-29 10:02:54',	'2021-06-28 08:30:27',	NULL),
(334,	'NADIAH JAMAL',	'nadiah@mpc.gov.my',	'930416105414',	'$2y$10$/kd6KngvJy4dw2uCHFnm6uVUUor2I1MZXGolByPD.peB91Hd.oqBC',	'0',	'1',	'0',	NULL,	NULL,	'en',	NULL,	'0',	NULL,	2,	2,	'2019-03-29 10:02:54',	'2021-06-20 11:00:54',	NULL),
(335,	'NARATUL NURHANIZA RUSLI',	'naratul@mpc.gov.my',	'940209146298',	'$2y$10$dm8i1LnxnJEH6Kw07jQ8n.U.5.NMpam8E5aJWtqjAhkY97GXD0Bde',	'1',	'1',	'0',	'wpm2ohZCU8TR0YyETUWqRGIVak50UxJtkHNlajAtHRTEkxot2fsOLOlm3x7X',	NULL,	'en',	NULL,	'0',	NULL,	2,	182,	'2019-03-29 10:02:54',	'2022-01-06 13:54:15',	NULL),
(336,	'NASUHA MISRI',	'nasuha@mpc.gov.my',	'930827016256',	'$2y$10$.H5lOhHp2UX4fPiU.p2T9u8RSvPz/K28zqnMsifFaPx4fEu1H52TS',	'1',	'1',	'0',	'mADJK8zDfQj8zMlgyOUt1PNxEy138Ry4oJ6ag37LB0JkowBJ0EMEYQy2Is5P',	NULL,	'en',	NULL,	'0',	NULL,	2,	182,	'2019-03-29 10:02:54',	'2022-01-06 13:54:16',	NULL),
(337,	'NIK HANEEZ AMIZAN NIK ROSDI',	'nikhaneez@mpc.gov.my',	'920718895010',	'$2y$10$kvjpcAg3a7gWT/3Fv4IvM.SBU4MbtupiIkdyfEPKKY0vSoIKXnryO',	'1',	'1',	'0',	'x2hWFpKnb0WyZMXzdjYrT3zGxK6fCawB3GBaJhXOurr4bngFmwVyOnCAhIKh',	NULL,	'en',	NULL,	'0',	NULL,	2,	182,	'2019-03-29 10:02:54',	'2022-01-06 13:54:17',	NULL),
(338,	'NOORAZLIN MOHD NASIR',	'noorazlin@mpc.gov.my',	'930103085678',	'$2y$10$p5rOYgP4M/Yw9PyJc0aQ0OObBbDJPU1WOpny6DV7vRPqyuKfSraWi',	'0',	'1',	'0',	NULL,	NULL,	'en',	NULL,	'0',	NULL,	2,	2,	'2019-03-29 10:02:54',	'2021-06-28 08:32:50',	NULL),
(339,	'NUR ASYIKIN SETAPA',	'nurasyikin@mpc.gov.my',	'920609035740',	'$2y$10$lHM2SCpEUXGMvnbutqbek.uW9HIUoPGc7Ev05T5.AKEGrQMRh.RBy',	'0',	'1',	'0',	NULL,	NULL,	'en',	NULL,	'0',	NULL,	2,	2,	'2019-03-29 10:02:54',	'2021-06-28 08:34:26',	NULL),
(340,	'NUR FARHANA ZAIBIDI',	'farhana@mpc.gov.my',	'871216015126',	'$2y$10$d7LKg/9Ul6MGX8Ky8DYhd.hTI22r.QiIU1kaJ/os5aO1kgvFyQrV6',	'1',	'1',	'0',	'otXCz0zdz7rQorRuJRaapT1AfqyXjnAQW1maKgDOGQIHygZVbSIVwpBVkfku',	NULL,	'en',	NULL,	'0',	NULL,	2,	182,	'2019-03-29 10:02:54',	'2022-01-06 13:54:20',	NULL),
(341,	'Nurain Syafiqah Norazman',	'nurainsyafiqah@mpc.gov.my',	'930624016096',	'$2y$10$Yftm3k/TMbeqxiFEtci/Uutb7CL4eMwH8/BgV2G3DtdZkBTXzL1pS',	'1',	'1',	'0',	'xEx6ShG25gXW2KffLguLUxqvJIPgHWVTDz2rOlbPF49BR8EBrDMgh6S8S4Rr',	NULL,	'en',	NULL,	'0',	NULL,	2,	182,	'2019-03-29 10:02:54',	'2022-01-06 13:54:21',	NULL),
(342,	'NUREZYAN SOFEA ZAIRUL MUJAHIDIN',	'nurezyansofea@mpc.gov.my',	'940312015130',	'$2y$10$N2IcC3KNzW.STjl.WJqEdepI9cxh/gnnejg53GiVIe9pabSO4Wr5i',	'0',	'1',	'0',	NULL,	NULL,	'en',	NULL,	'0',	NULL,	2,	2,	'2019-03-29 10:02:54',	'2021-06-28 08:35:23',	NULL),
(343,	'NURFARIHA AHMAD',	'nurfariha@mpc.gov.my',	'951130136162',	'$2y$10$Nv0UAOS45/1/I4sKGVLmcO5a589KEPvRAllNw3hvMi9lZtcmIaAKu',	'1',	'1',	'0',	'scPySjBlPMcGvVWNVuEVk7DA77zXgUBTILqQRZR1dYg6wmQSVlh200WcbSg5',	NULL,	'en',	NULL,	'0',	NULL,	2,	182,	'2019-03-29 10:02:54',	'2022-01-06 13:54:23',	NULL),
(344,	'Nurul Husna Abdul Rashid',	'nurulhusna@mpc.gov.my',	'920422086556',	'$2y$10$YHEvnVo7Sk.F.E.GGV3pc.R2NCgiSD.BE7x9h9iICXOn7aXWPuXbm',	'1',	'1',	'0',	NULL,	NULL,	'en',	NULL,	'0',	NULL,	2,	275,	'2019-03-29 10:02:54',	'2022-01-06 13:54:24',	NULL),
(345,	'Rabiatul Adawiyah Arzahar',	'rabiatuladawiyah@mpc.gov.my',	'970504145308',	'$2y$10$u1UHF08o6M5ctx5p530KgO5uscoZyBnBuzMHqR0YMmkyPpAhBpGnW',	'1',	'1',	'0',	NULL,	NULL,	'en',	NULL,	'0',	NULL,	2,	182,	'2019-03-29 10:02:54',	'2022-01-06 13:54:25',	NULL),
(346,	'ROZAINY ELYZA ROSLI',	'rozainy@mpc.gov.my',	'940817146750',	'$2y$10$edTRhvyY/FHNb5d2NcKEpurNItyChSfEXiMrT7P9Nc7ivwmemkWRu',	'0',	'1',	'0',	NULL,	NULL,	'en',	NULL,	'0',	NULL,	2,	2,	'2019-03-29 10:02:54',	'2021-06-28 08:37:11',	NULL),
(347,	'SHAZYMIN MAZLAN',	'shazymin@mpc.gov.my',	'930205075796',	'$2y$10$K8j2TM0jIsdX9qBlURk.Cum1TVTgtRPWdg4lO4oxvfYmWO/Wr52ve',	'1',	'1',	'0',	'of5CYYTh8ATDr6ilvEM132MMgwtW1pU8mETAUVyBCh73JjDSDjFNdQiHgrar',	NULL,	'en',	NULL,	'0',	NULL,	2,	46,	'2019-03-29 10:02:54',	'2022-01-06 13:54:27',	NULL),
(348,	'SITI HAJAR ISMAIL',	'sitihajar@mpc.gov.my',	'930122085702',	'$2y$10$Rn1ZGqZPBnrPbm3xECbeveGH6gI9PqcM1eLrWaMo8lS9QAs/sBVTC',	'0',	'1',	'0',	NULL,	NULL,	'en',	NULL,	'0',	NULL,	2,	2,	'2019-03-29 10:02:54',	'2021-06-28 08:37:30',	NULL),
(349,	'SITI NUR SYUHAIDA MOHD SALLEH',	'syuhaidasalleh96@gmail.com',	'960416115070',	'$2y$10$NPl/lOwrV7hGA3wJnN6BoOgSFqRl8gJQBQERWHAsGb0Kro3qMfpue',	'1',	'1',	'0',	'hNo1tlGFDJ5hwMyUkrGLuLnSLg5SloaokmV3jPYza3p56CLScSQl2D0WhD2w',	NULL,	'en',	NULL,	'0',	NULL,	2,	182,	'2019-03-29 10:02:54',	'2022-01-06 13:54:29',	NULL),
(350,	'SITI NURAINI AB HALIM',	'sitinuraini@mpc.gov.my',	'921013065046',	'$2y$10$cjT7VeTex79cY5uqE1f9zuKnIP0oNW06G9vM3OzSMtJEleG8JlZtm',	'0',	'1',	'0',	NULL,	NULL,	'en',	NULL,	'0',	NULL,	2,	2,	'2019-03-29 10:02:54',	'2021-06-28 08:37:37',	NULL),
(351,	'SITI ROHANA RUBAIDI',	'rohana@mpc.gov.my',	'910516106408',	'$2y$10$3mUMV5ZmxAAPx2j6B6SnnuHMgZZ9dTRKVkFEN463g5s/ZmGq6Bun.',	'0',	'1',	'0',	'hHFYCX7NiK3lc6LwpNaUvrsa9ggIkN5wR0ap1JgPvDBokgnPgNJKBxOZ2xXh',	NULL,	'en',	NULL,	'0',	NULL,	2,	46,	'2019-03-29 10:02:54',	'2021-06-28 08:37:45',	NULL),
(352,	'SITI ZAHARAH IBRAHIM',	'szaharah@mpc.gov.my',	'830226045192',	'$2y$10$UpmiOoje4c2ZSUXKAbqo1.VrFZTrBULaJn.xiIRtbyqo5OXvmu6fO',	'0',	'1',	'0',	'rB2gO0W2AmbNPdPD3vV8WJKBL1QFm0bzjsQmhcE85eqsCEko1Z3yXeLK0Iwq',	NULL,	'en',	NULL,	'0',	NULL,	2,	352,	'2019-03-29 10:02:54',	'2022-01-06 13:54:32',	NULL),
(353,	'Syed Izzat Emir Syed Ahmad Razali',	'syedizzat@mpc.gov.my',	'940405105629',	'$2y$10$INdnHuM8coOPYT9SRvAO5OQb4SK3490ha5t6yFtGN7NTR0RNm0Lzm',	'1',	'1',	'0',	'48iFMN4cZkp1EgzjvbNMO29SnKHwZ65Nz5SYww6JhdvH98zriXwXZ8fIbVZg',	NULL,	'en',	NULL,	'0',	NULL,	2,	2,	'2019-03-29 10:02:54',	'2022-01-06 13:54:33',	NULL),
(354,	'UMMU \'AMMARAH BASYIRAH HASHIM',	'ummu@mpc.gov.my',	'940826017328',	'$2y$10$h8dANrvS503XOaPLFq5RJ.a1C4cmNMy2I6r4R5znNRarGyD793KQi',	'1',	'1',	'0',	'4Xmcp32R1fJE5X1OQrzpwfbxJmaWsAvQZrj38E3s04VoCsJ5pcviZ8J2vSG4',	NULL,	'en',	NULL,	'0',	NULL,	2,	182,	'2019-03-29 10:02:54',	'2022-01-06 13:54:34',	NULL),
(355,	'AHMAD SYAFIQ BIN IDRUS',	'emailtester.451@gmail.com',	'860716335317',	'$2y$10$gw0izPMU3RRuC4YfPSl4m.kGzqtxT9mby73D.yAouGl/p8agf1LQa',	'0',	'1',	'0',	'JeZXRPgWJIUWnGWl10ySICEfa4izchwQvIdVL662WDWM4Sk6V8hK8OPXKRNr',	NULL,	NULL,	NULL,	'0',	NULL,	2,	355,	'2019-03-31 12:57:41',	'2021-11-08 17:42:38',	NULL),
(356,	'NORAIZAM BIN BADRON',	'mpcflightsystem@gmail.com',	'740102015937',	'$2y$10$ZIV94i/dFpR1/fZl5xDkw.RqmJ1GbJkofRCDij5MywYhNe0VMZhHu',	'0',	'1',	'0',	'QVBeuRqwXuXsGDpMOrERAO524C8ZcxceTpyjeX0nsz9JBsjX1l45Stp6PakL',	NULL,	NULL,	NULL,	'0',	NULL,	2,	356,	'2019-03-31 13:04:28',	'2020-10-15 04:30:07',	NULL),
(357,	'MUHAMMAD FATHI BIN MD TAIB',	'fathi@mpc.gov.my',	'9106070950',	'$2y$10$PBdt0oCEPBMDBe5WUXPIbefA6np.hYx5rPHbugWRJFmBl5wv.zTLi',	'0',	'1',	'0',	'WORFA30e1sHFLRFc90IoNWflAgGCcp6uFHjcdbaHDyfqLnhTEl5M0oGMwsn0',	NULL,	NULL,	NULL,	'0',	NULL,	46,	46,	'2019-04-17 20:38:59',	'2020-10-15 04:27:20',	NULL),
(358,	'MOHAMED AMIRUL ZAFAREN MOHAMED ZAKIR',	'zafaren@mpc.gov.my',	'9409041463',	'$2y$10$BBtwc0fbN5pP/dqywNOa4ueJI4flD2lQ3lk3PrHcszEZ7C4BIBuOK',	'0',	'1',	'0',	'Hj1E8nocVkOKznCoKrWXZb4soQ4uU1lbaoIQcGgo9kMviWbnrZ6sL6zVqIaC',	NULL,	NULL,	NULL,	'0',	NULL,	46,	46,	'2019-04-17 20:47:42',	'2022-01-06 13:54:36',	NULL),
(359,	'MOHD NOOR AZRIN BIN ADNAN',	'azrin@mpc.gov.my',	'871129035559',	'$2y$10$zjt3U5ZFdx7YQ6DYzCM35OAektLKr5dTC1RBs/g.neAG7lyMqdvBG',	'1',	'1',	'0',	'46UQIDnOy9jn4VBNfAjTP9WvEOiTxUFjTU1ku3cKkqJ2D8cMkWMA0RPnBONw',	NULL,	NULL,	NULL,	'0',	NULL,	46,	182,	'2019-04-20 21:00:49',	'2022-01-06 13:54:37',	NULL),
(360,	'AZIRAH BT MOHD',	'azirah@mpc.gov.my',	'940610115324',	'$2y$10$u4llW0RiPibhGyCiQe.FjOz71605GeI0FIWOACHg5L7FA9Ujw3ncq',	'0',	'1',	'0',	'Ngq91mMwoz43L7vKHC2oPmBnt7PQjRUD8V5J72IitNfBPja1ZNJsnPQ4GUEu',	NULL,	NULL,	NULL,	'0',	NULL,	46,	46,	'2019-04-22 12:16:25',	'2020-11-06 16:07:24',	NULL),
(361,	'NUR ILINA BINTI ROSLI',	'nurilina@mpc.gov.my',	'940603146456',	'$2y$10$HniiN8uVPA6gyYLPZ9rdruncBGEty/0VmFM1SZJIS.1CRFZXt1982',	'0',	'1',	'0',	'whyovYQMRVfjBxOUXcbWb0lF51gyPOq2zwPG7f0GQbTiO5XJ1XfLgaA2fRc5',	NULL,	NULL,	NULL,	'0',	NULL,	46,	46,	'2019-04-24 17:56:56',	'2022-01-06 13:54:39',	NULL),
(362,	'NOOR IDDEANNA BINTI IDRIS',	'iddeanna@mpc.gov.my',	'950806146236',	'$2y$10$er7A1b6zxNaKA.nMghdSGeZZ2G5A.AW8JqAUVx60hGhH6HPNwZPKG',	'1',	'1',	'0',	'wk6dFUCQU9pghfZ4cZXGsOUX6eIDRWHWv4seTKVlxhXfPXGXqaVnJZO4kQum',	NULL,	NULL,	NULL,	'0',	NULL,	71,	71,	'2019-05-02 19:35:10',	'2022-01-06 13:54:40',	NULL),
(363,	'AMIRUL HAIZAD BIN REDZWAN',	'haizad@mpc.gov.my',	'940109015151',	'$2y$10$UhfuWkKlFEPXrR1q0NyfquQ63FDudkNJDvONWJ0PU.WCFG6Bh3RNq',	'0',	'1',	'0',	'yKNzuoiWiTHHKyDxp3BcqUIJNVAl2itN7kJDJ3mhBO1rvaUNgtOChxYUBA7K',	NULL,	NULL,	NULL,	'0',	NULL,	46,	46,	'2019-05-21 12:43:57',	'2022-01-06 13:54:41',	NULL),
(364,	'NOR AZZATUL AKMARISHA BINTI SERJALI',	'azzatul@mpc.gov.my',	'940801086140',	'$2y$10$1zCA8PUnZdQNqucR..lp9.Mmc1dwSHf2mlXRSrMveOcmJyYFf7lg.',	'0',	'1',	'0',	NULL,	NULL,	NULL,	NULL,	'0',	NULL,	46,	46,	'2019-05-27 15:13:16',	'2021-06-28 04:04:04',	NULL),
(365,	'NURUL NADIA BINTI ABDUL PATAH',	'nuruln@mpc.gov.my',	'950526145298',	'$2y$10$cTfHHgcjCkySCxqBosbfUue.Fm9JQJ8FrXzmQPh2wzB08DzTZ75fC',	'1',	'1',	'0',	'yhAaWocpvVMVWGLKQvyIIQKt1bKHdOz481B4F55KTZkDLzwZIRSvN9Kf9bgk',	NULL,	NULL,	NULL,	'0',	NULL,	46,	46,	'2019-06-12 13:38:57',	'2022-01-06 13:54:43',	NULL),
(366,	'MAHZAR REZZA BIN ITHNIN',	'mahzar@mpc.gov.my',	'860306335779',	'$2y$10$aOA32i7OyFfDHSqOvMK9ZOL8iBaaLuAlrK.SQv7Y.kW6.itmzE05K',	'0',	'1',	'0',	'h3QmRRJNkpVzobaKNjvNvD3yzkYVoFSOTIGFMTsNJNAI7xnIcPRzRfiLV2Gw',	NULL,	NULL,	NULL,	'0',	NULL,	46,	366,	'2019-06-19 16:52:18',	'2022-01-06 13:54:44',	NULL),
(367,	'NURRUL NUR AISYAH HAMRAN',	'nurrul@mpc.gov.my',	'950829135206',	'$2y$10$9RVaYPZ3sCcEvmUZ1h4Pb./oowUYhHXS.FvEfM8E8FEiiM9l16WrO',	'1',	'1',	'0',	'NfdZLya129b32TBSdQQZWv4mzeiETan95EbS0FCFzAQ7M6hxbF3ewqIQq81J',	NULL,	NULL,	NULL,	'0',	NULL,	46,	275,	'2019-06-25 15:02:35',	'2022-01-06 13:54:45',	NULL),
(368,	'NORLIYANA BINTI MOHD SHAMSUDDIN',	'norliyanas@mpc.gov.my',	'920812105660',	'$2y$10$7PNQImuZK5LiW4M5htQ/mOeIn0zO4igECDj1y1e5/Ae3KW0tTWuaa',	'0',	'1',	'0',	'GvJttw3VfnUnvZP4RuLFfUhZZF0KoI6kIO6WQ5RFExNcQEhYyrVsS05xO6qT',	NULL,	NULL,	NULL,	'0',	NULL,	46,	46,	'2019-07-02 13:19:42',	'2022-01-06 13:54:46',	NULL),
(369,	'NIK NUR ATIQAH BINTI SAIDI',	'niknuratiqah@mpc.gov.my',	'920916035644',	'$2y$10$YDe1NMI4UKGE1t3EeTrRQu9BeIO25dgVFo9WoAiUPW4h0X752zQ/2',	'0',	'1',	'0',	'hqcC7B4WsJHt4SFaPvNJ7pkhXlmN1WiRKmaCoBbu8nmdw4njkjozCbYw13rt',	NULL,	NULL,	NULL,	'0',	NULL,	46,	369,	'2019-07-05 18:44:38',	'2022-01-06 13:54:47',	NULL),
(370,	'SARAH AFIQAH BINTI KAMARUZAMAN',	'sarah@mpc.gov.my',	'970218145040',	'$2y$10$JmuZZVyszcvWf/gLWJUis.d595F/nId2JVV4H8TsNSLEcWo41aWWK',	'1',	'1',	'0',	'XskE5aNF7oF9BdQw7ex4xQp0IBIbIFcK1IkHwJyPzLcCdDOko7pABtSfrYSU',	NULL,	NULL,	NULL,	'0',	NULL,	46,	182,	'2019-07-22 15:30:15',	'2022-01-06 13:54:48',	NULL),
(371,	'NURUL AZNEE BT ABDUL AZIZ',	'aznee@mpc.gov.my',	'930505106566',	'$2y$10$6G8OMvFSdCDkIAHsF05GPugW4pNqjnpyekl24H2.3wrup2wZmqb72',	'0',	'1',	'0',	'1a02dGkB57BO9z4WhU0gB2stkSwY0U9fjpR2d3NDS9BFey6U3cjBTWha5srg',	NULL,	NULL,	NULL,	'0',	NULL,	46,	46,	'2019-07-22 15:32:38',	'2021-06-28 04:01:38',	NULL),
(372,	'NUR AISYA AIDA BINTI KHAIRUL SALLEH',	'nuraisya@mpc.gov.my',	'960623105318',	'$2y$10$gbYUlLGLSYS6G2375rlggOVV6zmTWZA6lBGjlisWvp.g55Z5EFp.S',	'0',	'1',	'0',	'NqZJGtgTgy0gL58ivxsJ1siyPgJsqQiUUITtMN3SeWporfXiBoXCL7jkqUFz',	NULL,	NULL,	NULL,	'0',	NULL,	46,	46,	'2019-07-25 19:31:17',	'2021-06-28 08:34:11',	NULL),
(373,	'ANIS UMAIRAH BINTI JASNI',	'anisumairah@mpc.gov.my',	'941212065370',	'$2y$10$Agh/pjAhyI1K.4ThwHzN3OCbGQ3dorODj/AHv9PlkvxJTfQGYyuUC',	'0',	'1',	'0',	'wY8aTL3aoZhtohODtg8jjSop7Ay7BBghpLm8NmcAsr5yp3VyBU0M7UvwTlQV',	NULL,	NULL,	NULL,	'0',	NULL,	46,	46,	'2019-07-29 19:02:30',	'2021-06-28 08:23:40',	NULL),
(374,	'NORNADIA BINTI OMAR',	'nornadia@mpc.gov.my',	'910330036544',	'$2y$10$OE4tRMWlM6cd7rhB.dPrP.SCJXAyWuDazLkKjDku2j2gnmm1vipEq',	'0',	'1',	'0',	'37tYPp8zJvFaVKQWuT50iQf6CyaSVMvxqKCKhR4PIg8cNaDQf0NvDjiMDzs7',	NULL,	NULL,	NULL,	'0',	NULL,	46,	46,	'2019-08-26 12:30:02',	'2021-06-28 08:33:56',	NULL),
(375,	'MOHD AFIQ BIN MOHD ADNAN',	'mohdafiqn@mpc.gov.my',	'890219136111',	'$2y$10$Syg7mFJBQqL5KUk/VQtJ/.U41r1oqFdxx0I2qWRjsay75Xd76CCBu',	'1',	'1',	'0',	NULL,	NULL,	NULL,	NULL,	'0',	NULL,	46,	182,	'2019-08-28 19:37:45',	'2022-01-06 13:54:53',	NULL),
(376,	'NANCY ANAK JOAN',	'nancy@mpc.gov.my',	'950124136348',	'$2y$10$c83MWEtQXKpfBb6r.AHmou/Cv/.pHgnxdIEUGfyR20/U7okKloVMe',	'1',	'1',	'0',	'CbblHYfCFeH5CDwUoS0imiVwav2EjEtutF9C5D0LbttQRi9SbKVuvTuDX7qC',	NULL,	NULL,	NULL,	'0',	NULL,	46,	182,	'2019-09-23 15:40:03',	'2022-01-06 13:54:54',	NULL),
(377,	'YOGESVARI A/P SAMBASEVAM',	'yogesvari@mpc.gov.my',	'910210025912',	'$2y$10$RS5G2JWammFp979gpH81.uQza0CVNehbXof4clGJIOValksBTXJge',	'1',	'1',	'0',	'C5ODuo1LoYmxl1JUoCwoD2vuNsRgh5wwKWXXA6qpB5PequlSpwICd3obkha3',	NULL,	NULL,	NULL,	'0',	NULL,	46,	182,	'2019-10-07 14:51:06',	'2022-01-06 13:54:55',	NULL),
(378,	'NIK NUR MAISARAH NIK SOH',	'niknur@mpc.gov.my',	'951224035354',	'$2y$10$L8oQgbqzhRaWL1MqzfdKQ.PI6ArCV9Nhdsh0PDDGszaNVlQDNdBXG',	'0',	'1',	'0',	NULL,	NULL,	NULL,	NULL,	'0',	NULL,	46,	46,	'2019-10-07 15:06:12',	'2021-06-28 08:31:12',	NULL),
(379,	'NIK ZARITH ELIDA BINTI NIK RAMLI',	'nikzarith@mpc.gov.my',	'950406035924',	'$2y$10$sykMm9Vp8eSgqaAk4zpFjOmBQyvoYUQwu70mDXyUVTU1Kww7r/drK',	'0',	'1',	'0',	'Kbejb7Auni9kIWwac0wXakcpAPXxUOTjFM5FXjaA4BUAkR4pQxNSIRKXYDVY',	NULL,	NULL,	NULL,	'0',	NULL,	46,	46,	'2019-10-15 12:46:24',	'2020-10-15 04:28:47',	NULL),
(380,	'MOHD SYAMAEL BIN MOHD NASIR',	'syamaelr@mpc.gov.my',	'931007015295',	'$2y$10$ECLjRl6FGKg.4JlCBMI4he6O2GTKWzi5lRjvpt2bRwBhFjXFl63ya',	'0',	'1',	'0',	NULL,	NULL,	NULL,	NULL,	'0',	NULL,	46,	46,	'2019-11-18 18:18:05',	'2021-06-28 08:29:24',	NULL),
(381,	'AISYAH BINTI ISMAIL',	'aisyah@mpc.gov.my',	'940502115546',	'$2y$10$ByXJ4Fx3aoR5g5DGQOiVrOhJ6o3VNbCrp1MG3kgoYYn2cp8q6Kz3W',	'0',	'1',	'0',	NULL,	NULL,	NULL,	NULL,	'0',	NULL,	46,	46,	'2020-01-28 13:35:34',	'2021-06-28 08:22:26',	NULL),
(382,	'NUR MUNIRAH BINTI MUSTAFFA KAMAL',	'munirah@mpc.gov.my',	'940908106180',	'$2y$10$co/OkDZUWa8Xg6i.92RqRuZ0VSscJvRA7VRV0OKt.ocbCUvY6Unwe',	'1',	'1',	'0',	'uClMvmG97CA1Azr78Dghd1PuabU2PejNxdE14QdRYrZkrY3qBpnZ1JFa7g5O',	NULL,	NULL,	NULL,	'0',	NULL,	275,	182,	'2020-11-27 05:24:14',	'2022-01-06 23:54:33',	NULL),
(383,	'DANIAL ZARKASYI MAZLAN',	'danial@mpc.gov.my',	'910703105531',	'$2y$10$wyrqfqA/6TrgJYcNkjT1uuijVn7s3ZEiP60TPu6z1l6hsKgSf7/m6',	'1',	'1',	'0',	NULL,	NULL,	NULL,	NULL,	'0',	NULL,	275,	182,	'2020-11-27 05:51:19',	'2022-01-06 13:55:04',	NULL),
(384,	'LIM EU YIK KRISHEN',	'krishen@mpc.gov.my',	'930319105017',	'$2y$10$IcFqrCmrqA5Qt6AYtAv.Q.2S8he3DqY.hpcYQiNkdviDbwaZaZFiW',	'0',	'1',	'0',	NULL,	NULL,	NULL,	NULL,	'0',	NULL,	275,	275,	'2020-11-27 05:52:36',	'2021-06-25 07:13:10',	NULL),
(385,	'MOHD SHAHRILL RIZA BIN MOHD FADZILAH',	'riza@mpc.gov.my',	'910909115321',	'$2y$10$U4/g1xcwNfcN5RQo8/WCJOA1jlAKUGkIz8mBl4dEdQYkYe9u05YlO',	'0',	'1',	'0',	NULL,	NULL,	NULL,	NULL,	'0',	NULL,	275,	275,	'2020-11-27 05:54:20',	'2021-06-28 08:29:00',	NULL),
(386,	'MUHAMMAD FAHMI ASYRAF ABD KAHAR',	'fahmiasyraf@mpc.gov.my',	'981222106785',	'$2y$10$rGSd3uWTj3Cp/7l.X/sih.pglJeAc4UeMyaH9xMFFfSiD.IMIj.uS',	'1',	'1',	'0',	NULL,	NULL,	NULL,	NULL,	'0',	NULL,	275,	182,	'2020-11-27 05:55:57',	'2022-01-06 13:55:08',	NULL),
(387,	'NORHASMIRA MD SUHAIMI',	'norhasmira@mpc.gov.my',	'910308146130',	'$2y$10$dkyn01BJ2VfQpH/Fq79UEOBRbAYTtSXEHchDoJa1UlT.GraT7Cb4u',	'1',	'1',	'0',	NULL,	NULL,	NULL,	NULL,	'0',	NULL,	275,	275,	'2020-11-27 05:59:32',	'2022-01-06 13:55:10',	NULL),
(388,	'NUR AISYAH BINTI AHMAD JAILANI',	'nuraisyah@mpc.gov.my',	'990927106384',	'$2y$10$FU/5mUk/n5YcmRg0am27NedKtdFFRdal8q4ZStkS7c48yNX7adTmG',	'1',	'1',	'0',	'I5P7d4a1P7b5wAA25nx9eJujG9rP79ox5RPddIQq60PYF5ec0KoaCa2IsJgb',	NULL,	NULL,	NULL,	'0',	NULL,	275,	182,	'2020-11-27 06:00:42',	'2022-01-06 13:55:23',	NULL),
(389,	'NUR SYAWAL BIN MOHAMAD SHARIF',	'syawal@mpc.gov.my',	'890514145547',	'$2y$10$1L5yOCoYirqiuU7ZAEYIruPr3oitLbVPsqPMaSCxprr2Fq/0qxRi2',	'1',	'1',	'0',	NULL,	NULL,	NULL,	NULL,	'0',	NULL,	275,	182,	'2020-11-27 06:02:39',	'2022-01-06 13:55:24',	NULL),
(390,	'JENNIFER KAVITHAMBIGAI PANIR SILVAM',	'jennifer@mpc.gov.my',	'990709089280',	'$2y$10$gXZclQH6RC/Xz0ksn6pxnOiCIUsHHF2zO9QYhCciNsC.URcuIhFFa',	'1',	'1',	'0',	'AViOIVdkceCWvnXpFTcLSYb8SLtWUfOcLhSo9pui3646e0J9A5tCFWO6z3Ny',	NULL,	NULL,	NULL,	'0',	NULL,	275,	31,	'2020-11-27 06:03:45',	'2022-01-06 23:35:41',	NULL),
(391,	'Puteri Nabila Husna Zulkeflee',	NULL,	'980224016260',	'$2y$10$191Qr8j8pBrjpVhI.LTpiObbDHKgRFmPfnc9/.SM1eLUMfu2nA7ZW',	'1',	'1',	'0',	NULL,	NULL,	NULL,	NULL,	'0',	NULL,	275,	182,	'2020-11-27 06:18:34',	'2022-01-06 13:55:17',	NULL),
(392,	'AMALINA SAPIREN',	'amalina@mpc.gov.my',	'940902015050',	'$2y$10$VC4bu4lpfy6BJfYRJz0Pouig46KMlMuR1ctdbRmPhVh6dnFs5mjU.',	'1',	'1',	'0',	'lnHuyxWb9CWR9lfxRNuAkcg1XYGZ3wXBaXRTVd0obLFedQA3OwuPWutcTOId',	NULL,	NULL,	NULL,	'0',	NULL,	275,	31,	'2020-12-30 05:05:05',	'2022-01-07 18:50:31',	NULL),
(985,	'MAISARA EDINA MOHD REDZEMI',	'maisara@mpc.gov.my',	'970818105704',	'$2y$10$7RZRMb3BTNB.MZ8/C/nf9.2SR54PDoul/EtEnylbXJcw0vjg2LGtu',	'1',	'1',	'0',	NULL,	NULL,	NULL,	NULL,	'0',	NULL,	31,	182,	'2021-06-21 11:40:56',	'2022-01-06 13:55:27',	NULL),
(986,	'NAJIYAH MD ZALIKI',	'najiyah@mpc.gov.my',	'971220565778',	'$2y$10$mx6Vs9Gf3zLgtxeAoIu9rOnIR4VGKgNhdAWqAUJ3/zRdaylcqRlh.',	'1',	'1',	'0',	NULL,	NULL,	NULL,	NULL,	'0',	NULL,	31,	31,	'2021-06-21 11:42:56',	'2022-01-06 13:55:28',	NULL),
(987,	'NOOR AQILAH ZAINAL ABIDDIN',	'aqilah@mpc.gov.my',	'950901145530',	'$2y$10$kHToLkKUUeb/b.9T3GaIyuLvsGJ9CIKvi.uCuMlwdmqbgK39O7RFe',	'1',	'1',	'0',	NULL,	NULL,	NULL,	NULL,	'0',	NULL,	31,	31,	'2021-06-21 11:44:16',	'2022-01-06 13:55:29',	NULL),
(988,	'PUTRI DHIA NATHASYA MOHAMMAD YUSOFF',	'dhia@mpc.gov.my',	'980503435038',	'$2y$10$d0FdIKbDbf1SmgeA5KWjL.m3qwC4Y59gkJn2kEc1H4g8d/0ote8oq',	'1',	'1',	'0',	NULL,	NULL,	NULL,	NULL,	'0',	NULL,	31,	31,	'2021-06-21 11:45:25',	'2022-01-06 13:55:30',	NULL),
(989,	'AIDA FARZANA MUHAMMAD',	'farzana@mpc.gov.my',	'971031145168',	'$2y$10$OkDoMiLWPNIANb9q/yjg7Ojcx83CvFKfzOtaQMLPZ.9XqWXwyNXky',	'1',	'1',	'0',	'YLTXMtW8rqhktdWTM0D6Uf1irf5NXJgpqZXYDTFyZSacRsbAwCwHA10ji3DB',	NULL,	NULL,	NULL,	'0',	NULL,	31,	182,	'2021-06-21 11:46:51',	'2022-01-10 00:55:36',	NULL),
(1176,	'ABDUL AZIZ ABDUL JALIL',	'aziz@mpc.gov.my',	'920724106217',	'$2y$10$WxD3.EiIP9pA/uMVoSd2mOmjrgoMgdQitfuNsmY8X/3/VgREUBMFK',	'1',	'1',	'0',	'ZtVoDf28Yvy6wC6UrPM9sg97UPZ1n3IJjgRZCir0Wgj0fxd1fn7zq8bnhDic',	NULL,	NULL,	NULL,	'0',	NULL,	2,	2,	'2021-09-23 04:28:01',	'2022-01-06 13:55:00',	NULL),
(1177,	'Nur\'atikah Asari',	NULL,	'920922095010',	'$2y$10$wqtNOfJj6yDV1lsTcJEE8umDVJKyBxZ6wwCG5BW2N3cdQwcwBRSCy',	'1',	'1',	'0',	NULL,	NULL,	NULL,	NULL,	'0',	NULL,	2,	2,	'2022-01-06 13:55:15',	'2022-01-06 13:55:15',	NULL),
(1178,	'Nurul Alia Rahim Omar',	NULL,	'891102025586',	'$2y$10$sjZ7NbSG.PNCBCW2BxZrvuvIQgPBjF1wYFZJC6NadCX/S81e9CeKS',	'1',	'1',	'0',	NULL,	NULL,	NULL,	NULL,	'0',	NULL,	2,	2,	'2022-01-06 13:55:16',	'2022-01-06 13:55:16',	NULL),
(1179,	'Qistina Abdul Rahim',	NULL,	'961030106424',	'$2y$10$L1QRX45MKRHJ4Mw75dOh../Uu4h6/jAg6s0abVWK9oZg81mJJMWxm',	'1',	'1',	'0',	NULL,	NULL,	NULL,	NULL,	'0',	NULL,	2,	2,	'2022-01-06 13:55:18',	'2022-01-06 13:55:18',	NULL),
(1180,	'Siti Akmal Wati Sheikh Abdullah',	NULL,	'900316115570',	'$2y$10$NJTQ5UEs7qaGhXNPqIq4s.OkuUsE2degllK0BSGPWaadjB952kGmu',	'1',	'1',	'0',	NULL,	NULL,	NULL,	NULL,	'0',	NULL,	2,	2,	'2022-01-06 13:55:19',	'2022-01-06 13:55:19',	NULL),
(1181,	'AHMAD MURSYIDI BIN ADZMI',	'mursyidi@mpc.gov.my',	'910301105707',	'$2y$10$3sOVhMmOP9SEskkE8ZjCY.X0oyPgzxzKLd2kjtBU1Kl3CHrBPfzNO',	'1',	'1',	'0',	NULL,	NULL,	NULL,	NULL,	'0',	NULL,	2,	2,	'2022-01-06 13:55:31',	'2022-01-06 13:55:31',	NULL),
(1182,	'FAKHRUL MUIZ BIN MOHD JUTY',	'fakhrul@mpc.gov.my',	'950217145411',	'$2y$10$JXECVp3bjYotncAGOr7iFuWOgak/s9jyu0kt/ND3JIwE2Y/zjf6wu',	'1',	'1',	'0',	NULL,	NULL,	NULL,	NULL,	'0',	NULL,	2,	2,	'2022-01-06 13:55:32',	'2022-01-06 13:55:32',	NULL),
(1183,	'WAN SAIDATUL IZZAH BINTI WAN IBRAHIM',	'saidatul@mpc.gov.my',	'881107566374',	'$2y$10$KBZSTNa6prhbwdrDiijtc.y/zDF3bbmG5DVc80uzAWwwnyeewlkji',	'1',	'1',	'0',	NULL,	NULL,	NULL,	NULL,	'0',	NULL,	2,	2,	'2022-01-06 13:55:33',	'2022-01-06 13:55:33',	NULL),
(1184,	'MUHAMMAD ADIB BIN KAMAN',	'adib@mpc.gov.my',	'951009146203',	'$2y$10$6axzc2NUpu6RYO9/nhQMA.aOtsayM2Ou43gK/cv799fLTdTic/jNK',	'1',	'1',	'0',	NULL,	NULL,	NULL,	NULL,	'0',	NULL,	2,	2,	'2022-01-06 13:55:34',	'2022-01-06 13:55:34',	NULL),
(1185,	'NUR SYAHIRA BINTI MOHD NAWI',	'syahira@mpc.gov.my',	'910423035620',	'$2y$10$3qwc7Imyb8XVVW4bzSzcuutnxOUFXYXUgpETe60KS2DZrls3MYd9e',	'1',	'1',	'0',	NULL,	NULL,	NULL,	NULL,	'0',	NULL,	2,	2,	'2022-01-06 13:55:35',	'2022-01-06 13:55:35',	NULL),
(1186,	'MUHAMMAD IZZAN BIN SUKERI',	'izzan@mpc.gov.my',	'970421265347',	'$2y$10$yT2MdPwA1/pwkiQkxIWrouK0pha24c4Uu9zPvZMQePuEU.iThMdfa',	'1',	'1',	'0',	NULL,	NULL,	NULL,	NULL,	'0',	NULL,	2,	2,	'2022-01-06 13:55:36',	'2022-01-06 13:55:36',	NULL),
(1187,	'MUHAMMAD IRFAN HAFIZ BIN MOHAMAD ZAKARIA',	'irfan@mpc.gov.my',	'950107126105',	'$2y$10$EkXFhOEulju7TImfa8Yb0u.GwuRS2HyD6yueFKbyfUVHSN9Pq63YG',	'1',	'1',	'0',	NULL,	NULL,	NULL,	NULL,	'0',	NULL,	2,	2,	'2022-01-06 13:55:37',	'2022-01-06 13:55:37',	NULL),
(1188,	'IZZALDIN IRFAN BIN SAIJAN',	'izzaldin@mpc.gov.my',	'961022125625',	'$2y$10$pRbefNcVD66NUeUAkg9pi.jhIVxHmdCXFOb85ksgcIlo6XTQK.C1i',	'1',	'1',	'0',	NULL,	NULL,	NULL,	NULL,	'0',	NULL,	2,	2,	'2022-01-06 13:55:38',	'2022-01-06 13:55:38',	NULL),
(1189,	'HAIQAL HADI BIN MOHAMAD IBRAHIM',	'haiqal@mpc.gov.my',	'950324015647',	'$2y$10$VcpA60BXpuotyflX5cw6Me2KWKqCKGSS4G3GHdL0bVM0/JvdjqWCW',	'1',	'1',	'0',	NULL,	NULL,	NULL,	NULL,	'0',	NULL,	2,	2,	'2022-01-06 13:55:39',	'2022-01-06 13:55:39',	NULL),
(1190,	'NOR AZIERA BINTI MOHD NOR',	'aziera@mpc.gov.my',	'960716086216',	'$2y$10$naywwnAWleDcUxwS9Zrug.z4eNQGKOeBy4OkJc6L6/4J0D1Jui4Wa',	'1',	'1',	'0',	NULL,	NULL,	NULL,	NULL,	'0',	NULL,	2,	2,	'2022-01-06 13:55:40',	'2022-01-06 13:55:40',	NULL),
(1191,	'WAN MUHAMMAD AL HAKIMI BIN WAN HANAFI',	'alhakimi@mpc.gov.my',	'940210035907',	'$2y$10$vcEg4ifYKeZpKs1N0rbpXef44xAWhmgaN.huuA4kQy4A9Ra2uIpsG',	'1',	'1',	'0',	NULL,	NULL,	NULL,	NULL,	'0',	NULL,	2,	2,	'2022-01-06 13:55:41',	'2022-01-06 13:55:41',	NULL),
(1192,	'NURSAFURRA BINTI MOHAMAD AKHIR',	'nursafurra@mpc.gov.my',	'871109025556',	'$2y$10$kIgjJfs20fccSpiBqBXlZe3Mbv8oPRAGMgOuAeNiT/cb6WqkygBMm',	'1',	'1',	'0',	NULL,	NULL,	NULL,	NULL,	'0',	NULL,	2,	2,	'2022-01-06 13:55:42',	'2022-01-06 13:55:42',	NULL),
(1193,	'NOR FITRI SHAZLIN BINTI ZAINI',	'shazlin@mpc.gov.my',	'960220085834',	'$2y$10$TJaJ/bLCU7ZbM.Zz5pEFT.sDZRO66GampMkGPdcM2jkRPEcWJldL6',	'1',	'1',	'0',	NULL,	NULL,	NULL,	NULL,	'0',	NULL,	2,	2,	'2022-01-06 13:55:43',	'2022-01-06 13:55:43',	NULL),
(1194,	'NADIRA BINTI ISAN',	'nadira@mpc.gov.my',	'971017126470',	'$2y$10$ReUduZy4xFM.vFA40ZSq5u9DyTlwJ6TNbJaQBdee0hc6TzmPBXx72',	'1',	'1',	'0',	NULL,	NULL,	NULL,	NULL,	'0',	NULL,	2,	2,	'2022-01-06 13:55:44',	'2022-01-06 13:55:44',	NULL);

CREATE TABLE `users_company` (
  `users_company_id` bigint(20) NOT NULL AUTO_INCREMENT,
  `user_company_id` int(11) NOT NULL COMMENT 'user_id - user_type-3',
  `user_id` int(11) NOT NULL,
  `active_status` int(11) NOT NULL DEFAULT '1',
  `created_at` timestamp NULL DEFAULT NULL,
  `updated_at` timestamp NOT NULL DEFAULT CURRENT_TIMESTAMP,
  `deleted_at` timestamp NULL DEFAULT NULL,
  PRIMARY KEY (`users_company_id`),
  KEY `idx_usercompany_companyid` (`user_company_id`),
  KEY `idx_usercompany_userid` (`user_id`)
) ENGINE=InnoDB DEFAULT CHARSET=latin1;


CREATE TABLE `users_detail` (
  `users_detail_id` int(11) NOT NULL AUTO_INCREMENT,
  `user_id` int(11) NOT NULL,
  `user_type` int(11) NOT NULL DEFAULT '1' COMMENT '1-mpcuser,2-pembekal individu,3-pembekal syarikat',
  `salutation_id` int(11) DEFAULT NULL,
  `gender_id` int(11) DEFAULT '1',
  `users_detail_name` varchar(100) DEFAULT NULL COMMENT 'individual,companyname',
  `users_detail_staffno` varchar(20) DEFAULT NULL,
  `users_detail_fileno` varchar(20) DEFAULT NULL COMMENT 'enrich no',
  `users_detail_idno` varchar(50) DEFAULT NULL COMMENT 'icno,companyno',
  `users_detail_passport` varchar(20) DEFAULT NULL,
  `users_detail_address1` varchar(100) DEFAULT NULL,
  `users_detail_address2` varchar(100) DEFAULT NULL,
  `users_detail_address3` varchar(100) DEFAULT NULL,
  `users_detail_postcode` char(5) DEFAULT NULL,
  `district_id` int(11) DEFAULT NULL,
  `state_id` int(11) DEFAULT NULL,
  `users_detail_mobileno` varchar(12) DEFAULT NULL,
  `users_detail_homeno` varchar(12) DEFAULT NULL,
  `users_detail_workno` varchar(12) DEFAULT NULL,
  `users_detail_email` varchar(100) DEFAULT NULL,
  `users_detail_isinternal` char(1) NOT NULL DEFAULT '0',
  `cawangan_id` int(11) DEFAULT NULL,
  `unit_bahagian_id` int(11) DEFAULT NULL,
  `jawatan_id` int(11) DEFAULT NULL,
  `gred_id` int(11) DEFAULT NULL,
  `service_group_id` int(11) DEFAULT NULL,
  `manager_id` int(11) DEFAULT NULL COMMENT 'user_id',
  `director_id` int(11) DEFAULT NULL COMMENT 'user_id',
  `race_id` int(11) DEFAULT '1',
  `religion_id` int(11) DEFAULT '1',
  `is_government` int(11) DEFAULT '0' COMMENT 'for supplier purpose',
  `company_owner` varchar(200) DEFAULT NULL,
  `registration_no_mpc` varchar(100) DEFAULT NULL,
  `mpc_register_startdate` date DEFAULT NULL,
  `mpc_register_enddate` date DEFAULT NULL,
  `registration_no_mof` varchar(100) DEFAULT NULL,
  `mof_enddate` date DEFAULT NULL,
  `akademik_id` int(11) DEFAULT NULL,
  `bank_owner_name` varchar(200) DEFAULT NULL,
  `bank_id` int(11) DEFAULT NULL,
  `bank_accountno` varchar(50) DEFAULT NULL,
  `salary_amount` decimal(10,2) DEFAULT NULL,
  `allow_rotation` int(11) NOT NULL DEFAULT '0',
  `pct_main` int(11) NOT NULL DEFAULT '0' COMMENT 'penguruskanan pct',
  `not_response` int(11) NOT NULL DEFAULT '0',
  `choose_as_supplier` int(11) NOT NULL DEFAULT '0',
  `created_at` timestamp NULL DEFAULT NULL,
  `updated_at` timestamp NOT NULL DEFAULT CURRENT_TIMESTAMP,
  `deleted_at` timestamp NULL DEFAULT NULL,
  PRIMARY KEY (`users_detail_id`),
  KEY `idx_userdetail_user_id` (`user_id`),
  KEY `idx_userdetail_unit_bahagian_id` (`unit_bahagian_id`),
  KEY `idx_userdetail_jawatan_id` (`jawatan_id`),
  KEY `idx_userdetail_gred_id` (`gred_id`),
  KEY `idx_userdetail_manager_id` (`manager_id`),
  KEY `idx_userdetail_stateid` (`state_id`),
  KEY `idx_userdetail_districtid` (`district_id`),
  KEY `idx_userdetail_staffno` (`users_detail_staffno`),
  KEY `idx_userdetail_religionid` (`religion_id`),
  KEY `idx_userdetail_bankid` (`bank_id`),
  KEY `idx_userdetail_raceid` (`race_id`),
  KEY `idx_userdetail_usertype` (`user_type`),
  KEY `idx_userdetail_akademikid` (`akademik_id`),
  KEY `idx_userdetail_mpcregister` (`registration_no_mpc`),
  KEY `idx_userdetail_mofregister` (`registration_no_mof`),
  KEY `idx_userdetail_isgov` (`is_government`),
  KEY `idx_userdetail_idno` (`users_detail_idno`),
  KEY `idx_userdetail_servicegroup` (`service_group_id`),
  KEY `idx_userdetail_directorid` (`director_id`)
) ENGINE=InnoDB DEFAULT CHARSET=latin1;

INSERT INTO `users_detail` (`users_detail_id`, `user_id`, `user_type`, `salutation_id`, `gender_id`, `users_detail_name`, `users_detail_staffno`, `users_detail_fileno`, `users_detail_idno`, `users_detail_passport`, `users_detail_address1`, `users_detail_address2`, `users_detail_address3`, `users_detail_postcode`, `district_id`, `state_id`, `users_detail_mobileno`, `users_detail_homeno`, `users_detail_workno`, `users_detail_email`, `users_detail_isinternal`, `cawangan_id`, `unit_bahagian_id`, `jawatan_id`, `gred_id`, `service_group_id`, `manager_id`, `director_id`, `race_id`, `religion_id`, `is_government`, `company_owner`, `registration_no_mpc`, `mpc_register_startdate`, `mpc_register_enddate`, `registration_no_mof`, `mof_enddate`, `akademik_id`, `bank_owner_name`, `bank_id`, `bank_accountno`, `salary_amount`, `allow_rotation`, `pct_main`, `not_response`, `choose_as_supplier`, `created_at`, `updated_at`, `deleted_at`) VALUES
(3,	3,	1,	1,	1,	'AB. RAZAK SALLEH',	'2112',	NULL,	'620310035231',	NULL,	NULL,	NULL,	NULL,	NULL,	NULL,	NULL,	'0122218385',	NULL,	NULL,	'razaksalleh@mpc.gov.my',	'0',	NULL,	5,	23,	12,	NULL,	131,	131,	1,	1,	0,	NULL,	NULL,	NULL,	NULL,	NULL,	NULL,	NULL,	NULL,	NULL,	NULL,	NULL,	0,	0,	0,	0,	'2021-06-25 05:03:24',	'2022-01-06 13:48:43',	NULL),
(4,	4,	1,	1,	1,	'ABANG NURFADLI ABANG YUSUF',	'1602',	'',	'881113136047',	'',	'',	'',	'',	NULL,	NULL,	NULL,	NULL,	NULL,	NULL,	'nurfadli@mpc.gov.my',	'0',	NULL,	11,	27,	3,	NULL,	264,	NULL,	1,	1,	0,	NULL,	NULL,	NULL,	NULL,	NULL,	NULL,	NULL,	NULL,	NULL,	NULL,	NULL,	0,	0,	0,	0,	'2021-10-26 07:55:09',	'2021-10-26 07:55:09',	NULL),
(5,	5,	1,	1,	1,	'ABDOLLAH TALIB',	'2113',	'',	'641129055193',	'',	'',	'',	'',	NULL,	NULL,	NULL,	NULL,	NULL,	NULL,	'dollah@mpc.gov.my',	'0',	NULL,	3,	14,	21,	NULL,	39,	NULL,	1,	1,	0,	NULL,	NULL,	NULL,	NULL,	NULL,	NULL,	NULL,	NULL,	NULL,	NULL,	NULL,	0,	0,	0,	0,	'2020-07-22 16:55:54',	'2020-07-22 16:55:54',	NULL),
(6,	6,	1,	1,	1,	'ABDUL HADI ISHAK',	'2971',	NULL,	'810825045057',	NULL,	NULL,	NULL,	NULL,	NULL,	NULL,	NULL,	NULL,	NULL,	NULL,	'hadi@mpc.gov.my',	'0',	NULL,	5,	15,	19,	NULL,	131,	131,	1,	1,	0,	NULL,	NULL,	NULL,	NULL,	NULL,	NULL,	NULL,	NULL,	NULL,	NULL,	NULL,	0,	0,	0,	0,	'2021-06-25 05:03:46',	'2022-01-06 13:48:46',	NULL),
(7,	7,	1,	1,	1,	'ABDUL HAKIM BIN MOHAMAD SHARIF',	'3043',	NULL,	'840515145893',	NULL,	NULL,	NULL,	NULL,	NULL,	NULL,	NULL,	NULL,	NULL,	NULL,	'hakim@mpc.gov.my',	'0',	NULL,	5,	8,	9,	NULL,	131,	131,	1,	1,	0,	NULL,	NULL,	NULL,	NULL,	NULL,	NULL,	NULL,	NULL,	NULL,	NULL,	NULL,	0,	0,	0,	0,	'2021-06-28 04:32:48',	'2022-01-06 13:48:47',	NULL),
(8,	8,	1,	1,	1,	'ABDUL KARIM ABDUL HALIM',	'2970',	NULL,	'810328145225',	NULL,	NULL,	NULL,	NULL,	NULL,	NULL,	NULL,	NULL,	NULL,	NULL,	'karim@mpc.gov.my',	'0',	NULL,	5,	10,	16,	NULL,	131,	131,	1,	1,	0,	NULL,	NULL,	NULL,	NULL,	NULL,	NULL,	NULL,	NULL,	NULL,	NULL,	NULL,	0,	0,	0,	0,	'2021-06-25 08:26:38',	'2022-01-06 13:48:48',	NULL),
(9,	9,	1,	1,	1,	'DATO\' ABDUL LATIF BIN HAJI ABU SEMAN',	'1179',	'069136863',	'610529065073',	'A38040968',	NULL,	NULL,	NULL,	NULL,	NULL,	NULL,	'0192817473',	NULL,	NULL,	'abdullatif@mpc.gov.my',	'0',	NULL,	3,	5,	14,	NULL,	NULL,	NULL,	1,	1,	0,	NULL,	NULL,	NULL,	NULL,	NULL,	NULL,	NULL,	NULL,	NULL,	NULL,	NULL,	0,	0,	0,	0,	'2021-10-29 05:59:29',	'2022-01-06 13:48:49',	NULL),
(10,	10,	1,	1,	1,	'ABDUL LATIF HUSSEIN',	'2061',	'',	'600723135435',	'',	'',	'',	'',	NULL,	NULL,	NULL,	NULL,	NULL,	NULL,	'abdullatifh@mpc.gov.my',	'0',	NULL,	11,	23,	12,	NULL,	36,	NULL,	1,	1,	0,	NULL,	NULL,	NULL,	NULL,	NULL,	NULL,	NULL,	NULL,	NULL,	NULL,	NULL,	0,	0,	0,	0,	'2019-09-10 13:19:34',	'2019-09-10 13:19:34',	NULL),
(11,	11,	1,	1,	1,	'ABDUL MALEK MOHAMAD ARIPIN',	'1407',	NULL,	'690206045185',	NULL,	NULL,	NULL,	NULL,	NULL,	NULL,	NULL,	'0193589844',	NULL,	NULL,	'malek@mpc.gov.my',	'0',	NULL,	9,	19,	5,	NULL,	NULL,	NULL,	1,	1,	0,	NULL,	NULL,	NULL,	NULL,	NULL,	NULL,	NULL,	NULL,	NULL,	NULL,	NULL,	0,	0,	0,	0,	'2021-06-25 07:58:58',	'2022-01-06 13:48:51',	NULL),
(12,	12,	1,	1,	1,	'ABDUL QUYUN MANSOR',	'3114',	NULL,	'850207065305',	NULL,	NULL,	NULL,	NULL,	NULL,	NULL,	NULL,	NULL,	NULL,	NULL,	'quyun@mpc.gov.my',	'0',	NULL,	5,	10,	16,	NULL,	NULL,	NULL,	1,	1,	0,	NULL,	NULL,	NULL,	NULL,	NULL,	NULL,	NULL,	NULL,	NULL,	NULL,	NULL,	0,	0,	0,	0,	'2021-06-25 08:27:45',	'2022-01-06 13:48:52',	NULL),
(13,	13,	1,	1,	1,	'ABIGAIL SUBATRA A/P ANBALAKAN',	'1589',	'325625075',	'850106055140',	'A37752301',	'Mpc',	NULL,	NULL,	NULL,	NULL,	NULL,	'0125396594',	NULL,	NULL,	'abigail@mpc.gov.my',	'0',	NULL,	1,	27,	3,	NULL,	NULL,	NULL,	1,	1,	0,	NULL,	NULL,	NULL,	NULL,	NULL,	NULL,	NULL,	NULL,	NULL,	NULL,	NULL,	0,	0,	0,	0,	'2021-06-28 04:41:01',	'2022-01-06 13:48:53',	NULL),
(14,	14,	1,	1,	1,	'ADLINA SNAWI',	'1434',	NULL,	'781031075342',	NULL,	NULL,	NULL,	NULL,	NULL,	NULL,	NULL,	NULL,	NULL,	NULL,	'adlina@mpc.gov.my',	'0',	NULL,	3,	18,	4,	NULL,	NULL,	NULL,	1,	1,	0,	NULL,	NULL,	NULL,	NULL,	NULL,	NULL,	NULL,	NULL,	NULL,	NULL,	NULL,	0,	0,	0,	0,	'2021-06-28 06:45:49',	'2022-01-06 13:48:54',	NULL),
(15,	15,	1,	1,	1,	'AHMAD FATHAN ABDUL RAHIM',	'1652',	NULL,	'860818355343',	NULL,	NULL,	NULL,	NULL,	NULL,	NULL,	NULL,	NULL,	NULL,	NULL,	'fathan@mpc.gov.my',	'0',	NULL,	9,	27,	3,	NULL,	NULL,	NULL,	1,	1,	0,	NULL,	NULL,	NULL,	NULL,	NULL,	NULL,	NULL,	NULL,	NULL,	NULL,	NULL,	0,	0,	0,	0,	'2019-03-29 10:11:45',	'2022-01-06 13:48:55',	NULL),
(16,	16,	1,	1,	1,	'AHMAD HARRIS ABDULLAH',	'1495',	'307206491',	'790805115235',	NULL,	NULL,	NULL,	NULL,	NULL,	NULL,	NULL,	'0123155978',	NULL,	NULL,	'harris@mpc.gov.my',	'0',	NULL,	6,	18,	4,	NULL,	NULL,	NULL,	1,	1,	0,	NULL,	NULL,	NULL,	NULL,	NULL,	NULL,	NULL,	NULL,	NULL,	NULL,	NULL,	0,	0,	0,	0,	'2021-06-24 07:37:37',	'2022-01-06 13:48:56',	NULL),
(17,	17,	1,	1,	1,	'AIMAN ZAKWAN ZAHARI',	'1594',	NULL,	'891020015691',	NULL,	NULL,	NULL,	NULL,	NULL,	NULL,	NULL,	'0142700260',	NULL,	NULL,	'aiman@mpc.gov.my',	'0',	NULL,	6,	18,	4,	NULL,	NULL,	NULL,	1,	1,	0,	NULL,	NULL,	NULL,	NULL,	NULL,	NULL,	NULL,	NULL,	NULL,	NULL,	NULL,	0,	0,	0,	0,	'2021-06-28 08:08:29',	'2022-01-06 13:48:57',	NULL),
(18,	18,	1,	1,	1,	'AIZULHISHAM MAT MENAN',	'3013',	NULL,	'801211105313',	NULL,	NULL,	NULL,	NULL,	NULL,	NULL,	NULL,	NULL,	NULL,	NULL,	'aizul@mpc.gov.my',	'0',	NULL,	5,	25,	22,	NULL,	131,	131,	1,	1,	0,	NULL,	NULL,	NULL,	NULL,	NULL,	NULL,	NULL,	NULL,	NULL,	NULL,	NULL,	0,	0,	0,	0,	'2021-06-25 08:21:11',	'2022-01-06 13:48:58',	NULL),
(19,	19,	1,	1,	1,	'AKMAR ASHAARI',	'2990',	NULL,	'790723075671',	NULL,	NULL,	NULL,	NULL,	NULL,	NULL,	NULL,	'0129155171',	NULL,	NULL,	'akmar@mpc.gov.my',	'0',	NULL,	5,	14,	20,	NULL,	131,	131,	1,	1,	0,	NULL,	NULL,	NULL,	NULL,	NULL,	NULL,	NULL,	NULL,	NULL,	NULL,	NULL,	0,	0,	0,	0,	'2022-01-04 01:42:12',	'2022-01-06 13:48:59',	NULL),
(20,	20,	1,	1,	1,	'AL HISYAM ABDUL HALIM',	'1565',	NULL,	'780407145421',	NULL,	NULL,	NULL,	NULL,	NULL,	NULL,	NULL,	NULL,	NULL,	NULL,	'alhisyam@mpc.gov.my',	'0',	NULL,	1,	27,	3,	NULL,	NULL,	NULL,	1,	1,	0,	NULL,	NULL,	NULL,	NULL,	NULL,	NULL,	NULL,	NULL,	NULL,	NULL,	NULL,	0,	0,	0,	0,	'2020-11-05 04:05:09',	'2022-01-06 13:49:00',	NULL),
(21,	21,	1,	1,	1,	'ALUYAH SUHAILI',	'2123',	NULL,	'630805135268',	NULL,	NULL,	NULL,	NULL,	NULL,	NULL,	NULL,	'0198265863',	NULL,	NULL,	'alluyah@mpc.gov.my',	'0',	NULL,	11,	16,	20,	NULL,	184,	184,	1,	1,	0,	NULL,	NULL,	NULL,	NULL,	NULL,	NULL,	NULL,	NULL,	NULL,	NULL,	NULL,	0,	0,	0,	0,	'2021-06-25 08:09:49',	'2022-01-06 13:49:01',	NULL),
(22,	22,	1,	1,	1,	'AMIRUL QAMAR ZAKARIA',	'3113',	NULL,	'870118086399',	NULL,	NULL,	NULL,	NULL,	NULL,	NULL,	NULL,	'0182505685',	NULL,	NULL,	'amirulqamar@mpc.gov.my',	'0',	NULL,	5,	22,	12,	NULL,	131,	131,	1,	1,	0,	NULL,	NULL,	NULL,	NULL,	NULL,	NULL,	NULL,	NULL,	NULL,	NULL,	NULL,	0,	0,	0,	0,	'2021-06-25 08:32:43',	'2022-01-06 13:49:02',	NULL),
(23,	23,	1,	1,	1,	'ANIS MARINA ABD. WAHAB',	'1591',	NULL,	'850708145936',	NULL,	NULL,	NULL,	NULL,	NULL,	NULL,	NULL,	NULL,	NULL,	NULL,	'anis@mpc.gov.my',	'0',	NULL,	6,	27,	3,	NULL,	NULL,	NULL,	1,	1,	0,	NULL,	NULL,	NULL,	NULL,	NULL,	NULL,	NULL,	NULL,	NULL,	NULL,	NULL,	0,	0,	0,	0,	'2021-06-25 03:18:16',	'2022-01-06 13:49:03',	NULL),
(24,	24,	1,	1,	1,	'ASMAHAN OTHMAN',	'1429',	NULL,	'730601715226',	NULL,	NULL,	NULL,	NULL,	NULL,	NULL,	NULL,	'0133633353',	NULL,	NULL,	'asmahan@mpc.gov.my',	'0',	NULL,	1,	19,	5,	NULL,	NULL,	NULL,	1,	1,	0,	NULL,	NULL,	NULL,	NULL,	NULL,	NULL,	NULL,	NULL,	NULL,	NULL,	NULL,	0,	0,	0,	0,	'2021-06-28 04:46:41',	'2022-01-06 13:49:04',	NULL),
(25,	25,	1,	1,	1,	'ASMAWADI MOHAMED',	'1501',	'329308125',	'800318035293',	NULL,	NULL,	NULL,	NULL,	NULL,	NULL,	NULL,	'0192726733',	NULL,	NULL,	'asmawadi@mpc.gov.my',	'0',	NULL,	7,	19,	5,	NULL,	NULL,	NULL,	1,	1,	0,	NULL,	NULL,	NULL,	NULL,	NULL,	NULL,	NULL,	NULL,	NULL,	NULL,	NULL,	0,	0,	0,	0,	'2021-06-24 07:39:21',	'2022-01-06 13:49:05',	NULL),
(26,	26,	1,	1,	1,	'ATHIRAH ISHAK',	'1657',	'MH32599788',	'890925035094',	NULL,	'No 22, Jalan Pjs 1/2b,',	'Taman Perangsang',	NULL,	'46000',	1235,	14,	'0193331371',	NULL,	NULL,	'athirah@mpc.gov.my',	'0',	NULL,	1,	27,	3,	NULL,	NULL,	NULL,	1,	1,	0,	NULL,	NULL,	NULL,	NULL,	NULL,	NULL,	NULL,	NULL,	NULL,	NULL,	NULL,	0,	0,	0,	0,	'2021-06-28 04:47:05',	'2022-01-06 13:49:06',	NULL),
(27,	27,	1,	1,	1,	'ATI DJAM SERI MONTOI',	'1433',	NULL,	'721110125470',	NULL,	NULL,	NULL,	NULL,	NULL,	NULL,	NULL,	NULL,	NULL,	NULL,	'atidjam@mpc.gov.my',	'0',	NULL,	6,	19,	5,	NULL,	NULL,	NULL,	1,	1,	0,	NULL,	NULL,	NULL,	NULL,	NULL,	NULL,	NULL,	NULL,	NULL,	NULL,	NULL,	0,	0,	0,	0,	'2021-06-25 03:16:21',	'2022-01-06 13:49:07',	NULL),
(28,	28,	1,	1,	1,	'AWANG UDIN KANDA',	'2124',	NULL,	'620807125523',	NULL,	NULL,	NULL,	NULL,	NULL,	NULL,	NULL,	NULL,	NULL,	NULL,	'awangudin@mpc.gov.my',	'0',	NULL,	10,	10,	17,	NULL,	143,	143,	1,	1,	0,	NULL,	NULL,	NULL,	NULL,	NULL,	NULL,	NULL,	NULL,	NULL,	NULL,	NULL,	0,	0,	0,	0,	'2021-06-28 02:25:24',	'2022-01-06 13:49:08',	NULL),
(29,	29,	1,	1,	1,	'AZHANI ISMAIL',	'1424',	'MH01467911',	'740621715142',	'A40088429',	'No. 32a, Jalan Flora 3f/5',	'Periwinkle',	'Bandar Rimbayu',	'42500',	1187,	14,	'0163549115',	NULL,	NULL,	'azhani@mpc.gov.my',	'0',	NULL,	6,	18,	4,	NULL,	NULL,	NULL,	1,	1,	0,	NULL,	NULL,	NULL,	NULL,	NULL,	NULL,	NULL,	NULL,	NULL,	NULL,	NULL,	0,	0,	0,	0,	'2021-06-28 08:11:46',	'2022-01-06 13:49:09',	NULL),
(30,	30,	1,	1,	1,	'AZIMAH ADNAN',	'1531',	NULL,	'820910105084',	NULL,	NULL,	NULL,	NULL,	NULL,	NULL,	NULL,	NULL,	NULL,	NULL,	'azimah@mpc.gov.my',	'0',	NULL,	6,	18,	4,	NULL,	NULL,	NULL,	1,	1,	0,	NULL,	NULL,	NULL,	NULL,	NULL,	NULL,	NULL,	NULL,	NULL,	NULL,	NULL,	0,	0,	0,	0,	'2021-06-24 07:40:37',	'2022-01-06 13:49:10',	NULL),
(31,	31,	1,	1,	1,	'AZIRA MOHAMED HODZAI',	'1580',	NULL,	'871121295452',	NULL,	'1167, Kubang Lebur',	NULL,	NULL,	'18000',	489,	3,	'0179841606',	NULL,	NULL,	'azira@mpc.gov.my',	'0',	NULL,	5,	27,	3,	NULL,	131,	131,	1,	1,	0,	NULL,	NULL,	NULL,	NULL,	NULL,	NULL,	NULL,	NULL,	NULL,	NULL,	NULL,	0,	0,	0,	0,	'2021-06-28 04:08:09',	'2022-01-06 13:49:11',	NULL),
(32,	32,	1,	1,	1,	'AZIZAN OMAR',	'2069',	NULL,	'590613055315',	NULL,	NULL,	NULL,	NULL,	NULL,	NULL,	NULL,	NULL,	NULL,	NULL,	'azizan@mpc.gov.my',	'0',	NULL,	5,	10,	17,	NULL,	36,	NULL,	1,	1,	0,	NULL,	NULL,	NULL,	NULL,	NULL,	NULL,	NULL,	NULL,	NULL,	NULL,	NULL,	0,	0,	0,	0,	'2019-03-29 10:11:45',	'2019-03-29 10:11:45',	NULL),
(33,	33,	1,	1,	1,	'AZLAN KASSIM',	'1197',	'',	'600518106299',	'',	'',	'',	'',	NULL,	NULL,	NULL,	NULL,	NULL,	NULL,	'azk@mpc.gov.my',	'0',	NULL,	8,	33,	6,	NULL,	304,	NULL,	1,	1,	0,	NULL,	NULL,	NULL,	NULL,	NULL,	NULL,	NULL,	NULL,	NULL,	NULL,	NULL,	0,	0,	0,	0,	'2020-01-06 15:58:08',	'2020-01-06 15:58:08',	NULL),
(34,	34,	1,	1,	1,	'AZLIN MOHD ALIAS',	'1462',	NULL,	'771102145856',	NULL,	NULL,	NULL,	NULL,	NULL,	NULL,	NULL,	NULL,	NULL,	NULL,	'azlin@mpc.gov.my',	'0',	NULL,	6,	19,	5,	NULL,	NULL,	NULL,	1,	1,	0,	NULL,	NULL,	NULL,	NULL,	NULL,	NULL,	NULL,	NULL,	NULL,	NULL,	NULL,	0,	0,	0,	0,	'2021-06-25 03:04:20',	'2022-01-06 13:49:14',	NULL),
(35,	35,	1,	1,	1,	'BAHAR MUSA',	'2051',	NULL,	'591116055239',	NULL,	NULL,	NULL,	NULL,	NULL,	NULL,	NULL,	NULL,	NULL,	NULL,	'bahar@mpc.gov.my',	'0',	NULL,	2,	10,	16,	NULL,	242,	NULL,	1,	1,	0,	NULL,	NULL,	NULL,	NULL,	NULL,	NULL,	NULL,	NULL,	NULL,	NULL,	NULL,	0,	0,	0,	0,	'2019-03-29 10:11:45',	'2019-03-29 10:11:45',	NULL),
(36,	36,	1,	1,	1,	'BURHANUDDIN SAIDIN',	'1199',	'016599273',	'601103085419',	'A51979098',	'No. 8, Jln Pjs 1/2b',	'Tmn Perangsang',	'',	'46000',	1235,	14,	'0192381199',	'0192381199',	NULL,	'bob@mpc.gov.my',	'0',	NULL,	6,	17,	7,	NULL,	304,	NULL,	1,	1,	0,	NULL,	NULL,	NULL,	NULL,	NULL,	NULL,	NULL,	NULL,	NULL,	NULL,	NULL,	0,	0,	0,	0,	'2020-02-21 08:18:20',	'2020-02-21 08:18:20',	NULL),
(37,	37,	1,	1,	1,	'CHAM YIN HWA',	'1572',	'305455813',	'850809045416',	'A51536464',	NULL,	NULL,	NULL,	'47800',	1328,	14,	'0176813528',	NULL,	NULL,	'cham@mpc.gov.my',	'0',	NULL,	6,	27,	3,	NULL,	NULL,	NULL,	1,	1,	0,	NULL,	NULL,	NULL,	NULL,	NULL,	NULL,	NULL,	NULL,	NULL,	NULL,	NULL,	0,	0,	0,	0,	'2021-06-25 03:04:46',	'2022-01-06 13:49:17',	NULL),
(38,	38,	1,	1,	1,	'DARUL ADIZUL ISHAK',	'1556',	NULL,	'821110105937',	NULL,	NULL,	NULL,	NULL,	NULL,	NULL,	NULL,	NULL,	NULL,	NULL,	'daruladizul@mpc.gov.my',	'0',	NULL,	6,	18,	4,	NULL,	297,	297,	1,	1,	0,	NULL,	NULL,	NULL,	NULL,	NULL,	NULL,	NULL,	NULL,	NULL,	NULL,	NULL,	0,	0,	0,	0,	'2021-06-25 03:06:08',	'2022-01-06 13:49:18',	NULL),
(39,	39,	1,	1,	1,	'DR. DAUD TALIB',	'1277',	'251150664',	'650523015733',	'',	'Lot 36203, Jalan Angsana, Kampung Sg. Ramal Dalam 43000 Kajang Selangor Darul Ehsan',	'',	'',	'43000',	1197,	14,	'0196583266',	'0196583266',	NULL,	'daud@mpc.gov.my',	'0',	NULL,	6,	17,	7,	NULL,	9,	NULL,	1,	1,	0,	NULL,	NULL,	NULL,	NULL,	NULL,	NULL,	NULL,	NULL,	NULL,	NULL,	NULL,	0,	0,	0,	0,	'2019-04-18 13:19:15',	'2019-04-18 13:19:15',	NULL),
(40,	40,	1,	1,	1,	'EAMIZAN HASIM',	'1340',	NULL,	'671215106089',	NULL,	NULL,	NULL,	NULL,	NULL,	NULL,	NULL,	NULL,	NULL,	NULL,	'eamizan@mpc.gov.my',	'0',	NULL,	3,	33,	6,	NULL,	NULL,	NULL,	1,	1,	0,	NULL,	NULL,	NULL,	NULL,	NULL,	NULL,	NULL,	NULL,	NULL,	NULL,	NULL,	0,	0,	0,	0,	'2021-06-24 07:55:57',	'2022-01-06 13:49:20',	NULL),
(41,	41,	1,	1,	1,	'EDWARD BINTY',	'1435',	'MH06400394',	'750707125521',	NULL,	NULL,	NULL,	NULL,	NULL,	NULL,	NULL,	'0138793417',	NULL,	NULL,	'edward@mpc.gov.my',	'0',	NULL,	6,	19,	5,	NULL,	NULL,	NULL,	1,	1,	0,	NULL,	NULL,	NULL,	NULL,	NULL,	NULL,	NULL,	NULL,	NULL,	NULL,	NULL,	0,	0,	0,	0,	'2021-06-25 02:58:58',	'2022-01-06 13:49:21',	NULL),
(42,	42,	1,	1,	1,	'ELLMA EDDIAHWATI MUSA',	'3067',	NULL,	'760622145362',	NULL,	NULL,	NULL,	NULL,	NULL,	NULL,	NULL,	'0193971270',	NULL,	NULL,	'ellma@mpc.gov.my',	'0',	NULL,	3,	27,	3,	NULL,	NULL,	NULL,	1,	1,	0,	NULL,	NULL,	NULL,	NULL,	NULL,	NULL,	NULL,	NULL,	NULL,	NULL,	NULL,	0,	0,	0,	0,	'2021-06-25 06:58:24',	'2022-01-06 13:49:22',	NULL),
(43,	43,	1,	1,	1,	'FAIZUL MOHAMED',	'2995',	NULL,	'730506015053',	NULL,	NULL,	NULL,	NULL,	NULL,	NULL,	NULL,	NULL,	NULL,	NULL,	'faizul@mpc.gov.my',	'0',	NULL,	12,	7,	9,	NULL,	NULL,	NULL,	1,	1,	0,	NULL,	NULL,	NULL,	NULL,	NULL,	NULL,	NULL,	NULL,	NULL,	NULL,	NULL,	0,	0,	0,	0,	'2021-06-25 07:58:21',	'2022-01-06 13:49:23',	NULL),
(44,	44,	1,	1,	1,	'FARA SALINDA AYU HALIM',	'3072',	NULL,	'790904085772',	NULL,	NULL,	NULL,	NULL,	NULL,	NULL,	NULL,	NULL,	NULL,	NULL,	'farasalinda@mpc.gov.my',	'0',	NULL,	3,	15,	18,	NULL,	NULL,	NULL,	1,	1,	0,	NULL,	NULL,	NULL,	NULL,	NULL,	NULL,	NULL,	NULL,	NULL,	NULL,	NULL,	0,	0,	0,	0,	'2021-06-28 06:46:58',	'2022-01-06 13:49:24',	NULL),
(45,	45,	1,	1,	1,	'FARA SURAYA HANI BINTI HALIM',	'3014',	NULL,	'780714085668',	NULL,	'Perbadanan Produktiviti Malaysia (mpc)',	'Lorong Produktiviti, Off Jalan Sultan',	NULL,	'46200',	1239,	14,	'+60196790070',	NULL,	NULL,	'fara@mpc.gov.my',	'0',	NULL,	6,	13,	19,	NULL,	NULL,	NULL,	1,	1,	0,	NULL,	NULL,	NULL,	NULL,	NULL,	NULL,	NULL,	NULL,	NULL,	NULL,	NULL,	0,	0,	0,	0,	'2021-06-25 03:25:52',	'2022-01-06 13:49:25',	NULL),
(46,	46,	1,	1,	1,	'FARAH DIYANA DERMA DEWA',	'3115',	NULL,	'820812105056',	NULL,	NULL,	NULL,	NULL,	NULL,	NULL,	NULL,	'0173969800',	NULL,	NULL,	'diyana@mpc.gov.my',	'0',	NULL,	3,	14,	19,	NULL,	NULL,	NULL,	1,	1,	0,	NULL,	NULL,	NULL,	NULL,	NULL,	NULL,	NULL,	NULL,	NULL,	NULL,	NULL,	0,	0,	0,	0,	'2021-06-28 07:16:45',	'2022-01-06 13:49:26',	NULL),
(47,	47,	1,	1,	1,	'FARAH SAZARINA OTHMAN',	'2964',	NULL,	'811203015456',	NULL,	NULL,	NULL,	NULL,	NULL,	NULL,	NULL,	NULL,	NULL,	NULL,	'farah@mpc.gov.my',	'0',	NULL,	6,	15,	19,	NULL,	NULL,	NULL,	1,	1,	0,	NULL,	NULL,	NULL,	NULL,	NULL,	NULL,	NULL,	NULL,	NULL,	NULL,	NULL,	0,	0,	0,	0,	'2021-06-25 02:56:56',	'2022-01-06 13:49:27',	NULL),
(48,	48,	1,	1,	1,	'FARHAN ABDULLAH',	'3044',	NULL,	'730617105449',	NULL,	NULL,	NULL,	NULL,	NULL,	NULL,	NULL,	NULL,	NULL,	NULL,	'farhan@mpc.gov.my',	'0',	NULL,	5,	7,	9,	NULL,	131,	131,	1,	1,	0,	NULL,	NULL,	NULL,	NULL,	NULL,	NULL,	NULL,	NULL,	NULL,	NULL,	NULL,	0,	0,	0,	0,	'2021-06-25 08:29:03',	'2022-01-06 13:49:28',	NULL),
(49,	49,	1,	1,	1,	'DR. FARIDAH TAJU RAHIM',	'1451',	'',	'760308065380',	'',	'',	'',	'',	NULL,	NULL,	NULL,	NULL,	NULL,	NULL,	'faridah_tr@mpc.gov.my',	'0',	NULL,	5,	19,	5,	NULL,	131,	131,	1,	1,	0,	NULL,	NULL,	NULL,	NULL,	NULL,	NULL,	NULL,	NULL,	NULL,	NULL,	NULL,	0,	0,	0,	0,	'2022-01-07 07:58:49',	'2022-01-07 07:58:49',	NULL),
(50,	50,	1,	1,	1,	'FAUZIAH AHMAD NAWAWI',	'2973',	NULL,	'790625105398',	NULL,	NULL,	NULL,	NULL,	NULL,	NULL,	NULL,	'0183917820',	NULL,	NULL,	'fauziahnawawi@mpc.gov.my',	'0',	NULL,	5,	14,	19,	NULL,	131,	131,	1,	1,	0,	NULL,	NULL,	NULL,	NULL,	NULL,	NULL,	NULL,	NULL,	NULL,	NULL,	NULL,	0,	0,	0,	0,	'2021-06-25 08:43:10',	'2022-01-06 13:49:30',	NULL),
(51,	51,	1,	1,	1,	'FAUZIAH MANAF',	'2563',	NULL,	'660107065028',	NULL,	NULL,	NULL,	NULL,	NULL,	NULL,	NULL,	'0132258779',	NULL,	NULL,	'fauziah@mpc.gov.my',	'0',	NULL,	6,	12,	19,	NULL,	NULL,	NULL,	1,	1,	0,	NULL,	NULL,	NULL,	NULL,	NULL,	NULL,	NULL,	NULL,	NULL,	NULL,	NULL,	0,	0,	0,	0,	'2021-06-25 03:25:21',	'2022-01-06 13:49:31',	NULL),
(52,	52,	1,	1,	1,	'FAUZIAH SAKIMAN',	'2659',	NULL,	'720323015326',	NULL,	NULL,	NULL,	NULL,	NULL,	NULL,	NULL,	NULL,	NULL,	NULL,	'fauziahsakiman@mpc.gov.my',	'0',	NULL,	12,	14,	19,	NULL,	NULL,	NULL,	1,	1,	0,	NULL,	NULL,	NULL,	NULL,	NULL,	NULL,	NULL,	NULL,	NULL,	NULL,	NULL,	0,	0,	0,	0,	'2021-06-25 07:55:15',	'2022-01-06 13:49:32',	NULL),
(53,	53,	1,	1,	1,	'FIZALAWATI AMIN',	'3078',	'310841860',	'810813135258',	'K53743648',	'Lot 894, Lorong Demak Laut 3a,',	'Jalan Bako, Taman Perindustrian Demak Laut',	NULL,	'93050',	2538,	15,	'012-8722756',	NULL,	NULL,	'fizalawati@mpc.gov.my',	'0',	NULL,	11,	12,	18,	NULL,	NULL,	NULL,	1,	1,	0,	NULL,	NULL,	NULL,	NULL,	NULL,	NULL,	NULL,	NULL,	NULL,	NULL,	NULL,	0,	0,	0,	0,	'2021-06-25 08:11:30',	'2022-01-06 13:49:33',	NULL),
(54,	54,	1,	1,	1,	'HAFIZA ATHA AHMAD',	'1496',	NULL,	'811010105092',	NULL,	NULL,	NULL,	NULL,	NULL,	NULL,	NULL,	'0189544092',	NULL,	NULL,	'hafiza@mpc.gov.my',	'0',	NULL,	11,	18,	4,	NULL,	NULL,	NULL,	1,	1,	0,	NULL,	NULL,	NULL,	NULL,	NULL,	NULL,	NULL,	NULL,	NULL,	NULL,	NULL,	0,	0,	0,	0,	'2021-06-25 08:07:10',	'2022-01-06 13:49:34',	NULL),
(55,	55,	1,	1,	1,	'HAFIZAH SITH',	'1418',	NULL,	'790329016120',	NULL,	NULL,	NULL,	NULL,	NULL,	NULL,	NULL,	NULL,	NULL,	NULL,	'hafizahsith@mpc.gov.my',	'0',	NULL,	4,	18,	4,	NULL,	NULL,	NULL,	1,	1,	0,	NULL,	NULL,	NULL,	NULL,	NULL,	NULL,	NULL,	NULL,	NULL,	NULL,	NULL,	0,	0,	0,	0,	'2019-04-18 13:40:40',	'2022-01-06 13:49:35',	NULL),
(56,	56,	1,	1,	1,	'HAFIZOH MD. ARIS',	'1497',	NULL,	'780402025746',	NULL,	NULL,	NULL,	NULL,	NULL,	NULL,	NULL,	'0122572545',	NULL,	NULL,	'hafizoh@mpc.gov.my',	'0',	NULL,	6,	18,	4,	NULL,	NULL,	NULL,	1,	1,	0,	NULL,	NULL,	NULL,	NULL,	NULL,	NULL,	NULL,	NULL,	NULL,	NULL,	NULL,	0,	0,	0,	0,	'2021-06-25 03:03:54',	'2022-01-06 13:49:36',	NULL),
(57,	57,	1,	1,	1,	'HAIRUL MIZAN HAMDAN',	'2997',	NULL,	'770222015947',	NULL,	NULL,	NULL,	NULL,	NULL,	NULL,	NULL,	NULL,	NULL,	NULL,	'hairul@mpc.gov.my',	'0',	NULL,	12,	20,	11,	NULL,	NULL,	NULL,	1,	1,	0,	NULL,	NULL,	NULL,	NULL,	NULL,	NULL,	NULL,	NULL,	NULL,	NULL,	NULL,	0,	0,	0,	0,	'2021-06-25 07:57:22',	'2022-01-06 13:49:37',	NULL),
(58,	58,	1,	1,	1,	'DR. HALIMAHTON SA\'DIAH LET',	'1409',	NULL,	'730930085368',	NULL,	'No. 5, Jalan 6/19',	'Bandar Tasik Puteri',	NULL,	'48020',	1334,	14,	'0135302171',	NULL,	NULL,	'halimahton@mpc.gov.my',	'0',	NULL,	6,	33,	6,	NULL,	NULL,	NULL,	1,	1,	0,	NULL,	NULL,	NULL,	NULL,	NULL,	NULL,	NULL,	NULL,	NULL,	NULL,	NULL,	0,	0,	0,	0,	'2021-06-24 07:43:30',	'2022-01-06 13:49:38',	NULL),
(59,	59,	1,	1,	1,	'HAMZALY ZAKARIA',	'2998',	NULL,	'680617105825',	NULL,	NULL,	NULL,	NULL,	NULL,	NULL,	NULL,	NULL,	NULL,	NULL,	'hamzaly@mpc.gov.my',	'0',	NULL,	5,	8,	9,	NULL,	131,	131,	1,	1,	0,	NULL,	NULL,	NULL,	NULL,	NULL,	NULL,	NULL,	NULL,	NULL,	NULL,	NULL,	0,	0,	0,	0,	'2021-06-28 04:30:18',	'2022-01-06 13:49:39',	NULL),
(60,	60,	1,	1,	1,	'HANISAH RAMLI',	'1529',	'316250896',	'840523105736',	'A34970132',	'No 5, Jalan Tanjung Agas 30/189',	'Taman Sri Murni, Jalan Kebun',	NULL,	'40460',	1084,	14,	'0126554909',	NULL,	NULL,	'hanisah@mpc.gov.my',	'0',	NULL,	6,	18,	4,	NULL,	NULL,	NULL,	1,	1,	0,	NULL,	NULL,	NULL,	NULL,	NULL,	NULL,	NULL,	NULL,	NULL,	NULL,	NULL,	0,	0,	0,	0,	'2021-06-28 08:00:20',	'2022-01-06 13:49:40',	NULL),
(61,	61,	1,	1,	1,	'HASBULLAH ABDUL HAMID',	'3083',	NULL,	'800114025253',	NULL,	NULL,	NULL,	NULL,	NULL,	NULL,	NULL,	NULL,	NULL,	NULL,	'hasbullah@mpc.gov.my',	'0',	NULL,	3,	23,	12,	NULL,	NULL,	NULL,	1,	1,	0,	NULL,	NULL,	NULL,	NULL,	NULL,	NULL,	NULL,	NULL,	NULL,	NULL,	NULL,	0,	0,	0,	0,	'2021-06-25 08:33:50',	'2022-01-06 13:49:41',	NULL),
(62,	62,	1,	1,	1,	'HASLIZAYANTI OTHMAN',	'1526',	NULL,	'810117065348',	NULL,	NULL,	NULL,	NULL,	NULL,	NULL,	NULL,	'0193764858',	NULL,	NULL,	'haslizayanti@mpc.gov.my',	'0',	NULL,	6,	18,	4,	NULL,	NULL,	NULL,	1,	1,	0,	NULL,	NULL,	NULL,	NULL,	NULL,	NULL,	NULL,	NULL,	NULL,	NULL,	NULL,	0,	0,	0,	0,	'2021-06-25 03:11:25',	'2022-01-06 13:49:42',	NULL),
(63,	63,	1,	1,	1,	'HAZWANI NADIAH ISMAIL',	'1525',	NULL,	'820913035624',	NULL,	NULL,	NULL,	NULL,	NULL,	NULL,	NULL,	'0126638911',	NULL,	NULL,	'hazwani@mpc.gov.my',	'0',	NULL,	8,	18,	4,	NULL,	NULL,	NULL,	1,	1,	0,	NULL,	NULL,	NULL,	NULL,	NULL,	NULL,	NULL,	NULL,	NULL,	NULL,	NULL,	0,	0,	0,	0,	'2021-06-28 01:34:53',	'2022-01-06 13:49:43',	NULL),
(64,	64,	1,	1,	1,	'HILLINA ABDUL KARIM',	'1457',	NULL,	'760325105284',	NULL,	NULL,	NULL,	NULL,	NULL,	NULL,	NULL,	'0192582276',	NULL,	NULL,	'hillina@mpc.gov.my',	'0',	NULL,	5,	3,	29,	NULL,	131,	131,	1,	1,	0,	NULL,	NULL,	NULL,	NULL,	NULL,	NULL,	NULL,	NULL,	NULL,	NULL,	NULL,	0,	0,	0,	0,	'2021-06-28 04:12:59',	'2022-01-06 13:49:44',	NULL),
(65,	65,	1,	1,	1,	'HISHAMUDDIN HASSAN',	'3037',	NULL,	'811203025531',	NULL,	NULL,	NULL,	NULL,	NULL,	NULL,	NULL,	NULL,	NULL,	NULL,	'hishammudin@mpc.gov.my',	'0',	NULL,	9,	10,	16,	NULL,	NULL,	NULL,	1,	1,	0,	NULL,	NULL,	NULL,	NULL,	NULL,	NULL,	NULL,	NULL,	NULL,	NULL,	NULL,	0,	0,	0,	0,	'2019-03-29 10:11:45',	'2022-01-06 13:49:45',	NULL),
(66,	66,	1,	1,	1,	'AB. RAHIM YUSOFF',	'1192',	'',	'601217035145',	'',	'',	'',	'',	NULL,	NULL,	NULL,	'0192342212',	NULL,	NULL,	'abrahim@mpc.gov.my',	'0',	NULL,	7,	32,	15,	NULL,	9,	NULL,	1,	1,	0,	NULL,	NULL,	NULL,	NULL,	NULL,	NULL,	NULL,	NULL,	NULL,	NULL,	NULL,	0,	0,	0,	0,	'2020-11-04 10:28:05',	'2020-11-04 10:28:05',	NULL),
(67,	67,	1,	1,	1,	'AB. RASHID OMAR',	'1331',	NULL,	'660801045393',	NULL,	NULL,	NULL,	NULL,	NULL,	NULL,	NULL,	NULL,	NULL,	NULL,	'abrash@mpc.gov.my',	'0',	NULL,	6,	19,	5,	NULL,	183,	183,	1,	1,	0,	NULL,	NULL,	NULL,	NULL,	NULL,	NULL,	NULL,	NULL,	NULL,	NULL,	NULL,	0,	0,	0,	0,	'2021-11-09 15:08:41',	'2022-01-06 13:49:47',	NULL),
(68,	68,	1,	1,	1,	'HUDA ATIQAH SAMSIR',	'1644',	'MH31346842',	'881028015128',	NULL,	NULL,	NULL,	NULL,	NULL,	NULL,	NULL,	'0137261950',	NULL,	NULL,	'atiqah@mpc.gov.my',	'0',	NULL,	1,	27,	3,	NULL,	NULL,	NULL,	1,	1,	0,	NULL,	NULL,	NULL,	NULL,	NULL,	NULL,	NULL,	NULL,	NULL,	NULL,	NULL,	0,	0,	0,	0,	'2021-06-28 04:43:04',	'2022-01-06 13:49:48',	NULL),
(69,	69,	1,	1,	1,	'ILYANA NORSAIDAH AB RAHMAN',	'1638',	NULL,	'910911035478',	NULL,	NULL,	NULL,	NULL,	NULL,	NULL,	NULL,	NULL,	NULL,	NULL,	'ilyana@mpc.gov.my',	'0',	NULL,	6,	27,	3,	NULL,	NULL,	NULL,	1,	1,	0,	NULL,	NULL,	NULL,	NULL,	NULL,	NULL,	NULL,	NULL,	NULL,	NULL,	NULL,	0,	0,	0,	0,	'2021-06-25 03:12:02',	'2022-01-06 13:49:49',	NULL),
(70,	70,	1,	1,	1,	'INGRID NG EDY',	'1609',	NULL,	'871121495040',	NULL,	NULL,	NULL,	NULL,	NULL,	NULL,	NULL,	NULL,	NULL,	NULL,	'ingrid@mpc.gov.my',	'0',	NULL,	10,	27,	3,	NULL,	NULL,	NULL,	1,	1,	0,	NULL,	NULL,	NULL,	NULL,	NULL,	NULL,	NULL,	NULL,	NULL,	NULL,	NULL,	0,	0,	0,	0,	'2021-06-28 02:21:19',	'2022-01-06 13:49:50',	NULL),
(71,	71,	1,	1,	1,	'ISRAM AZHAR',	'3047',	NULL,	'820324105479',	NULL,	'Lot 325a Jalan Simpang Balak, Kg. Simpang Balak,',	NULL,	NULL,	'43000',	1197,	14,	'0163900444',	NULL,	NULL,	'isram@mpc.gov.my',	'0',	NULL,	5,	25,	24,	NULL,	131,	131,	1,	1,	0,	NULL,	NULL,	NULL,	NULL,	NULL,	NULL,	NULL,	NULL,	NULL,	NULL,	NULL,	0,	0,	0,	0,	'2021-06-25 08:20:49',	'2022-01-06 13:49:51',	NULL),
(72,	72,	1,	1,	1,	'IZANI ISHAK',	'1275',	NULL,	'630610035689',	NULL,	'No. 10, Jalan 7/5a',	'Seksyen 7',	'Bandar Baru Bangi',	'43650',	1208,	14,	'0192309196',	NULL,	NULL,	'izani@mpc.gov.my',	'0',	NULL,	7,	33,	6,	NULL,	NULL,	NULL,	1,	1,	0,	NULL,	NULL,	NULL,	NULL,	NULL,	NULL,	NULL,	NULL,	NULL,	NULL,	NULL,	0,	0,	0,	0,	'2021-06-24 07:52:06',	'2022-01-06 13:49:52',	NULL),
(73,	73,	1,	1,	1,	'IZZUL IKHWAN ISHAK',	'1659',	NULL,	'910610105989',	NULL,	'Unit 13-06, Blok F',	'Ppa Pudina, No.2 Jalan Kasturi P17',	'Presint 17',	'62150',	1621,	9,	'01114387240',	NULL,	NULL,	'izzulikhwan18@yahoo.com',	'0',	NULL,	6,	27,	3,	NULL,	NULL,	NULL,	1,	1,	0,	NULL,	NULL,	NULL,	NULL,	NULL,	NULL,	NULL,	NULL,	NULL,	NULL,	NULL,	0,	0,	0,	0,	'2021-06-25 03:12:26',	'2022-01-06 13:49:53',	NULL),
(74,	74,	1,	1,	1,	'JAUZA JUHAIRAH JIMMY ABDULLAH',	'3141',	NULL,	'920127126324',	NULL,	NULL,	NULL,	NULL,	NULL,	NULL,	NULL,	'01114157271',	NULL,	NULL,	'jauza@mpc.gov.my',	'0',	NULL,	3,	14,	18,	NULL,	NULL,	NULL,	1,	1,	0,	NULL,	NULL,	NULL,	NULL,	NULL,	NULL,	NULL,	NULL,	NULL,	NULL,	NULL,	0,	0,	0,	0,	'2021-06-28 07:18:27',	'2022-01-06 13:49:54',	NULL),
(75,	75,	1,	1,	1,	'JAYALETCHUMI KRISHNAN',	'1488',	NULL,	'780507025152',	NULL,	NULL,	NULL,	NULL,	NULL,	NULL,	NULL,	NULL,	NULL,	NULL,	'jaya@mpc.gov.my',	'0',	NULL,	7,	18,	4,	NULL,	NULL,	NULL,	1,	1,	0,	NULL,	NULL,	NULL,	NULL,	NULL,	NULL,	NULL,	NULL,	NULL,	NULL,	NULL,	0,	0,	0,	0,	'2021-09-22 03:58:18',	'2022-01-06 13:49:55',	NULL),
(76,	76,	1,	1,	1,	'JERRY SHAHNIZAL AB AZIZ',	'1503',	'276928083',	'830808146065',	NULL,	NULL,	NULL,	NULL,	NULL,	NULL,	NULL,	NULL,	NULL,	NULL,	'jerry@mpc.gov.my',	'0',	NULL,	6,	18,	4,	NULL,	NULL,	NULL,	1,	1,	0,	NULL,	NULL,	NULL,	NULL,	NULL,	NULL,	NULL,	NULL,	NULL,	NULL,	NULL,	0,	0,	0,	0,	'2021-06-25 03:00:43',	'2022-01-06 13:49:56',	NULL),
(77,	77,	1,	1,	1,	'JOSFFA ISMAIL',	'1408',	NULL,	'780215075975',	NULL,	NULL,	NULL,	NULL,	NULL,	NULL,	NULL,	'0133563732',	NULL,	NULL,	'josffa@mpc.gov.my',	'0',	NULL,	3,	33,	6,	NULL,	NULL,	NULL,	1,	1,	0,	NULL,	NULL,	NULL,	NULL,	NULL,	NULL,	NULL,	NULL,	NULL,	NULL,	NULL,	0,	0,	0,	0,	'2021-06-28 07:14:25',	'2022-01-06 13:49:57',	NULL),
(78,	78,	1,	1,	1,	'KABIR AHMAD MOHD JAMIL',	'1170',	'',	'600101025303',	'',	'',	'',	'',	NULL,	NULL,	NULL,	NULL,	NULL,	NULL,	'kabir@mpc.gov.my',	'0',	NULL,	6,	17,	7,	NULL,	356,	NULL,	1,	1,	0,	NULL,	NULL,	NULL,	NULL,	NULL,	NULL,	2,	NULL,	23,	NULL,	NULL,	0,	0,	0,	0,	'2020-01-06 14:48:26',	'2020-01-06 14:48:26',	NULL),
(79,	79,	1,	1,	1,	'KAMARUDDIN MOHAMAD',	'1183',	'',	'610718115105',	'',	'',	'',	'',	NULL,	NULL,	NULL,	NULL,	NULL,	NULL,	'dinmohd@mpc.gov.my',	'0',	NULL,	1,	17,	7,	NULL,	9,	NULL,	1,	1,	0,	NULL,	NULL,	NULL,	NULL,	NULL,	NULL,	NULL,	NULL,	NULL,	NULL,	NULL,	0,	0,	0,	0,	'2021-06-24 07:55:04',	'2021-06-24 07:55:04',	NULL),
(80,	80,	1,	1,	1,	'KAMARUZAMAN RAMLI',	'3103',	NULL,	'830308115035',	NULL,	NULL,	NULL,	NULL,	NULL,	NULL,	NULL,	NULL,	NULL,	NULL,	'kamaruzamanr@mpc.gov.my',	'0',	NULL,	8,	23,	12,	NULL,	NULL,	NULL,	1,	1,	0,	NULL,	NULL,	NULL,	NULL,	NULL,	NULL,	NULL,	NULL,	NULL,	NULL,	NULL,	0,	0,	0,	0,	'2021-06-28 01:38:36',	'2022-01-06 13:50:00',	NULL),
(81,	81,	1,	1,	1,	'KARTIN HASLINDA CHE MAT',	'1450',	'MH31599211',	'760304035264',	NULL,	NULL,	NULL,	NULL,	'15538',	392,	3,	'0126621555',	'097416261',	NULL,	'haslinda@mpc.gov.my',	'0',	NULL,	7,	18,	4,	NULL,	NULL,	NULL,	1,	1,	0,	NULL,	NULL,	NULL,	NULL,	NULL,	NULL,	NULL,	NULL,	NULL,	NULL,	NULL,	0,	0,	0,	0,	'2021-07-29 03:06:40',	'2022-01-06 13:50:01',	NULL),
(82,	82,	1,	1,	1,	'KASTURI DEVI A/P APPANNA',	'1546',	NULL,	'810525085890',	NULL,	NULL,	NULL,	NULL,	NULL,	NULL,	NULL,	'0125157255',	NULL,	NULL,	'kasturi@mpc.gov.my',	'0',	NULL,	9,	18,	4,	NULL,	NULL,	NULL,	1,	1,	0,	NULL,	NULL,	NULL,	NULL,	NULL,	NULL,	NULL,	NULL,	NULL,	NULL,	NULL,	0,	0,	0,	0,	'2019-03-29 10:11:45',	'2022-01-06 13:50:02',	NULL),
(83,	83,	1,	1,	1,	'KHAIRIL AFI ADNAN',	'3156',	NULL,	'871003065189',	NULL,	NULL,	NULL,	NULL,	NULL,	NULL,	NULL,	'0136372477',	NULL,	NULL,	'khairilafi@mpc.gov.my',	'0',	NULL,	3,	14,	18,	NULL,	NULL,	NULL,	1,	1,	0,	NULL,	NULL,	NULL,	NULL,	NULL,	NULL,	NULL,	NULL,	NULL,	NULL,	NULL,	0,	0,	0,	0,	'2021-06-28 07:17:05',	'2022-01-06 13:50:03',	NULL),
(84,	84,	1,	1,	1,	'KHALIDATUL ASRIN ABDUL AZIZ',	'1483',	NULL,	'800112025794',	'A523688804',	'A501 Sd Apartment 2',	'Persiaran Meranti',	'Bandar Sri Damansara',	'52200',	1562,	4,	'0125525439',	NULL,	NULL,	'asrin@mpc.gov.my',	'0',	NULL,	6,	18,	4,	NULL,	NULL,	NULL,	1,	1,	0,	NULL,	NULL,	NULL,	NULL,	NULL,	NULL,	NULL,	NULL,	NULL,	NULL,	NULL,	0,	0,	0,	0,	'2020-10-15 08:08:55',	'2022-01-06 13:50:04',	NULL),
(85,	85,	1,	1,	1,	'KHATIJAH RAHMAT',	'1606',	'311739713',	'840710135404',	NULL,	NULL,	NULL,	NULL,	NULL,	NULL,	NULL,	NULL,	NULL,	NULL,	'khatijah@mpc.gov.my',	'0',	NULL,	11,	27,	3,	NULL,	NULL,	NULL,	1,	1,	0,	NULL,	NULL,	NULL,	NULL,	NULL,	NULL,	NULL,	NULL,	NULL,	NULL,	NULL,	0,	0,	0,	0,	'2021-06-25 08:08:01',	'2022-01-06 13:50:05',	NULL),
(86,	86,	1,	1,	1,	'KHIDZIR BIN AHMAD',	'1534',	'308311662',	'780830105611',	'A51848727',	'No. 30 Jalan Ss5d/3',	'Kelana Jaya',	NULL,	'47301',	1315,	14,	'0126641144',	NULL,	NULL,	'khidzir@mpc.gov.my',	'0',	NULL,	6,	18,	4,	NULL,	NULL,	NULL,	1,	1,	0,	NULL,	NULL,	NULL,	NULL,	NULL,	NULL,	NULL,	NULL,	NULL,	NULL,	NULL,	0,	0,	0,	0,	'2021-06-24 07:57:36',	'2022-01-06 13:50:06',	NULL),
(87,	87,	1,	1,	1,	'DATIN LATCHUMY PRABHA',	'1316',	NULL,	'620517015246',	NULL,	NULL,	NULL,	NULL,	NULL,	NULL,	NULL,	NULL,	NULL,	NULL,	'prabha@mpc.gov.my',	'0',	NULL,	1,	33,	6,	NULL,	NULL,	NULL,	1,	1,	0,	NULL,	NULL,	NULL,	NULL,	NULL,	NULL,	NULL,	NULL,	NULL,	NULL,	NULL,	0,	0,	0,	0,	'2021-06-28 04:39:20',	'2022-01-06 13:50:07',	NULL),
(88,	88,	1,	1,	1,	'LEE WAN SWANEE',	'1573',	'310671955',	'850915035756',	NULL,	NULL,	NULL,	NULL,	NULL,	NULL,	NULL,	'0129630567',	NULL,	NULL,	'swanee@mpc.gov.my',	'0',	NULL,	10,	18,	4,	NULL,	NULL,	NULL,	1,	1,	0,	NULL,	NULL,	NULL,	NULL,	NULL,	NULL,	NULL,	NULL,	NULL,	NULL,	NULL,	0,	0,	0,	0,	'2021-06-28 02:21:37',	'2022-01-06 13:50:08',	NULL),
(89,	89,	1,	1,	1,	'LEE WAN WEI',	'1585',	'MH30971191',	'860814595008',	'A52758340',	NULL,	NULL,	NULL,	NULL,	NULL,	NULL,	NULL,	NULL,	NULL,	'wanwei@mpc.gov.my',	'0',	NULL,	6,	18,	4,	NULL,	NULL,	NULL,	1,	1,	0,	NULL,	NULL,	NULL,	NULL,	NULL,	NULL,	NULL,	NULL,	NULL,	NULL,	NULL,	0,	0,	0,	0,	'2021-06-28 08:08:09',	'2022-01-06 13:50:09',	NULL),
(90,	90,	1,	1,	1,	'LIYANA OTHMAN',	'1656',	'300167162',	'900703137438',	NULL,	NULL,	NULL,	NULL,	NULL,	NULL,	NULL,	'0109668895',	NULL,	NULL,	'liyana@mpc.gov.my',	'0',	NULL,	11,	27,	3,	NULL,	NULL,	NULL,	1,	1,	0,	NULL,	NULL,	NULL,	NULL,	NULL,	NULL,	NULL,	NULL,	NULL,	NULL,	NULL,	0,	0,	0,	0,	'2021-06-25 08:08:28',	'2022-01-06 13:50:10',	NULL),
(91,	91,	1,	1,	1,	'MAHADI HASBULLAH',	'1486',	'',	'760815035303',	'',	'',	'',	'',	NULL,	NULL,	NULL,	'0133782642',	NULL,	NULL,	'mahadi@mpc.gov.my',	'0',	NULL,	5,	19,	5,	NULL,	297,	304,	1,	1,	0,	NULL,	NULL,	NULL,	NULL,	NULL,	NULL,	NULL,	NULL,	NULL,	NULL,	NULL,	0,	1,	0,	0,	'2022-01-07 07:05:11',	'2022-01-07 07:05:11',	NULL),
(92,	92,	1,	1,	1,	'MARIATUL AF-IDA BT MOHD TAJUL ARIFFIN',	'1390',	'0153985',	'750712085034',	NULL,	'B10-01, Apartment Kinrara Mas,',	'Jalan Mas 1',	'Bukit Jalil',	'58200',	1607,	4,	'0169975254',	NULL,	NULL,	'mariatul@mpc.gov.my',	'0',	NULL,	6,	19,	5,	NULL,	NULL,	NULL,	1,	1,	0,	NULL,	NULL,	NULL,	NULL,	NULL,	NULL,	NULL,	NULL,	NULL,	NULL,	NULL,	0,	0,	0,	0,	'2021-06-25 03:10:52',	'2022-01-06 13:50:12',	NULL),
(93,	93,	1,	1,	1,	'MARINA MAULAD ISMAIL',	'3074',	NULL,	'860329145038',	NULL,	NULL,	NULL,	NULL,	NULL,	NULL,	NULL,	NULL,	NULL,	NULL,	'marina@mpc.gov.my',	'0',	NULL,	5,	15,	18,	NULL,	131,	131,	1,	1,	0,	NULL,	NULL,	NULL,	NULL,	NULL,	NULL,	NULL,	NULL,	NULL,	NULL,	NULL,	0,	0,	0,	0,	'2021-06-25 08:23:56',	'2022-01-06 13:50:13',	NULL),
(94,	94,	1,	1,	1,	'MARZIAH AHMAD',	'1349',	NULL,	'650411065218',	NULL,	NULL,	NULL,	NULL,	NULL,	NULL,	NULL,	NULL,	NULL,	NULL,	'marziahahmad@mpc.gov.my',	'0',	NULL,	7,	27,	3,	NULL,	141,	NULL,	1,	1,	0,	NULL,	NULL,	NULL,	NULL,	NULL,	NULL,	NULL,	NULL,	NULL,	NULL,	NULL,	0,	0,	0,	0,	'2019-03-29 10:11:45',	'2019-03-29 10:11:45',	NULL),
(95,	95,	1,	1,	1,	'MASHITANOR ZAINUDIN',	'3087',	NULL,	'761019055308',	NULL,	NULL,	NULL,	NULL,	NULL,	NULL,	NULL,	'0123348413',	NULL,	NULL,	'mashitanor@mpc.gov.my',	'0',	NULL,	5,	6,	18,	NULL,	131,	131,	1,	1,	0,	NULL,	NULL,	NULL,	NULL,	NULL,	NULL,	NULL,	NULL,	NULL,	NULL,	NULL,	0,	0,	0,	0,	'2021-06-25 08:24:22',	'2022-01-06 13:50:15',	NULL),
(96,	96,	1,	1,	1,	'MASWANI ISMAIL',	'3095',	NULL,	'810316035600',	NULL,	NULL,	NULL,	NULL,	NULL,	NULL,	NULL,	NULL,	NULL,	NULL,	'maswani@mpc.gov.my',	'0',	NULL,	8,	15,	18,	NULL,	NULL,	NULL,	1,	1,	0,	NULL,	NULL,	NULL,	NULL,	NULL,	NULL,	NULL,	NULL,	NULL,	NULL,	NULL,	0,	0,	0,	0,	'2021-06-28 01:41:10',	'2022-01-06 13:50:16',	NULL),
(97,	97,	1,	1,	1,	'DR. MAZLINA SHAFII',	'1373',	NULL,	'720731086000',	NULL,	NULL,	NULL,	NULL,	NULL,	NULL,	NULL,	NULL,	NULL,	NULL,	'eyna@mpc.gov.my',	'0',	NULL,	6,	33,	6,	NULL,	NULL,	NULL,	1,	1,	0,	NULL,	NULL,	NULL,	NULL,	NULL,	NULL,	NULL,	NULL,	NULL,	NULL,	NULL,	0,	0,	0,	0,	'2021-06-28 08:08:57',	'2022-01-06 13:50:17',	NULL),
(98,	98,	1,	1,	1,	'MAZNEE ABD. HALIM',	'1318',	NULL,	'661204115036',	NULL,	NULL,	NULL,	NULL,	NULL,	NULL,	NULL,	NULL,	NULL,	NULL,	'maznee@mpc.gov.my',	'0',	NULL,	7,	19,	5,	NULL,	NULL,	NULL,	1,	1,	0,	NULL,	NULL,	NULL,	NULL,	NULL,	NULL,	NULL,	NULL,	NULL,	NULL,	NULL,	0,	0,	0,	0,	'2021-06-24 08:03:10',	'2021-09-30 06:31:08',	NULL),
(99,	99,	1,	1,	1,	'DR. MAZRINA MOHD. IBRAMSAH',	'1393',	NULL,	'741207075594',	NULL,	NULL,	NULL,	NULL,	NULL,	NULL,	NULL,	NULL,	NULL,	NULL,	'mazrina@mpc.gov.my',	'0',	NULL,	9,	17,	7,	NULL,	NULL,	NULL,	1,	1,	0,	NULL,	NULL,	NULL,	NULL,	NULL,	NULL,	NULL,	NULL,	NULL,	NULL,	NULL,	0,	0,	0,	0,	'2021-10-29 06:01:15',	'2022-01-06 13:50:19',	NULL),
(100,	100,	1,	1,	1,	'MAZUAN SALLEH',	'1512',	NULL,	'810105125067',	NULL,	NULL,	NULL,	NULL,	NULL,	NULL,	NULL,	NULL,	NULL,	NULL,	'mazuan@mpc.gov.my',	'0',	NULL,	6,	27,	3,	NULL,	NULL,	NULL,	1,	1,	0,	NULL,	NULL,	NULL,	NULL,	NULL,	NULL,	NULL,	NULL,	NULL,	NULL,	NULL,	0,	0,	0,	0,	'2021-06-24 08:03:38',	'2022-01-06 13:50:20',	NULL),
(101,	101,	1,	1,	1,	'MAZUIN DAHLAN',	'1445',	NULL,	'790417145328',	NULL,	'E-4-12 Pangsapuri Mayang, Jln Puj 8,',	NULL,	NULL,	'43300',	1203,	14,	'0123006444',	NULL,	NULL,	'mazuin@mpc.gov.my',	'0',	NULL,	6,	19,	5,	NULL,	NULL,	NULL,	1,	1,	0,	NULL,	NULL,	NULL,	NULL,	NULL,	NULL,	NULL,	NULL,	NULL,	NULL,	NULL,	0,	0,	0,	0,	'2021-08-12 02:05:47',	'2022-01-06 13:50:21',	NULL),
(102,	102,	1,	1,	1,	'MD SHUBRI ISMAIL',	'1175',	'',	'591223075331',	'',	'',	'',	'',	NULL,	NULL,	NULL,	NULL,	NULL,	NULL,	'shubri@mpc.gov.my',	'0',	NULL,	2,	33,	6,	NULL,	242,	NULL,	1,	1,	0,	NULL,	NULL,	NULL,	NULL,	NULL,	NULL,	NULL,	NULL,	NULL,	NULL,	NULL,	0,	0,	0,	0,	'2019-04-22 20:03:36',	'2019-04-22 20:03:36',	NULL),
(103,	103,	1,	1,	1,	'MD ZAINURI JURI',	'1404',	'',	'741122017053',	'',	'',	'',	'',	NULL,	NULL,	NULL,	NULL,	NULL,	NULL,	'zainuri@mpc.gov.my',	'0',	NULL,	7,	18,	4,	NULL,	9,	NULL,	1,	1,	0,	NULL,	NULL,	NULL,	NULL,	NULL,	NULL,	NULL,	NULL,	NULL,	NULL,	NULL,	0,	0,	0,	0,	'2021-06-24 08:09:54',	'2021-06-24 08:09:54',	NULL),
(104,	104,	1,	1,	1,	'MEGAT AMIRUL SAIFULNIZAM MEGAT KAMARUL BAHRIN',	'1504',	NULL,	'820702115739',	NULL,	NULL,	NULL,	NULL,	NULL,	NULL,	NULL,	NULL,	NULL,	NULL,	'megatamirul@mpc.gov.my',	'0',	NULL,	12,	18,	4,	NULL,	NULL,	NULL,	1,	1,	0,	NULL,	NULL,	NULL,	NULL,	NULL,	NULL,	NULL,	NULL,	NULL,	NULL,	NULL,	0,	0,	0,	0,	'2021-06-24 08:05:01',	'2022-01-06 13:50:24',	NULL),
(105,	105,	1,	1,	1,	'MELISSA AHMAD ARSHAD',	'1411',	NULL,	'761210105270',	NULL,	NULL,	NULL,	NULL,	NULL,	NULL,	NULL,	'0123347131',	NULL,	NULL,	'melissa@mpc.gov.my',	'0',	NULL,	3,	18,	4,	NULL,	NULL,	NULL,	1,	1,	0,	NULL,	NULL,	NULL,	NULL,	NULL,	NULL,	NULL,	NULL,	NULL,	NULL,	NULL,	0,	0,	0,	0,	'2021-06-28 06:47:50',	'2022-01-06 13:50:25',	NULL),
(106,	106,	1,	1,	1,	'MIMI HASNITA AHMAD',	'2994',	NULL,	'761108065348',	NULL,	NULL,	NULL,	NULL,	NULL,	NULL,	NULL,	NULL,	NULL,	NULL,	'mimi@mpc.gov.my',	'0',	NULL,	8,	30,	22,	NULL,	NULL,	NULL,	1,	1,	0,	NULL,	NULL,	NULL,	NULL,	NULL,	NULL,	NULL,	NULL,	NULL,	NULL,	NULL,	0,	0,	0,	0,	'2021-06-28 01:37:51',	'2022-01-06 13:50:26',	NULL),
(107,	107,	1,	1,	1,	'MINHANA YAHAYA',	'3016',	NULL,	'790514145178',	NULL,	NULL,	NULL,	NULL,	NULL,	NULL,	NULL,	NULL,	NULL,	NULL,	'minhana@mpc.gov.my',	'0',	NULL,	5,	30,	22,	NULL,	36,	NULL,	1,	1,	0,	NULL,	NULL,	NULL,	NULL,	NULL,	NULL,	NULL,	NULL,	NULL,	NULL,	NULL,	0,	0,	0,	0,	'2019-03-29 10:11:45',	'2019-03-29 10:11:45',	NULL),
(108,	108,	1,	1,	1,	'MOHAMAD AZROL MOHAMAD DALI',	'1423',	'251086850',	'750930015683',	NULL,	'No.41, Jalan Bidara 7,',	'Saujana Utama 3,',	NULL,	'47000',	1302,	14,	'+60197712132',	NULL,	NULL,	'mdazrol@mpc.gov.my',	'0',	NULL,	6,	33,	6,	NULL,	NULL,	304,	1,	1,	0,	NULL,	NULL,	NULL,	NULL,	NULL,	NULL,	NULL,	NULL,	NULL,	NULL,	NULL,	0,	0,	0,	0,	'2022-01-04 02:15:05',	'2022-01-06 13:50:28',	NULL),
(109,	109,	1,	1,	1,	'MOHAMAD HAFIZI ABD RASHID',	'3093',	NULL,	'880905025009',	NULL,	NULL,	NULL,	NULL,	NULL,	NULL,	NULL,	'0133733267',	NULL,	NULL,	'hafizi@mpc.gov.my',	'0',	NULL,	5,	26,	8,	NULL,	131,	131,	1,	1,	0,	NULL,	NULL,	NULL,	NULL,	NULL,	NULL,	NULL,	NULL,	NULL,	NULL,	NULL,	0,	0,	0,	0,	'2021-06-24 08:05:55',	'2022-01-06 13:50:29',	NULL),
(110,	110,	1,	1,	1,	'MOHAMAD MUZAFFAR ABDUL HAMID',	'1391',	NULL,	'740919017603',	NULL,	NULL,	NULL,	NULL,	NULL,	NULL,	NULL,	'0165410641',	NULL,	NULL,	'muzaffar@mpc.gov.my',	'0',	NULL,	6,	17,	7,	NULL,	NULL,	NULL,	1,	1,	0,	NULL,	NULL,	NULL,	NULL,	NULL,	NULL,	NULL,	NULL,	NULL,	NULL,	NULL,	0,	0,	0,	0,	'2021-12-30 00:44:38',	'2022-01-06 13:50:30',	NULL),
(111,	111,	1,	1,	1,	'MOHAMAD NOR BOLHI',	'1507',	NULL,	'790607135681',	NULL,	NULL,	NULL,	NULL,	NULL,	NULL,	NULL,	NULL,	NULL,	NULL,	'mohamadnor@mpc.gov.my',	'0',	NULL,	9,	18,	4,	NULL,	NULL,	NULL,	1,	1,	0,	NULL,	NULL,	NULL,	NULL,	NULL,	NULL,	NULL,	NULL,	NULL,	NULL,	NULL,	0,	0,	0,	0,	'2021-08-06 04:16:06',	'2022-01-06 13:50:31',	NULL),
(112,	112,	1,	1,	1,	'DR. MOHAMAD NORJAYADI TAMAM',	'1421',	'067073112',	'741205135725',	NULL,	'No.6, Lorong Semariang 7a, Taman Seri Sena',	NULL,	NULL,	'93050',	2538,	15,	'0168602156',	NULL,	NULL,	'norjayadi@mpc.gov.my',	'0',	NULL,	6,	17,	7,	NULL,	NULL,	304,	1,	1,	0,	NULL,	NULL,	NULL,	NULL,	NULL,	NULL,	NULL,	NULL,	NULL,	NULL,	NULL,	0,	0,	0,	0,	'2022-01-04 02:17:21',	'2022-01-06 13:50:32',	NULL),
(113,	113,	1,	1,	1,	'MOHAMAD SAHRIL AHMAD PUZI',	'1505',	NULL,	'821115085445',	NULL,	NULL,	NULL,	NULL,	NULL,	NULL,	NULL,	'0193007289',	NULL,	NULL,	'sahril@mpc.gov.my',	'0',	NULL,	6,	19,	5,	NULL,	NULL,	NULL,	1,	1,	0,	NULL,	NULL,	NULL,	NULL,	NULL,	NULL,	NULL,	NULL,	NULL,	NULL,	NULL,	0,	0,	0,	0,	'2021-06-24 08:06:30',	'2022-01-06 13:50:33',	NULL),
(114,	114,	1,	1,	1,	'MOHAMMAD AFDHAN FAUZI',	'3118',	NULL,	'860427565669',	NULL,	NULL,	NULL,	NULL,	NULL,	NULL,	NULL,	NULL,	NULL,	NULL,	'afdhan@mpc.gov.my',	'0',	NULL,	5,	22,	12,	NULL,	NULL,	NULL,	1,	1,	0,	NULL,	NULL,	NULL,	NULL,	NULL,	NULL,	NULL,	NULL,	NULL,	NULL,	NULL,	0,	0,	0,	0,	'2021-06-25 08:33:04',	'2022-01-06 13:50:34',	NULL),
(115,	115,	1,	1,	1,	'MOHAMMAD KHAIRUL HAKIMIN ZAINOOR',	'1516',	NULL,	'830111015487',	NULL,	'No 22 Jalan Kebun Nenas, Bandar Putera 2',	NULL,	NULL,	'41200',	1159,	14,	'0192183483',	NULL,	NULL,	'mkhairul@mpc.gov.my',	'0',	NULL,	6,	19,	5,	NULL,	NULL,	NULL,	1,	1,	0,	NULL,	NULL,	NULL,	NULL,	NULL,	NULL,	NULL,	NULL,	NULL,	NULL,	NULL,	0,	0,	0,	0,	'2021-06-24 08:06:55',	'2022-01-06 13:50:35',	NULL),
(116,	116,	1,	1,	1,	'MOHAMMED ALAMIN REHAN',	'1454',	NULL,	'790113065169',	NULL,	NULL,	NULL,	NULL,	NULL,	NULL,	NULL,	NULL,	NULL,	NULL,	'alamin@mpc.gov.my',	'0',	NULL,	6,	33,	6,	NULL,	NULL,	NULL,	1,	1,	0,	NULL,	NULL,	NULL,	NULL,	NULL,	NULL,	NULL,	NULL,	NULL,	NULL,	NULL,	0,	0,	0,	0,	'2021-06-25 03:03:20',	'2022-01-06 13:50:36',	NULL),
(117,	117,	1,	1,	1,	'MOHD AMIROL MD. KHAIR',	'1648',	NULL,	'900309026107',	NULL,	NULL,	NULL,	NULL,	NULL,	NULL,	NULL,	NULL,	NULL,	NULL,	'amirol@mpc.gov.my',	'0',	NULL,	3,	27,	3,	NULL,	NULL,	NULL,	1,	1,	0,	NULL,	NULL,	NULL,	NULL,	NULL,	NULL,	NULL,	NULL,	NULL,	NULL,	NULL,	0,	0,	0,	0,	'2021-06-24 08:07:40',	'2022-01-06 13:50:37',	NULL),
(118,	118,	1,	1,	1,	'MOHD AZHAR ZAINUDDIN',	'1542',	NULL,	'810110105773',	NULL,	NULL,	NULL,	NULL,	NULL,	NULL,	NULL,	NULL,	NULL,	NULL,	'mohdazhar@mpc.gov.my',	'0',	NULL,	8,	27,	3,	NULL,	NULL,	NULL,	1,	1,	0,	NULL,	NULL,	NULL,	NULL,	NULL,	NULL,	NULL,	NULL,	NULL,	NULL,	NULL,	0,	0,	0,	0,	'2021-06-28 01:35:15',	'2022-01-06 13:50:38',	NULL),
(119,	119,	1,	1,	1,	'MOHD. AZRUL KAMIS',	'2782',	NULL,	'770526025423',	NULL,	NULL,	NULL,	NULL,	NULL,	NULL,	NULL,	NULL,	NULL,	NULL,	'mohdazrul@mpc.gov.my',	'0',	NULL,	5,	10,	16,	NULL,	NULL,	NULL,	1,	1,	0,	NULL,	NULL,	NULL,	NULL,	NULL,	NULL,	NULL,	NULL,	NULL,	NULL,	NULL,	0,	0,	0,	0,	'2021-06-25 08:25:43',	'2022-01-06 13:50:39',	NULL),
(120,	120,	1,	1,	1,	'MOHD. AZWAN MOHD. SALLEH',	'1453',	NULL,	'730926075271',	NULL,	NULL,	NULL,	NULL,	NULL,	NULL,	NULL,	NULL,	NULL,	NULL,	'azwan@mpc.gov.my',	'0',	NULL,	8,	33,	6,	NULL,	NULL,	NULL,	1,	1,	0,	NULL,	NULL,	NULL,	NULL,	NULL,	NULL,	NULL,	NULL,	NULL,	NULL,	NULL,	0,	0,	0,	0,	'2021-10-29 06:02:27',	'2022-01-06 13:50:40',	NULL),
(121,	121,	1,	1,	1,	'MOHD FAIZOL ABD. RAHMAN',	'1593',	'312942954',	'841110115033',	NULL,	'Unit D-5-4, Blk D, Apt Ruby,',	'Jln Matahari U5/102, Bdr Pinggiran Subang,',	NULL,	'40150',	1077,	14,	'0137118134',	NULL,	NULL,	'mohdfaizol@mpc.gov.my',	'0',	NULL,	7,	27,	3,	NULL,	NULL,	NULL,	1,	1,	0,	NULL,	NULL,	NULL,	NULL,	NULL,	NULL,	NULL,	NULL,	NULL,	NULL,	NULL,	0,	0,	0,	0,	'2020-10-15 02:28:55',	'2022-01-06 13:50:41',	NULL),
(122,	122,	1,	1,	1,	'MOHD FAIZZUL SHAHIR',	'3110',	NULL,	'860917436181',	NULL,	NULL,	NULL,	NULL,	NULL,	NULL,	NULL,	NULL,	NULL,	NULL,	'faizzul@mpc.gov.my',	'0',	NULL,	5,	23,	12,	NULL,	NULL,	NULL,	1,	1,	0,	NULL,	NULL,	NULL,	NULL,	NULL,	NULL,	NULL,	NULL,	NULL,	NULL,	NULL,	0,	0,	0,	0,	'2021-06-25 08:34:13',	'2022-01-06 13:50:42',	NULL),
(123,	123,	1,	1,	1,	'MOHD HILMI BIN MOHD IDRIS',	'1489',	NULL,	'790308105095',	NULL,	'C-6-12, Pangsapuri Anggun',	'Jalan 4/1',	'Seksyen 4',	'43650',	1208,	14,	'0192882539',	NULL,	NULL,	'hilmi@mpc.gov.my',	'0',	NULL,	6,	18,	4,	NULL,	NULL,	NULL,	1,	1,	0,	NULL,	NULL,	NULL,	NULL,	NULL,	NULL,	NULL,	NULL,	NULL,	NULL,	NULL,	0,	0,	0,	0,	'2021-06-24 08:08:08',	'2022-01-06 13:50:43',	NULL),
(124,	124,	1,	1,	1,	'MOHD HISYAM HATIMTAI',	'1406',	'MH32392020',	'780321105277',	'A38670517',	'Perbadanan Produktiviti Malaysia',	'Pejabat Wilayah Selatan',	NULL,	'46200',	1239,	14,	'+60164454097',	NULL,	NULL,	'mohdhisyam.hatimtai@gmail.com',	'0',	NULL,	5,	19,	5,	NULL,	NULL,	131,	1,	1,	0,	NULL,	NULL,	NULL,	NULL,	NULL,	NULL,	NULL,	NULL,	NULL,	NULL,	NULL,	0,	0,	0,	0,	'2022-01-05 09:49:25',	'2022-01-06 13:50:44',	NULL),
(125,	125,	1,	1,	1,	'MOHD. KHAIRIL ANUAR AMIR HAMZAH',	'1513',	NULL,	'840225025017',	NULL,	NULL,	NULL,	NULL,	NULL,	NULL,	NULL,	NULL,	NULL,	NULL,	'khairil@mpc.gov.my',	'0',	NULL,	9,	18,	4,	NULL,	NULL,	NULL,	1,	1,	0,	NULL,	NULL,	NULL,	NULL,	NULL,	NULL,	NULL,	NULL,	NULL,	NULL,	NULL,	0,	0,	0,	0,	'2021-06-25 02:46:52',	'2022-01-06 13:50:45',	NULL),
(126,	126,	1,	1,	1,	'MOHD. KHAIRIZAL KHAHIDIR',	'1508',	NULL,	'830405055353',	NULL,	NULL,	NULL,	NULL,	NULL,	NULL,	NULL,	NULL,	NULL,	NULL,	'khairizal@mpc.gov.my',	'0',	NULL,	7,	18,	4,	NULL,	NULL,	NULL,	1,	1,	0,	NULL,	NULL,	NULL,	NULL,	NULL,	NULL,	NULL,	NULL,	NULL,	NULL,	NULL,	0,	0,	0,	0,	'2021-06-25 03:26:56',	'2022-01-06 13:50:46',	NULL),
(127,	127,	1,	1,	1,	'MOHD. KHAIRUL NAZIR NAWI',	'1456',	'',	'770220025957',	'',	'',	'',	'',	NULL,	NULL,	NULL,	NULL,	NULL,	NULL,	'khairul@mpc.gov.my',	'0',	NULL,	7,	18,	4,	NULL,	131,	131,	1,	1,	0,	NULL,	NULL,	NULL,	NULL,	NULL,	NULL,	NULL,	NULL,	NULL,	NULL,	NULL,	0,	0,	0,	0,	'2022-01-07 07:05:51',	'2022-01-07 07:05:51',	NULL),
(128,	128,	1,	1,	1,	'MOHD NIZAM ALI',	'3056',	NULL,	'791128145297',	NULL,	NULL,	NULL,	NULL,	NULL,	NULL,	NULL,	NULL,	NULL,	NULL,	'nizam@mpc.gov.my',	'0',	NULL,	3,	14,	18,	NULL,	NULL,	NULL,	1,	1,	0,	NULL,	NULL,	NULL,	NULL,	NULL,	NULL,	NULL,	NULL,	NULL,	NULL,	NULL,	0,	0,	0,	0,	'2021-06-28 07:16:13',	'2022-01-06 13:50:48',	NULL),
(129,	129,	1,	1,	1,	'DATO\' MOHD RAZALI HUSSAIN',	'1176',	NULL,	'590826115385',	NULL,	NULL,	NULL,	NULL,	NULL,	NULL,	NULL,	NULL,	NULL,	NULL,	'mrazali@mpc.gov.my',	'0',	NULL,	3,	5,	13,	NULL,	36,	NULL,	1,	1,	0,	NULL,	NULL,	NULL,	NULL,	NULL,	NULL,	NULL,	NULL,	NULL,	NULL,	NULL,	0,	0,	0,	0,	'2019-03-31 18:45:27',	'2019-03-29 10:11:45',	NULL),
(130,	130,	1,	1,	1,	'MOHD. WAFI ARIP',	'1473',	NULL,	'770212105551',	NULL,	NULL,	NULL,	NULL,	NULL,	NULL,	NULL,	NULL,	NULL,	NULL,	'wafi@mpc.gov.my',	'0',	NULL,	5,	27,	3,	NULL,	NULL,	NULL,	1,	1,	0,	NULL,	NULL,	NULL,	NULL,	NULL,	NULL,	NULL,	NULL,	NULL,	NULL,	NULL,	0,	0,	0,	0,	'2020-11-20 03:59:55',	'2022-01-06 13:50:50',	NULL),
(131,	131,	1,	1,	1,	'MOHD YAZID ABDUL MAJID',	'1455',	'307097276',	'790310105537',	NULL,	'28, Jalan Alam Suria 16/23',	NULL,	NULL,	'42300',	1185,	14,	'0123041478',	NULL,	NULL,	'yazidmajid@mpc.gov.my',	'0',	NULL,	5,	17,	7,	NULL,	NULL,	NULL,	1,	1,	0,	NULL,	NULL,	NULL,	NULL,	NULL,	NULL,	NULL,	NULL,	NULL,	NULL,	NULL,	0,	0,	0,	0,	'2021-12-28 17:48:03',	'2022-01-06 13:50:51',	NULL),
(132,	132,	1,	1,	1,	'MOHD ZULKIFLY CHE MOHD RAWAWI',	'1613',	'313666931',	'830910035265',	'A40874881',	'No 114 Jalan Dm 3/3,',	'Taman Desa Mas,',	'Bandar Country Homes',	'48000',	1332,	14,	'+60199876723',	'+60199876723',	NULL,	'mohdzulkifly@mpc.gov.my',	'0',	NULL,	6,	18,	4,	NULL,	NULL,	NULL,	1,	1,	0,	NULL,	NULL,	NULL,	NULL,	NULL,	NULL,	NULL,	NULL,	NULL,	NULL,	NULL,	0,	0,	0,	0,	'2021-06-25 03:06:31',	'2022-01-06 13:50:52',	NULL),
(133,	133,	1,	1,	1,	'MOHD. AZUAR MD. SIDEK',	'2989',	NULL,	'750514105065',	NULL,	NULL,	NULL,	NULL,	NULL,	NULL,	NULL,	NULL,	NULL,	NULL,	'azuar@mpc.gov.my',	'0',	NULL,	5,	7,	9,	NULL,	NULL,	NULL,	1,	1,	0,	NULL,	NULL,	NULL,	NULL,	NULL,	NULL,	NULL,	NULL,	NULL,	NULL,	NULL,	0,	0,	0,	0,	'2021-06-25 08:28:32',	'2022-01-06 13:50:53',	NULL),
(134,	134,	1,	1,	1,	'MOHD. HOSNI MAMAT @ ARIFFIN',	'1577',	NULL,	'840528115511',	NULL,	NULL,	NULL,	NULL,	NULL,	NULL,	NULL,	NULL,	NULL,	NULL,	'hosni@mpc.gov.my',	'0',	NULL,	8,	27,	3,	NULL,	NULL,	NULL,	1,	1,	0,	NULL,	NULL,	NULL,	NULL,	NULL,	NULL,	NULL,	NULL,	NULL,	NULL,	NULL,	0,	0,	0,	0,	'2021-06-28 02:17:54',	'2022-01-06 13:50:54',	NULL),
(135,	135,	1,	1,	1,	'MOHD. HYKAL MOHD. HALIM',	'3071',	NULL,	'840415015223',	NULL,	NULL,	NULL,	NULL,	NULL,	NULL,	NULL,	NULL,	NULL,	NULL,	'hykal@mpc.gov.my',	'0',	NULL,	12,	25,	22,	NULL,	NULL,	NULL,	1,	1,	0,	NULL,	NULL,	NULL,	NULL,	NULL,	NULL,	NULL,	NULL,	NULL,	NULL,	NULL,	0,	0,	0,	0,	'2021-06-25 07:54:50',	'2022-01-06 13:50:55',	NULL),
(136,	136,	1,	1,	1,	'MOHD. RIDUAN DAUD',	'3007',	NULL,	'830906045057',	NULL,	NULL,	NULL,	NULL,	NULL,	NULL,	NULL,	NULL,	NULL,	NULL,	'riduan@mpc.gov.my',	'0',	NULL,	5,	10,	16,	NULL,	NULL,	NULL,	1,	1,	0,	NULL,	NULL,	NULL,	NULL,	NULL,	NULL,	NULL,	NULL,	NULL,	NULL,	NULL,	0,	0,	0,	0,	'2021-06-25 08:27:04',	'2022-01-06 13:50:56',	NULL),
(137,	137,	1,	1,	1,	'MOHD. ROSDI MOHD KAUZI',	'3046',	NULL,	'750423035989',	NULL,	NULL,	NULL,	NULL,	NULL,	NULL,	NULL,	NULL,	NULL,	NULL,	'rosdi@mpc.gov.my',	'0',	NULL,	5,	7,	9,	NULL,	NULL,	NULL,	1,	1,	0,	NULL,	NULL,	NULL,	NULL,	NULL,	NULL,	NULL,	NULL,	NULL,	NULL,	NULL,	0,	0,	0,	0,	'2021-06-25 08:29:24',	'2022-01-06 13:50:57',	NULL),
(138,	138,	1,	1,	1,	'MOHD. SHAPRI ISMAIL',	'2054',	NULL,	'600813085945',	NULL,	NULL,	NULL,	NULL,	NULL,	NULL,	NULL,	NULL,	NULL,	NULL,	'shapri@mpc.gov.my',	'0',	NULL,	5,	11,	19,	NULL,	36,	NULL,	1,	1,	0,	NULL,	NULL,	NULL,	NULL,	NULL,	NULL,	NULL,	NULL,	NULL,	NULL,	NULL,	0,	0,	0,	0,	'2019-03-29 10:11:45',	'2019-03-29 10:11:45',	NULL),
(139,	139,	1,	1,	1,	'MOHD SUZLEZAN SUPU',	'1443',	'MH60214548',	'781219125145',	NULL,	'C8-03, Blok C, Appartment Bayu Suria, Off Jalan Meranti,',	'Taman Impian Ehsan,',	NULL,	'43300',	1203,	14,	'+60193168136',	NULL,	NULL,	'suzlezan@mpc.gov.my',	'0',	NULL,	7,	19,	5,	NULL,	NULL,	NULL,	1,	1,	0,	NULL,	NULL,	NULL,	NULL,	NULL,	NULL,	NULL,	NULL,	NULL,	NULL,	NULL,	0,	0,	0,	0,	'2021-06-24 08:08:39',	'2022-01-06 13:50:59',	NULL),
(140,	140,	1,	1,	1,	'MOHD. SYARIF SAMSUDIN',	'2967',	NULL,	'800305075173',	NULL,	NULL,	NULL,	NULL,	NULL,	NULL,	NULL,	NULL,	NULL,	NULL,	'syarif@mpc.gov.my',	'0',	NULL,	9,	7,	9,	NULL,	NULL,	NULL,	1,	1,	0,	NULL,	NULL,	NULL,	NULL,	NULL,	NULL,	NULL,	NULL,	NULL,	NULL,	NULL,	0,	0,	0,	0,	'2019-03-29 10:11:45',	'2022-01-06 13:51:00',	NULL),
(141,	141,	1,	1,	1,	'MOHD. ZAKI BIN IBRAHIM',	'1319',	'',	'610119035197',	'',	'',	'',	'',	NULL,	NULL,	NULL,	'0192200822',	NULL,	NULL,	'zaki@mpc.gov.my',	'0',	NULL,	7,	17,	7,	NULL,	66,	NULL,	1,	1,	0,	NULL,	NULL,	NULL,	NULL,	NULL,	NULL,	NULL,	NULL,	NULL,	NULL,	NULL,	0,	0,	0,	0,	'2020-01-07 23:13:26',	'2020-01-07 23:13:26',	NULL),
(142,	142,	1,	1,	1,	'MOHD. ZAMROS YUSOF',	'2132',	NULL,	'670705055347',	NULL,	NULL,	NULL,	NULL,	NULL,	NULL,	NULL,	NULL,	NULL,	NULL,	'zamros@mpc.gov.my',	'0',	NULL,	11,	10,	16,	NULL,	NULL,	NULL,	1,	1,	0,	NULL,	NULL,	NULL,	NULL,	NULL,	NULL,	NULL,	NULL,	NULL,	NULL,	NULL,	0,	0,	0,	0,	'2021-06-25 08:11:54',	'2022-01-06 13:51:02',	NULL),
(143,	143,	1,	1,	1,	'MOKHZANI ARIS MOHD. YUSOFF',	'1397',	NULL,	'730308105015',	NULL,	'Malaysia Productivity Corporation',	'Level 2, Maa Tower',	'No. 6, Lorong Api-api 1',	'88000',	2139,	13,	'0132722406',	NULL,	NULL,	'mokhzani@mpc.gov.my',	'0',	NULL,	10,	33,	6,	NULL,	NULL,	NULL,	1,	1,	0,	NULL,	NULL,	NULL,	NULL,	NULL,	NULL,	NULL,	NULL,	NULL,	NULL,	NULL,	0,	0,	0,	0,	'2021-10-29 06:02:56',	'2022-01-06 13:51:03',	NULL),
(144,	144,	1,	1,	1,	'MUHAMAD AFIQ PIRAMLI',	'1653',	NULL,	'901211036379',	NULL,	NULL,	NULL,	NULL,	NULL,	NULL,	NULL,	NULL,	NULL,	NULL,	'afiq@mpc.gov.my',	'0',	NULL,	7,	27,	3,	NULL,	NULL,	NULL,	1,	1,	0,	NULL,	NULL,	NULL,	NULL,	NULL,	NULL,	NULL,	NULL,	NULL,	NULL,	NULL,	0,	0,	0,	0,	'2021-06-25 07:08:09',	'2022-01-06 13:51:04',	NULL),
(145,	145,	1,	1,	1,	'MUHAMAD RIZUWAN ABU BAKAR',	'3132',	NULL,	'860512465355',	NULL,	NULL,	NULL,	NULL,	NULL,	NULL,	NULL,	'0199296015',	NULL,	NULL,	'muhamadrizuwan@mpc.gov.my',	'0',	NULL,	1,	14,	18,	NULL,	264,	264,	1,	1,	0,	NULL,	NULL,	NULL,	NULL,	NULL,	NULL,	NULL,	NULL,	NULL,	NULL,	NULL,	0,	0,	0,	0,	'2021-06-28 04:47:29',	'2022-01-06 13:51:05',	NULL),
(146,	146,	1,	1,	1,	'MOHAMMAD SHAHAIZAL ABU TALIB',	'3004',	NULL,	'780218025869',	NULL,	NULL,	NULL,	NULL,	NULL,	NULL,	NULL,	'0133715123',	NULL,	NULL,	'shahaizal@mpc.gov.my',	'0',	NULL,	5,	10,	16,	NULL,	131,	131,	1,	1,	0,	NULL,	NULL,	NULL,	NULL,	NULL,	NULL,	NULL,	NULL,	NULL,	NULL,	NULL,	0,	0,	0,	0,	'2021-06-28 04:49:27',	'2022-01-06 13:51:06',	NULL),
(147,	147,	1,	1,	1,	'MUHAMAD ZAIN MUSA',	'2068',	NULL,	'611224055477',	NULL,	NULL,	NULL,	NULL,	NULL,	NULL,	NULL,	NULL,	NULL,	NULL,	'zain@mpc.gov.my',	'0',	NULL,	1,	1,	1,	NULL,	264,	264,	1,	1,	0,	NULL,	NULL,	NULL,	NULL,	NULL,	NULL,	NULL,	NULL,	NULL,	NULL,	NULL,	0,	0,	0,	0,	'2021-06-28 04:43:50',	'2022-01-06 13:51:07',	NULL),
(148,	148,	1,	1,	1,	'MUHAMAD ZAMRI ZAINOL',	'2991',	NULL,	'690427075433',	NULL,	NULL,	NULL,	NULL,	NULL,	NULL,	NULL,	NULL,	NULL,	NULL,	'zamri@mpc.gov.my',	'0',	NULL,	9,	9,	10,	NULL,	NULL,	NULL,	1,	1,	0,	NULL,	NULL,	NULL,	NULL,	NULL,	NULL,	NULL,	NULL,	NULL,	NULL,	NULL,	0,	0,	0,	0,	'2019-03-29 10:11:45',	'2022-01-06 13:51:08',	NULL),
(149,	149,	1,	1,	1,	'MUHAMMAD AFZANI AHMAD',	'3003',	NULL,	'811125145705',	NULL,	NULL,	NULL,	NULL,	NULL,	NULL,	NULL,	'0133494943',	NULL,	NULL,	'afzani@mpc.gov.my',	'0',	NULL,	5,	23,	12,	NULL,	NULL,	NULL,	1,	1,	0,	NULL,	NULL,	NULL,	NULL,	NULL,	NULL,	NULL,	NULL,	NULL,	NULL,	NULL,	0,	0,	0,	0,	'2021-06-25 08:33:29',	'2022-01-06 13:51:09',	NULL),
(150,	150,	1,	1,	1,	'MUHAMMAD AIDIL RAZAK',	'3159',	NULL,	'910418035597',	NULL,	NULL,	NULL,	NULL,	NULL,	NULL,	NULL,	NULL,	NULL,	NULL,	'aidil@mpc.gov.my',	'0',	NULL,	5,	10,	16,	NULL,	NULL,	NULL,	1,	1,	0,	NULL,	NULL,	NULL,	NULL,	NULL,	NULL,	NULL,	NULL,	NULL,	NULL,	NULL,	0,	0,	0,	0,	'2021-06-25 08:28:06',	'2022-01-06 13:51:10',	NULL),
(151,	151,	1,	1,	1,	'MUHAMMAD FAZRE ZULHELMI FIZWAN',	'1595',	NULL,	'881014566439',	NULL,	'No 2, Jalan Cemara',	'3/9 Bandar Sri Damansara',	NULL,	'52200',	1562,	4,	'0176249121',	NULL,	NULL,	'fazre@mpc.gov.my',	'0',	NULL,	10,	27,	3,	NULL,	NULL,	NULL,	1,	1,	0,	NULL,	NULL,	NULL,	NULL,	NULL,	NULL,	NULL,	NULL,	NULL,	NULL,	NULL,	0,	0,	0,	0,	'2021-06-28 02:22:23',	'2022-01-06 13:51:11',	NULL),
(152,	152,	1,	1,	1,	'MOHAMMAD HAFIZ SABARUDDIN',	'1517',	NULL,	'830408065477',	NULL,	NULL,	NULL,	NULL,	NULL,	NULL,	NULL,	NULL,	NULL,	NULL,	'hafiz@mpc.gov.my',	'0',	NULL,	7,	19,	4,	NULL,	NULL,	NULL,	1,	1,	0,	NULL,	NULL,	NULL,	NULL,	NULL,	NULL,	NULL,	NULL,	NULL,	NULL,	NULL,	0,	0,	0,	0,	'2021-06-25 03:27:45',	'2022-01-06 13:51:12',	NULL),
(153,	153,	1,	1,	1,	'MUHAMMAD HISHAM NORDIN',	'1598',	'317000202',	'881113565247',	NULL,	'Malaysia Productivity Corporation',	'Lorong Produktiviti',	'Jalan Sultan',	'46200',	1239,	14,	'0133943802',	NULL,	NULL,	'mhisham@mpc.gov.my',	'0',	NULL,	6,	27,	3,	NULL,	NULL,	NULL,	1,	1,	0,	NULL,	NULL,	NULL,	NULL,	NULL,	NULL,	NULL,	NULL,	NULL,	NULL,	NULL,	0,	0,	0,	0,	'2021-06-25 03:20:29',	'2022-01-06 13:51:13',	NULL),
(154,	154,	1,	1,	1,	'MUHAMMAD IDHAM MOHD ZAIN',	'1405',	NULL,	'731006035511',	NULL,	NULL,	NULL,	NULL,	NULL,	NULL,	NULL,	NULL,	NULL,	NULL,	'idham@mpc.gov.my',	'0',	NULL,	8,	19,	4,	NULL,	NULL,	NULL,	1,	1,	0,	NULL,	NULL,	NULL,	NULL,	NULL,	NULL,	NULL,	NULL,	NULL,	NULL,	NULL,	0,	0,	0,	0,	'2021-06-28 02:17:06',	'2022-01-06 13:51:14',	NULL),
(155,	155,	1,	1,	1,	'MUHAMMAD MUIZZUDDIN MUHAMAD',	'3157',	NULL,	'910330036237',	NULL,	NULL,	NULL,	NULL,	NULL,	NULL,	NULL,	NULL,	NULL,	NULL,	'muiz@mpc.gov.my',	'0',	NULL,	5,	9,	10,	NULL,	NULL,	NULL,	1,	1,	0,	NULL,	NULL,	NULL,	NULL,	NULL,	NULL,	NULL,	NULL,	NULL,	NULL,	NULL,	0,	0,	0,	0,	'2021-06-25 08:34:38',	'2022-01-06 13:51:15',	NULL),
(156,	156,	1,	1,	1,	'MUHAMMAD SUFFIAN AHMAD',	'1447',	'311148596',	'790617145859',	NULL,	NULL,	NULL,	NULL,	NULL,	NULL,	NULL,	'0173617611',	NULL,	NULL,	'suffian@mpc.gov.my',	'0',	NULL,	7,	18,	4,	NULL,	NULL,	NULL,	1,	1,	0,	NULL,	NULL,	NULL,	NULL,	NULL,	NULL,	NULL,	NULL,	NULL,	NULL,	NULL,	0,	0,	0,	0,	'2021-06-25 02:48:53',	'2022-01-06 13:51:16',	NULL),
(157,	157,	1,	1,	1,	'MUHASLIZAWATI MOHD BAKRI',	'1547',	NULL,	'820619035746',	NULL,	NULL,	NULL,	NULL,	NULL,	NULL,	NULL,	NULL,	NULL,	NULL,	'muhaslizawati@mpc.gov.my',	'0',	NULL,	8,	27,	3,	NULL,	NULL,	NULL,	1,	1,	0,	NULL,	NULL,	NULL,	NULL,	NULL,	NULL,	NULL,	NULL,	NULL,	NULL,	NULL,	0,	0,	0,	0,	'2021-06-28 02:17:29',	'2022-01-06 13:51:17',	NULL),
(158,	158,	1,	1,	1,	'MUHD. ADHA ABD. HAMID',	'1523',	NULL,	'830918105555',	NULL,	NULL,	NULL,	NULL,	NULL,	NULL,	NULL,	NULL,	NULL,	NULL,	'adha@mpc.gov.my',	'0',	NULL,	6,	18,	4,	NULL,	NULL,	NULL,	1,	1,	0,	NULL,	NULL,	NULL,	NULL,	NULL,	NULL,	NULL,	NULL,	NULL,	NULL,	NULL,	0,	0,	0,	0,	'2021-06-25 02:49:19',	'2022-01-06 13:51:18',	NULL),
(159,	159,	1,	1,	1,	'NAHDATUL FAEIZIN NORMAN',	'1631',	NULL,	'901028015094',	NULL,	NULL,	NULL,	NULL,	NULL,	NULL,	NULL,	NULL,	NULL,	NULL,	'nahdatul@mpc.gov.my',	'0',	NULL,	12,	27,	3,	NULL,	NULL,	NULL,	1,	1,	0,	NULL,	NULL,	NULL,	NULL,	NULL,	NULL,	NULL,	NULL,	NULL,	NULL,	NULL,	0,	0,	0,	0,	'2021-06-25 07:17:49',	'2022-01-06 13:51:19',	NULL),
(160,	160,	1,	1,	1,	'NAZAHIAH MOHAMAD',	'1475',	NULL,	'790525075056',	NULL,	'33, Taman Jati Indah,',	'Jalan Nagasari 3',	'Seksyen 32',	'40460',	1084,	14,	'0183757451',	NULL,	NULL,	'nazahiah@mpc.gov.my',	'0',	NULL,	6,	18,	4,	NULL,	NULL,	NULL,	1,	1,	0,	NULL,	NULL,	NULL,	NULL,	NULL,	NULL,	NULL,	NULL,	NULL,	NULL,	NULL,	0,	0,	0,	0,	'2021-06-28 08:16:42',	'2022-01-06 13:51:20',	NULL),
(161,	161,	1,	1,	1,	'NAZERI ARIFFIN MADON',	'1633',	NULL,	'860804235965',	NULL,	NULL,	NULL,	NULL,	NULL,	NULL,	NULL,	NULL,	NULL,	NULL,	'nazeri@mpc.gov.my',	'0',	NULL,	12,	27,	3,	NULL,	NULL,	NULL,	1,	1,	0,	NULL,	NULL,	NULL,	NULL,	NULL,	NULL,	NULL,	NULL,	NULL,	NULL,	NULL,	0,	0,	0,	0,	'2021-06-25 07:17:26',	'2022-01-06 13:51:21',	NULL),
(162,	162,	1,	1,	1,	'NAZILAH AHMAD',	'1530',	NULL,	'830710016190',	NULL,	NULL,	NULL,	NULL,	NULL,	NULL,	NULL,	NULL,	NULL,	NULL,	'nazilah@mpc.gov.my',	'0',	NULL,	12,	27,	3,	NULL,	NULL,	NULL,	1,	1,	0,	NULL,	NULL,	NULL,	NULL,	NULL,	NULL,	NULL,	NULL,	NULL,	NULL,	NULL,	0,	0,	0,	0,	'2021-06-25 07:16:57',	'2022-01-06 13:51:22',	NULL),
(163,	163,	1,	1,	1,	'NIK FAIZAL NIK AHMAD',	'1414',	NULL,	'690320035423',	NULL,	NULL,	NULL,	NULL,	NULL,	NULL,	NULL,	NULL,	NULL,	NULL,	'nikfaizal@mpc.gov.my',	'0',	NULL,	6,	33,	6,	NULL,	NULL,	NULL,	1,	1,	0,	NULL,	NULL,	NULL,	NULL,	NULL,	NULL,	NULL,	NULL,	NULL,	NULL,	NULL,	0,	0,	0,	0,	'2021-06-25 03:28:35',	'2022-01-06 13:51:23',	NULL),
(164,	164,	1,	1,	1,	'NIK NAZARINA BINTI NEK MOHAMED',	'1651',	NULL,	'891121146332',	NULL,	'46, Jalan Bs 2/2, Bukit Saujana',	'Bandar Saujana Utama',	NULL,	'47000',	1302,	14,	'0173477669',	NULL,	NULL,	'nazarina@mpc.gov.my',	'0',	NULL,	6,	18,	4,	NULL,	NULL,	NULL,	1,	1,	0,	NULL,	NULL,	NULL,	NULL,	NULL,	NULL,	NULL,	NULL,	NULL,	NULL,	NULL,	0,	0,	0,	0,	'2021-06-28 08:17:49',	'2022-01-06 13:51:24',	NULL),
(165,	165,	1,	1,	1,	'NIK ROSDI NIK YUSOFF',	'1165',	'062960914',	'591022035333',	'',	'B-4-1 Apartment Fairville',	'Usj 21 Subang Jaya',	'',	'47200',	1313,	14,	'0139278088',	'097441001',	NULL,	'nikrosdi@mpc.gov.my',	'0',	NULL,	7,	33,	6,	NULL,	216,	NULL,	1,	1,	0,	NULL,	NULL,	NULL,	NULL,	NULL,	NULL,	2,	NULL,	23,	NULL,	NULL,	0,	0,	0,	0,	'2019-05-02 01:28:10',	'2019-05-02 01:28:10',	NULL),
(166,	166,	1,	1,	1,	'DR. NOOR AISHAH HASSAN',	'1461',	NULL,	'781121145260',	NULL,	NULL,	NULL,	NULL,	NULL,	NULL,	NULL,	NULL,	NULL,	NULL,	'noor_aishah@mpc.gov.my',	'0',	NULL,	6,	19,	5,	NULL,	NULL,	NULL,	1,	1,	0,	NULL,	NULL,	NULL,	NULL,	NULL,	NULL,	NULL,	NULL,	NULL,	NULL,	NULL,	0,	0,	0,	0,	'2021-12-31 03:42:50',	'2022-01-06 13:51:26',	NULL),
(167,	167,	1,	1,	1,	'NOOR ANARIZA HASSAN',	'2968',	NULL,	'760121075060',	NULL,	NULL,	NULL,	NULL,	NULL,	NULL,	NULL,	'0132882101',	NULL,	NULL,	'anariza@mpc.gov.my',	'0',	NULL,	6,	28,	25,	NULL,	NULL,	NULL,	1,	1,	0,	NULL,	NULL,	NULL,	NULL,	NULL,	NULL,	NULL,	NULL,	NULL,	NULL,	NULL,	0,	0,	0,	0,	'2021-06-28 08:19:28',	'2022-01-06 13:51:27',	NULL),
(168,	168,	1,	1,	1,	'NOOR ASMAWATI HUSSIN',	'3041',	NULL,	'820725085480',	NULL,	NULL,	NULL,	NULL,	NULL,	NULL,	NULL,	NULL,	NULL,	NULL,	'asmawati@mpc.gov.my',	'0',	NULL,	7,	12,	18,	NULL,	NULL,	NULL,	1,	1,	0,	NULL,	NULL,	NULL,	NULL,	NULL,	NULL,	NULL,	NULL,	NULL,	NULL,	NULL,	0,	0,	0,	0,	'2021-06-25 07:01:37',	'2022-01-06 13:51:28',	NULL),
(169,	169,	1,	1,	1,	'NOOR AZIAH OTHMAN',	'2945',	NULL,	'790928075448',	NULL,	NULL,	NULL,	NULL,	NULL,	NULL,	NULL,	'0134075625',	NULL,	NULL,	'noraziah@mpc.gov.my',	'0',	NULL,	5,	15,	20,	NULL,	NULL,	NULL,	1,	1,	0,	NULL,	NULL,	NULL,	NULL,	NULL,	NULL,	NULL,	NULL,	NULL,	NULL,	NULL,	0,	0,	0,	0,	'2021-06-25 08:41:33',	'2022-01-06 13:51:29',	NULL),
(170,	170,	1,	1,	1,	'NOOR AZMAN HASSAN',	'2957',	NULL,	'770211036515',	NULL,	NULL,	NULL,	NULL,	NULL,	NULL,	NULL,	'0132689899',	NULL,	NULL,	'azman@mpc.gov.my',	'0',	NULL,	5,	26,	8,	NULL,	131,	131,	1,	1,	0,	NULL,	NULL,	NULL,	NULL,	NULL,	NULL,	NULL,	NULL,	NULL,	NULL,	NULL,	0,	0,	0,	0,	'2022-01-04 02:39:50',	'2022-01-06 13:51:30',	NULL),
(171,	171,	1,	1,	1,	'NOOR HAZILAH ABDULLAH',	'3069',	NULL,	'820318035814',	NULL,	NULL,	NULL,	NULL,	NULL,	NULL,	NULL,	NULL,	NULL,	NULL,	'hazilah@mpc.gov.my',	'0',	NULL,	8,	14,	19,	NULL,	NULL,	NULL,	1,	1,	0,	NULL,	NULL,	NULL,	NULL,	NULL,	NULL,	NULL,	NULL,	NULL,	NULL,	NULL,	0,	0,	0,	0,	'2021-06-28 01:35:44',	'2022-01-06 13:51:31',	NULL),
(172,	172,	1,	1,	1,	'NOOR IZZATI KAMIS',	'1620',	NULL,	'900629145658',	NULL,	NULL,	NULL,	NULL,	NULL,	NULL,	NULL,	'0122867346',	NULL,	NULL,	'noorizzati@mpc.gov.my',	'0',	NULL,	1,	27,	3,	NULL,	NULL,	NULL,	1,	1,	0,	NULL,	NULL,	NULL,	NULL,	NULL,	NULL,	NULL,	NULL,	NULL,	NULL,	NULL,	0,	0,	0,	0,	'2021-06-28 04:42:39',	'2022-01-06 13:51:32',	NULL),
(173,	173,	1,	1,	1,	'NOOR MOHAMMAD FARHAN NOR AZMAN',	'3124',	NULL,	'881216566111',	NULL,	NULL,	NULL,	NULL,	NULL,	NULL,	NULL,	NULL,	NULL,	NULL,	'mfarhan@mpc.gov.my',	'0',	NULL,	5,	18,	4,	NULL,	NULL,	NULL,	1,	1,	0,	NULL,	NULL,	NULL,	NULL,	NULL,	NULL,	NULL,	NULL,	NULL,	NULL,	NULL,	0,	0,	0,	0,	'2021-06-25 08:35:38',	'2022-01-06 13:51:33',	NULL),
(174,	174,	1,	1,	1,	'NOOR RAHIDAH ABDUL RAZAK',	'3057',	NULL,	'830505045048',	NULL,	NULL,	NULL,	NULL,	NULL,	NULL,	NULL,	NULL,	NULL,	NULL,	'rahidah@mpc.gov.my',	'0',	NULL,	5,	15,	18,	NULL,	NULL,	NULL,	1,	1,	0,	NULL,	NULL,	NULL,	NULL,	NULL,	NULL,	NULL,	NULL,	NULL,	NULL,	NULL,	0,	0,	0,	0,	'2021-06-28 04:29:33',	'2022-01-06 13:51:34',	NULL),
(175,	175,	1,	1,	1,	'NOOR SALFARINA JAMALUDIN',	'1532',	'',	'830202045278',	'',	'',	'',	'',	NULL,	NULL,	NULL,	NULL,	NULL,	NULL,	'salfarina@mpc.gov.my',	'0',	NULL,	3,	18,	4,	NULL,	113,	110,	1,	1,	0,	NULL,	NULL,	NULL,	NULL,	NULL,	NULL,	NULL,	NULL,	NULL,	NULL,	NULL,	0,	0,	0,	0,	'2022-01-10 15:13:06',	'2022-01-10 15:13:06',	NULL),
(176,	176,	1,	1,	1,	'NOORSAMSINAR SUM ABDULLAH',	'2075',	NULL,	'610608105088',	NULL,	NULL,	NULL,	NULL,	NULL,	NULL,	NULL,	NULL,	NULL,	NULL,	'noorsamsi@mpc.gov.my',	'0',	NULL,	2,	25,	24,	NULL,	242,	NULL,	1,	1,	0,	NULL,	NULL,	NULL,	NULL,	NULL,	NULL,	NULL,	NULL,	NULL,	NULL,	NULL,	0,	0,	0,	0,	'2019-03-29 10:11:45',	'2019-03-29 10:11:45',	NULL),
(177,	177,	1,	1,	1,	'NOR ADIRA ADNAN',	'1627',	'MH31570559',	'870504295260',	NULL,	NULL,	NULL,	NULL,	NULL,	NULL,	NULL,	'0179860758',	NULL,	NULL,	'noradira@mpc.gov.my',	'0',	NULL,	6,	27,	3,	NULL,	NULL,	NULL,	1,	1,	0,	NULL,	NULL,	NULL,	NULL,	NULL,	NULL,	NULL,	NULL,	NULL,	NULL,	NULL,	0,	0,	0,	0,	'2021-06-28 08:06:33',	'2022-01-06 13:51:37',	NULL),
(178,	178,	1,	1,	1,	'DR. NOR AISHAH HASSAN',	'1399',	'',	'740928085894',	'',	'',	'',	'',	NULL,	NULL,	NULL,	NULL,	NULL,	NULL,	'shah@mpc.gov.my',	'0',	NULL,	3,	19,	5,	NULL,	9,	9,	1,	1,	0,	NULL,	NULL,	NULL,	NULL,	NULL,	NULL,	NULL,	NULL,	NULL,	NULL,	NULL,	0,	0,	0,	0,	'2022-01-07 03:33:44',	'2022-01-07 03:33:44',	NULL),
(179,	179,	1,	1,	1,	'NOR AKMA CHE WAN NAMAN',	'1645',	NULL,	'890101035104',	NULL,	NULL,	NULL,	NULL,	NULL,	NULL,	NULL,	NULL,	NULL,	NULL,	'norakma@mpc.gov.my',	'0',	NULL,	6,	27,	3,	NULL,	183,	183,	1,	1,	0,	NULL,	NULL,	NULL,	NULL,	NULL,	NULL,	NULL,	NULL,	NULL,	NULL,	NULL,	0,	0,	0,	0,	'2021-06-25 03:16:45',	'2022-01-06 13:51:39',	NULL),
(180,	180,	1,	1,	1,	'NOR AZMI YAHAYA',	'2139',	NULL,	'600102065139',	NULL,	NULL,	NULL,	NULL,	NULL,	NULL,	NULL,	NULL,	NULL,	NULL,	'norazmi@mpc.gov.my',	'0',	NULL,	5,	14,	20,	NULL,	36,	NULL,	1,	1,	0,	NULL,	NULL,	NULL,	NULL,	NULL,	NULL,	NULL,	NULL,	NULL,	NULL,	NULL,	0,	0,	0,	0,	'2019-03-29 10:11:45',	'2019-03-29 10:11:45',	NULL),
(181,	181,	1,	1,	1,	'NOR ESHAH ABD. RAMAN',	'2134',	NULL,	'620113065052',	NULL,	NULL,	NULL,	NULL,	NULL,	NULL,	NULL,	NULL,	NULL,	NULL,	'noreshah@mpc.gov.my',	'0',	NULL,	3,	15,	18,	NULL,	129,	NULL,	1,	1,	0,	NULL,	NULL,	NULL,	NULL,	NULL,	NULL,	NULL,	NULL,	NULL,	NULL,	NULL,	0,	0,	0,	0,	'2019-03-29 10:11:45',	'2019-03-29 10:11:45',	NULL),
(182,	182,	1,	1,	1,	'NOR FADILAH ZULKIFLI MUHAMAD',	'3158',	NULL,	'941219036070',	NULL,	NULL,	NULL,	NULL,	NULL,	NULL,	NULL,	'0132796569',	NULL,	NULL,	'norfadilah@mpc.gov.my',	'0',	NULL,	5,	14,	18,	NULL,	131,	131,	1,	1,	0,	NULL,	NULL,	NULL,	NULL,	NULL,	NULL,	NULL,	NULL,	NULL,	NULL,	NULL,	0,	0,	0,	0,	'2021-06-23 06:35:53',	'2022-01-06 13:51:42',	NULL),
(183,	183,	1,	1,	1,	'NOR FAZILA HASHIM',	'1351',	NULL,	'660129086196',	NULL,	NULL,	NULL,	NULL,	NULL,	NULL,	NULL,	NULL,	NULL,	NULL,	'ila@mpc.gov.my',	'0',	NULL,	6,	17,	7,	NULL,	NULL,	304,	1,	1,	0,	NULL,	NULL,	NULL,	NULL,	NULL,	NULL,	NULL,	NULL,	NULL,	NULL,	NULL,	0,	0,	0,	0,	'2022-01-04 02:18:42',	'2022-01-06 13:51:43',	NULL),
(184,	184,	1,	1,	1,	'NOR HAFIZAH MOHD AROP',	'1329',	NULL,	'681203105352',	NULL,	NULL,	NULL,	NULL,	NULL,	NULL,	NULL,	NULL,	NULL,	NULL,	'hafizah@mpc.gov.my',	'0',	NULL,	11,	17,	7,	NULL,	NULL,	NULL,	1,	1,	0,	NULL,	NULL,	NULL,	NULL,	NULL,	NULL,	NULL,	NULL,	NULL,	NULL,	NULL,	0,	0,	0,	0,	'2021-10-29 06:03:37',	'2022-01-06 13:51:44',	NULL),
(185,	185,	1,	1,	1,	'NOR HALISA MOHAMAD HALIL',	'1386',	NULL,	'730228125374',	NULL,	NULL,	NULL,	NULL,	NULL,	NULL,	NULL,	'0133517073',	NULL,	NULL,	'halisa@mpc.gov.my',	'0',	NULL,	6,	19,	5,	NULL,	NULL,	NULL,	1,	1,	0,	NULL,	NULL,	NULL,	NULL,	NULL,	NULL,	NULL,	NULL,	NULL,	NULL,	NULL,	0,	0,	0,	0,	'2021-06-25 03:33:37',	'2022-01-06 13:51:45',	NULL),
(186,	186,	1,	1,	1,	'NOR HASIMAH AB. RAHMAN',	'2074',	'',	'610823105654',	'',	'',	'',	'',	NULL,	NULL,	NULL,	NULL,	NULL,	NULL,	'hasimah@mpc.gov.my',	'0',	NULL,	5,	14,	19,	NULL,	131,	NULL,	1,	1,	0,	NULL,	NULL,	NULL,	NULL,	NULL,	NULL,	NULL,	NULL,	NULL,	NULL,	NULL,	0,	0,	0,	0,	'2021-06-25 08:42:38',	'2021-06-25 08:42:38',	NULL),
(187,	187,	1,	1,	1,	'NOR IDAYUNIZA RAHMAT',	'1419',	NULL,	'781012145720',	NULL,	NULL,	NULL,	NULL,	NULL,	NULL,	NULL,	NULL,	NULL,	NULL,	'ayu@mpc.gov.my',	'0',	NULL,	7,	19,	5,	NULL,	NULL,	NULL,	1,	1,	0,	NULL,	NULL,	NULL,	NULL,	NULL,	NULL,	NULL,	NULL,	NULL,	NULL,	NULL,	0,	0,	0,	0,	'2021-06-25 07:03:10',	'2022-01-06 13:51:47',	NULL),
(188,	188,	1,	1,	1,	'NOR IZZATI NORHISAM',	'1538',	'MH30846478',	'850514105100',	NULL,	'Taman Wira Permai',	NULL,	NULL,	'40460',	1084,	14,	'0126688724',	'0351665496',	NULL,	'izzati@mpc.gov.my',	'0',	NULL,	5,	18,	4,	NULL,	NULL,	NULL,	1,	1,	0,	NULL,	NULL,	NULL,	NULL,	NULL,	NULL,	NULL,	NULL,	NULL,	NULL,	NULL,	0,	0,	0,	0,	'2021-06-28 04:25:54',	'2022-01-06 13:51:48',	NULL),
(189,	189,	1,	1,	1,	'NOR ROBAAYAH MOHD. NOOR',	'1290',	'',	'660915085430',	'',	'',	'',	'',	NULL,	NULL,	NULL,	NULL,	NULL,	NULL,	'nrmn@mpc.gov.my',	'0',	NULL,	4,	33,	6,	NULL,	304,	NULL,	1,	1,	0,	NULL,	NULL,	NULL,	NULL,	NULL,	NULL,	NULL,	NULL,	NULL,	NULL,	NULL,	0,	0,	0,	0,	'2019-04-16 20:44:02',	'2019-04-16 20:44:02',	NULL),
(190,	190,	1,	1,	1,	'Nor Surayya Abd. Samad',	'1385',	NULL,	'751119145758',	NULL,	NULL,	NULL,	NULL,	NULL,	NULL,	NULL,	NULL,	NULL,	NULL,	'surayya@mpc.gov.my',	'0',	NULL,	6,	18,	4,	NULL,	NULL,	NULL,	1,	1,	0,	NULL,	NULL,	NULL,	NULL,	NULL,	NULL,	NULL,	NULL,	NULL,	NULL,	NULL,	0,	0,	0,	0,	'2019-03-29 10:11:45',	'2022-01-06 13:51:50',	NULL),
(191,	191,	1,	1,	1,	'NOR ZAIRISHAM ZAKARIA',	'2668',	NULL,	'681118015811',	NULL,	NULL,	NULL,	NULL,	NULL,	NULL,	NULL,	'0166032495',	NULL,	NULL,	'norzairisham@mpc.gov.my',	'0',	NULL,	5,	10,	17,	NULL,	NULL,	NULL,	1,	1,	0,	NULL,	NULL,	NULL,	NULL,	NULL,	NULL,	NULL,	NULL,	NULL,	NULL,	NULL,	0,	0,	0,	0,	'2021-06-25 08:25:10',	'2022-01-06 13:51:51',	NULL),
(192,	192,	1,	1,	1,	'NORA\'IN AHMAD KAMIL',	'1367',	NULL,	'690916016290',	NULL,	NULL,	NULL,	NULL,	NULL,	NULL,	NULL,	'0196328140',	'0333242248',	NULL,	'norain@mpc.gov.my',	'0',	NULL,	12,	19,	5,	NULL,	NULL,	NULL,	1,	1,	0,	NULL,	NULL,	NULL,	NULL,	NULL,	NULL,	NULL,	NULL,	NULL,	NULL,	NULL,	0,	0,	0,	0,	'2021-06-25 03:35:24',	'2022-01-06 13:51:52',	NULL),
(193,	193,	1,	1,	1,	'NORAFIDAH RAMLI',	'2951',	NULL,	'770815016494',	NULL,	NULL,	NULL,	NULL,	NULL,	NULL,	NULL,	'0173655589',	NULL,	NULL,	'norafidah@mpc.gov.my',	'0',	NULL,	7,	14,	19,	NULL,	NULL,	NULL,	1,	1,	0,	NULL,	NULL,	NULL,	NULL,	NULL,	NULL,	NULL,	NULL,	NULL,	NULL,	NULL,	0,	0,	0,	0,	'2021-06-25 06:56:26',	'2022-01-06 13:51:53',	NULL),
(194,	194,	1,	1,	1,	'NORANIZA DAUD',	'2987',	NULL,	'821008065262',	NULL,	NULL,	NULL,	NULL,	NULL,	NULL,	NULL,	'0133312865',	NULL,	NULL,	'noraniza@mpc.gov.my',	'0',	NULL,	3,	15,	19,	NULL,	NULL,	NULL,	1,	1,	0,	NULL,	NULL,	NULL,	NULL,	NULL,	NULL,	NULL,	NULL,	NULL,	NULL,	NULL,	0,	0,	0,	0,	'2021-06-28 07:15:47',	'2022-01-06 13:51:54',	NULL),
(195,	195,	1,	1,	1,	'NORASHIKIN ABDUL SHUKOR',	'3051',	NULL,	'820722086154',	NULL,	'Perbadanan Produktiviti Malaysia (mpc)',	'Tingkat 2, Menara Maa',	'No. 6, Lorong Api-api 1',	'88000',	2139,	13,	'+60125843044',	NULL,	NULL,	'shikin@mpc.gov.my',	'0',	NULL,	1,	12,	18,	NULL,	NULL,	NULL,	1,	1,	0,	NULL,	NULL,	NULL,	NULL,	NULL,	NULL,	NULL,	NULL,	NULL,	NULL,	NULL,	0,	0,	0,	0,	'2021-06-28 04:38:42',	'2022-01-06 13:51:55',	NULL),
(196,	196,	1,	1,	1,	'NORASHIMA HAMZAH',	'1533',	NULL,	'771210115582',	NULL,	NULL,	NULL,	NULL,	NULL,	NULL,	NULL,	'0192679988',	NULL,	NULL,	'norashima@mpc.gov.my',	'0',	NULL,	5,	27,	3,	NULL,	NULL,	NULL,	1,	1,	0,	NULL,	NULL,	NULL,	NULL,	NULL,	NULL,	NULL,	NULL,	NULL,	NULL,	NULL,	0,	0,	0,	0,	'2021-06-25 08:20:24',	'2022-01-06 13:51:56',	NULL),
(197,	197,	1,	1,	1,	'NORAZLINA TUN IBRAHIM',	'1518',	NULL,	'800222145850',	NULL,	NULL,	NULL,	NULL,	NULL,	NULL,	NULL,	'0172463686',	NULL,	NULL,	'norazlina@mpc.gov.my',	'0',	NULL,	5,	18,	4,	NULL,	NULL,	NULL,	1,	1,	0,	NULL,	NULL,	NULL,	NULL,	NULL,	NULL,	NULL,	NULL,	NULL,	NULL,	NULL,	0,	0,	0,	0,	'2021-06-25 03:35:46',	'2022-01-06 13:51:57',	NULL),
(198,	198,	1,	1,	1,	'NORDIEANA NORDIN',	'2955',	NULL,	'790206105078',	NULL,	NULL,	NULL,	NULL,	NULL,	NULL,	NULL,	'01112882755',	NULL,	NULL,	'deana@mpc.gov.my',	'0',	NULL,	5,	12,	18,	NULL,	NULL,	NULL,	1,	1,	0,	NULL,	NULL,	NULL,	NULL,	NULL,	NULL,	NULL,	NULL,	NULL,	NULL,	NULL,	0,	0,	0,	0,	'2021-06-28 04:03:00',	'2022-01-06 13:51:58',	NULL),
(199,	199,	1,	1,	1,	'NORFAIZAH ABDUL RAHMAN',	'1358',	NULL,	'720531065416',	NULL,	NULL,	NULL,	NULL,	NULL,	NULL,	NULL,	'0133321984',	NULL,	NULL,	'faizah@mpc.gov.my',	'0',	NULL,	7,	18,	4,	NULL,	NULL,	NULL,	1,	1,	0,	NULL,	NULL,	NULL,	NULL,	NULL,	NULL,	NULL,	NULL,	NULL,	NULL,	NULL,	0,	0,	0,	0,	'2021-06-25 06:59:17',	'2022-01-06 13:51:59',	NULL),
(200,	200,	1,	1,	1,	'NORHAIDA ROSLAN',	'3094',	NULL,	'830513035616',	NULL,	NULL,	NULL,	NULL,	NULL,	NULL,	NULL,	NULL,	NULL,	NULL,	'norhaida@mpc.gov.my',	'0',	NULL,	8,	15,	18,	NULL,	NULL,	NULL,	1,	1,	0,	NULL,	NULL,	NULL,	NULL,	NULL,	NULL,	NULL,	NULL,	NULL,	NULL,	NULL,	0,	0,	0,	0,	'2021-06-28 02:18:17',	'2022-01-06 13:52:00',	NULL),
(201,	201,	1,	1,	1,	'NORHANIDA AHMAD PUAD',	'2954',	NULL,	'800929085038',	NULL,	NULL,	NULL,	NULL,	NULL,	NULL,	NULL,	'0133100877',	NULL,	NULL,	'norhanida@mpc.gov.my',	'0',	NULL,	5,	25,	22,	NULL,	NULL,	NULL,	1,	1,	0,	NULL,	NULL,	NULL,	NULL,	NULL,	NULL,	NULL,	NULL,	NULL,	NULL,	NULL,	0,	0,	0,	0,	'2021-06-25 08:41:01',	'2022-01-06 13:52:01',	NULL),
(202,	202,	1,	1,	1,	'NORHANIZA HAMIR',	'1436',	NULL,	'790131086326',	NULL,	NULL,	NULL,	NULL,	NULL,	NULL,	NULL,	NULL,	NULL,	NULL,	'norhaniza@mpc.gov.my',	'0',	NULL,	6,	19,	5,	NULL,	NULL,	NULL,	1,	1,	0,	NULL,	NULL,	NULL,	NULL,	NULL,	NULL,	NULL,	NULL,	NULL,	NULL,	NULL,	0,	0,	0,	0,	'2021-06-25 03:07:42',	'2022-01-06 13:52:02',	NULL),
(203,	203,	1,	1,	1,	'NORHASIMAH IBRAHIM',	'1422',	'MH01484100',	'750420105494',	'A 38583195',	'Lot 11 Jalan 7',	'Kampung Melayu',	NULL,	'68100',	1688,	14,	'0173910849',	'0361884793',	NULL,	'norhasimah@mpc.gov.my',	'0',	NULL,	6,	33,	6,	NULL,	NULL,	NULL,	1,	1,	0,	NULL,	NULL,	NULL,	NULL,	NULL,	NULL,	NULL,	NULL,	NULL,	NULL,	NULL,	0,	0,	0,	0,	'2021-06-28 04:49:57',	'2022-01-06 13:52:03',	NULL),
(204,	204,	1,	1,	1,	'NORHAYATI HARUN',	'2823',	NULL,	'741211025426',	NULL,	NULL,	NULL,	NULL,	NULL,	NULL,	NULL,	NULL,	NULL,	NULL,	'norhayatiharun@mpc.gov.my',	'0',	NULL,	9,	23,	12,	NULL,	NULL,	NULL,	1,	1,	0,	NULL,	NULL,	NULL,	NULL,	NULL,	NULL,	NULL,	NULL,	NULL,	NULL,	NULL,	0,	0,	0,	0,	'2019-03-29 10:11:45',	'2022-01-06 13:52:04',	NULL),
(205,	205,	1,	1,	1,	'NORHISAM AHMAD',	'2066',	NULL,	'590121085147',	NULL,	NULL,	NULL,	NULL,	NULL,	NULL,	NULL,	NULL,	NULL,	NULL,	'norhisam@mpc.gov.my',	'0',	NULL,	5,	23,	12,	NULL,	36,	NULL,	1,	1,	0,	NULL,	NULL,	NULL,	NULL,	NULL,	NULL,	NULL,	NULL,	NULL,	NULL,	NULL,	0,	0,	0,	0,	'2019-03-29 10:11:45',	'2019-03-29 10:11:45',	NULL),
(206,	206,	1,	1,	1,	'NORHUDA ABDULLAH',	'3000',	NULL,	'810924075016',	NULL,	NULL,	NULL,	NULL,	NULL,	NULL,	NULL,	NULL,	NULL,	NULL,	'norhuda@mpc.gov.my',	'0',	NULL,	9,	14,	19,	NULL,	NULL,	NULL,	1,	1,	0,	NULL,	NULL,	NULL,	NULL,	NULL,	NULL,	NULL,	NULL,	NULL,	NULL,	NULL,	0,	0,	0,	0,	'2020-11-18 04:24:38',	'2022-01-06 13:52:06',	NULL),
(207,	207,	1,	1,	1,	'NORIJAH JUEN',	'3009',	'MH20372678',	'760715135972',	NULL,	'Blok 3, C3-3-6',	'Hartana Apartment,',	'Jalan Demak Laut',	'93050',	2538,	15,	'0138140335',	NULL,	NULL,	'norijah@mpc.gov.my',	'0',	NULL,	11,	6,	19,	NULL,	NULL,	NULL,	1,	1,	0,	NULL,	NULL,	NULL,	NULL,	NULL,	NULL,	NULL,	NULL,	NULL,	NULL,	NULL,	0,	0,	0,	0,	'2021-06-25 08:10:52',	'2022-01-06 13:52:07',	NULL),
(208,	208,	1,	1,	1,	'NORKAMILA SHAHRUDIN',	'3018',	NULL,	'810301106066',	NULL,	NULL,	NULL,	NULL,	NULL,	NULL,	NULL,	NULL,	NULL,	NULL,	'norkamila@mpc.gov.my',	'0',	NULL,	12,	6,	18,	NULL,	NULL,	NULL,	1,	1,	0,	NULL,	NULL,	NULL,	NULL,	NULL,	NULL,	NULL,	NULL,	NULL,	NULL,	NULL,	0,	0,	0,	0,	'2021-06-25 07:56:15',	'2022-01-06 13:52:08',	NULL),
(209,	209,	1,	1,	1,	'NORLIANA MAHMUD',	'1466',	NULL,	'770521075034',	NULL,	NULL,	NULL,	NULL,	NULL,	NULL,	NULL,	NULL,	NULL,	NULL,	'norliana@mpc.gov.my',	'0',	NULL,	7,	18,	4,	NULL,	NULL,	NULL,	1,	1,	0,	NULL,	NULL,	NULL,	NULL,	NULL,	NULL,	NULL,	NULL,	NULL,	NULL,	NULL,	0,	0,	0,	0,	'2021-06-25 07:05:25',	'2022-01-06 13:52:09',	NULL),
(210,	210,	1,	1,	1,	'NORLIZA AHMAD',	'1460',	NULL,	'761213035482',	NULL,	NULL,	NULL,	NULL,	NULL,	NULL,	NULL,	NULL,	NULL,	NULL,	'norliza@mpc.gov.my',	'0',	NULL,	5,	18,	4,	NULL,	NULL,	NULL,	1,	1,	0,	NULL,	NULL,	NULL,	NULL,	NULL,	NULL,	NULL,	NULL,	NULL,	NULL,	NULL,	0,	0,	0,	0,	'2021-06-23 05:28:44',	'2022-01-06 13:52:10',	NULL),
(211,	211,	1,	1,	1,	'NORLIZA ROSLI',	'3075',	NULL,	'850306055196',	NULL,	NULL,	NULL,	NULL,	NULL,	NULL,	NULL,	'0123509867',	NULL,	NULL,	'norlizar@mpc.gov.my',	'0',	NULL,	5,	15,	18,	NULL,	NULL,	NULL,	1,	1,	0,	NULL,	NULL,	NULL,	NULL,	NULL,	NULL,	NULL,	NULL,	NULL,	NULL,	NULL,	0,	0,	0,	0,	'2021-06-25 08:22:52',	'2022-01-06 13:52:11',	NULL),
(212,	212,	1,	1,	1,	'NORUL HASILA ABDULLAH',	'1548',	NULL,	'830714065344',	NULL,	NULL,	NULL,	NULL,	NULL,	NULL,	NULL,	NULL,	NULL,	NULL,	'norulhasila@mpc.gov.my',	'0',	NULL,	1,	27,	3,	NULL,	NULL,	NULL,	1,	1,	0,	NULL,	NULL,	NULL,	NULL,	NULL,	NULL,	NULL,	NULL,	NULL,	NULL,	NULL,	0,	0,	0,	0,	'2021-06-28 04:51:03',	'2022-01-06 13:52:12',	NULL),
(213,	213,	1,	1,	1,	'NORWAHIDAH ABDULLAH',	'3006',	NULL,	'800603035364',	NULL,	NULL,	NULL,	NULL,	NULL,	NULL,	NULL,	NULL,	NULL,	NULL,	'norwahidah@mpc.gov.my',	'0',	NULL,	12,	12,	18,	NULL,	NULL,	NULL,	1,	1,	0,	NULL,	NULL,	NULL,	NULL,	NULL,	NULL,	NULL,	NULL,	NULL,	NULL,	NULL,	0,	0,	0,	0,	'2021-06-25 07:55:51',	'2022-01-06 13:52:13',	NULL),
(214,	214,	1,	1,	1,	'NORWAHIZAN BT MOHAMED',	'3008',	NULL,	'781117035608',	NULL,	NULL,	NULL,	NULL,	NULL,	NULL,	NULL,	NULL,	NULL,	NULL,	'norwahizan@mpc.gov.my',	'0',	NULL,	5,	8,	9,	NULL,	NULL,	NULL,	1,	1,	0,	NULL,	NULL,	NULL,	NULL,	NULL,	NULL,	NULL,	NULL,	NULL,	NULL,	NULL,	0,	0,	0,	0,	'2021-06-28 04:32:18',	'2022-01-06 13:52:14',	NULL),
(215,	215,	1,	1,	1,	'NORZIAH KABIL',	'3022',	'203715223',	'741111135206',	'K50871162',	'Lot 894, Lorong Demak Laut 3a',	'Taman Perindustrian Demak Laut',	'Jalan Bako, Petra Jaya',	'93050',	2538,	15,	'0198442393',	NULL,	NULL,	'norziah@mpc.gov.my',	'0',	NULL,	11,	14,	18,	NULL,	NULL,	NULL,	1,	1,	0,	NULL,	NULL,	NULL,	NULL,	NULL,	NULL,	NULL,	NULL,	NULL,	NULL,	NULL,	0,	0,	0,	0,	'2021-06-25 08:10:16',	'2022-01-06 13:52:15',	NULL),
(216,	216,	1,	1,	1,	'NORZIRIN ARIFFIN',	'1291',	'',	'640927075362',	'',	'',	'',	'',	NULL,	NULL,	NULL,	NULL,	NULL,	NULL,	'zirin@mpc.gov.my',	'0',	NULL,	7,	17,	7,	NULL,	129,	NULL,	1,	1,	0,	NULL,	NULL,	NULL,	NULL,	NULL,	NULL,	NULL,	NULL,	NULL,	NULL,	NULL,	0,	0,	0,	0,	'2019-04-16 21:05:53',	'2019-04-16 21:05:53',	NULL),
(217,	217,	1,	1,	1,	'Nur Jihan Ramli',	'3024',	NULL,	'820215065332',	NULL,	NULL,	NULL,	NULL,	NULL,	NULL,	NULL,	NULL,	NULL,	NULL,	'nurjihan@mpc.gov.my',	'0',	NULL,	7,	6,	18,	NULL,	NULL,	NULL,	1,	1,	0,	NULL,	NULL,	NULL,	NULL,	NULL,	NULL,	NULL,	NULL,	NULL,	NULL,	NULL,	0,	0,	0,	0,	'2021-06-28 01:37:14',	'2022-01-06 13:52:17',	NULL),
(218,	218,	1,	1,	1,	'NUR \'AMIRAH SHAABAN',	'3146',	NULL,	'911229075316',	NULL,	NULL,	NULL,	NULL,	NULL,	NULL,	NULL,	'0134119986',	NULL,	NULL,	'nuramirah@mpc.gov.my',	'0',	NULL,	3,	14,	18,	NULL,	NULL,	NULL,	1,	1,	0,	NULL,	NULL,	NULL,	NULL,	NULL,	NULL,	NULL,	NULL,	NULL,	NULL,	NULL,	0,	0,	0,	0,	'2021-06-28 07:17:25',	'2022-01-06 13:52:18',	NULL),
(219,	219,	1,	1,	1,	'NUR FAIZAH TASMAN',	'1554',	NULL,	'820719015320',	NULL,	NULL,	NULL,	NULL,	NULL,	NULL,	NULL,	'0133759729',	NULL,	NULL,	'nurfaizah@mpc.gov.my',	'0',	NULL,	3,	27,	3,	NULL,	NULL,	NULL,	1,	1,	0,	NULL,	NULL,	NULL,	NULL,	NULL,	NULL,	NULL,	NULL,	NULL,	NULL,	NULL,	0,	0,	0,	0,	'2021-06-28 06:46:26',	'2022-01-06 13:52:19',	NULL),
(220,	220,	1,	1,	1,	'NUR FATIMAH MOHD ZAKI',	'1588',	NULL,	'890703085766',	NULL,	'B-28-11',	'Ppam Metropolitan',	'Jalan Lingkaran Tengah Mrr2',	'52100',	1561,	4,	'01110190313',	NULL,	NULL,	'nurfatimah@mpc.gov.my',	'0',	NULL,	4,	27,	3,	NULL,	NULL,	NULL,	1,	1,	0,	NULL,	NULL,	NULL,	NULL,	NULL,	NULL,	NULL,	NULL,	NULL,	NULL,	NULL,	0,	0,	0,	0,	'2021-06-28 08:12:51',	'2022-01-06 13:52:20',	NULL),
(221,	221,	1,	1,	1,	'NUR HAFIZAH HALIMUDDIN',	'3038',	NULL,	'830829145870',	NULL,	NULL,	NULL,	NULL,	NULL,	NULL,	NULL,	NULL,	NULL,	NULL,	'nurhafizah@mpc.gov.my',	'0',	NULL,	7,	12,	18,	NULL,	NULL,	NULL,	1,	1,	0,	NULL,	NULL,	NULL,	NULL,	NULL,	NULL,	NULL,	NULL,	NULL,	NULL,	NULL,	0,	0,	0,	0,	'2021-06-25 07:56:42',	'2022-01-06 13:52:21',	NULL),
(222,	222,	1,	1,	1,	'NUR HANIM ABD GHANI',	'1463',	NULL,	'760301145732',	NULL,	NULL,	NULL,	NULL,	NULL,	NULL,	NULL,	NULL,	NULL,	NULL,	'hanim@mpc.gov.my',	'0',	NULL,	5,	19,	5,	NULL,	NULL,	NULL,	1,	1,	0,	NULL,	NULL,	NULL,	NULL,	NULL,	NULL,	NULL,	NULL,	NULL,	NULL,	NULL,	0,	0,	0,	0,	'2021-06-25 03:37:20',	'2022-01-06 13:52:22',	NULL),
(223,	223,	1,	1,	1,	'Nur Rafidah Zulkifl',	'1615',	NULL,	'880707086492',	NULL,	NULL,	NULL,	NULL,	NULL,	NULL,	NULL,	NULL,	NULL,	NULL,	'nurrafidah@mpc.gov.my',	'0',	NULL,	7,	27,	3,	NULL,	NULL,	NULL,	1,	1,	0,	NULL,	NULL,	NULL,	NULL,	NULL,	NULL,	NULL,	NULL,	NULL,	NULL,	NULL,	0,	0,	0,	0,	'2021-09-17 03:17:58',	'2022-01-06 13:52:23',	NULL),
(224,	224,	1,	1,	1,	'NUR SULIA SAARI',	'1502',	NULL,	'830512145776',	NULL,	NULL,	NULL,	NULL,	NULL,	NULL,	NULL,	NULL,	NULL,	NULL,	'sulia@mpc.gov.my',	'0',	NULL,	3,	18,	4,	NULL,	9,	9,	1,	1,	0,	NULL,	NULL,	NULL,	NULL,	NULL,	NULL,	NULL,	NULL,	NULL,	NULL,	NULL,	0,	0,	0,	0,	'2021-06-25 03:37:48',	'2022-01-06 13:52:24',	NULL),
(225,	225,	1,	1,	1,	'NUR SYAFINA ANUAR',	'1522',	NULL,	'830628105688',	NULL,	NULL,	NULL,	NULL,	NULL,	NULL,	NULL,	NULL,	NULL,	NULL,	'syafina@mpc.gov.my',	'0',	NULL,	4,	27,	3,	NULL,	NULL,	NULL,	1,	1,	0,	NULL,	NULL,	NULL,	NULL,	NULL,	NULL,	NULL,	NULL,	NULL,	NULL,	NULL,	0,	0,	0,	0,	'2021-06-25 03:38:24',	'2022-01-06 13:52:25',	NULL),
(226,	226,	1,	1,	1,	'Nur Syahrina Muhamad Nor',	'1557',	NULL,	'830726146360',	NULL,	NULL,	NULL,	NULL,	NULL,	NULL,	NULL,	NULL,	NULL,	NULL,	'syahrina@mpc.gov.my',	'0',	NULL,	7,	27,	3,	NULL,	NULL,	NULL,	1,	1,	0,	NULL,	NULL,	NULL,	NULL,	NULL,	NULL,	NULL,	NULL,	NULL,	NULL,	NULL,	0,	0,	0,	0,	'2021-06-25 07:14:01',	'2022-01-06 13:52:26',	NULL),
(227,	227,	1,	1,	1,	'NURAIZAH HARUN @ HARRON',	'1578',	'MH32119482',	'831217015586',	NULL,	NULL,	NULL,	NULL,	NULL,	NULL,	NULL,	'0173872284',	NULL,	NULL,	'nuraizah@mpc.gov.my',	'0',	NULL,	6,	27,	3,	NULL,	NULL,	NULL,	1,	1,	0,	NULL,	NULL,	NULL,	NULL,	NULL,	NULL,	NULL,	NULL,	NULL,	NULL,	NULL,	0,	0,	0,	0,	'2021-06-25 03:09:46',	'2022-01-06 13:52:27',	NULL),
(228,	228,	1,	1,	1,	'NURFAYUNIE PAKHRURURZI',	'1647',	NULL,	'880219145668',	NULL,	NULL,	NULL,	NULL,	NULL,	NULL,	NULL,	'0132956444',	NULL,	NULL,	'nurfayunie@mpc.gov.my',	'0',	NULL,	3,	27,	3,	NULL,	87,	87,	1,	1,	0,	NULL,	NULL,	NULL,	NULL,	NULL,	NULL,	NULL,	NULL,	NULL,	NULL,	NULL,	0,	0,	0,	0,	'2021-06-28 07:15:12',	'2022-01-06 13:52:28',	NULL),
(229,	229,	1,	1,	1,	'NURFAZILA HAJI ZULAIHI',	'1605',	NULL,	'900802136836',	NULL,	NULL,	NULL,	NULL,	NULL,	NULL,	NULL,	NULL,	NULL,	NULL,	'nurfazila@mpc.gov.my',	'0',	NULL,	7,	27,	3,	NULL,	NULL,	NULL,	1,	1,	0,	NULL,	NULL,	NULL,	NULL,	NULL,	NULL,	NULL,	NULL,	NULL,	NULL,	NULL,	0,	0,	0,	0,	'2021-06-25 08:07:36',	'2022-01-06 13:52:29',	NULL),
(230,	230,	1,	1,	1,	'Nursyahida Muhamad Aszahari',	'3121',	NULL,	'890921146168',	NULL,	NULL,	NULL,	NULL,	NULL,	NULL,	NULL,	NULL,	NULL,	NULL,	'nursyahida@mpc.gov.my',	'0',	NULL,	7,	27,	3,	NULL,	NULL,	NULL,	1,	1,	0,	NULL,	NULL,	NULL,	NULL,	NULL,	NULL,	NULL,	NULL,	NULL,	NULL,	NULL,	0,	0,	0,	0,	'2019-03-29 10:11:45',	'2022-01-06 13:52:30',	NULL),
(231,	231,	1,	1,	1,	'Nurul Ain Alia  Abdullah Zawawi',	'1583',	NULL,	'860805435694',	NULL,	NULL,	NULL,	NULL,	NULL,	NULL,	NULL,	NULL,	NULL,	NULL,	'alia@mpc.gov.my',	'0',	NULL,	6,	27,	3,	NULL,	NULL,	NULL,	1,	1,	0,	NULL,	NULL,	NULL,	NULL,	NULL,	NULL,	NULL,	NULL,	NULL,	NULL,	NULL,	0,	0,	0,	0,	'2021-06-25 03:10:19',	'2022-01-06 13:52:31',	NULL),
(232,	232,	1,	1,	1,	'Nurul Farahaton Najihan Jusoh',	'1634',	NULL,	'900430115822',	NULL,	NULL,	NULL,	NULL,	NULL,	NULL,	NULL,	NULL,	NULL,	NULL,	'farahaton@mpc.gov.my',	'0',	NULL,	6,	27,	3,	NULL,	NULL,	NULL,	1,	1,	0,	NULL,	NULL,	NULL,	NULL,	NULL,	NULL,	NULL,	NULL,	NULL,	NULL,	NULL,	0,	0,	0,	0,	'2021-06-25 03:01:15',	'2022-01-06 13:52:32',	NULL),
(233,	233,	1,	1,	1,	'NURUL FATIHAH BINTI MOHD AZLAN',	'1576',	NULL,	'860509295922',	NULL,	'224, Jalan Laman Azalea 3/3,',	'Laman Azalea, Nilai Impian,',	NULL,	'71800',	1794,	7,	'+60129371650',	NULL,	NULL,	'fatihahazlan14@gmail.com',	'0',	NULL,	6,	27,	3,	NULL,	NULL,	NULL,	1,	1,	0,	NULL,	NULL,	NULL,	NULL,	NULL,	NULL,	NULL,	NULL,	NULL,	NULL,	NULL,	0,	0,	0,	0,	'2021-06-28 08:10:41',	'2022-01-06 13:52:33',	NULL),
(234,	234,	1,	1,	1,	'Nurul Nadia Zainal Adnan',	'3133',	NULL,	'870825565508',	NULL,	NULL,	NULL,	NULL,	NULL,	NULL,	NULL,	NULL,	NULL,	NULL,	'nurulnadia@mpc.gov.my',	'0',	NULL,	1,	12,	18,	NULL,	NULL,	NULL,	1,	1,	0,	NULL,	NULL,	NULL,	NULL,	NULL,	NULL,	NULL,	NULL,	NULL,	NULL,	NULL,	0,	0,	0,	0,	'2021-09-13 03:20:03',	'2022-01-06 13:52:34',	NULL),
(235,	235,	1,	1,	1,	'Nurul Sazrina Mohd Shukor',	'1520',	NULL,	'830322105028',	NULL,	NULL,	NULL,	NULL,	NULL,	NULL,	NULL,	NULL,	NULL,	NULL,	'sazrina@mpc.gov.my',	'0',	NULL,	5,	29,	26,	NULL,	NULL,	NULL,	1,	1,	0,	NULL,	NULL,	NULL,	NULL,	NULL,	NULL,	NULL,	NULL,	NULL,	NULL,	NULL,	0,	0,	0,	0,	'2021-06-25 08:39:55',	'2022-01-06 13:52:35',	NULL),
(236,	236,	1,	1,	1,	'NURUL SYAMIMI ISMAIL',	'1574',	NULL,	'850926035516',	NULL,	NULL,	NULL,	NULL,	'47610',	1323,	14,	'0196635516',	NULL,	NULL,	'syamimi@mpc.gov.my',	'0',	NULL,	6,	27,	3,	NULL,	NULL,	NULL,	1,	1,	0,	NULL,	NULL,	NULL,	NULL,	NULL,	NULL,	NULL,	NULL,	NULL,	NULL,	NULL,	0,	0,	0,	0,	'2021-06-25 03:23:53',	'2022-01-06 13:52:36',	NULL),
(237,	237,	1,	1,	1,	'NURZARINA JAAFAR',	'2992',	NULL,	'800509075538',	NULL,	NULL,	NULL,	NULL,	NULL,	NULL,	NULL,	NULL,	NULL,	NULL,	'nurzarina@mpc.gov.my',	'0',	NULL,	7,	30,	22,	NULL,	NULL,	NULL,	1,	1,	0,	NULL,	NULL,	NULL,	NULL,	NULL,	NULL,	NULL,	NULL,	NULL,	NULL,	NULL,	0,	0,	0,	0,	'2019-04-16 12:20:43',	'2022-01-06 13:52:37',	NULL),
(238,	238,	1,	1,	1,	'OMI KALSOM OSMAN',	'2060',	NULL,	'590905085292',	NULL,	NULL,	NULL,	NULL,	NULL,	NULL,	NULL,	NULL,	NULL,	NULL,	'omi@mpc.gov.my',	'0',	NULL,	5,	14,	20,	NULL,	36,	NULL,	1,	1,	0,	NULL,	NULL,	NULL,	NULL,	NULL,	NULL,	NULL,	NULL,	NULL,	NULL,	NULL,	0,	0,	0,	0,	'2019-03-29 10:11:45',	'2019-03-29 10:11:45',	NULL),
(239,	239,	1,	1,	1,	'OSMAN ZAIDAN',	'2996',	NULL,	'680925135225',	NULL,	NULL,	NULL,	NULL,	NULL,	NULL,	NULL,	NULL,	NULL,	NULL,	'osmanzaidan@mpc.gov.my',	'0',	NULL,	7,	7,	9,	NULL,	NULL,	NULL,	1,	1,	0,	NULL,	NULL,	NULL,	NULL,	NULL,	NULL,	NULL,	NULL,	NULL,	NULL,	NULL,	0,	0,	0,	0,	'2021-06-25 08:12:16',	'2022-01-06 13:52:39',	NULL),
(240,	240,	1,	1,	1,	'RABIA?TUL HANA ISHAK',	'1610',	'310360562',	'901211146770',	NULL,	NULL,	NULL,	NULL,	NULL,	NULL,	NULL,	'0147169285',	NULL,	NULL,	'rabiatulhana@mpc.gov.my',	'0',	NULL,	6,	27,	3,	NULL,	NULL,	NULL,	1,	1,	0,	NULL,	NULL,	NULL,	NULL,	NULL,	NULL,	NULL,	NULL,	NULL,	NULL,	NULL,	0,	0,	0,	0,	'2021-06-28 08:36:42',	'2022-01-06 13:52:40',	NULL),
(241,	241,	1,	1,	1,	'Rahayu Abd. Rahman',	'3085',	NULL,	'821114115518',	NULL,	NULL,	NULL,	NULL,	NULL,	NULL,	NULL,	NULL,	NULL,	NULL,	'RahayuR@mpc.gov.my',	'0',	NULL,	7,	14,	18,	NULL,	NULL,	NULL,	1,	1,	0,	NULL,	NULL,	NULL,	NULL,	NULL,	NULL,	NULL,	NULL,	NULL,	NULL,	NULL,	0,	0,	0,	0,	'2020-11-18 04:21:17',	'2022-01-06 13:52:41',	NULL),
(242,	242,	1,	1,	1,	'DR. RAHMAT MD. SMAIL',	'1186',	'',	'600302045271',	'',	'',	'',	'',	NULL,	NULL,	NULL,	NULL,	NULL,	NULL,	'rahmat@mpc.gov.my',	'0',	NULL,	2,	17,	7,	NULL,	129,	NULL,	1,	1,	0,	NULL,	NULL,	NULL,	NULL,	NULL,	NULL,	NULL,	NULL,	NULL,	NULL,	NULL,	0,	0,	0,	0,	'2019-04-16 21:07:48',	'2019-04-16 21:07:48',	NULL),
(243,	243,	1,	1,	1,	'RAINAH OSMAN',	'3020',	NULL,	'731111125252',	NULL,	NULL,	NULL,	NULL,	NULL,	NULL,	NULL,	NULL,	NULL,	NULL,	'rainah@mpc.gov.my',	'0',	NULL,	7,	6,	18,	NULL,	NULL,	NULL,	1,	1,	0,	NULL,	NULL,	NULL,	NULL,	NULL,	NULL,	NULL,	NULL,	NULL,	NULL,	NULL,	0,	0,	0,	0,	'2021-06-28 02:24:38',	'2022-01-06 13:52:43',	NULL),
(244,	244,	1,	1,	1,	'Raja Ainul Bismi Raja Abd. Hadi',	'1509',	NULL,	'831026086234',	NULL,	NULL,	NULL,	NULL,	NULL,	NULL,	NULL,	NULL,	NULL,	NULL,	'rajaainul@mpc.gov.my',	'0',	NULL,	1,	18,	4,	NULL,	NULL,	131,	1,	1,	0,	NULL,	NULL,	NULL,	NULL,	NULL,	NULL,	NULL,	NULL,	NULL,	NULL,	NULL,	0,	0,	0,	0,	'2022-01-04 02:37:52',	'2022-01-06 13:52:44',	NULL),
(245,	245,	1,	1,	1,	'Ramale Yusoff',	'2146',	NULL,	'640510035445',	NULL,	NULL,	NULL,	NULL,	NULL,	NULL,	NULL,	NULL,	NULL,	NULL,	'ramale@mpc.gov.my',	'0',	NULL,	5,	10,	16,	NULL,	NULL,	NULL,	1,	1,	0,	NULL,	NULL,	NULL,	NULL,	NULL,	NULL,	NULL,	NULL,	NULL,	NULL,	NULL,	0,	0,	0,	0,	'2021-06-28 04:24:49',	'2022-01-06 13:52:45',	NULL),
(246,	246,	1,	1,	1,	'RAMLAN SAINAN',	'2067',	NULL,	'610228105027',	NULL,	NULL,	NULL,	NULL,	NULL,	NULL,	NULL,	NULL,	NULL,	NULL,	'ramlan@mpc.gov.my',	'0',	NULL,	2,	10,	17,	NULL,	242,	NULL,	1,	1,	0,	NULL,	NULL,	NULL,	NULL,	NULL,	NULL,	NULL,	NULL,	NULL,	NULL,	NULL,	0,	0,	0,	0,	'2019-03-29 10:11:45',	'2019-03-29 10:11:45',	NULL),
(247,	247,	1,	1,	1,	'ROSELEENA HASHIM',	'1306',	'069415032',	'650318035284',	'A40195054',	'No 38 Jalan Pjs 10/3',	'Taman Subang Indah',	'Petaling Jaya',	'46100',	1237,	14,	'0192648143',	NULL,	NULL,	'leena@mpc.gov.my',	'0',	NULL,	3,	33,	6,	NULL,	9,	NULL,	1,	1,	0,	NULL,	NULL,	NULL,	NULL,	NULL,	NULL,	NULL,	NULL,	NULL,	NULL,	NULL,	0,	0,	0,	0,	'2021-06-24 07:56:59',	'2021-06-24 07:56:59',	NULL),
(248,	248,	1,	1,	1,	'ROSLAH MD YUSOF',	'2105',	NULL,	'610210105328',	NULL,	NULL,	NULL,	NULL,	NULL,	NULL,	NULL,	NULL,	NULL,	NULL,	'roslah@mpc.gov.my',	'0',	NULL,	6,	31,	23,	NULL,	78,	NULL,	1,	1,	0,	NULL,	NULL,	NULL,	NULL,	NULL,	NULL,	NULL,	NULL,	NULL,	NULL,	NULL,	0,	0,	0,	0,	'2019-03-29 10:11:45',	'2019-03-29 10:11:45',	NULL),
(249,	249,	1,	1,	1,	'ROSLI MAT DOM',	'2098',	NULL,	'610314055177',	NULL,	NULL,	NULL,	NULL,	NULL,	NULL,	NULL,	NULL,	NULL,	NULL,	'rosli@mpc.gov.my',	'0',	NULL,	1,	14,	20,	NULL,	NULL,	NULL,	1,	1,	0,	NULL,	NULL,	NULL,	NULL,	NULL,	NULL,	NULL,	NULL,	NULL,	NULL,	NULL,	0,	0,	0,	0,	'2020-02-14 01:58:34',	'2022-01-06 13:52:49',	NULL),
(250,	250,	1,	1,	1,	'Roslinda Abdul Hamid',	'1493',	NULL,	'770706065860',	NULL,	NULL,	NULL,	NULL,	NULL,	NULL,	NULL,	NULL,	NULL,	NULL,	'lynda@mpc.gov.my',	'0',	NULL,	7,	27,	3,	NULL,	NULL,	NULL,	1,	1,	0,	NULL,	NULL,	NULL,	NULL,	NULL,	NULL,	NULL,	NULL,	NULL,	NULL,	NULL,	0,	0,	0,	0,	'2021-06-25 07:04:23',	'2022-01-06 13:52:50',	NULL),
(251,	251,	1,	1,	1,	'Roslinda Ahmad',	'2977',	NULL,	'780922105002',	NULL,	NULL,	NULL,	NULL,	NULL,	NULL,	NULL,	NULL,	NULL,	NULL,	'roslinda@mpc.gov.my',	'0',	NULL,	7,	30,	22,	NULL,	NULL,	NULL,	1,	1,	0,	NULL,	NULL,	NULL,	NULL,	NULL,	NULL,	NULL,	NULL,	NULL,	NULL,	NULL,	0,	0,	0,	0,	'2021-11-08 16:59:09',	'2022-01-06 13:52:51',	NULL),
(252,	252,	1,	1,	1,	'ROSMI  ABDULLAH',	'1274',	'301713860',	'630525035473',	'A51286075',	NULL,	NULL,	NULL,	NULL,	NULL,	NULL,	NULL,	NULL,	NULL,	'rosmi@mpc.gov.my',	'0',	NULL,	7,	17,	7,	NULL,	NULL,	307,	1,	1,	0,	NULL,	NULL,	NULL,	NULL,	NULL,	NULL,	NULL,	NULL,	NULL,	NULL,	NULL,	0,	0,	0,	0,	'2022-01-04 02:19:02',	'2022-01-06 13:52:52',	NULL),
(253,	253,	1,	1,	1,	'ROSMIZA ROSLY',	'1374',	NULL,	'721031065086',	NULL,	NULL,	NULL,	NULL,	NULL,	NULL,	NULL,	'0192251114',	NULL,	NULL,	'iza@mpc.gov.my',	'0',	NULL,	6,	19,	5,	NULL,	NULL,	NULL,	1,	1,	0,	NULL,	NULL,	NULL,	NULL,	NULL,	NULL,	NULL,	NULL,	NULL,	NULL,	NULL,	0,	0,	0,	0,	'2021-06-28 08:16:17',	'2022-01-06 13:52:53',	NULL),
(254,	254,	1,	1,	1,	'Rosniwati Abdullah',	'2783',	NULL,	'760405075492',	NULL,	NULL,	NULL,	NULL,	NULL,	NULL,	NULL,	NULL,	NULL,	NULL,	'rosniwati@mpc.gov.my',	'0',	NULL,	1,	6,	18,	NULL,	NULL,	NULL,	1,	1,	0,	NULL,	NULL,	NULL,	NULL,	NULL,	NULL,	NULL,	NULL,	NULL,	NULL,	NULL,	0,	0,	0,	0,	'2021-06-28 04:47:56',	'2022-01-06 13:52:54',	NULL),
(255,	255,	1,	1,	1,	'ROZIANA OTHMAN',	'1289',	NULL,	'660928015060',	NULL,	NULL,	NULL,	NULL,	NULL,	NULL,	NULL,	NULL,	NULL,	NULL,	'ogie@mpc.gov.my',	'0',	NULL,	7,	33,	6,	NULL,	NULL,	NULL,	1,	1,	0,	NULL,	NULL,	NULL,	NULL,	NULL,	NULL,	NULL,	NULL,	NULL,	NULL,	NULL,	0,	0,	0,	0,	'2021-06-25 03:39:36',	'2022-01-06 13:52:55',	NULL),
(256,	256,	1,	1,	1,	'Rozitah Ma\'al',	'1400',	NULL,	'730323145672',	NULL,	NULL,	NULL,	NULL,	NULL,	NULL,	NULL,	NULL,	NULL,	NULL,	'rozitah@mpc.gov.my',	'0',	NULL,	7,	18,	4,	NULL,	NULL,	NULL,	1,	1,	0,	NULL,	NULL,	NULL,	NULL,	NULL,	NULL,	NULL,	NULL,	NULL,	NULL,	NULL,	0,	0,	0,	0,	'2021-06-25 03:17:50',	'2022-01-06 13:52:56',	NULL),
(257,	257,	1,	1,	1,	'RUSDI MUDA',	'1312',	NULL,	'650803035157',	NULL,	NULL,	NULL,	NULL,	NULL,	NULL,	NULL,	NULL,	NULL,	NULL,	'rusdi@mpc.gov.my',	'0',	NULL,	7,	19,	5,	NULL,	NULL,	NULL,	1,	1,	0,	NULL,	NULL,	NULL,	NULL,	NULL,	NULL,	NULL,	NULL,	NULL,	NULL,	NULL,	0,	0,	0,	0,	'2021-06-28 01:39:46',	'2022-01-06 13:52:57',	NULL),
(258,	258,	1,	1,	1,	'SABRI HASAN',	'1458',	NULL,	'750708035595',	NULL,	NULL,	NULL,	NULL,	NULL,	NULL,	NULL,	NULL,	NULL,	NULL,	'sabri@mpc.gov.my',	'0',	NULL,	7,	18,	4,	NULL,	NULL,	NULL,	1,	1,	0,	NULL,	NULL,	NULL,	NULL,	NULL,	NULL,	NULL,	NULL,	NULL,	NULL,	NULL,	0,	0,	0,	0,	'2019-04-16 20:45:20',	'2022-01-06 13:52:58',	NULL),
(259,	259,	1,	1,	1,	'SAFARWAN BIN MOHD SUHAIMI',	'1596',	'310673215',	'890306146107',	NULL,	NULL,	NULL,	NULL,	NULL,	NULL,	NULL,	'0194434801',	NULL,	NULL,	'safarwan@mpc.gov.my',	'0',	NULL,	7,	27,	3,	NULL,	NULL,	NULL,	1,	1,	0,	NULL,	NULL,	NULL,	NULL,	NULL,	NULL,	NULL,	NULL,	NULL,	NULL,	NULL,	0,	0,	0,	0,	'2021-06-28 08:09:57',	'2022-01-06 13:52:59',	NULL),
(260,	260,	1,	1,	1,	'Safiah Mitri',	'3080',	NULL,	'830413125884',	NULL,	NULL,	NULL,	NULL,	NULL,	NULL,	NULL,	NULL,	NULL,	NULL,	'safiah@mpc.gov.my',	'0',	NULL,	3,	15,	18,	NULL,	NULL,	NULL,	1,	1,	0,	NULL,	NULL,	NULL,	NULL,	NULL,	NULL,	NULL,	NULL,	NULL,	NULL,	NULL,	0,	0,	0,	0,	'2021-06-28 02:25:01',	'2022-01-06 13:53:00',	NULL),
(261,	261,	1,	1,	1,	'SAFNIWATI JASRI',	'1392',	NULL,	'760217715026',	NULL,	NULL,	NULL,	NULL,	NULL,	NULL,	NULL,	NULL,	NULL,	NULL,	'safniwati@mpc.gov.my',	'0',	NULL,	7,	19,	5,	NULL,	NULL,	NULL,	1,	1,	0,	NULL,	NULL,	NULL,	NULL,	NULL,	NULL,	NULL,	NULL,	NULL,	NULL,	NULL,	0,	0,	0,	0,	'2021-06-25 03:40:32',	'2022-01-06 13:53:01',	NULL),
(262,	262,	1,	1,	1,	'SAFURA ABDUL MALEK',	'1579',	'MH08064589',	'860904525900',	NULL,	NULL,	NULL,	NULL,	NULL,	NULL,	NULL,	'0128920999',	NULL,	NULL,	'safura@mpc.gov.my',	'0',	NULL,	4,	18,	4,	NULL,	NULL,	NULL,	1,	1,	0,	NULL,	NULL,	NULL,	NULL,	NULL,	NULL,	NULL,	NULL,	NULL,	NULL,	NULL,	0,	0,	0,	0,	'2021-06-25 03:41:02',	'2022-01-06 13:53:02',	NULL),
(263,	263,	1,	1,	1,	'SALIZA SAARI',	'1415',	NULL,	'770801066220',	NULL,	NULL,	NULL,	NULL,	NULL,	NULL,	NULL,	NULL,	NULL,	NULL,	'saliza@mpc.gov.my',	'0',	NULL,	7,	33,	6,	NULL,	NULL,	307,	1,	1,	0,	NULL,	NULL,	NULL,	NULL,	NULL,	NULL,	NULL,	NULL,	NULL,	NULL,	NULL,	0,	0,	0,	0,	'2022-01-04 02:32:53',	'2022-01-06 13:53:03',	NULL),
(264,	264,	1,	1,	1,	'SARIMAH MISMAN',	'1311',	NULL,	'640414107066',	NULL,	'61,jalan Kp 2/15 Seksyen 2',	'Taman Kota Perdana',	'Bandar Putra Permai',	NULL,	NULL,	NULL,	'0196291662',	NULL,	NULL,	'sarimah@mpc.gov.my',	'0',	NULL,	4,	17,	7,	NULL,	NULL,	9,	1,	1,	0,	NULL,	NULL,	NULL,	NULL,	NULL,	NULL,	NULL,	NULL,	NULL,	NULL,	NULL,	0,	0,	0,	0,	'2022-01-04 02:17:56',	'2022-01-06 13:53:04',	NULL),
(265,	265,	1,	1,	1,	'SAWIAH ABDUL SAMAD',	'1339',	'303487660',	'680101045120',	NULL,	NULL,	NULL,	NULL,	NULL,	NULL,	NULL,	'0183814621',	NULL,	NULL,	'sawiah@mpc.gov.my',	'0',	NULL,	6,	33,	6,	NULL,	NULL,	NULL,	1,	1,	0,	NULL,	NULL,	NULL,	NULL,	NULL,	NULL,	NULL,	NULL,	NULL,	NULL,	NULL,	0,	0,	0,	0,	'2021-06-25 03:17:23',	'2022-01-06 13:53:05',	NULL),
(266,	266,	1,	1,	1,	'Semawi Zakaria',	'1370',	NULL,	'630328085527',	NULL,	NULL,	NULL,	NULL,	NULL,	NULL,	NULL,	NULL,	NULL,	NULL,	'semawi@mpc.gov.my',	'0',	NULL,	7,	18,	4,	NULL,	NULL,	NULL,	1,	1,	0,	NULL,	NULL,	NULL,	NULL,	NULL,	NULL,	NULL,	NULL,	NULL,	NULL,	NULL,	0,	0,	0,	0,	'2021-06-25 08:06:39',	'2022-01-06 13:53:06',	NULL),
(267,	267,	1,	1,	1,	'Shafirul Izwar Saad',	'2999',	NULL,	'810418025235',	NULL,	NULL,	NULL,	NULL,	NULL,	NULL,	NULL,	NULL,	NULL,	NULL,	'shafirul@mpc.gov.my',	'0',	NULL,	7,	14,	18,	NULL,	NULL,	NULL,	1,	1,	0,	NULL,	NULL,	NULL,	NULL,	NULL,	NULL,	NULL,	NULL,	NULL,	NULL,	NULL,	0,	0,	0,	0,	'2019-03-29 10:11:45',	'2022-01-06 13:53:07',	NULL),
(268,	268,	1,	1,	1,	'Shahidah Samsudin',	'1558',	NULL,	'820526145858',	NULL,	NULL,	NULL,	NULL,	NULL,	NULL,	NULL,	NULL,	NULL,	NULL,	'shahidah@mpc.gov.my',	'0',	NULL,	4,	27,	3,	NULL,	NULL,	NULL,	1,	1,	0,	NULL,	NULL,	NULL,	NULL,	NULL,	NULL,	NULL,	NULL,	NULL,	NULL,	NULL,	0,	0,	0,	0,	'2021-06-25 07:00:55',	'2022-01-06 13:53:08',	NULL),
(269,	269,	1,	1,	1,	'Shahriza Bahari',	'1428',	NULL,	'751226145016',	NULL,	NULL,	NULL,	NULL,	NULL,	NULL,	NULL,	NULL,	NULL,	NULL,	'shahriza@mpc.gov.my',	'0',	NULL,	6,	18,	4,	NULL,	NULL,	NULL,	1,	1,	0,	NULL,	NULL,	NULL,	NULL,	NULL,	NULL,	NULL,	NULL,	NULL,	NULL,	NULL,	0,	0,	0,	0,	'2021-06-25 02:59:46',	'2022-01-06 13:53:09',	NULL),
(270,	270,	1,	1,	1,	'DR. SHAIK ROSLINAH BUX',	'1320',	NULL,	'630619106404',	NULL,	NULL,	NULL,	NULL,	NULL,	NULL,	NULL,	NULL,	NULL,	NULL,	'roslinahbux@mpc.gov.my',	'0',	NULL,	6,	33,	6,	NULL,	NULL,	NULL,	1,	1,	0,	NULL,	NULL,	NULL,	NULL,	NULL,	NULL,	NULL,	NULL,	NULL,	NULL,	NULL,	0,	0,	0,	0,	'2021-11-09 15:08:22',	'2022-01-06 13:53:10',	NULL),
(271,	271,	1,	1,	1,	'SHANTHINI TAMADORAM',	'1592',	NULL,	'800528145896',	NULL,	'No 7, Jalan Anggerik Aranda 31/171',	NULL,	NULL,	'40460',	1084,	14,	'0122880144',	NULL,	NULL,	'shanthini@mpc.gov.my',	'0',	NULL,	6,	27,	3,	NULL,	NULL,	NULL,	1,	1,	0,	NULL,	NULL,	NULL,	NULL,	NULL,	NULL,	NULL,	NULL,	NULL,	NULL,	NULL,	0,	0,	0,	0,	'2021-06-25 03:01:50',	'2022-01-06 13:53:11',	NULL),
(272,	272,	1,	1,	1,	'SHARIPAH MAZINA SYED MOHAMMED',	'1322',	NULL,	'660228035028',	NULL,	NULL,	NULL,	NULL,	NULL,	NULL,	NULL,	NULL,	NULL,	NULL,	'sharipah@mpc.gov.my',	'0',	NULL,	1,	19,	5,	NULL,	79,	NULL,	1,	1,	0,	NULL,	NULL,	NULL,	NULL,	NULL,	NULL,	NULL,	NULL,	NULL,	NULL,	NULL,	0,	0,	0,	0,	'2019-03-29 10:11:45',	'2019-03-29 10:11:45',	NULL),
(273,	273,	1,	1,	1,	'Sharizal Samsudin',	'2978',	NULL,	'800809085025',	NULL,	NULL,	NULL,	NULL,	NULL,	NULL,	NULL,	NULL,	NULL,	NULL,	'sharizal@mpc.gov.my',	'0',	NULL,	5,	10,	16,	NULL,	NULL,	NULL,	1,	1,	0,	NULL,	NULL,	NULL,	NULL,	NULL,	NULL,	NULL,	NULL,	NULL,	NULL,	NULL,	0,	0,	0,	0,	'2021-06-25 08:27:26',	'2022-01-06 13:53:13',	NULL),
(274,	274,	1,	1,	1,	'SHEZLINA ZAKARIA',	'1377',	NULL,	'720408025822',	NULL,	NULL,	NULL,	NULL,	NULL,	NULL,	NULL,	NULL,	NULL,	NULL,	'shez@mpc.gov.my',	'0',	NULL,	1,	33,	6,	NULL,	NULL,	NULL,	1,	1,	0,	NULL,	NULL,	NULL,	NULL,	NULL,	NULL,	NULL,	NULL,	NULL,	NULL,	NULL,	0,	0,	0,	0,	'2021-06-28 04:42:03',	'2022-01-06 13:53:14',	NULL),
(275,	275,	1,	1,	1,	'SITI ASLINDAH AHMAD',	'3054',	NULL,	'830813125234',	NULL,	NULL,	NULL,	NULL,	NULL,	NULL,	NULL,	NULL,	NULL,	NULL,	'sitiaslindah@mpc.gov.my',	'0',	NULL,	5,	15,	18,	NULL,	NULL,	NULL,	1,	1,	0,	NULL,	NULL,	NULL,	NULL,	NULL,	NULL,	NULL,	NULL,	NULL,	NULL,	NULL,	0,	0,	0,	0,	'2021-06-28 04:27:17',	'2022-01-06 13:53:15',	NULL),
(276,	276,	1,	1,	1,	'Siti Rahayu Md. Desa',	'3052',	NULL,	'750514075062',	NULL,	NULL,	NULL,	NULL,	NULL,	NULL,	NULL,	NULL,	NULL,	NULL,	'rahayu@mpc.gov.my',	'0',	NULL,	5,	14,	19,	NULL,	NULL,	NULL,	1,	1,	0,	NULL,	NULL,	NULL,	NULL,	NULL,	NULL,	NULL,	NULL,	NULL,	NULL,	NULL,	0,	0,	0,	0,	'2021-06-25 08:41:58',	'2022-01-06 13:53:16',	NULL),
(277,	277,	1,	1,	1,	'Siti Rawaida Shariff',	'3076',	NULL,	'840604075284',	NULL,	NULL,	NULL,	NULL,	NULL,	NULL,	NULL,	NULL,	NULL,	NULL,	'rawaida@mpc.gov.my',	'0',	NULL,	5,	21,	27,	NULL,	NULL,	NULL,	1,	1,	0,	NULL,	NULL,	NULL,	NULL,	NULL,	NULL,	NULL,	NULL,	NULL,	NULL,	NULL,	0,	0,	0,	0,	'2021-06-25 08:40:22',	'2022-01-06 13:53:17',	NULL),
(278,	278,	1,	1,	1,	'Siti Sakinah Mohd Zaki',	'1654',	NULL,	'890129035608',	NULL,	NULL,	NULL,	NULL,	NULL,	NULL,	NULL,	NULL,	NULL,	NULL,	'sakinah@mpc.gov.my',	'0',	NULL,	7,	27,	3,	NULL,	NULL,	NULL,	1,	1,	0,	NULL,	NULL,	NULL,	NULL,	NULL,	NULL,	NULL,	NULL,	NULL,	NULL,	NULL,	0,	0,	0,	0,	'2021-06-25 03:24:18',	'2022-01-06 13:53:18',	NULL),
(279,	279,	1,	1,	1,	'Siti Salia Azizan',	'1562',	NULL,	'770502025592',	NULL,	NULL,	NULL,	NULL,	NULL,	NULL,	NULL,	NULL,	NULL,	NULL,	'salia@mpc.gov.my',	'0',	NULL,	5,	2,	28,	NULL,	NULL,	NULL,	1,	1,	0,	NULL,	NULL,	NULL,	NULL,	NULL,	NULL,	NULL,	NULL,	NULL,	NULL,	NULL,	0,	0,	0,	0,	'2021-06-25 08:39:25',	'2022-01-06 13:53:19',	NULL),
(280,	280,	1,	1,	1,	'SITI SALMIAH YAHAYA',	'2135',	NULL,	'641101065170',	NULL,	NULL,	NULL,	NULL,	NULL,	NULL,	NULL,	NULL,	NULL,	NULL,	'siti@mpc.gov.my',	'0',	NULL,	5,	14,	19,	NULL,	36,	NULL,	1,	1,	0,	NULL,	NULL,	NULL,	NULL,	NULL,	NULL,	NULL,	NULL,	NULL,	NULL,	NULL,	0,	0,	0,	0,	'2019-03-29 10:11:45',	'2019-03-29 10:11:45',	NULL),
(281,	281,	1,	1,	1,	'SITI SYAFIQAH AHMAD',	'1586',	'MH31045616',	'891122146000',	'A50377080',	NULL,	NULL,	NULL,	NULL,	NULL,	NULL,	'0184066193',	NULL,	NULL,	'syafiqah@mpc.gov.my',	'0',	NULL,	3,	27,	3,	NULL,	NULL,	NULL,	1,	1,	0,	NULL,	NULL,	NULL,	NULL,	NULL,	NULL,	NULL,	NULL,	NULL,	NULL,	NULL,	0,	0,	0,	0,	'2021-11-08 16:57:56',	'2022-01-06 13:53:21',	NULL),
(282,	282,	1,	1,	1,	'Siti Zaharah Mohamed',	'3039',	NULL,	'860913235390',	NULL,	NULL,	NULL,	NULL,	NULL,	NULL,	NULL,	NULL,	NULL,	NULL,	'zaharah@mpc.gov.my',	'0',	NULL,	5,	6,	18,	NULL,	NULL,	NULL,	1,	1,	0,	NULL,	NULL,	NULL,	NULL,	NULL,	NULL,	NULL,	NULL,	NULL,	NULL,	NULL,	0,	0,	0,	0,	'2021-06-25 06:57:39',	'2022-01-06 13:53:22',	NULL),
(283,	283,	1,	1,	1,	'SITI ZURIANAH OTHMAN',	'1528',	NULL,	'780808045202',	NULL,	NULL,	NULL,	NULL,	NULL,	NULL,	NULL,	'0132086101',	NULL,	NULL,	'zurianah@mpc.gov.my',	'0',	NULL,	6,	27,	3,	NULL,	NULL,	NULL,	1,	1,	0,	NULL,	NULL,	NULL,	NULL,	NULL,	NULL,	NULL,	NULL,	NULL,	NULL,	NULL,	0,	0,	0,	0,	'2021-06-25 03:43:59',	'2022-01-06 13:53:23',	NULL),
(284,	284,	1,	1,	1,	'SUGUMAR A/L SAMINATHAN',	'1353',	NULL,	'650711025373',	NULL,	NULL,	NULL,	NULL,	NULL,	NULL,	NULL,	NULL,	NULL,	NULL,	'sugumar@mpc.gov.my',	'0',	NULL,	6,	33,	7,	NULL,	NULL,	NULL,	1,	1,	0,	NULL,	NULL,	NULL,	NULL,	NULL,	NULL,	NULL,	NULL,	NULL,	NULL,	NULL,	0,	0,	0,	0,	'2021-06-25 03:44:26',	'2022-01-06 13:53:24',	NULL),
(285,	285,	1,	1,	1,	'SUHAIMI HAMAD',	'1209',	'',	'610920035475',	'',	'',	'',	'',	NULL,	NULL,	NULL,	NULL,	NULL,	NULL,	'suhaimi@mpc.gov.my',	'0',	NULL,	4,	17,	7,	NULL,	304,	NULL,	1,	1,	0,	NULL,	NULL,	NULL,	NULL,	NULL,	NULL,	NULL,	NULL,	NULL,	NULL,	NULL,	0,	0,	0,	0,	'2021-06-25 03:44:56',	'2021-06-25 03:44:56',	NULL),
(286,	286,	1,	1,	1,	'Suhaimi Robini',	'2988',	NULL,	'821006015819',	NULL,	NULL,	NULL,	NULL,	NULL,	NULL,	NULL,	NULL,	NULL,	NULL,	'suhaimi_robini@mpc.gov.my',	'0',	NULL,	5,	14,	18,	NULL,	NULL,	NULL,	1,	1,	0,	NULL,	NULL,	NULL,	NULL,	NULL,	NULL,	NULL,	NULL,	NULL,	NULL,	NULL,	0,	0,	0,	0,	'2021-06-28 04:28:06',	'2022-01-06 13:53:26',	NULL),
(287,	287,	1,	1,	1,	'DR. SURIATI ZAINAL ABIDIN',	'1378',	NULL,	'720615045084',	NULL,	NULL,	NULL,	NULL,	NULL,	NULL,	NULL,	NULL,	NULL,	NULL,	'ati@mpc.gov.my',	'0',	NULL,	6,	33,	6,	NULL,	NULL,	NULL,	1,	1,	0,	NULL,	NULL,	NULL,	NULL,	NULL,	NULL,	NULL,	NULL,	NULL,	NULL,	NULL,	0,	0,	0,	0,	'2021-06-25 03:23:23',	'2022-01-06 13:53:27',	NULL),
(288,	288,	1,	1,	1,	'SUZANA ISMAIL',	'2941',	'',	'730505035706',	'',	'',	'',	'',	NULL,	NULL,	NULL,	NULL,	NULL,	NULL,	'suzana@mpc.gov.my',	'0',	NULL,	7,	18,	4,	NULL,	183,	NULL,	1,	1,	0,	NULL,	NULL,	NULL,	NULL,	NULL,	NULL,	NULL,	NULL,	NULL,	NULL,	NULL,	0,	0,	0,	0,	'2022-01-10 03:23:58',	'2022-01-10 03:23:58',	NULL),
(289,	289,	1,	1,	1,	'SYAIRAH ZAIMAH SHAFIEE',	'3143',	NULL,	'860504387326',	NULL,	NULL,	NULL,	NULL,	NULL,	NULL,	NULL,	NULL,	NULL,	NULL,	'syairah@mpc.gov.my',	'0',	NULL,	7,	14,	18,	NULL,	NULL,	NULL,	1,	1,	0,	NULL,	NULL,	NULL,	NULL,	NULL,	NULL,	NULL,	NULL,	NULL,	NULL,	NULL,	0,	0,	0,	0,	'2019-11-25 19:45:40',	'2022-01-06 13:53:29',	NULL),
(290,	290,	1,	1,	1,	'Syed Mohammad Fitri Syed Abdul Rahim',	'2979',	NULL,	'780905065205',	NULL,	NULL,	NULL,	NULL,	NULL,	NULL,	NULL,	NULL,	NULL,	NULL,	'smfitri@mpc.gov.my',	'0',	NULL,	5,	24,	2,	NULL,	NULL,	NULL,	1,	1,	0,	NULL,	NULL,	NULL,	NULL,	NULL,	NULL,	NULL,	NULL,	NULL,	NULL,	NULL,	0,	0,	0,	0,	'2021-06-25 08:36:34',	'2022-01-06 13:53:30',	NULL),
(291,	291,	1,	1,	1,	'SYED MOHD. AL-KHAFIEZ SHAH SYED MOHD. AZAM SHAH',	'2966',	NULL,	'800531145133',	NULL,	NULL,	NULL,	NULL,	NULL,	NULL,	NULL,	NULL,	NULL,	NULL,	'syed@mpc.gov.my',	'0',	NULL,	5,	27,	3,	NULL,	NULL,	NULL,	1,	1,	0,	NULL,	NULL,	NULL,	NULL,	NULL,	NULL,	NULL,	NULL,	NULL,	NULL,	NULL,	0,	0,	0,	0,	'2021-06-25 06:59:48',	'2022-01-06 13:53:31',	NULL),
(292,	292,	1,	1,	1,	'THEA JUMINITA CHEONG KIAM',	'2119',	NULL,	'611123125392',	NULL,	NULL,	NULL,	NULL,	NULL,	NULL,	NULL,	NULL,	NULL,	NULL,	'thea@mpc.gov.my',	'0',	NULL,	7,	14,	19,	NULL,	NULL,	NULL,	1,	1,	0,	NULL,	NULL,	NULL,	NULL,	NULL,	NULL,	NULL,	NULL,	NULL,	NULL,	NULL,	0,	0,	0,	0,	'2021-06-28 02:22:46',	'2022-01-06 13:53:32',	NULL),
(293,	293,	1,	1,	1,	'UMI KALSOM OSMAN',	'2082',	NULL,	'610102045102',	NULL,	NULL,	NULL,	NULL,	NULL,	NULL,	NULL,	NULL,	NULL,	NULL,	'umi@mpc.gov.my',	'0',	NULL,	7,	31,	23,	NULL,	66,	NULL,	1,	1,	0,	NULL,	NULL,	NULL,	NULL,	NULL,	NULL,	NULL,	NULL,	NULL,	NULL,	NULL,	0,	0,	0,	0,	'2019-03-29 10:11:45',	'2019-03-29 10:11:45',	NULL),
(294,	294,	1,	1,	1,	'VIMALA A/P R.MUNIANDY',	'1567',	NULL,	'830708146260',	NULL,	NULL,	NULL,	NULL,	NULL,	NULL,	NULL,	'0122435208',	'0122435208',	NULL,	'vimala@mpc.gov.my',	'0',	NULL,	6,	27,	3,	NULL,	NULL,	NULL,	1,	1,	0,	NULL,	NULL,	NULL,	NULL,	NULL,	NULL,	NULL,	NULL,	NULL,	NULL,	NULL,	0,	0,	0,	0,	'2021-06-25 02:56:18',	'2022-01-06 13:53:34',	NULL),
(295,	295,	1,	1,	1,	'WAILA MOHD. NASIR',	'1381',	NULL,	'730621106022',	NULL,	NULL,	NULL,	NULL,	NULL,	NULL,	NULL,	NULL,	NULL,	NULL,	'waila@mpc.gov.my',	'0',	NULL,	7,	19,	5,	NULL,	NULL,	NULL,	1,	1,	0,	NULL,	NULL,	NULL,	NULL,	NULL,	NULL,	NULL,	NULL,	NULL,	NULL,	NULL,	0,	0,	0,	0,	'2021-09-20 15:15:50',	'2022-01-06 13:53:35',	NULL),
(296,	296,	1,	1,	1,	'WAN FARID WAN HAMAD @ WAN AHMAD',	'1587',	NULL,	'791024105661',	NULL,	'C-6-20, Level 6, Block C, Masreca19',	NULL,	NULL,	'63200',	1684,	14,	'+60163841467',	NULL,	NULL,	'wanfarid@mpc.gov.my',	'0',	NULL,	4,	27,	3,	NULL,	NULL,	NULL,	1,	1,	0,	NULL,	NULL,	NULL,	NULL,	NULL,	NULL,	NULL,	NULL,	NULL,	NULL,	NULL,	0,	0,	0,	0,	'2021-06-25 04:01:16',	'2022-01-06 13:53:36',	NULL),
(297,	297,	1,	1,	1,	'WAN FAZLIN NADIA WAN OSMAN',	'1417',	'309836715',	'791126015974',	'',	'',	'',	'',	NULL,	NULL,	NULL,	'0123884464',	NULL,	NULL,	'nadia@mpc.gov.my',	'0',	NULL,	6,	17,	7,	NULL,	304,	304,	1,	1,	0,	NULL,	NULL,	NULL,	NULL,	NULL,	NULL,	NULL,	NULL,	NULL,	NULL,	NULL,	0,	0,	0,	0,	'2022-01-07 08:05:57',	'2022-01-07 08:05:57',	NULL),
(298,	298,	1,	1,	1,	'WAN KHAIRUNNISA AZMI',	'1569',	NULL,	'860225295576',	NULL,	NULL,	NULL,	NULL,	NULL,	NULL,	NULL,	NULL,	NULL,	NULL,	'khairunnisa@mpc.gov.my',	'0',	NULL,	5,	27,	3,	NULL,	NULL,	NULL,	1,	1,	0,	NULL,	NULL,	NULL,	NULL,	NULL,	NULL,	NULL,	NULL,	NULL,	NULL,	NULL,	0,	0,	0,	0,	'2021-06-23 05:17:41',	'2022-01-06 13:53:38',	NULL),
(299,	299,	1,	1,	1,	'WAN NORHANI WAN KHALID',	'1536',	NULL,	'640706115164',	NULL,	NULL,	NULL,	NULL,	NULL,	NULL,	NULL,	'0196664016',	NULL,	NULL,	'wannorhani@mpc.gov.my',	'0',	NULL,	5,	4,	30,	NULL,	NULL,	NULL,	1,	1,	0,	NULL,	NULL,	NULL,	NULL,	NULL,	NULL,	NULL,	NULL,	NULL,	NULL,	NULL,	0,	0,	0,	0,	'2020-10-16 07:19:22',	'2022-01-06 13:53:39',	NULL),
(300,	300,	1,	1,	1,	'WAN ROZITA HUSSAIN',	'2959',	NULL,	'770518065820',	NULL,	NULL,	NULL,	NULL,	NULL,	NULL,	NULL,	NULL,	NULL,	NULL,	'wanrozita@mpc.gov.my',	'0',	NULL,	3,	30,	23,	NULL,	NULL,	NULL,	1,	1,	0,	NULL,	NULL,	NULL,	NULL,	NULL,	NULL,	NULL,	NULL,	NULL,	NULL,	NULL,	0,	0,	0,	0,	'2021-06-25 03:13:32',	'2022-01-06 13:53:40',	NULL),
(301,	301,	1,	1,	1,	'Wan Yusnaini Wan Yaacob',	'1403',	NULL,	'710502035534',	NULL,	NULL,	NULL,	NULL,	NULL,	NULL,	NULL,	NULL,	NULL,	NULL,	'yusnaini@mpc.gov.my',	'0',	NULL,	7,	18,	4,	NULL,	NULL,	NULL,	1,	1,	0,	NULL,	NULL,	NULL,	NULL,	NULL,	NULL,	NULL,	NULL,	NULL,	NULL,	NULL,	0,	0,	0,	0,	'2021-09-06 01:34:22',	'2022-01-06 13:53:41',	NULL),
(302,	302,	1,	1,	1,	'Wan Zainulhaq Thaniah Che Haron',	'3091',	NULL,	'710129035076',	NULL,	NULL,	NULL,	NULL,	NULL,	NULL,	NULL,	NULL,	NULL,	NULL,	'WanZainulhaq@mpc.gov.my',	'0',	NULL,	5,	6,	18,	NULL,	NULL,	NULL,	1,	1,	0,	NULL,	NULL,	NULL,	NULL,	NULL,	NULL,	NULL,	NULL,	NULL,	NULL,	NULL,	0,	0,	0,	0,	'2021-06-25 08:24:49',	'2022-01-06 13:53:42',	NULL),
(303,	303,	1,	1,	1,	'ZAFFRULLA BIN HUSSEIN',	'1379',	'MH31484961',	'691003035395',	'A51979816',	'No 17',	'Jalan Spektrum U16/13b',	NULL,	'40160',	1078,	14,	'+60133413195',	'0133413195',	NULL,	'zaff@mpc.gov.my',	'0',	NULL,	6,	19,	5,	NULL,	NULL,	304,	1,	1,	0,	NULL,	NULL,	NULL,	NULL,	NULL,	NULL,	NULL,	NULL,	NULL,	NULL,	NULL,	0,	0,	0,	0,	'2022-01-04 03:07:32',	'2022-01-06 13:53:43',	NULL),
(304,	304,	1,	1,	1,	'ZAHID ISMAIL',	'1315',	'081875426',	'660320075225',	NULL,	'No. 35, Jalan Suadamai 11/5',	'Bandar Tun Hussein Onn',	NULL,	'43200',	1201,	14,	'0192796198',	NULL,	NULL,	'zahid@mpc.gov.my',	'0',	NULL,	4,	17,	7,	NULL,	NULL,	NULL,	1,	1,	0,	NULL,	NULL,	NULL,	NULL,	NULL,	NULL,	NULL,	NULL,	NULL,	NULL,	NULL,	0,	0,	0,	0,	'2021-10-29 06:00:11',	'2022-01-06 13:53:44',	NULL),
(305,	305,	1,	1,	1,	'Zaidah Hassan',	'3017',	NULL,	'810614065568',	NULL,	NULL,	NULL,	NULL,	NULL,	NULL,	NULL,	NULL,	NULL,	NULL,	'zaidah@mpc.gov.my',	'0',	NULL,	6,	30,	22,	NULL,	NULL,	NULL,	1,	1,	0,	NULL,	NULL,	NULL,	NULL,	NULL,	NULL,	NULL,	NULL,	NULL,	NULL,	NULL,	0,	0,	0,	0,	'2021-06-25 07:02:16',	'2022-01-06 13:53:45',	NULL),
(306,	306,	1,	1,	1,	'Zaini Haron',	'2993',	NULL,	'830119105073',	NULL,	NULL,	NULL,	NULL,	NULL,	NULL,	NULL,	NULL,	NULL,	NULL,	'zainiharon@mpc.gov.my',	'0',	NULL,	7,	10,	16,	NULL,	NULL,	NULL,	1,	1,	0,	NULL,	NULL,	NULL,	NULL,	NULL,	NULL,	NULL,	NULL,	NULL,	NULL,	NULL,	0,	0,	0,	0,	'2021-06-28 01:39:18',	'2022-01-06 13:53:46',	NULL),
(307,	307,	1,	1,	1,	'DATIN ZAINON BAKAR',	'1280',	'601462396',	'630524106620',	'A36811501',	'No 30 Jalan Tun Teja 35/2a',	'Alam Impian Seksyen 35',	NULL,	'40470',	1085,	14,	NULL,	'0351670707',	NULL,	'zainon@mpc.gov.my',	'0',	NULL,	7,	17,	7,	NULL,	NULL,	NULL,	1,	1,	0,	NULL,	NULL,	NULL,	NULL,	NULL,	NULL,	NULL,	NULL,	NULL,	NULL,	NULL,	0,	0,	0,	0,	'2021-11-08 16:56:54',	'2022-01-06 13:53:47',	NULL),
(308,	308,	1,	1,	1,	'ZAINUDIN ELIAS',	'1296',	NULL,	'650322015235',	NULL,	NULL,	NULL,	NULL,	NULL,	NULL,	NULL,	NULL,	NULL,	NULL,	'zainudine@mpc.gov.my',	'0',	NULL,	7,	33,	6,	NULL,	NULL,	NULL,	1,	1,	0,	NULL,	NULL,	NULL,	NULL,	NULL,	NULL,	NULL,	NULL,	NULL,	NULL,	NULL,	0,	0,	0,	0,	'2021-10-29 06:04:09',	'2022-01-06 13:53:48',	NULL),
(309,	309,	1,	1,	1,	'ZAITON NORDIN',	'2136',	'',	'621101065316',	'',	'',	'',	'',	NULL,	NULL,	NULL,	NULL,	NULL,	NULL,	'zainordin@mpc.gov.my',	'0',	NULL,	3,	14,	19,	NULL,	9,	NULL,	1,	1,	0,	NULL,	NULL,	NULL,	NULL,	NULL,	NULL,	NULL,	NULL,	NULL,	NULL,	NULL,	0,	0,	0,	0,	'2021-06-25 03:48:55',	'2021-06-25 03:48:55',	NULL),
(310,	310,	1,	1,	1,	'ZAKI JAAFAR',	'1341',	'314867210',	'670719035611',	'A39749933',	'45, Jln Bj14',	'Taman Balakong Jaya',	NULL,	'43300',	1203,	14,	'0122694835',	'0389594835',	NULL,	'zeck@mpc.gov.my',	'0',	NULL,	6,	19,	5,	NULL,	NULL,	NULL,	1,	1,	0,	NULL,	NULL,	NULL,	NULL,	NULL,	NULL,	NULL,	NULL,	NULL,	NULL,	NULL,	0,	0,	0,	0,	'2021-06-25 03:49:43',	'2022-01-06 13:53:50',	NULL),
(311,	311,	1,	1,	1,	'Zawiyah Abd Manaf',	'3111',	NULL,	'871012235530',	NULL,	NULL,	NULL,	NULL,	NULL,	NULL,	NULL,	NULL,	NULL,	NULL,	'zawiyahmanaf@mpc.gov.my',	'0',	NULL,	5,	14,	18,	NULL,	NULL,	NULL,	1,	1,	0,	NULL,	NULL,	NULL,	NULL,	NULL,	NULL,	NULL,	NULL,	NULL,	NULL,	NULL,	0,	0,	0,	0,	'2021-06-28 04:26:53',	'2022-01-06 13:53:51',	NULL),
(312,	312,	1,	1,	1,	'Zubir Zainuddin',	'2283',	NULL,	'720327055077',	NULL,	NULL,	NULL,	NULL,	NULL,	NULL,	NULL,	NULL,	NULL,	NULL,	'zack@mpc.gov.my',	'0',	NULL,	5,	10,	16,	NULL,	NULL,	NULL,	1,	1,	0,	NULL,	NULL,	NULL,	NULL,	NULL,	NULL,	NULL,	NULL,	NULL,	NULL,	NULL,	0,	0,	0,	0,	'2021-06-25 08:26:09',	'2022-01-06 13:53:52',	NULL),
(313,	313,	1,	1,	1,	'Zul Ezwan Muhamad',	'1511',	NULL,	'810122015257',	NULL,	NULL,	NULL,	NULL,	NULL,	NULL,	NULL,	NULL,	NULL,	NULL,	'zulezwan@mpc.gov.my',	'0',	NULL,	7,	27,	3,	NULL,	NULL,	NULL,	1,	1,	0,	NULL,	NULL,	NULL,	NULL,	NULL,	NULL,	NULL,	NULL,	NULL,	NULL,	NULL,	0,	0,	0,	0,	'2019-03-29 10:11:45',	'2022-01-06 13:53:53',	NULL),
(314,	314,	1,	1,	1,	'ZULAIFAH OMAR',	'1307',	NULL,	'631016015006',	NULL,	NULL,	NULL,	NULL,	NULL,	NULL,	NULL,	NULL,	NULL,	NULL,	'xue@mpc.gov.my',	'0',	NULL,	4,	33,	6,	NULL,	NULL,	NULL,	1,	1,	0,	NULL,	NULL,	NULL,	NULL,	NULL,	NULL,	NULL,	NULL,	NULL,	NULL,	NULL,	0,	0,	0,	0,	'2021-06-25 03:58:43',	'2022-01-06 13:53:54',	NULL),
(315,	315,	1,	1,	1,	'Zunaidah Awang Nawi',	'2972',	NULL,	'820911035882',	NULL,	NULL,	NULL,	NULL,	NULL,	NULL,	NULL,	NULL,	NULL,	NULL,	'zunaidah@mpc.gov.my',	'0',	NULL,	5,	14,	19,	NULL,	NULL,	NULL,	1,	1,	0,	NULL,	NULL,	NULL,	NULL,	NULL,	NULL,	NULL,	NULL,	NULL,	NULL,	NULL,	0,	0,	0,	0,	'2021-06-25 08:32:13',	'2022-01-06 13:53:55',	NULL),
(316,	316,	1,	1,	1,	'ZURAIDI ZAINOL',	'1500',	'',	'830428095219',	'',	'',	'',	'',	NULL,	NULL,	NULL,	'0196441983',	NULL,	NULL,	'zuraidi@mpc.gov.my',	'0',	NULL,	5,	18,	4,	NULL,	49,	131,	1,	1,	0,	NULL,	NULL,	NULL,	NULL,	NULL,	NULL,	NULL,	NULL,	NULL,	NULL,	NULL,	0,	0,	0,	0,	'2022-01-07 08:18:24',	'2022-01-07 08:18:24',	NULL),
(317,	317,	1,	1,	1,	'ZURAINI SUBKI',	'1658',	NULL,	'820829035744',	NULL,	NULL,	NULL,	NULL,	NULL,	NULL,	NULL,	NULL,	NULL,	NULL,	'zuraini@mpc.gov.my',	'0',	NULL,	7,	27,	3,	NULL,	NULL,	NULL,	1,	1,	0,	NULL,	NULL,	NULL,	NULL,	NULL,	NULL,	NULL,	NULL,	NULL,	NULL,	NULL,	0,	0,	0,	0,	'2021-06-25 08:08:53',	'2022-01-06 13:53:57',	NULL),
(318,	318,	1,	1,	1,	'Zurianti Nor Azian Mohd. Nafi',	'3148',	NULL,	'880229065872',	NULL,	NULL,	NULL,	NULL,	NULL,	NULL,	NULL,	NULL,	NULL,	NULL,	'zurianti@mpc.gov.my',	'0',	NULL,	5,	14,	18,	NULL,	NULL,	NULL,	1,	1,	0,	NULL,	NULL,	NULL,	NULL,	NULL,	NULL,	NULL,	NULL,	NULL,	NULL,	NULL,	0,	0,	0,	0,	'2021-06-28 04:21:58',	'2022-01-06 13:53:58',	NULL),
(319,	319,	1,	1,	1,	'ABDUL RAHMAN KAMIS',	'1699',	NULL,	'911019085241',	NULL,	NULL,	NULL,	NULL,	NULL,	NULL,	NULL,	'0133693243',	NULL,	NULL,	'arahman@mpc.gov.my',	'0',	NULL,	6,	27,	3,	NULL,	NULL,	NULL,	1,	1,	0,	NULL,	NULL,	NULL,	NULL,	NULL,	NULL,	NULL,	NULL,	NULL,	NULL,	NULL,	0,	0,	0,	0,	'2021-06-28 08:09:22',	'2022-01-06 13:53:59',	NULL),
(320,	320,	1,	1,	1,	'AIMI ZAHIRA AZAMI',	'3154',	NULL,	'891008026064',	NULL,	NULL,	NULL,	NULL,	NULL,	NULL,	NULL,	NULL,	NULL,	NULL,	'aimizahira@mpc.gov.my',	'0',	NULL,	8,	14,	18,	NULL,	33,	NULL,	1,	1,	0,	NULL,	NULL,	NULL,	NULL,	NULL,	NULL,	NULL,	NULL,	NULL,	NULL,	NULL,	0,	0,	0,	0,	'2019-03-29 10:11:45',	'2019-03-29 10:11:45',	NULL),
(321,	321,	1,	1,	1,	'ANIS SYAFIQAH AYOB',	'3161',	NULL,	'910208095030',	NULL,	NULL,	NULL,	NULL,	NULL,	NULL,	NULL,	NULL,	NULL,	NULL,	'anissyafiqah@mpc.gov.my',	'0',	NULL,	7,	27,	3,	NULL,	66,	NULL,	1,	1,	0,	NULL,	NULL,	NULL,	NULL,	NULL,	NULL,	NULL,	NULL,	NULL,	NULL,	NULL,	0,	0,	0,	0,	'2019-03-29 10:11:45',	'2019-03-29 10:11:45',	NULL),
(322,	322,	1,	1,	1,	'JERRECY ELSIE P. TOJIPUN',	'3099',	NULL,	'841208125352',	NULL,	NULL,	NULL,	NULL,	NULL,	NULL,	NULL,	'0178179663',	NULL,	NULL,	'jerrecy@mpc.gov.my',	'0',	NULL,	10,	14,	18,	NULL,	NULL,	NULL,	1,	1,	0,	NULL,	NULL,	NULL,	NULL,	NULL,	NULL,	NULL,	NULL,	NULL,	NULL,	NULL,	0,	0,	0,	0,	'2020-11-16 07:36:29',	'2022-01-06 13:54:02',	NULL),
(323,	323,	1,	1,	1,	'MOHAMAD AMIRUL ARIF SAHIMI',	'3128',	NULL,	'910408036123',	NULL,	NULL,	NULL,	NULL,	NULL,	NULL,	NULL,	NULL,	NULL,	NULL,	'mohamad@mpc.gov.my',	'0',	NULL,	8,	14,	18,	NULL,	33,	NULL,	1,	1,	0,	NULL,	NULL,	NULL,	NULL,	NULL,	NULL,	NULL,	NULL,	NULL,	NULL,	NULL,	0,	0,	0,	0,	'2019-03-29 10:11:45',	'2019-03-29 10:11:45',	NULL),
(324,	324,	1,	1,	1,	'MOHAMMAD FADZRUL FARIDZ HAZNI',	'1678',	'',	'930527045223',	'',	'',	'',	'',	NULL,	NULL,	NULL,	NULL,	NULL,	NULL,	'mfadzrul@mpc.gov.my',	'0',	NULL,	5,	27,	3,	NULL,	36,	NULL,	1,	1,	0,	NULL,	NULL,	NULL,	NULL,	NULL,	NULL,	3,	NULL,	23,	NULL,	NULL,	0,	0,	0,	0,	'2020-12-30 04:29:12',	'2020-12-30 04:29:12',	NULL),
(325,	325,	1,	1,	1,	'MOHD AIZUDDIN NOOR AZMAN',	'1674',	NULL,	'890129085541',	NULL,	NULL,	NULL,	NULL,	NULL,	NULL,	NULL,	NULL,	NULL,	NULL,	'aizuddin@mpc.gov.my',	'0',	NULL,	6,	27,	3,	NULL,	NULL,	NULL,	1,	1,	0,	NULL,	NULL,	NULL,	NULL,	NULL,	NULL,	NULL,	NULL,	NULL,	NULL,	NULL,	0,	0,	0,	0,	'2021-06-28 08:17:00',	'2022-01-06 13:54:05',	NULL),
(326,	326,	1,	1,	1,	'MOHD MUJAHID MOHD YUSOFF',	'1662',	NULL,	'900521036193',	NULL,	NULL,	NULL,	NULL,	NULL,	NULL,	NULL,	'0194490379',	NULL,	NULL,	'mujahid@mpc.gov.my',	'0',	NULL,	8,	27,	3,	NULL,	NULL,	NULL,	1,	1,	0,	NULL,	NULL,	NULL,	NULL,	NULL,	NULL,	NULL,	NULL,	NULL,	NULL,	NULL,	0,	0,	0,	0,	'2021-08-16 09:42:11',	'2022-01-06 13:54:06',	NULL),
(327,	327,	1,	1,	1,	'MUHAMMAD ADIB FITRIE MUKHTAR',	'1676',	NULL,	'910416036107',	NULL,	NULL,	NULL,	NULL,	NULL,	NULL,	NULL,	NULL,	NULL,	NULL,	'adibfitrie@mpc.gov.my',	'0',	NULL,	4,	27,	3,	NULL,	285,	NULL,	1,	1,	0,	NULL,	NULL,	NULL,	NULL,	NULL,	NULL,	NULL,	NULL,	NULL,	NULL,	NULL,	0,	0,	0,	0,	'2019-03-29 10:11:45',	'2019-03-29 10:11:45',	NULL),
(328,	328,	1,	1,	1,	'MUHAMMAD AZRULL NAZREEN',	'1683',	NULL,	'940822015325',	NULL,	NULL,	NULL,	NULL,	NULL,	NULL,	NULL,	NULL,	NULL,	NULL,	'azrullnazreen@mpc.gov.my',	'0',	NULL,	4,	27,	3,	NULL,	304,	NULL,	1,	1,	0,	NULL,	NULL,	NULL,	NULL,	NULL,	NULL,	NULL,	NULL,	NULL,	NULL,	NULL,	0,	0,	0,	0,	'2019-03-29 10:11:45',	'2019-03-29 10:11:45',	NULL),
(329,	329,	1,	1,	1,	'MUHAMMAD FIRDAUS YAHYA',	'1693',	NULL,	'940723015733',	NULL,	NULL,	NULL,	NULL,	NULL,	NULL,	NULL,	NULL,	NULL,	NULL,	'firdaus@mpc.gov.my',	'0',	NULL,	4,	27,	3,	NULL,	304,	NULL,	1,	1,	0,	NULL,	NULL,	NULL,	NULL,	NULL,	NULL,	NULL,	NULL,	NULL,	NULL,	NULL,	0,	0,	0,	0,	'2019-03-29 10:11:45',	'2019-03-29 10:11:45',	NULL),
(330,	330,	1,	1,	1,	'MUHAMMAD HANIF CHE WAN NAMAN',	'1685',	'323906332',	'950913035929',	'',	'',	'',	'',	NULL,	NULL,	NULL,	'0194707856',	NULL,	NULL,	'hanif@mpc.gov.my',	'0',	NULL,	6,	27,	3,	NULL,	39,	NULL,	1,	1,	0,	NULL,	NULL,	NULL,	NULL,	NULL,	NULL,	3,	NULL,	23,	NULL,	NULL,	0,	0,	0,	0,	'2019-04-17 20:29:31',	'2019-04-17 20:29:31',	NULL),
(331,	331,	1,	1,	1,	'MUHAMMAD IMAZAKWAN ABDUL RAZAK',	'1696',	NULL,	'930213145205',	NULL,	NULL,	NULL,	NULL,	NULL,	NULL,	NULL,	NULL,	NULL,	NULL,	'imazakwan@mpc.gov.my',	'0',	NULL,	2,	27,	3,	NULL,	242,	NULL,	1,	1,	0,	NULL,	NULL,	NULL,	NULL,	NULL,	NULL,	NULL,	NULL,	NULL,	NULL,	NULL,	0,	0,	0,	0,	'2019-03-29 10:11:45',	'2019-03-29 10:11:45',	NULL),
(332,	332,	1,	1,	1,	'MUHAMMAD ZARUL NAIM ZUL HADDI',	'1677',	NULL,	'941218085225',	NULL,	NULL,	NULL,	NULL,	NULL,	NULL,	NULL,	NULL,	NULL,	NULL,	'zarulnaim@mpc.gov.my',	'0',	NULL,	6,	27,	3,	NULL,	9,	NULL,	1,	1,	0,	NULL,	NULL,	NULL,	NULL,	NULL,	NULL,	NULL,	NULL,	NULL,	NULL,	NULL,	0,	0,	0,	0,	'2019-03-29 10:11:45',	'2019-03-29 10:11:45',	NULL),
(333,	333,	1,	1,	1,	'MUNIRA ABD RAZAK',	'3150',	NULL,	'821219105244',	NULL,	NULL,	NULL,	NULL,	NULL,	NULL,	NULL,	NULL,	NULL,	NULL,	'muniraabd@mpc.gov.my',	'0',	NULL,	12,	14,	18,	NULL,	255,	NULL,	1,	1,	0,	NULL,	NULL,	NULL,	NULL,	NULL,	NULL,	NULL,	NULL,	NULL,	NULL,	NULL,	0,	0,	0,	0,	'2019-03-29 10:11:45',	'2019-03-29 10:11:45',	NULL),
(334,	334,	1,	1,	1,	'NADIAH JAMAL',	'1668',	NULL,	'930416105414',	NULL,	NULL,	NULL,	NULL,	NULL,	NULL,	NULL,	NULL,	NULL,	NULL,	'nadiah@mpc.gov.my',	'0',	NULL,	6,	27,	3,	NULL,	9,	NULL,	1,	1,	0,	NULL,	NULL,	NULL,	NULL,	NULL,	NULL,	NULL,	NULL,	NULL,	NULL,	NULL,	0,	0,	0,	0,	'2019-03-29 10:11:45',	'2019-03-29 10:11:45',	NULL),
(335,	335,	1,	1,	1,	'NARATUL NURHANIZA RUSLI',	'3169',	NULL,	'940209146298',	NULL,	'Test Alamat',	'Test Alamat 2',	NULL,	'43000',	1197,	14,	NULL,	NULL,	NULL,	'naratul@mpc.gov.my',	'0',	NULL,	5,	14,	18,	NULL,	NULL,	NULL,	1,	1,	0,	NULL,	NULL,	NULL,	NULL,	NULL,	NULL,	NULL,	NULL,	NULL,	NULL,	NULL,	0,	0,	0,	0,	'2021-06-28 04:27:41',	'2022-01-06 13:54:15',	NULL),
(336,	336,	1,	1,	1,	'NASUHA MISRI',	'1671',	NULL,	'930827016256',	NULL,	NULL,	NULL,	NULL,	NULL,	NULL,	NULL,	NULL,	NULL,	NULL,	'nasuha@mpc.gov.my',	'0',	NULL,	12,	27,	3,	NULL,	NULL,	NULL,	1,	1,	0,	NULL,	NULL,	NULL,	NULL,	NULL,	NULL,	NULL,	NULL,	NULL,	NULL,	NULL,	0,	0,	0,	0,	'2021-06-25 07:18:23',	'2022-01-06 13:54:16',	NULL),
(337,	337,	1,	1,	1,	'NIK HANEEZ AMIZAN NIK ROSDI',	'1661',	'328214633',	'920718895010',	'A51451598',	'B-4-1, Fairville Apartment,',	'Jalan Usj 22/1, Usj 21,',	NULL,	'47630',	1325,	14,	'+60197181804',	NULL,	NULL,	'nikhaneez@mpc.gov.my',	'0',	NULL,	1,	27,	3,	NULL,	NULL,	NULL,	1,	1,	0,	NULL,	NULL,	NULL,	NULL,	NULL,	NULL,	NULL,	NULL,	NULL,	NULL,	NULL,	0,	0,	0,	0,	'2021-06-28 04:43:29',	'2022-01-06 13:54:17',	NULL),
(338,	338,	1,	1,	1,	'NOORAZLIN MOHD NASIR',	'1695',	NULL,	'930103085678',	NULL,	NULL,	NULL,	NULL,	NULL,	NULL,	NULL,	NULL,	NULL,	NULL,	'noorazlin@mpc.gov.my',	'0',	NULL,	6,	27,	3,	NULL,	9,	NULL,	1,	1,	0,	NULL,	NULL,	NULL,	NULL,	NULL,	NULL,	NULL,	NULL,	NULL,	NULL,	NULL,	0,	0,	0,	0,	'2019-03-29 10:11:45',	'2019-03-29 10:11:45',	NULL),
(339,	339,	1,	1,	1,	'NUR ASYIKIN SETAPA',	'1670',	NULL,	'920609035740',	NULL,	NULL,	NULL,	NULL,	NULL,	NULL,	NULL,	NULL,	NULL,	NULL,	'nurasyikin@mpc.gov.my',	'0',	NULL,	6,	27,	3,	NULL,	9,	NULL,	1,	1,	0,	NULL,	NULL,	NULL,	NULL,	NULL,	NULL,	NULL,	NULL,	NULL,	NULL,	NULL,	0,	0,	0,	0,	'2019-03-29 10:11:45',	'2019-03-29 10:11:45',	NULL),
(340,	340,	1,	1,	1,	'NUR FARHANA ZAIBIDI',	'3168',	NULL,	'871216015126',	NULL,	NULL,	NULL,	NULL,	NULL,	NULL,	NULL,	'0175905648',	NULL,	NULL,	'farhana@mpc.gov.my',	'0',	NULL,	5,	14,	18,	NULL,	131,	131,	1,	1,	0,	NULL,	NULL,	NULL,	NULL,	NULL,	NULL,	NULL,	NULL,	NULL,	NULL,	NULL,	0,	0,	0,	0,	'2021-06-28 04:23:57',	'2022-01-06 13:54:20',	NULL),
(341,	341,	1,	1,	1,	'Nurain Syafiqah Norazman',	'1692',	NULL,	'930624016096',	NULL,	NULL,	NULL,	NULL,	NULL,	NULL,	NULL,	NULL,	NULL,	NULL,	'nurainsyafiqah@mpc.gov.my',	'0',	NULL,	5,	27,	3,	NULL,	NULL,	NULL,	1,	1,	0,	NULL,	NULL,	NULL,	NULL,	NULL,	NULL,	NULL,	NULL,	NULL,	NULL,	NULL,	0,	0,	0,	0,	'2021-06-28 08:35:08',	'2022-01-06 13:54:21',	NULL),
(342,	342,	1,	1,	1,	'NUREZYAN SOFEA ZAIRUL MUJAHIDIN',	'1700',	NULL,	'940312015130',	NULL,	NULL,	NULL,	NULL,	NULL,	NULL,	NULL,	NULL,	NULL,	NULL,	'nurezyansofea@mpc.gov.my',	'0',	NULL,	4,	27,	3,	NULL,	304,	NULL,	1,	1,	0,	NULL,	NULL,	NULL,	NULL,	NULL,	NULL,	NULL,	NULL,	NULL,	NULL,	NULL,	0,	0,	0,	0,	'2019-03-29 10:11:45',	'2019-03-29 10:11:45',	NULL),
(343,	343,	1,	1,	1,	'NURFARIHA AHMAD',	'1698',	NULL,	'951130136162',	NULL,	'Malaysia Productivity Corporation',	'Level 2, Maa Tower',	'No. 6, Lorong Api-api 1',	'88000',	2139,	13,	'01165518008',	NULL,	NULL,	'nurfariha@mpc.gov.my',	'0',	NULL,	10,	27,	3,	NULL,	NULL,	NULL,	1,	1,	0,	NULL,	NULL,	NULL,	NULL,	NULL,	NULL,	NULL,	NULL,	NULL,	NULL,	NULL,	0,	0,	0,	0,	'2021-06-28 02:22:03',	'2022-01-06 13:54:23',	NULL),
(344,	344,	1,	1,	1,	'Nurul Husna Abdul Rashid',	'1690',	NULL,	'920422086556',	NULL,	NULL,	NULL,	NULL,	NULL,	NULL,	NULL,	NULL,	NULL,	NULL,	'nurulhusna@mpc.gov.my',	'0',	NULL,	7,	27,	3,	NULL,	NULL,	NULL,	1,	1,	0,	NULL,	NULL,	NULL,	NULL,	NULL,	NULL,	NULL,	NULL,	NULL,	NULL,	NULL,	0,	0,	0,	0,	'2020-11-27 06:20:56',	'2022-01-06 13:54:24',	NULL),
(345,	345,	1,	1,	1,	'Rabiatul Adawiyah Arzahar',	'3164',	NULL,	'970504145308',	NULL,	NULL,	NULL,	NULL,	NULL,	NULL,	NULL,	NULL,	NULL,	NULL,	'rabiatuladawiyah@mpc.gov.my',	'0',	NULL,	2,	14,	18,	NULL,	NULL,	NULL,	1,	1,	0,	NULL,	NULL,	NULL,	NULL,	NULL,	NULL,	NULL,	NULL,	NULL,	NULL,	NULL,	0,	0,	0,	0,	'2021-06-25 06:57:01',	'2022-01-06 13:54:25',	NULL),
(346,	346,	1,	1,	1,	'ROZAINY ELYZA ROSLI',	'1667',	NULL,	'940817146750',	NULL,	NULL,	NULL,	NULL,	NULL,	NULL,	NULL,	NULL,	NULL,	NULL,	'rozainy@mpc.gov.my',	'0',	NULL,	3,	27,	3,	NULL,	129,	NULL,	1,	1,	0,	NULL,	NULL,	NULL,	NULL,	NULL,	NULL,	NULL,	NULL,	NULL,	NULL,	NULL,	0,	0,	0,	0,	'2019-03-29 10:11:45',	'2019-03-29 10:11:45',	NULL),
(347,	347,	1,	1,	1,	'SHAZYMIN MAZLAN',	'3163',	NULL,	'930205075796',	NULL,	NULL,	NULL,	NULL,	NULL,	NULL,	NULL,	NULL,	NULL,	NULL,	'shazymin@mpc.gov.my',	'0',	NULL,	9,	14,	18,	NULL,	NULL,	NULL,	1,	1,	0,	NULL,	NULL,	NULL,	NULL,	NULL,	NULL,	NULL,	NULL,	NULL,	NULL,	NULL,	0,	0,	0,	0,	'2019-04-16 12:19:18',	'2022-01-06 13:54:27',	NULL),
(348,	348,	1,	1,	1,	'SITI HAJAR ISMAIL',	'1686',	NULL,	'930122085702',	NULL,	NULL,	NULL,	NULL,	NULL,	NULL,	NULL,	NULL,	NULL,	NULL,	'sitihajar@mpc.gov.my',	'0',	NULL,	4,	27,	3,	NULL,	304,	NULL,	1,	1,	0,	NULL,	NULL,	NULL,	NULL,	NULL,	NULL,	NULL,	NULL,	NULL,	NULL,	NULL,	0,	0,	0,	0,	'2019-03-29 10:11:45',	'2019-03-29 10:11:45',	NULL),
(349,	349,	1,	1,	1,	'SITI NUR SYUHAIDA MOHD SALLEH',	'1705',	'329581873',	'960416115070',	NULL,	'Jalan Loji Air',	'Kampung Bukit Bunga',	NULL,	'22010',	621,	16,	'01119773745',	NULL,	NULL,	'syuhaidasalleh96@gmail.com',	'0',	NULL,	6,	27,	3,	NULL,	NULL,	NULL,	1,	1,	0,	NULL,	NULL,	NULL,	NULL,	NULL,	NULL,	NULL,	NULL,	NULL,	NULL,	NULL,	0,	0,	0,	0,	'2021-06-28 08:17:19',	'2022-01-06 13:54:29',	NULL),
(350,	350,	1,	1,	1,	'SITI NURAINI AB HALIM',	'3167',	NULL,	'921013065046',	NULL,	NULL,	NULL,	NULL,	NULL,	NULL,	NULL,	NULL,	NULL,	NULL,	'sitinuraini@mpc.gov.my',	'0',	NULL,	5,	21,	27,	NULL,	36,	NULL,	1,	1,	0,	NULL,	NULL,	NULL,	NULL,	NULL,	NULL,	NULL,	NULL,	NULL,	NULL,	NULL,	0,	0,	0,	0,	'2019-03-29 10:11:45',	'2019-03-29 10:11:45',	NULL),
(351,	351,	1,	1,	1,	'SITI ROHANA RUBAIDI',	'1666',	'',	'910516106408',	'',	'',	'',	'',	NULL,	NULL,	NULL,	'0192313877',	NULL,	NULL,	'rohana@mpc.gov.my',	'0',	NULL,	6,	27,	3,	NULL,	307,	NULL,	1,	1,	0,	NULL,	NULL,	NULL,	NULL,	NULL,	NULL,	NULL,	NULL,	NULL,	NULL,	NULL,	0,	0,	0,	0,	'2019-08-05 14:39:15',	'2019-08-05 14:39:15',	NULL),
(352,	352,	1,	1,	1,	'SITI ZAHARAH IBRAHIM',	'1702',	'',	'830226045192',	'',	'',	'',	'',	NULL,	NULL,	NULL,	'0129710691',	'0129710691',	NULL,	'szaharah@mpc.gov.my',	'0',	NULL,	6,	27,	3,	NULL,	78,	NULL,	1,	1,	0,	NULL,	NULL,	NULL,	NULL,	NULL,	NULL,	2,	NULL,	23,	NULL,	NULL,	0,	0,	0,	0,	'2019-12-03 16:38:42',	'2019-12-03 16:38:42',	NULL),
(353,	353,	1,	1,	1,	'Syed Izzat Emir Syed Ahmad Razali',	'1691',	NULL,	'940405105629',	NULL,	NULL,	NULL,	NULL,	NULL,	NULL,	NULL,	NULL,	NULL,	NULL,	'syedizzat@mpc.gov.my',	'0',	NULL,	6,	27,	3,	NULL,	NULL,	NULL,	1,	1,	0,	NULL,	NULL,	NULL,	NULL,	NULL,	NULL,	NULL,	NULL,	NULL,	NULL,	NULL,	0,	0,	0,	0,	'2019-03-29 10:11:45',	'2022-01-06 13:54:33',	NULL),
(354,	354,	1,	1,	1,	'UMMU \'AMMARAH BASYIRAH HASHIM',	'1687',	NULL,	'940826017328',	NULL,	'No 1843, Jalan Mawar 2, Taman Gemas Indah,',	NULL,	NULL,	'73400',	1832,	7,	'01139237530',	NULL,	NULL,	'ummu@mpc.gov.my',	'0',	NULL,	7,	27,	3,	NULL,	NULL,	NULL,	1,	1,	0,	NULL,	NULL,	NULL,	NULL,	NULL,	NULL,	NULL,	NULL,	NULL,	NULL,	NULL,	0,	0,	0,	0,	'2021-06-25 07:06:21',	'2022-01-06 13:54:34',	NULL),
(516,	355,	1,	1,	1,	'AHMAD SYAFIQ BIN IDRUS',	'4545',	'5317',	'860716335317',	'',	'',	'',	'',	'43100',	1200,	14,	'0176223554',	NULL,	NULL,	'emailtester.451@gmail.com',	'0',	NULL,	6,	34,	31,	NULL,	356,	NULL,	1,	1,	0,	NULL,	NULL,	NULL,	NULL,	NULL,	NULL,	NULL,	NULL,	NULL,	NULL,	NULL,	0,	0,	0,	0,	'2019-03-31 16:51:28',	'2019-03-31 16:51:28',	NULL),
(517,	356,	1,	1,	1,	'NORAIZAM BIN BADRON',	'5937',	'5937',	'740102015937',	'',	'Test',	'',	'',	NULL,	NULL,	NULL,	'01766727272',	'01887777777',	NULL,	'mpcflightsystem@gmail.com',	'0',	NULL,	6,	33,	5,	NULL,	39,	NULL,	1,	1,	0,	NULL,	NULL,	NULL,	NULL,	NULL,	NULL,	NULL,	NULL,	NULL,	NULL,	NULL,	0,	0,	0,	0,	'2019-03-31 17:08:26',	'2019-03-31 13:10:29',	NULL),
(518,	357,	1,	1,	1,	'MUHAMMAD FATHI BIN MD TAIB',	'01713',	'',	'9106070950',	'',	'',	'',	'',	NULL,	NULL,	NULL,	'0194230231',	NULL,	NULL,	'fathi@mpc.gov.my',	'0',	NULL,	6,	27,	3,	NULL,	39,	NULL,	1,	1,	0,	NULL,	NULL,	NULL,	NULL,	NULL,	NULL,	NULL,	NULL,	NULL,	NULL,	NULL,	0,	0,	0,	0,	'2019-04-17 20:39:26',	'2019-04-17 20:39:26',	NULL),
(519,	358,	1,	1,	1,	'MOHAMED AMIRUL ZAFAREN MOHAMED ZAKIR',	'01717',	'',	'9409041463',	'',	'',	'',	'',	NULL,	NULL,	NULL,	'0132343906',	NULL,	NULL,	'zafaren@mpc.gov.my',	'0',	NULL,	6,	27,	3,	NULL,	39,	NULL,	1,	1,	0,	NULL,	NULL,	NULL,	NULL,	NULL,	NULL,	NULL,	NULL,	NULL,	NULL,	NULL,	0,	0,	0,	0,	'2019-04-17 20:47:51',	'2019-04-17 20:47:51',	NULL),
(520,	359,	1,	1,	1,	'MOHD NOOR AZRIN BIN ADNAN',	'1723',	'327160164',	'871129035559',	NULL,	NULL,	NULL,	NULL,	NULL,	NULL,	NULL,	'0172728290',	NULL,	NULL,	'azrin@mpc.gov.my',	'0',	NULL,	7,	27,	3,	NULL,	NULL,	NULL,	1,	1,	0,	NULL,	NULL,	NULL,	NULL,	NULL,	NULL,	NULL,	NULL,	NULL,	NULL,	NULL,	0,	0,	0,	0,	'2021-06-25 06:55:44',	'2022-01-06 13:54:37',	NULL),
(521,	360,	1,	1,	1,	'AZIRAH BT MOHD',	'01719',	'',	'940610115324',	'',	'',	'',	'',	NULL,	NULL,	NULL,	'01161036364',	NULL,	NULL,	'azirah@mpc.gov.my',	'0',	NULL,	4,	27,	3,	NULL,	304,	NULL,	1,	1,	0,	NULL,	NULL,	NULL,	NULL,	NULL,	NULL,	NULL,	NULL,	NULL,	NULL,	NULL,	0,	0,	0,	0,	'2019-04-22 12:16:25',	'2019-04-22 12:16:25',	NULL),
(522,	361,	1,	1,	1,	'NUR ILINA BINTI ROSLI',	'01729',	'',	'940603146456',	'',	'',	'',	'',	NULL,	NULL,	NULL,	'0133101770',	NULL,	NULL,	'nurilina@mpc.gov.my',	'0',	NULL,	4,	27,	3,	NULL,	304,	NULL,	1,	1,	0,	NULL,	NULL,	NULL,	NULL,	NULL,	NULL,	NULL,	NULL,	NULL,	NULL,	NULL,	0,	0,	0,	0,	'2019-04-24 17:56:56',	'2019-04-24 17:56:56',	NULL),
(523,	362,	1,	1,	1,	'NOOR IDDEANNA BINTI IDRIS',	'1718',	NULL,	'950806146236',	NULL,	'No.2 Jalan Sp2/15',	'Taman Subang Perdana',	NULL,	'40150',	1077,	14,	'0132232452',	NULL,	NULL,	'iddeanna@mpc.gov.my',	'0',	NULL,	6,	27,	3,	NULL,	NULL,	NULL,	1,	1,	0,	NULL,	NULL,	NULL,	NULL,	NULL,	NULL,	3,	NULL,	23,	NULL,	NULL,	0,	0,	0,	0,	'2019-05-02 19:35:10',	'2022-01-06 13:54:40',	NULL),
(524,	363,	1,	1,	1,	'AMIRUL HAIZAD BIN REDZWAN',	'01716',	'',	'940109015151',	'',	'',	'',	'',	NULL,	NULL,	NULL,	'0196963517',	NULL,	NULL,	'haizad@mpc.gov.my',	'0',	NULL,	4,	27,	3,	NULL,	304,	NULL,	1,	1,	0,	NULL,	NULL,	NULL,	NULL,	NULL,	NULL,	NULL,	NULL,	NULL,	NULL,	NULL,	0,	0,	0,	0,	'2019-05-21 12:43:57',	'2019-05-21 12:43:57',	NULL),
(525,	364,	1,	1,	1,	'NOR AZZATUL AKMARISHA BINTI SERJALI',	'01724',	'',	'940801086140',	'',	'',	'',	'',	NULL,	NULL,	NULL,	NULL,	NULL,	NULL,	'azzatul@mpc.gov.my',	'0',	NULL,	3,	27,	3,	NULL,	129,	NULL,	1,	1,	0,	NULL,	NULL,	NULL,	NULL,	NULL,	NULL,	NULL,	NULL,	NULL,	NULL,	NULL,	0,	0,	0,	0,	'2019-05-27 15:13:16',	'2019-05-27 15:13:16',	NULL),
(526,	365,	1,	1,	1,	'NURUL NADIA BINTI ABDUL PATAH',	'01730',	NULL,	'950526145298',	NULL,	NULL,	NULL,	NULL,	NULL,	NULL,	NULL,	NULL,	NULL,	NULL,	'nuruln@mpc.gov.my',	'0',	NULL,	4,	27,	3,	NULL,	NULL,	NULL,	1,	1,	0,	NULL,	NULL,	NULL,	NULL,	NULL,	NULL,	3,	NULL,	23,	NULL,	NULL,	0,	0,	0,	0,	'2019-06-12 13:38:57',	'2022-01-06 13:54:43',	NULL),
(527,	366,	1,	1,	1,	'MAHZAR REZZA BIN ITHNIN',	'01733',	'308201633',	'860306335779',	'',	'',	'',	'',	NULL,	NULL,	NULL,	'0122447148',	NULL,	NULL,	'mahzar@mpc.gov.my',	'0',	NULL,	6,	27,	3,	NULL,	78,	NULL,	1,	1,	0,	NULL,	NULL,	NULL,	NULL,	NULL,	NULL,	NULL,	NULL,	NULL,	NULL,	NULL,	0,	0,	0,	0,	'2019-11-15 13:59:46',	'2019-11-15 13:59:46',	NULL),
(528,	367,	1,	1,	1,	'NURRUL NUR AISYAH HAMRAN',	'01734',	'309714963',	'950829135206',	NULL,	NULL,	NULL,	NULL,	NULL,	NULL,	NULL,	'0109609108',	NULL,	NULL,	'nurrul@mpc.gov.my',	'0',	NULL,	6,	27,	3,	NULL,	NULL,	NULL,	1,	1,	0,	NULL,	NULL,	NULL,	NULL,	NULL,	NULL,	NULL,	NULL,	NULL,	NULL,	NULL,	0,	0,	0,	0,	'2020-11-27 06:22:57',	'2022-01-06 13:54:45',	NULL),
(529,	368,	1,	1,	1,	'NORLIYANA BINTI MOHD SHAMSUDDIN',	'01731',	'',	'920812105660',	'',	'',	'',	'',	NULL,	NULL,	NULL,	'0132240240',	NULL,	NULL,	'norliyanas@mpc.gov.my',	'0',	NULL,	6,	27,	3,	NULL,	307,	NULL,	1,	1,	0,	NULL,	NULL,	NULL,	NULL,	NULL,	NULL,	NULL,	NULL,	NULL,	NULL,	NULL,	0,	0,	0,	0,	'2019-07-02 13:19:42',	'2019-07-02 13:19:42',	NULL),
(530,	369,	1,	1,	1,	'NIK NUR ATIQAH BINTI SAIDI',	'01710',	'328242110',	'920916035644',	'',	'',	'',	'',	NULL,	NULL,	NULL,	'0192413700',	NULL,	NULL,	'niknuratiqah@mpc.gov.my',	'0',	NULL,	6,	27,	3,	NULL,	39,	NULL,	1,	1,	0,	NULL,	NULL,	NULL,	NULL,	NULL,	NULL,	NULL,	NULL,	NULL,	NULL,	NULL,	0,	0,	0,	0,	'2019-11-14 16:08:33',	'2019-11-14 16:08:33',	NULL),
(531,	370,	1,	1,	1,	'SARAH AFIQAH BINTI KAMARUZAMAN',	'01737',	'328313215',	'970218145040',	NULL,	NULL,	NULL,	NULL,	NULL,	NULL,	NULL,	'0174746234',	NULL,	NULL,	'sarah@mpc.gov.my',	'0',	NULL,	6,	27,	3,	NULL,	NULL,	NULL,	1,	1,	0,	NULL,	NULL,	NULL,	NULL,	NULL,	NULL,	NULL,	NULL,	NULL,	NULL,	NULL,	0,	0,	0,	0,	'2021-06-28 08:11:11',	'2022-01-06 13:54:48',	NULL),
(532,	371,	1,	1,	1,	'NURUL AZNEE BT ABDUL AZIZ',	'01736',	'',	'930505106566',	'',	'',	'',	'',	NULL,	NULL,	NULL,	'0182354569',	NULL,	NULL,	'aznee@mpc.gov.my',	'0',	NULL,	6,	27,	3,	NULL,	78,	NULL,	1,	1,	0,	NULL,	NULL,	NULL,	NULL,	NULL,	NULL,	2,	NULL,	NULL,	NULL,	NULL,	0,	0,	0,	0,	'2019-07-22 15:40:43',	'2019-07-22 15:40:43',	NULL),
(533,	372,	1,	1,	1,	'NUR AISYA AIDA BINTI KHAIRUL SALLEH',	'01742',	'',	'960623105318',	'',	'',	'',	'',	NULL,	NULL,	NULL,	'0127889096',	NULL,	NULL,	'nuraisya@mpc.gov.my',	'0',	NULL,	6,	27,	3,	NULL,	78,	NULL,	1,	1,	0,	NULL,	NULL,	NULL,	NULL,	NULL,	NULL,	NULL,	NULL,	NULL,	NULL,	NULL,	0,	0,	0,	0,	'2019-07-25 19:31:17',	'2019-07-25 19:31:17',	NULL),
(534,	373,	1,	1,	1,	'ANIS UMAIRAH BINTI JASNI',	'01732',	'',	'941212065370',	'',	'',	'',	'',	NULL,	NULL,	NULL,	'0174134703',	NULL,	NULL,	'anisumairah@mpc.gov.my',	'0',	NULL,	4,	27,	3,	NULL,	304,	NULL,	1,	1,	0,	NULL,	NULL,	NULL,	NULL,	NULL,	NULL,	NULL,	NULL,	NULL,	NULL,	NULL,	0,	0,	0,	0,	'2019-07-29 19:06:39',	'2019-07-29 19:06:39',	NULL),
(535,	374,	1,	1,	1,	'NORNADIA BINTI OMAR',	'01722',	'',	'910330036544',	'',	'',	'',	'',	NULL,	NULL,	NULL,	'0145281834',	NULL,	NULL,	'nornadia@mpc.gov.my',	'0',	NULL,	4,	27,	3,	NULL,	285,	NULL,	1,	1,	0,	NULL,	NULL,	NULL,	NULL,	NULL,	NULL,	NULL,	NULL,	NULL,	NULL,	NULL,	0,	0,	0,	0,	'2019-08-26 12:30:02',	'2019-08-26 12:30:02',	NULL),
(536,	375,	1,	1,	1,	'MOHD AFIQ BIN MOHD ADNAN',	'03160',	NULL,	'890219136111',	NULL,	NULL,	NULL,	NULL,	NULL,	NULL,	NULL,	'0174478129',	NULL,	NULL,	'mohdafiqn@mpc.gov.my',	'0',	NULL,	12,	10,	16,	NULL,	NULL,	NULL,	1,	1,	0,	NULL,	NULL,	NULL,	NULL,	NULL,	NULL,	NULL,	NULL,	NULL,	NULL,	NULL,	0,	0,	0,	0,	'2021-06-25 07:58:01',	'2022-01-06 13:54:53',	NULL),
(537,	376,	1,	1,	1,	'NANCY ANAK JOAN',	'01744',	NULL,	'950124136348',	NULL,	NULL,	NULL,	NULL,	NULL,	NULL,	NULL,	'0199773615',	NULL,	NULL,	'nancy@mpc.gov.my',	'0',	NULL,	11,	27,	3,	NULL,	NULL,	NULL,	1,	1,	0,	NULL,	NULL,	NULL,	NULL,	NULL,	NULL,	NULL,	NULL,	NULL,	NULL,	NULL,	0,	0,	0,	0,	'2021-06-25 08:09:21',	'2022-01-06 13:54:54',	NULL),
(538,	377,	1,	1,	1,	'YOGESVARI A/P SAMBASEVAM',	'01741',	NULL,	'910210025912',	NULL,	NULL,	NULL,	NULL,	NULL,	NULL,	NULL,	'0164696181',	NULL,	NULL,	'yogesvari@mpc.gov.my',	'0',	NULL,	6,	27,	3,	NULL,	NULL,	NULL,	1,	1,	0,	NULL,	NULL,	NULL,	NULL,	NULL,	NULL,	NULL,	NULL,	NULL,	NULL,	NULL,	0,	0,	0,	0,	'2021-06-25 03:05:41',	'2022-01-06 13:54:55',	NULL),
(539,	378,	1,	1,	1,	'NIK NUR MAISARAH NIK SOH',	'01712',	'',	'951224035354',	'',	'',	'',	'',	NULL,	NULL,	NULL,	NULL,	NULL,	NULL,	'niknur@mpc.gov.my',	'0',	NULL,	1,	27,	3,	NULL,	79,	NULL,	1,	1,	0,	NULL,	NULL,	NULL,	NULL,	NULL,	NULL,	NULL,	NULL,	NULL,	NULL,	NULL,	0,	0,	0,	0,	'2019-10-07 15:06:12',	'2019-10-07 15:06:12',	NULL),
(540,	379,	1,	1,	1,	'NIK ZARITH ELIDA BINTI NIK RAMLI',	'01745',	'',	'950406035924',	'',	'',	'',	'',	NULL,	NULL,	NULL,	'0142523882',	NULL,	NULL,	'nikzarith@mpc.gov.my',	'0',	NULL,	6,	27,	3,	NULL,	39,	NULL,	1,	1,	0,	NULL,	NULL,	NULL,	NULL,	NULL,	NULL,	3,	NULL,	23,	NULL,	NULL,	0,	0,	0,	0,	'2019-10-15 12:46:24',	'2019-10-15 12:46:24',	NULL),
(541,	380,	1,	1,	1,	'MOHD SYAMAEL BIN MOHD NASIR',	'01738',	'',	'931007015295',	'',	'',	'',	'',	NULL,	NULL,	NULL,	'0104345834',	NULL,	NULL,	'syamaelr@mpc.gov.my',	'0',	NULL,	6,	27,	3,	NULL,	78,	NULL,	1,	1,	0,	NULL,	NULL,	NULL,	NULL,	NULL,	NULL,	NULL,	NULL,	NULL,	NULL,	NULL,	0,	0,	0,	0,	'2019-11-18 18:18:05',	'2019-11-18 18:18:05',	NULL),
(542,	381,	1,	1,	1,	'AISYAH BINTI ISMAIL',	'01727',	'',	'940502115546',	'',	'',	'',	'',	NULL,	NULL,	NULL,	'0194576246',	NULL,	NULL,	'aisyah@mpc.gov.my',	'0',	NULL,	6,	27,	3,	NULL,	39,	NULL,	1,	1,	0,	NULL,	NULL,	NULL,	NULL,	NULL,	NULL,	NULL,	NULL,	NULL,	NULL,	NULL,	0,	0,	0,	0,	'2020-01-28 13:35:43',	'2020-01-28 13:35:43',	NULL),
(543,	382,	1,	1,	1,	'NUR MUNIRAH BINTI MUSTAFFA KAMAL',	'1755',	NULL,	'940908106180',	NULL,	NULL,	NULL,	NULL,	NULL,	NULL,	NULL,	NULL,	NULL,	NULL,	'munirah@mpc.gov.my',	'0',	NULL,	6,	27,	3,	NULL,	NULL,	NULL,	1,	1,	0,	NULL,	NULL,	NULL,	NULL,	NULL,	NULL,	NULL,	NULL,	NULL,	NULL,	NULL,	0,	0,	0,	0,	'2021-06-25 03:24:43',	'2022-01-06 13:55:20',	NULL),
(544,	383,	1,	1,	1,	'DANIAL ZARKASYI MAZLAN',	'1752',	NULL,	'910703105531',	NULL,	NULL,	NULL,	NULL,	NULL,	NULL,	NULL,	NULL,	NULL,	NULL,	'danial@mpc.gov.my',	'0',	NULL,	6,	27,	3,	NULL,	NULL,	NULL,	1,	1,	0,	NULL,	NULL,	NULL,	NULL,	NULL,	NULL,	NULL,	NULL,	NULL,	NULL,	NULL,	0,	0,	0,	0,	'2021-06-28 08:07:36',	'2022-01-06 13:55:04',	NULL),
(545,	384,	1,	1,	1,	'LIM EU YIK KRISHEN',	'1754',	'',	'930319105017',	'',	'',	'',	'',	NULL,	NULL,	NULL,	NULL,	NULL,	NULL,	'krishen@mpc.gov.my',	'0',	NULL,	7,	27,	3,	NULL,	263,	NULL,	1,	1,	0,	NULL,	NULL,	NULL,	NULL,	NULL,	NULL,	NULL,	NULL,	NULL,	NULL,	NULL,	0,	0,	0,	0,	'2020-11-27 06:26:28',	'2020-11-27 06:26:28',	NULL),
(546,	385,	1,	1,	1,	'MOHD SHAHRILL RIZA BIN MOHD FADZILAH',	'1756',	'',	'910909115321',	'',	'',	'',	'',	NULL,	NULL,	NULL,	NULL,	NULL,	NULL,	'riza@mpc.gov.my',	'0',	NULL,	3,	27,	NULL,	NULL,	77,	NULL,	1,	1,	0,	NULL,	NULL,	NULL,	NULL,	NULL,	NULL,	NULL,	NULL,	NULL,	NULL,	NULL,	0,	0,	0,	0,	'2020-11-27 05:54:20',	'2020-11-27 05:54:20',	NULL),
(547,	386,	1,	1,	1,	'MUHAMMAD FAHMI ASYRAF ABD KAHAR',	'3175',	NULL,	'981222106785',	NULL,	NULL,	NULL,	NULL,	NULL,	NULL,	NULL,	NULL,	NULL,	NULL,	'fahmiasyraf@mpc.gov.my',	'0',	NULL,	1,	14,	18,	NULL,	NULL,	NULL,	1,	1,	0,	NULL,	NULL,	NULL,	NULL,	NULL,	NULL,	NULL,	NULL,	NULL,	NULL,	NULL,	0,	0,	0,	0,	'2021-06-28 04:51:22',	'2022-01-06 13:55:08',	NULL),
(548,	387,	1,	1,	1,	'NORHASMIRA MD SUHAIMI',	'3177',	NULL,	'910308146130',	NULL,	NULL,	NULL,	NULL,	NULL,	NULL,	NULL,	NULL,	NULL,	NULL,	'norhasmira@mpc.gov.my',	'0',	NULL,	7,	14,	18,	NULL,	NULL,	NULL,	1,	1,	0,	NULL,	NULL,	NULL,	NULL,	NULL,	NULL,	NULL,	NULL,	NULL,	NULL,	NULL,	0,	0,	0,	0,	'2020-11-27 05:59:32',	'2022-01-06 13:55:10',	NULL),
(549,	388,	1,	1,	1,	'NUR AISYAH BINTI AHMAD JAILANI',	'3179',	NULL,	'990927106384',	NULL,	NULL,	NULL,	NULL,	NULL,	NULL,	NULL,	'0182517213',	NULL,	NULL,	'nuraisyah@mpc.gov.my',	'0',	NULL,	3,	14,	18,	NULL,	NULL,	NULL,	1,	1,	0,	NULL,	NULL,	NULL,	NULL,	NULL,	NULL,	NULL,	NULL,	NULL,	NULL,	NULL,	0,	0,	0,	0,	'2021-06-28 07:19:26',	'2022-01-06 13:55:23',	NULL),
(550,	389,	1,	1,	1,	'NUR SYAWAL BIN MOHAMAD SHARIF',	'3180',	NULL,	'890514145547',	NULL,	NULL,	NULL,	NULL,	NULL,	NULL,	NULL,	NULL,	NULL,	NULL,	'syawal@mpc.gov.my',	'0',	NULL,	5,	14,	18,	NULL,	NULL,	NULL,	1,	1,	0,	NULL,	NULL,	NULL,	NULL,	NULL,	NULL,	NULL,	NULL,	NULL,	NULL,	NULL,	0,	0,	0,	0,	'2021-06-28 04:24:18',	'2022-01-06 13:55:24',	NULL),
(551,	390,	1,	1,	1,	'JENNIFER KAVITHAMBIGAI PANIR SILVAM',	'3181',	NULL,	'990709089280',	NULL,	NULL,	NULL,	NULL,	NULL,	NULL,	NULL,	NULL,	NULL,	NULL,	'jennifer@mpc.gov.my',	'0',	NULL,	5,	14,	18,	NULL,	NULL,	NULL,	1,	1,	0,	NULL,	NULL,	NULL,	NULL,	NULL,	NULL,	NULL,	NULL,	NULL,	NULL,	NULL,	0,	0,	0,	0,	'2021-06-23 05:30:46',	'2022-01-06 13:55:25',	NULL),
(552,	391,	1,	1,	1,	'Puteri Nabila Husna Zulkeflee',	'3176',	NULL,	'980224016260',	NULL,	NULL,	NULL,	NULL,	NULL,	NULL,	NULL,	NULL,	NULL,	NULL,	NULL,	'0',	NULL,	4,	14,	18,	NULL,	NULL,	NULL,	1,	1,	0,	NULL,	NULL,	NULL,	NULL,	NULL,	NULL,	NULL,	NULL,	NULL,	NULL,	NULL,	0,	0,	0,	0,	'2021-06-25 08:23:31',	'2022-01-06 13:55:17',	NULL),
(553,	392,	1,	1,	1,	'AMALINA SAPIREN',	'1714',	NULL,	'940902015050',	NULL,	NULL,	NULL,	NULL,	NULL,	NULL,	NULL,	'0137184275',	NULL,	NULL,	'amalina@mpc.gov.my',	'0',	NULL,	7,	27,	3,	NULL,	252,	131,	1,	1,	0,	NULL,	NULL,	NULL,	NULL,	NULL,	NULL,	3,	NULL,	15,	NULL,	NULL,	0,	0,	0,	0,	'2022-01-04 02:36:34',	'2022-01-06 13:55:03',	NULL),
(1146,	985,	1,	1,	1,	'MAISARA EDINA MOHD REDZEMI',	'1757',	NULL,	'970818105704',	NULL,	NULL,	NULL,	NULL,	NULL,	NULL,	NULL,	NULL,	NULL,	NULL,	'maisara@mpc.gov.my',	'0',	NULL,	6,	27,	3,	NULL,	NULL,	NULL,	1,	1,	0,	NULL,	NULL,	NULL,	NULL,	NULL,	NULL,	NULL,	NULL,	NULL,	NULL,	NULL,	0,	0,	0,	0,	'2021-06-28 08:26:54',	'2022-01-06 13:55:27',	NULL),
(1147,	986,	1,	1,	1,	'NAJIYAH MD ZALIKI',	'1759',	NULL,	'971220565778',	NULL,	NULL,	NULL,	NULL,	NULL,	NULL,	NULL,	'0132682924',	NULL,	NULL,	'najiyah@mpc.gov.my',	'0',	NULL,	3,	27,	3,	NULL,	NULL,	NULL,	1,	1,	0,	NULL,	NULL,	NULL,	NULL,	NULL,	NULL,	NULL,	NULL,	NULL,	NULL,	NULL,	0,	0,	0,	0,	'2021-06-21 11:42:56',	'2022-01-06 13:55:28',	NULL),
(1148,	987,	1,	1,	1,	'NOOR AQILAH ZAINAL ABIDDIN',	'1761',	NULL,	'950901145530',	NULL,	NULL,	NULL,	NULL,	NULL,	NULL,	NULL,	NULL,	NULL,	NULL,	'aqilah@mpc.gov.my',	'0',	NULL,	6,	27,	3,	NULL,	NULL,	NULL,	1,	1,	0,	NULL,	NULL,	NULL,	NULL,	NULL,	NULL,	NULL,	NULL,	NULL,	NULL,	NULL,	0,	0,	0,	0,	'2021-06-21 11:44:16',	'2022-01-06 13:55:29',	NULL),
(1149,	988,	1,	1,	1,	'PUTRI DHIA NATHASYA MOHAMMAD YUSOFF',	'1762',	NULL,	'980503435038',	NULL,	NULL,	NULL,	NULL,	NULL,	NULL,	NULL,	NULL,	NULL,	NULL,	'dhia@mpc.gov.my',	'0',	NULL,	6,	27,	3,	NULL,	NULL,	NULL,	1,	1,	0,	NULL,	NULL,	NULL,	NULL,	NULL,	NULL,	NULL,	NULL,	NULL,	NULL,	NULL,	0,	0,	0,	0,	'2021-06-21 11:45:25',	'2022-01-06 13:55:30',	NULL),
(1150,	989,	1,	1,	1,	'AIDA FARZANA MUHAMMAD',	'3171',	NULL,	'971031145168',	NULL,	NULL,	NULL,	NULL,	NULL,	NULL,	NULL,	'0176931497',	NULL,	NULL,	'farzana@mpc.gov.my',	'0',	NULL,	5,	14,	18,	NULL,	131,	131,	1,	1,	0,	NULL,	NULL,	NULL,	NULL,	NULL,	NULL,	NULL,	NULL,	NULL,	NULL,	NULL,	0,	0,	0,	0,	'2021-06-28 04:22:28',	'2022-01-06 13:55:01',	NULL),
(1337,	1176,	1,	NULL,	1,	'ABDUL AZIZ ABDUL JALIL',	'3166',	NULL,	'920724106217',	NULL,	NULL,	NULL,	NULL,	NULL,	NULL,	NULL,	NULL,	NULL,	NULL,	'aziz@mpc.gov.my',	'0',	NULL,	5,	7,	9,	NULL,	131,	131,	1,	1,	0,	NULL,	NULL,	NULL,	NULL,	NULL,	NULL,	NULL,	NULL,	NULL,	NULL,	NULL,	0,	0,	0,	0,	'2021-09-23 04:28:01',	'2022-01-06 13:55:00',	NULL),
(1338,	1177,	1,	NULL,	1,	'Nur\'atikah Asari',	'1708',	NULL,	'920922095010',	NULL,	NULL,	NULL,	NULL,	NULL,	NULL,	NULL,	NULL,	NULL,	NULL,	NULL,	'0',	NULL,	4,	27,	3,	NULL,	NULL,	NULL,	1,	1,	0,	NULL,	NULL,	NULL,	NULL,	NULL,	NULL,	NULL,	NULL,	NULL,	NULL,	NULL,	0,	0,	0,	0,	'2022-01-06 13:55:15',	'2022-01-06 13:55:15',	NULL),
(1339,	1178,	1,	NULL,	1,	'Nurul Alia Rahim Omar',	'1739',	NULL,	'891102025586',	NULL,	NULL,	NULL,	NULL,	NULL,	NULL,	NULL,	NULL,	NULL,	NULL,	NULL,	'0',	NULL,	4,	27,	3,	NULL,	NULL,	NULL,	1,	1,	0,	NULL,	NULL,	NULL,	NULL,	NULL,	NULL,	NULL,	NULL,	NULL,	NULL,	NULL,	0,	0,	0,	0,	'2022-01-06 13:55:16',	'2022-01-06 13:55:16',	NULL),
(1340,	1179,	1,	NULL,	1,	'Qistina Abdul Rahim',	'1751',	NULL,	'961030106424',	NULL,	NULL,	NULL,	NULL,	NULL,	NULL,	NULL,	NULL,	NULL,	NULL,	NULL,	'0',	NULL,	3,	27,	3,	NULL,	NULL,	NULL,	1,	1,	0,	NULL,	NULL,	NULL,	NULL,	NULL,	NULL,	NULL,	NULL,	NULL,	NULL,	NULL,	0,	0,	0,	0,	'2022-01-06 13:55:18',	'2022-01-06 13:55:18',	NULL),
(1341,	1180,	1,	NULL,	1,	'Siti Akmal Wati Sheikh Abdullah',	'3153',	NULL,	'900316115570',	NULL,	NULL,	NULL,	NULL,	NULL,	NULL,	NULL,	NULL,	NULL,	NULL,	NULL,	'0',	NULL,	8,	14,	18,	NULL,	NULL,	NULL,	1,	1,	0,	NULL,	NULL,	NULL,	NULL,	NULL,	NULL,	NULL,	NULL,	NULL,	NULL,	NULL,	0,	0,	0,	0,	'2022-01-06 13:55:19',	'2022-01-06 13:55:19',	NULL),
(1342,	1181,	1,	NULL,	1,	'AHMAD MURSYIDI BIN ADZMI',	'1767',	NULL,	'910301105707',	NULL,	NULL,	NULL,	NULL,	NULL,	NULL,	NULL,	'0192369678',	NULL,	NULL,	'mursyidi@mpc.gov.my',	'0',	NULL,	3,	27,	3,	NULL,	NULL,	NULL,	1,	1,	0,	NULL,	NULL,	NULL,	NULL,	NULL,	NULL,	NULL,	NULL,	NULL,	NULL,	NULL,	0,	0,	0,	0,	'2022-01-06 13:55:31',	'2022-01-06 13:55:31',	NULL),
(1343,	1182,	1,	NULL,	1,	'FAKHRUL MUIZ BIN MOHD JUTY',	'1768',	NULL,	'950217145411',	NULL,	NULL,	NULL,	NULL,	NULL,	NULL,	NULL,	'0136410270',	NULL,	NULL,	'fakhrul@mpc.gov.my',	'0',	NULL,	3,	27,	3,	NULL,	NULL,	NULL,	1,	1,	0,	NULL,	NULL,	NULL,	NULL,	NULL,	NULL,	NULL,	NULL,	NULL,	NULL,	NULL,	0,	0,	0,	0,	'2022-01-06 13:55:32',	'2022-01-06 13:55:32',	NULL),
(1344,	1183,	1,	NULL,	1,	'WAN SAIDATUL IZZAH BINTI WAN IBRAHIM',	'1769',	NULL,	'881107566374',	NULL,	NULL,	NULL,	NULL,	NULL,	NULL,	NULL,	'0173967353',	NULL,	NULL,	'saidatul@mpc.gov.my',	'0',	NULL,	3,	27,	3,	NULL,	NULL,	NULL,	1,	1,	0,	NULL,	NULL,	NULL,	NULL,	NULL,	NULL,	NULL,	NULL,	NULL,	NULL,	NULL,	0,	0,	0,	0,	'2022-01-06 13:55:33',	'2022-01-06 13:55:33',	NULL),
(1345,	1184,	1,	NULL,	1,	'MUHAMMAD ADIB BIN KAMAN',	'1770',	NULL,	'951009146203',	NULL,	NULL,	NULL,	NULL,	NULL,	NULL,	NULL,	'0172464623',	NULL,	NULL,	'adib@mpc.gov.my',	'0',	NULL,	3,	27,	3,	NULL,	NULL,	NULL,	1,	1,	0,	NULL,	NULL,	NULL,	NULL,	NULL,	NULL,	NULL,	NULL,	NULL,	NULL,	NULL,	0,	0,	0,	0,	'2022-01-06 13:55:34',	'2022-01-06 13:55:34',	NULL),
(1346,	1185,	1,	NULL,	1,	'NUR SYAHIRA BINTI MOHD NAWI',	'1771',	NULL,	'910423035620',	NULL,	NULL,	NULL,	NULL,	NULL,	NULL,	NULL,	'0102282325',	NULL,	NULL,	'syahira@mpc.gov.my',	'0',	NULL,	3,	27,	3,	NULL,	NULL,	NULL,	1,	1,	0,	NULL,	NULL,	NULL,	NULL,	NULL,	NULL,	NULL,	NULL,	NULL,	NULL,	NULL,	0,	0,	0,	0,	'2022-01-06 13:55:35',	'2022-01-06 13:55:35',	NULL),
(1347,	1186,	1,	NULL,	1,	'MUHAMMAD IZZAN BIN SUKERI',	'1772',	NULL,	'970421265347',	NULL,	NULL,	NULL,	NULL,	NULL,	NULL,	NULL,	'0112740374',	NULL,	NULL,	'izzan@mpc.gov.my',	'0',	NULL,	3,	27,	3,	NULL,	NULL,	NULL,	1,	1,	0,	NULL,	NULL,	NULL,	NULL,	NULL,	NULL,	NULL,	NULL,	NULL,	NULL,	NULL,	0,	0,	0,	0,	'2022-01-06 13:55:36',	'2022-01-06 13:55:36',	NULL),
(1348,	1187,	1,	NULL,	1,	'MUHAMMAD IRFAN HAFIZ BIN MOHAMAD ZAKARIA',	'1773',	NULL,	'950107126105',	NULL,	NULL,	NULL,	NULL,	NULL,	NULL,	NULL,	'0137828401',	NULL,	NULL,	'irfan@mpc.gov.my',	'0',	NULL,	3,	27,	3,	NULL,	NULL,	NULL,	1,	1,	0,	NULL,	NULL,	NULL,	NULL,	NULL,	NULL,	NULL,	NULL,	NULL,	NULL,	NULL,	0,	0,	0,	0,	'2022-01-06 13:55:37',	'2022-01-06 13:55:37',	NULL),
(1349,	1188,	1,	NULL,	1,	'IZZALDIN IRFAN BIN SAIJAN',	'1774',	NULL,	'961022125625',	NULL,	NULL,	NULL,	NULL,	NULL,	NULL,	NULL,	'0168816614',	NULL,	NULL,	'izzaldin@mpc.gov.my',	'0',	NULL,	3,	27,	3,	NULL,	NULL,	NULL,	1,	1,	0,	NULL,	NULL,	NULL,	NULL,	NULL,	NULL,	NULL,	NULL,	NULL,	NULL,	NULL,	0,	0,	0,	0,	'2022-01-06 13:55:38',	'2022-01-06 13:55:38',	NULL),
(1350,	1189,	1,	NULL,	1,	'HAIQAL HADI BIN MOHAMAD IBRAHIM',	'1775',	NULL,	'950324015647',	NULL,	NULL,	NULL,	NULL,	NULL,	NULL,	NULL,	'0196275996',	NULL,	NULL,	'haiqal@mpc.gov.my',	'0',	NULL,	3,	27,	3,	NULL,	NULL,	NULL,	1,	1,	0,	NULL,	NULL,	NULL,	NULL,	NULL,	NULL,	NULL,	NULL,	NULL,	NULL,	NULL,	0,	0,	0,	0,	'2022-01-06 13:55:39',	'2022-01-06 13:55:39',	NULL),
(1351,	1190,	1,	NULL,	1,	'NOR AZIERA BINTI MOHD NOR',	'1776',	NULL,	'960716086216',	NULL,	NULL,	NULL,	NULL,	NULL,	NULL,	NULL,	'0183600212',	NULL,	NULL,	'aziera@mpc.gov.my',	'0',	NULL,	3,	27,	3,	NULL,	NULL,	NULL,	1,	1,	0,	NULL,	NULL,	NULL,	NULL,	NULL,	NULL,	NULL,	NULL,	NULL,	NULL,	NULL,	0,	0,	0,	0,	'2022-01-06 13:55:40',	'2022-01-06 13:55:40',	NULL),
(1352,	1191,	1,	NULL,	1,	'WAN MUHAMMAD AL HAKIMI BIN WAN HANAFI',	'3182',	NULL,	'940210035907',	NULL,	NULL,	NULL,	NULL,	NULL,	NULL,	NULL,	'0166393573',	NULL,	NULL,	'alhakimi@mpc.gov.my',	'0',	NULL,	3,	34,	32,	NULL,	NULL,	NULL,	1,	1,	0,	NULL,	NULL,	NULL,	NULL,	NULL,	NULL,	NULL,	NULL,	NULL,	NULL,	NULL,	0,	0,	0,	0,	'2022-01-06 13:55:41',	'2022-01-06 13:55:41',	NULL),
(1353,	1192,	1,	NULL,	1,	'NURSAFURRA BINTI MOHAMAD AKHIR',	'3183',	NULL,	'871109025556',	NULL,	NULL,	NULL,	NULL,	NULL,	NULL,	NULL,	'0175788617',	NULL,	NULL,	'nursafurra@mpc.gov.my',	'0',	NULL,	3,	12,	18,	NULL,	NULL,	NULL,	1,	1,	0,	NULL,	NULL,	NULL,	NULL,	NULL,	NULL,	NULL,	NULL,	NULL,	NULL,	NULL,	0,	0,	0,	0,	'2022-01-06 13:55:42',	'2022-01-06 13:55:42',	NULL),
(1354,	1193,	1,	NULL,	1,	'NOR FITRI SHAZLIN BINTI ZAINI',	'3184',	NULL,	'960220085834',	NULL,	NULL,	NULL,	NULL,	NULL,	NULL,	NULL,	'01139043023',	NULL,	NULL,	'shazlin@mpc.gov.my',	'0',	NULL,	3,	12,	18,	NULL,	NULL,	NULL,	1,	1,	0,	NULL,	NULL,	NULL,	NULL,	NULL,	NULL,	NULL,	NULL,	NULL,	NULL,	NULL,	0,	0,	0,	0,	'2022-01-06 13:55:43',	'2022-01-06 13:55:43',	NULL),
(1355,	1194,	1,	NULL,	1,	'NADIRA BINTI ISAN',	'3185',	NULL,	'971017126470',	NULL,	NULL,	NULL,	NULL,	NULL,	NULL,	NULL,	'0195317185',	NULL,	NULL,	'nadira@mpc.gov.my',	'0',	NULL,	10,	12,	18,	NULL,	NULL,	NULL,	1,	1,	0,	NULL,	NULL,	NULL,	NULL,	NULL,	NULL,	NULL,	NULL,	NULL,	NULL,	NULL,	0,	0,	0,	0,	'2022-01-06 13:55:44',	'2022-01-06 13:55:44',	NULL);

CREATE TABLE `users_experience` (
  `users_experience_id` bigint(20) NOT NULL AUTO_INCREMENT,
  `user_id` int(11) NOT NULL,
  `experience_type` int(11) NOT NULL COMMENT '1-kelulusan akademik,2-keahlian professional,3-kursus/seminar,4-exp_mengajar,5-exp_kendaliproject,6-exp_lain2',
  `experience_detail` varchar(255) NOT NULL,
  `year` int(11) DEFAULT NULL,
  `active_status` int(11) NOT NULL DEFAULT '1',
  `created_at` timestamp NULL DEFAULT NULL,
  `updated_at` timestamp NOT NULL DEFAULT CURRENT_TIMESTAMP,
  `deleted_at` timestamp NULL DEFAULT NULL,
  PRIMARY KEY (`users_experience_id`),
  KEY `idx_userexp_userid` (`user_id`)
) ENGINE=InnoDB DEFAULT CHARSET=latin1;


CREATE TABLE `users_field` (
  `users_field_id` bigint(20) NOT NULL AUTO_INCREMENT,
  `user_id` int(11) NOT NULL,
  `field_id` int(11) NOT NULL,
  `active_status` int(11) NOT NULL DEFAULT '1',
  `created_at` timestamp NULL DEFAULT NULL,
  `updated_at` timestamp NOT NULL DEFAULT CURRENT_TIMESTAMP,
  `deleted_at` timestamp NULL DEFAULT NULL,
  PRIMARY KEY (`users_field_id`),
  KEY `idx_usersfield_userid` (`user_id`),
  KEY `idx_usersfield_fieldid` (`field_id`),
  KEY `idx_usersfield_activests` (`active_status`)
) ENGINE=InnoDB DEFAULT CHARSET=latin1;


CREATE TABLE `users_program` (
  `users_program_id` bigint(20) NOT NULL AUTO_INCREMENT,
  `user_id` int(11) NOT NULL,
  `supplier_service_id` int(11) NOT NULL,
  `program_id` int(11) NOT NULL,
  `chosen` int(11) NOT NULL DEFAULT '0',
  `created_at` timestamp NULL DEFAULT NULL,
  `updated_at` timestamp NOT NULL DEFAULT CURRENT_TIMESTAMP,
  `deleted_at` timestamp NULL DEFAULT NULL,
  PRIMARY KEY (`users_program_id`),
  KEY `idx_userprogram_programid` (`program_id`),
  KEY `idx_userprogram_userid` (`user_id`),
  KEY `idx_userprogram_serviceid` (`supplier_service_id`)
) ENGINE=InnoDB DEFAULT CHARSET=latin1;


CREATE TABLE `users_service` (
  `users_service_id` bigint(20) NOT NULL AUTO_INCREMENT,
  `user_id` int(11) NOT NULL,
  `supplier_service_id` int(11) NOT NULL,
  `active_status` int(11) NOT NULL DEFAULT '1',
  `exclude_rotation` int(11) NOT NULL DEFAULT '0' COMMENT 'if 1-exclude in list',
  `created_at` timestamp NULL DEFAULT NULL,
  `updated_at` timestamp NOT NULL DEFAULT CURRENT_TIMESTAMP,
  `deleted_at` timestamp NULL DEFAULT NULL,
  PRIMARY KEY (`users_service_id`),
  KEY `idx_userservice_userid` (`user_id`),
  KEY `idx_userservice_serviceid` (`supplier_service_id`),
  KEY `idx_userservice_activests` (`active_status`),
  KEY `idx_userservice_rotation` (`exclude_rotation`)
) ENGINE=InnoDB DEFAULT CHARSET=latin1;


CREATE TABLE `user_has_permissions` (
  `user_id` int(10) unsigned NOT NULL,
  `permission_id` int(10) unsigned NOT NULL,
  PRIMARY KEY (`user_id`,`permission_id`),
  KEY `user_has_permissions_permission_id_foreign` (`permission_id`),
  CONSTRAINT `user_has_permissions_permission_id_foreign` FOREIGN KEY (`permission_id`) REFERENCES `permissions` (`id`) ON DELETE CASCADE,
  CONSTRAINT `user_has_permissions_user_id_foreign` FOREIGN KEY (`user_id`) REFERENCES `users` (`id`) ON DELETE CASCADE
) ENGINE=InnoDB DEFAULT CHARSET=utf8 COLLATE=utf8_unicode_ci ROW_FORMAT=DYNAMIC COMMENT='ACL related';


CREATE TABLE `user_has_roles` (
  `role_id` int(10) unsigned NOT NULL,
  `user_id` int(10) unsigned NOT NULL,
  PRIMARY KEY (`role_id`,`user_id`),
  KEY `user_has_roles_user_id_foreign` (`user_id`),
  CONSTRAINT `user_has_roles_role_id_foreign` FOREIGN KEY (`role_id`) REFERENCES `roles` (`id`) ON DELETE CASCADE,
  CONSTRAINT `user_has_roles_user_id_foreign` FOREIGN KEY (`user_id`) REFERENCES `users` (`id`) ON DELETE CASCADE
) ENGINE=InnoDB DEFAULT CHARSET=utf8 COLLATE=utf8_unicode_ci ROW_FORMAT=DYNAMIC COMMENT='ACL related';

INSERT INTO `user_has_roles` (`role_id`, `user_id`) VALUES
(1,	1),
(2,	1),
(2,	2),
(2,	31),
(2,	182),
(2,	355),
(2,	356),
(4,	99),
(4,	108),
(4,	110),
(4,	112),
(4,	120),
(4,	143),
(4,	183),
(4,	184),
(4,	252),
(4,	263),
(4,	264),
(4,	297),
(4,	303),
(4,	308),
(5,	304),
(5,	307),
(6,	9),
(7,	36),
(7,	49),
(7,	66),
(7,	79),
(7,	91),
(7,	124),
(7,	141),
(7,	216),
(7,	255),
(7,	270),
(7,	284),
(7,	285),
(7,	288),
(7,	295),
(7,	314),
(8,	3),
(8,	4),
(8,	5),
(8,	6),
(8,	7),
(8,	8),
(8,	10),
(8,	11),
(8,	12),
(8,	13),
(8,	14),
(8,	15),
(8,	16),
(8,	17),
(8,	18),
(8,	20),
(8,	22),
(8,	23),
(8,	24),
(8,	25),
(8,	26),
(8,	27),
(8,	28),
(8,	29),
(8,	30),
(8,	32),
(8,	34),
(8,	37),
(8,	38),
(8,	40),
(8,	41),
(8,	42),
(8,	43),
(8,	44),
(8,	45),
(8,	46),
(8,	47),
(8,	48),
(8,	51),
(8,	53),
(8,	54),
(8,	55),
(8,	56),
(8,	57),
(8,	58),
(8,	59),
(8,	60),
(8,	61),
(8,	62),
(8,	63),
(8,	65),
(8,	68),
(8,	69),
(8,	70),
(8,	71),
(8,	72),
(8,	73),
(8,	74),
(8,	75),
(8,	76),
(8,	77),
(8,	80),
(8,	81),
(8,	82),
(8,	83),
(8,	84),
(8,	85),
(8,	86),
(8,	87),
(8,	88),
(8,	89),
(8,	90),
(8,	92),
(8,	93),
(8,	95),
(8,	96),
(8,	97),
(8,	98),
(8,	100),
(8,	101),
(8,	103),
(8,	104),
(8,	105),
(8,	106),
(8,	107),
(8,	109),
(8,	111),
(8,	113),
(8,	114),
(8,	115),
(8,	116),
(8,	117),
(8,	118),
(8,	119),
(8,	121),
(8,	122),
(8,	123),
(8,	125),
(8,	126),
(8,	128),
(8,	130),
(8,	132),
(8,	133),
(8,	134),
(8,	135),
(8,	136),
(8,	137),
(8,	138),
(8,	139),
(8,	140),
(8,	142),
(8,	144),
(8,	145),
(8,	146),
(8,	147),
(8,	148),
(8,	149),
(8,	150),
(8,	151),
(8,	152),
(8,	153),
(8,	154),
(8,	155),
(8,	156),
(8,	157),
(8,	158),
(8,	159),
(8,	160),
(8,	161),
(8,	162),
(8,	163),
(8,	164),
(8,	166),
(8,	167),
(8,	168),
(8,	170),
(8,	172),
(8,	173),
(8,	174),
(8,	175),
(8,	176),
(8,	177),
(8,	179),
(8,	180),
(8,	181),
(8,	185),
(8,	186),
(8,	187),
(8,	188),
(8,	190),
(8,	191),
(8,	192),
(8,	193),
(8,	194),
(8,	195),
(8,	196),
(8,	197),
(8,	198),
(8,	199),
(8,	200),
(8,	202),
(8,	203),
(8,	204),
(8,	206),
(8,	207),
(8,	208),
(8,	209),
(8,	210),
(8,	211),
(8,	212),
(8,	213),
(8,	214),
(8,	215),
(8,	217),
(8,	218),
(8,	219),
(8,	220),
(8,	221),
(8,	222),
(8,	223),
(8,	224),
(8,	225),
(8,	226),
(8,	227),
(8,	228),
(8,	229),
(8,	230),
(8,	231),
(8,	232),
(8,	233),
(8,	234),
(8,	236),
(8,	237),
(8,	238),
(8,	239),
(8,	240),
(8,	241),
(8,	243),
(8,	246),
(8,	247),
(8,	249),
(8,	250),
(8,	253),
(8,	254),
(8,	256),
(8,	257),
(8,	258),
(8,	259),
(8,	260),
(8,	261),
(8,	262),
(8,	265),
(8,	266),
(8,	267),
(8,	268),
(8,	269),
(8,	271),
(8,	272),
(8,	274),
(8,	275),
(8,	278),
(8,	280),
(8,	282),
(8,	283),
(8,	286),
(8,	287),
(8,	289),
(8,	290),
(8,	291),
(8,	292),
(8,	293),
(8,	294),
(8,	296),
(8,	298),
(8,	300),
(8,	301),
(8,	302),
(8,	305),
(8,	306),
(8,	309),
(8,	310),
(8,	311),
(8,	313),
(8,	317),
(8,	318),
(8,	319),
(8,	320),
(8,	321),
(8,	322),
(8,	323),
(8,	324),
(8,	325),
(8,	326),
(8,	327),
(8,	328),
(8,	329),
(8,	330),
(8,	331),
(8,	332),
(8,	333),
(8,	334),
(8,	335),
(8,	336),
(8,	337),
(8,	338),
(8,	339),
(8,	341),
(8,	342),
(8,	343),
(8,	344),
(8,	345),
(8,	346),
(8,	348),
(8,	349),
(8,	350),
(8,	351),
(8,	354),
(8,	359),
(8,	367),
(8,	370),
(8,	371),
(8,	372),
(8,	373),
(8,	374),
(8,	375),
(8,	376),
(8,	377),
(8,	378),
(8,	379),
(8,	380),
(8,	381),
(8,	382),
(8,	383),
(8,	384),
(8,	385),
(8,	386),
(8,	387),
(8,	388),
(8,	390),
(8,	391),
(8,	985),
(8,	986),
(8,	987),
(8,	988),
(8,	989),
(8,	1176),
(8,	1177),
(8,	1178),
(8,	1179),
(8,	1180),
(8,	1181),
(8,	1182),
(8,	1183),
(8,	1184),
(8,	1185),
(8,	1186),
(8,	1187),
(8,	1188),
(8,	1189),
(8,	1190),
(8,	1191),
(8,	1192),
(8,	1193),
(8,	1194),
(12,	19),
(17,	21),
(17,	50),
(17,	52),
(17,	64),
(17,	67),
(17,	169),
(17,	171),
(17,	201),
(17,	235),
(17,	245),
(17,	273),
(17,	276),
(17,	277),
(17,	279),
(17,	299),
(17,	312),
(17,	315),
(17,	340),
(17,	389),
(18,	127),
(19,	178),
(19,	251),
(19,	281),
(20,	244),
(20,	316),
(20,	392),
(22,	131);

-- 2022-01-14 11:35:02
