CREATE TABLE `master_gender` (
  `gender_id` int(11) NOT NULL AUTO_INCREMENT,
  `gender_desc` varchar(20) NOT NULL,
  `created_at` timestamp NULL DEFAULT NULL,
  `updated_at` timestamp NOT NULL DEFAULT '0000-00-00 00:00:00',
  `deleted_at` timestamp NULL DEFAULT NULL,
  PRIMARY KEY (`gender_id`)
) ENGINE=InnoDB DEFAULT CHARSET=latin1;

INSERT INTO `master_gender` (`gender_id`, `gender_desc`, `created_at`, `updated_at`, `deleted_at`) VALUES
(1,	'MALE',	'2018-04-20 07:46:31',	'2018-04-20 07:46:31',	NULL),
(2,	'FEMALE',	'2018-04-20 07:46:39',	'2018-04-20 07:46:39',	NULL),
(3,	'OTHER',	'2018-04-20 07:46:45',	'2018-04-20 07:46:45',	NULL);

CREATE TABLE `master_salutation` (
  `salutation_id` int(11) NOT NULL AUTO_INCREMENT,
  `salutation_desc` varchar(100) NOT NULL,
  `created_at` timestamp NULL DEFAULT NULL,
  `updated_at` timestamp NOT NULL DEFAULT '0000-00-00 00:00:00',
  `deleted_at` timestamp NULL DEFAULT NULL,
  PRIMARY KEY (`salutation_id`)
) ENGINE=InnoDB DEFAULT CHARSET=latin1;

INSERT INTO `master_salutation` (`salutation_id`, `salutation_desc`, `created_at`, `updated_at`, `deleted_at`) VALUES
(1,	'EN.',	'2018-04-23 06:08:17',	'2018-04-23 06:08:17',	NULL),
(2,	'PN.',	'2018-04-23 06:08:22',	'2018-04-23 06:08:22',	NULL),
(3,	'CIK',	'2018-04-23 06:08:25',	'2018-04-23 06:08:25',	NULL),
(4,	'SIR',	'2018-04-23 06:08:30',	'2018-04-23 06:08:30',	NULL),
(5,	'DATUK',	'2018-04-23 06:08:35',	'2018-04-23 06:08:35',	NULL),
(6,	'DATIN',	'2018-04-23 06:08:47',	'2018-04-23 06:08:47',	NULL),
(7,	'DATO\'',	'2018-04-23 06:08:55',	'2018-04-23 06:08:55',	NULL),
(8,	'DATO\' SERI',	'2018-04-23 06:09:31',	'2018-04-23 06:09:31',	NULL),
(9,	'DATIN SERI',	'2018-04-23 06:09:56',	'2018-04-23 06:09:56',	NULL),
(10,	'TUN',	'2018-04-23 06:10:01',	'2018-04-23 06:10:01',	NULL),
(11,	'TUAN',	'2018-04-23 06:10:01',	'2018-04-23 06:10:01',	NULL);

CREATE TABLE `master_state` (
  `state_id` int(10) unsigned NOT NULL AUTO_INCREMENT,
  `state_code` char(3) COLLATE utf8_unicode_ci NOT NULL,
  `state_desc` varchar(255) COLLATE utf8_unicode_ci NOT NULL,
  `area_id` int(11) NOT NULL,
  `created_at` timestamp NULL DEFAULT NULL,
  `updated_at` timestamp NOT NULL DEFAULT '0000-00-00 00:00:00',
  `deleted_at` timestamp NULL DEFAULT NULL,
  PRIMARY KEY (`state_id`)
) ENGINE=InnoDB DEFAULT CHARSET=utf8 COLLATE=utf8_unicode_ci;

INSERT INTO `master_state` (`state_id`, `state_code`, `state_desc`, `area_id`, `created_at`, `updated_at`, `deleted_at`) VALUES
(1,	'JHR',	'JOHOR',	1,	'2018-05-02 03:57:20',	'2018-05-02 03:57:20',	NULL),
(2,	'KDH',	'KEDAH',	1,	'2018-05-02 03:57:20',	'2018-05-02 03:57:20',	NULL),
(3,	'KTN',	'KELANTAN',	1,	'2018-05-02 03:57:20',	'2018-05-02 03:57:20',	NULL),
(4,	'KUL',	'WILAYAH PERSEKUTUAN KUALA LUMPUR',	1,	'2018-05-02 03:57:20',	'2018-05-02 03:57:20',	NULL),
(5,	'LBN',	'WILAYAH PERSEKUTUAN LABUAN',	2,	'2018-05-02 03:57:20',	'2018-05-02 03:57:20',	NULL),
(6,	'MLK',	'MELAKA',	1,	'2018-05-02 03:57:20',	'2018-05-02 03:57:20',	NULL),
(7,	'NSN',	'NEGERI SEMBILAN',	1,	'2018-05-02 03:57:20',	'2018-05-02 03:57:20',	NULL),
(8,	'PHG',	'PAHANG',	1,	'2018-05-02 03:57:20',	'2018-05-02 03:57:20',	NULL),
(9,	'PJY',	'WILAYAH PERSEKUTUAN PUTRA JAYA',	1,	'2018-05-02 03:57:20',	'2018-05-02 03:57:20',	NULL),
(10,	'PLS',	'PERLIS',	1,	'2018-05-02 03:57:20',	'2018-05-02 03:57:20',	NULL),
(11,	'PNG',	'PULAU PINANG',	1,	'2018-05-02 03:57:20',	'2018-05-02 03:57:20',	NULL),
(12,	'PRK',	'PERAK',	1,	'2018-05-02 03:57:20',	'2018-05-02 03:57:20',	NULL),
(13,	'SBH',	'SABAH',	2,	'2018-05-02 03:57:20',	'2018-05-02 03:57:20',	NULL),
(14,	'SGR',	'SELANGOR',	1,	'2018-05-02 03:57:20',	'2018-05-02 03:57:20',	NULL),
(15,	'SRW',	'SARAWAK',	2,	'2018-05-02 03:57:20',	'2018-05-02 03:57:20',	NULL),
(16,	'TRG',	'TERENGGANU',	1,	'2018-05-02 03:57:20',	'2018-05-02 03:57:20',	NULL);

CREATE TABLE `meeting` (
  `meeting_id` int(11) NOT NULL AUTO_INCREMENT,
  `previous_meeting_id` int(11) DEFAULT NULL,
  `meeting_no` varchar(50) DEFAULT NULL COMMENT 'bil mesyuarat',
  `meeting_date` datetime DEFAULT NULL,
  `meeting_location` varchar(200) DEFAULT NULL,
  `meeting_link` text,
  `meeting_remarks` longtext,
  `status` char(1) NOT NULL DEFAULT 'N' COMMENT 'N-new,B-batal,F-finish',
  `created_by` int(11) DEFAULT NULL,
  `updated_by` int(11) DEFAULT NULL,
  `created_at` timestamp NULL DEFAULT NULL,
  `updated_at` timestamp NOT NULL DEFAULT CURRENT_TIMESTAMP,
  `deleted_at` timestamp NULL DEFAULT NULL,
  PRIMARY KEY (`meeting_id`),
  KEY `idx_meeting_createdby` (`created_by`),
  KEY `idx_meeting_updatedby` (`updated_by`),
  KEY `idx_meeting_bil` (`meeting_no`),
  KEY `idx_meeting_previous_meetingid` (`previous_meeting_id`)
) ENGINE=InnoDB DEFAULT CHARSET=latin1;

INSERT INTO `meeting` (`meeting_id`, `previous_meeting_id`, `meeting_no`, `meeting_date`, `meeting_location`, `meeting_link`, `meeting_remarks`, `status`, `created_by`, `updated_by`, `created_at`, `updated_at`, `deleted_at`) VALUES
(1,	NULL,	'2/2021',	'2022-01-20 14:15:00',	'BILIK MAJLIS',	'www.mpc.gov.my',	NULL,	'F',	178,	178,	'2021-12-31 03:55:40',	'2021-12-31 04:12:24',	NULL),
(2,	NULL,	'3/2022',	'2022-01-08 07:00:00',	'BILIK MAJLIS',	'www.google.com',	NULL,	'F',	178,	178,	'2022-01-07 08:38:15',	'2022-01-07 08:45:18',	NULL);

CREATE TABLE `meeting_participant` (
  `meeting_participant_id` int(11) NOT NULL AUTO_INCREMENT,
  `meeting_id` int(11) NOT NULL,
  `user_id` bigint(20) NOT NULL,
  `attend` int(11) NOT NULL DEFAULT '1',
  `created_by` int(11) DEFAULT NULL,
  `updated_by` int(11) DEFAULT NULL,
  `created_at` timestamp NULL DEFAULT NULL,
  `updated_at` timestamp NOT NULL DEFAULT CURRENT_TIMESTAMP,
  `deleted_at` timestamp NULL DEFAULT NULL,
  PRIMARY KEY (`meeting_participant_id`),
  KEY `idx_meetingparticipant_createdby` (`created_by`),
  KEY `idx_meetingparticipant_updatedby` (`updated_by`),
  KEY `idx_meetingparticipant_participantid` (`user_id`),
  KEY `idx_meetingparticipant_meetingid` (`meeting_id`)
) ENGINE=InnoDB DEFAULT CHARSET=latin1;

INSERT INTO `meeting_participant` (`meeting_participant_id`, `meeting_id`, `user_id`, `attend`, `created_by`, `updated_by`, `created_at`, `updated_at`, `deleted_at`) VALUES
(1,	1,	131,	1,	178,	178,	'2021-12-31 03:55:40',	'2021-12-31 03:55:40',	'2021-12-30 20:08:39'),
(2,	1,	304,	1,	178,	178,	'2021-12-31 03:55:40',	'2021-12-31 03:55:40',	'2021-12-30 20:08:39'),
(3,	1,	307,	1,	178,	178,	'2021-12-31 03:55:40',	'2021-12-31 03:55:40',	'2021-12-30 20:08:39'),
(4,	1,	9,	1,	178,	178,	'2021-12-31 03:55:40',	'2021-12-31 03:55:40',	'2021-12-30 20:08:39'),
(5,	1,	178,	1,	178,	178,	'2021-12-31 03:55:40',	'2021-12-31 03:55:40',	'2021-12-30 20:08:39'),
(6,	1,	131,	1,	178,	178,	'2021-12-31 04:08:39',	'2021-12-31 04:08:39',	'2021-12-30 20:09:30'),
(7,	1,	304,	1,	178,	178,	'2021-12-31 04:08:39',	'2021-12-31 04:08:39',	'2021-12-30 20:09:30'),
(8,	1,	307,	1,	178,	178,	'2021-12-31 04:08:39',	'2021-12-31 04:08:39',	'2021-12-30 20:09:30'),
(9,	1,	9,	1,	178,	178,	'2021-12-31 04:08:39',	'2021-12-31 04:08:39',	'2021-12-30 20:09:30'),
(10,	1,	178,	1,	178,	178,	'2021-12-31 04:08:39',	'2021-12-31 04:08:39',	'2021-12-30 20:09:30'),
(11,	1,	131,	1,	178,	178,	'2021-12-31 04:09:30',	'2021-12-31 04:09:30',	'2021-12-30 20:12:24'),
(12,	1,	304,	1,	178,	178,	'2021-12-31 04:09:30',	'2021-12-31 04:09:30',	'2021-12-30 20:12:24'),
(13,	1,	307,	1,	178,	178,	'2021-12-31 04:09:30',	'2021-12-31 04:09:30',	'2021-12-30 20:12:24'),
(14,	1,	9,	1,	178,	178,	'2021-12-31 04:09:30',	'2021-12-31 04:09:30',	'2021-12-30 20:12:24'),
(15,	1,	178,	1,	178,	178,	'2021-12-31 04:09:30',	'2021-12-31 04:09:30',	'2021-12-30 20:12:24'),
(16,	1,	131,	1,	178,	178,	'2021-12-31 04:12:24',	'2021-12-31 04:12:24',	NULL),
(17,	1,	304,	1,	178,	178,	'2021-12-31 04:12:24',	'2021-12-31 04:12:24',	NULL),
(18,	1,	307,	1,	178,	178,	'2021-12-31 04:12:24',	'2021-12-31 04:12:24',	NULL),
(19,	1,	9,	1,	178,	178,	'2021-12-31 04:12:24',	'2021-12-31 04:12:24',	NULL),
(20,	1,	178,	1,	178,	178,	'2021-12-31 04:12:24',	'2021-12-31 04:12:24',	NULL),
(21,	2,	131,	1,	178,	178,	'2022-01-07 08:38:15',	'2022-01-07 08:38:15',	'2022-01-07 00:45:18'),
(22,	2,	304,	1,	178,	178,	'2022-01-07 08:38:15',	'2022-01-07 08:38:15',	'2022-01-07 00:45:18'),
(23,	2,	307,	1,	178,	178,	'2022-01-07 08:38:15',	'2022-01-07 08:38:15',	'2022-01-07 00:45:18'),
(24,	2,	9,	1,	178,	178,	'2022-01-07 08:38:15',	'2022-01-07 08:38:15',	'2022-01-07 00:45:18'),
(25,	2,	178,	1,	178,	178,	'2022-01-07 08:38:15',	'2022-01-07 08:38:15',	'2022-01-07 00:45:18'),
(26,	2,	131,	1,	178,	178,	'2022-01-07 08:45:18',	'2022-01-07 08:45:18',	NULL),
(27,	2,	304,	1,	178,	178,	'2022-01-07 08:45:18',	'2022-01-07 08:45:18',	NULL),
(28,	2,	307,	1,	178,	178,	'2022-01-07 08:45:18',	'2022-01-07 08:45:18',	NULL),
(29,	2,	9,	1,	178,	178,	'2022-01-07 08:45:18',	'2022-01-07 08:45:18',	NULL),
(30,	2,	178,	1,	178,	178,	'2022-01-07 08:45:18',	'2022-01-07 08:45:18',	NULL);

CREATE TABLE `meeting_permohonan` (
  `meeting_permohonan_id` int(11) NOT NULL AUTO_INCREMENT,
  `meeting_id` int(11) NOT NULL,
  `permohonan_id` bigint(20) NOT NULL,
  `remarks` longtext,
  `status` char(1) DEFAULT NULL COMMENT 'A-approved,R-notapproved,P-postponed',
  `created_by` int(11) DEFAULT NULL,
  `updated_by` int(11) DEFAULT NULL,
  `created_at` timestamp NULL DEFAULT NULL,
  `updated_at` timestamp NOT NULL DEFAULT CURRENT_TIMESTAMP,
  `deleted_at` timestamp NULL DEFAULT NULL,
  PRIMARY KEY (`meeting_permohonan_id`),
  KEY `idx_meetingpermohonan_createdby` (`created_by`),
  KEY `idx_meetingpermohonan_updatedby` (`updated_by`),
  KEY `idx_meetingpermohonan_permohonanid` (`permohonan_id`),
  KEY `idx_meetingpermohonan_meetingid` (`meeting_id`)
) ENGINE=InnoDB DEFAULT CHARSET=latin1;

INSERT INTO `meeting_permohonan` (`meeting_permohonan_id`, `meeting_id`, `permohonan_id`, `remarks`, `status`, `created_by`, `updated_by`, `created_at`, `updated_at`, `deleted_at`) VALUES
(1,	1,	1,	'test 1\r\n1. sila kemukakan details kos\r\n2. sila kemukakan laporan\r\n3. sila kemukakan senarai peserta',	'A',	178,	178,	'2021-12-31 03:55:40',	'2021-12-31 04:07:08',	'2021-12-30 20:08:39'),
(2,	1,	1,	NULL,	NULL,	178,	178,	'2021-12-31 04:08:39',	'2021-12-31 04:08:39',	'2021-12-30 20:09:30'),
(3,	1,	1,	NULL,	NULL,	178,	178,	'2021-12-31 04:09:30',	'2021-12-31 04:09:30',	'2021-12-30 20:12:24'),
(4,	1,	1,	NULL,	'A',	178,	178,	'2021-12-31 04:12:24',	'2021-12-31 04:12:24',	NULL),
(5,	2,	10,	'tiada bajet',	'R',	178,	178,	'2022-01-07 08:38:15',	'2022-01-07 08:40:16',	'2022-01-07 00:45:18'),
(6,	2,	11,	'mesyuarat lulus',	'A',	178,	178,	'2022-01-07 08:38:15',	'2022-01-07 08:44:05',	'2022-01-07 00:45:18'),
(7,	2,	13,	'lulus',	'A',	178,	178,	'2022-01-07 08:38:15',	'2022-01-07 08:44:40',	'2022-01-07 00:45:18'),
(8,	2,	10,	NULL,	'R',	178,	178,	'2022-01-07 08:45:18',	'2022-01-07 08:45:18',	NULL),
(9,	2,	11,	NULL,	'A',	178,	178,	'2022-01-07 08:45:18',	'2022-01-07 08:45:18',	NULL),
(10,	2,	13,	NULL,	'A',	178,	178,	'2022-01-07 08:45:18',	'2022-01-07 08:45:18',	NULL);

CREATE TABLE `menus` (
  `id` int(10) unsigned NOT NULL AUTO_INCREMENT,
  `parent_id` int(10) unsigned DEFAULT NULL,
  `title` varchar(255) NOT NULL,
  `label` varchar(255) NOT NULL,
  `url` text NOT NULL,
  `order` int(11) NOT NULL,
  `created_at` timestamp NULL DEFAULT NULL,
  `updated_at` timestamp NOT NULL DEFAULT CURRENT_TIMESTAMP ON UPDATE CURRENT_TIMESTAMP,
  `deleted_at` timestamp NULL DEFAULT NULL,
  PRIMARY KEY (`id`)
) ENGINE=InnoDB DEFAULT CHARSET=latin1;

INSERT INTO `menus` (`id`, `parent_id`, `title`, `label`, `url`, `order`, `created_at`, `updated_at`, `deleted_at`) VALUES
(1,	NULL,	'test',	'test',	'google.com',	0,	NULL,	'2018-07-13 04:44:08',	'2018-07-12 20:44:08'),
(2,	1,	'test',	'ting',	'testing.com',	0,	NULL,	'2018-07-13 04:44:05',	'2018-07-12 20:44:04'),
(3,	NULL,	'test',	'ting',	'google.com',	0,	NULL,	'2018-07-16 08:13:47',	NULL),
(4,	NULL,	'tang',	'tang',	'otoworkz.my',	2,	NULL,	'2018-07-16 08:13:48',	NULL),
(5,	NULL,	'tung',	'tung',	'web.com',	1,	NULL,	'2018-07-16 08:13:48',	NULL);

CREATE TABLE `migrations` (
  `id` int(10) unsigned NOT NULL AUTO_INCREMENT,
  `migration` varchar(255) COLLATE utf8_unicode_ci NOT NULL,
  `batch` int(11) NOT NULL,
  PRIMARY KEY (`id`)
) ENGINE=InnoDB DEFAULT CHARSET=utf8 COLLATE=utf8_unicode_ci ROW_FORMAT=DYNAMIC;

INSERT INTO `migrations` (`id`, `migration`, `batch`) VALUES
(1,	'2014_10_12_000000_create_users_table',	1),
(2,	'2014_10_12_100000_create_password_resets_table',	1),
(3,	'2017_08_29_064643_create_admins_table',	1),
(4,	'2017_09_07_041931_create_employees_table',	1),
(5,	'2018_04_02_142137_create_permission_tables',	2),
(6,	'2018_04_07_170349_create_audits_table',	3);

CREATE TABLE `password_resets` (
  `email` varchar(255) COLLATE utf8_unicode_ci NOT NULL,
  `token` varchar(255) COLLATE utf8_unicode_ci NOT NULL,
  `created_at` timestamp NULL DEFAULT NULL,
  KEY `password_resets_email_index` (`email`)
) ENGINE=InnoDB DEFAULT CHARSET=utf8 COLLATE=utf8_unicode_ci ROW_FORMAT=DYNAMIC;


CREATE TABLE `permissions` (
  `id` int(10) unsigned NOT NULL AUTO_INCREMENT,
  `name` varchar(255) COLLATE utf8_unicode_ci NOT NULL,
  `description` text COLLATE utf8_unicode_ci,
  `namespace` varchar(255) COLLATE utf8_unicode_ci DEFAULT NULL,
  `controller` varchar(100) COLLATE utf8_unicode_ci DEFAULT NULL,
  `function` varchar(100) COLLATE utf8_unicode_ci DEFAULT NULL,
  `parent_menu` int(11) NOT NULL DEFAULT '0',
  `sort` int(11) NOT NULL,
  `created_at` timestamp NULL DEFAULT NULL,
  `updated_at` timestamp NULL DEFAULT NULL,
  PRIMARY KEY (`id`),
  UNIQUE KEY `permissions_name_unique` (`name`)
) ENGINE=InnoDB DEFAULT CHARSET=utf8 COLLATE=utf8_unicode_ci ROW_FORMAT=DYNAMIC COMMENT='ACL related';

INSERT INTO `permissions` (`id`, `name`, `description`, `namespace`, `controller`, `function`, `parent_menu`, `sort`, `created_at`, `updated_at`) VALUES
(13,	'home',	'Dashboard Pengguna',	'App\\Http\\Controllers',	'HomeController',	'index',	1,	0,	'2018-12-17 07:02:13',	'2018-12-17 07:02:13'),
(14,	'administration',	'Pengurusan Pentadbiran',	'administration',	'AdminController',	'na',	1,	2,	'2018-12-17 07:02:13',	'2018-12-17 07:02:13'),
(15,	'admin.dashboard',	'Dashboard Pentadbir',	'App\\Modules\\Admin\\Controllers',	'AdminController',	'index',	1,	1,	'2018-12-17 07:02:13',	'2018-12-17 07:02:13'),
(16,	'user.index',	'Pengurusan Pengguna',	'App\\Http\\Controllers\\Controller',	'UserController',	'index',	0,	3,	'2018-12-17 07:02:13',	'2018-04-25 05:46:50'),
(17,	'admin.roles',	'Pengurusan Peranan',	'App\\Modules\\Admin\\Controllers',	'RoleController',	'index',	0,	7,	'2018-12-17 07:02:13',	'2021-05-23 11:55:02'),
(18,	'admin.permission',	'Pengurusan Permission',	'App\\Http\\Controllers\\Controller',	'PermissionController',	'index',	0,	8,	'2018-12-17 07:02:13',	'2021-05-23 11:55:02'),
(19,	'admin.menus',	'Pengurusan Menu',	'App\\Modules\\Admin\\Controllers',	'MenuController',	'index',	0,	9,	'2018-12-17 07:02:13',	'2021-05-23 11:55:02'),
(20,	'admin.logs',	'Log Sistem',	'Rap2hpoutre\\LaravelLogViewer',	'LogViewerController',	'index',	0,	10,	'2018-12-17 07:02:13',	'2021-05-23 11:55:02'),
(21,	'admin.config',	'Konfigurasi Sistem',	'App\\Modules\\Admin\\Controllers',	'AdminController',	'configuration',	0,	11,	'2018-12-17 07:02:13',	'2021-05-23 11:55:02'),
(22,	'admin.auditrail',	'Log Aktiviti Pengguna',	'App\\Modules\\Admin\\Controllers',	'AdminController',	'auditTrail',	0,	13,	'2018-12-17 07:02:13',	'2021-08-08 09:22:29'),
(29,	'user.disable',	'Nyahaktif Pengguna',	'App\\Modules\\Admin\\Controllers',	'UserController',	'disableUser',	0,	4,	'2018-04-29 22:58:17',	'2021-05-23 11:55:02'),
(30,	'user.enable',	'Pengaktifan Pengguna',	'App\\Modules\\Admin\\Controllers',	'UserController',	'enableUser',	0,	5,	'2018-04-29 22:59:02',	'2021-05-23 11:55:02'),
(101,	'data',	'Pengurusan Data Rujukan',	'App\\Modules\\Admin\\Controllers',	'DataManagementController',	'na',	1,	15,	'2018-11-10 05:06:34',	'2021-08-08 09:22:29'),
(104,	'data.jawatan.index',	'Senarai Jawatan',	'App\\Modules\\Admin\\Controllers',	'DataManagementController',	'jawatanindex',	0,	21,	'2018-11-17 06:59:47',	'2021-10-25 22:41:02'),
(108,	'proses.permohonan',	'Pengurusan Permohonan',	'App\\Modules\\Permohonan\\Controllers',	'na',	'na',	1,	29,	'2018-11-25 15:08:46',	'2021-10-25 22:41:02'),
(110,	'report.index',	'Laporan',	'App\\Modules\\Report\\Controller',	'ReportController',	'index',	1,	49,	'2020-10-08 03:17:32',	'2022-01-07 11:31:46'),
(121,	'user.changerole',	'Tukar Peranan Pengguna',	'na',	'na',	'na',	0,	14,	'2018-12-10 17:41:13',	'2021-08-08 09:22:29'),
(123,	'data.announcement.index',	'Pengumuman',	'App\\Modules\\Admin\\Controllers',	'DataManagementController',	'announcementindex',	0,	26,	'2019-02-26 12:34:56',	'2021-10-25 22:41:02'),
(124,	'data.gred.index',	'Senarai Gred',	'App\\Modules\\Admin\\Controllers',	'DataManagementController',	'gredindex',	0,	18,	'2019-03-20 17:14:43',	'2021-10-25 22:41:02'),
(128,	'data.unit.index',	'Senarai Unit Bahagian',	'App\\Modules\\Admin\\Controllers',	'DataManagementController',	'unitbahagianindex',	0,	20,	'2019-03-20 17:21:11',	'2021-10-25 22:41:02'),
(129,	'user.limitupdate',	'Had Kemaskini Profil',	'na',	'na',	'na',	0,	6,	'2019-03-21 16:51:51',	'2021-05-23 11:55:02'),
(130,	'proses.permohonan.baru',	'Permohonan Baru',	'App\\Modules\\Permohonan\\Controllers',	'na',	'na',	0,	30,	'2019-03-21 17:04:46',	'2021-10-25 22:41:02'),
(131,	'proses.permohonan.firstapprovelist',	'Menyokong Permohonan (Pengarah BOM)',	'App\\Modules\\Permohonan\\Controllers',	'na',	'na',	0,	37,	'2019-03-21 17:06:15',	'2022-01-03 23:30:11'),
(132,	'proses.permohonan.verify',	'Mengesah Permohonan',	'App\\Modules\\Permohonan\\Controllers',	'na',	'na',	0,	33,	'2019-03-21 17:15:41',	'2022-01-03 23:30:11'),
(134,	'report.expensessummary.index',	'Laporan Rumusan Perbelanjaan',	'App\\Modules\\Report\\Controller',	'ReportController',	'expensessummary',	0,	50,	'2019-10-07 05:11:45',	'2022-01-07 11:31:46'),
(137,	'proses.permohonan.selesai',	'Permohonan Selesai',	'App\\Modules\\Permohonan\\Controllers',	'na',	'na',	0,	40,	'2020-07-22 16:51:28',	'2022-01-03 23:30:11'),
(138,	'proses.permohonan.caridokumen',	'Carian Dokumen Permohonan',	'App\\Modules\\Permohonan\\Controllers',	'na',	'na',	0,	42,	'2020-07-22 19:05:46',	'2022-01-03 23:30:11'),
(140,	'proses.permohonan.secondapprovelist',	'Menyokong Permohonan (TKP)',	'App\\Modules\\Permohonan\\Controllers',	'na',	'na',	0,	38,	'2020-09-11 11:24:45',	'2022-01-03 23:30:11'),
(141,	'proses.permohonan.thirdapprovelist',	'Melulus Permohonan (KP)',	'App\\Modules\\Permohonan\\Controllers',	'na',	'na',	0,	39,	'2020-09-11 11:25:49',	'2022-01-03 23:30:11'),
(150,	'proses.permohonan.searchall',	'Carian Semua Permohonan',	'App\\Modules\\Permohonan\\Controllers',	'na',	'na',	0,	43,	'2020-10-08 03:17:32',	'2022-01-03 23:30:11'),
(156,	'data.bank.index',	'Senarai Bank',	'App\\Modules\\Admin\\Controllers',	'DataManagementController',	'bankindex',	0,	19,	'2021-01-05 12:06:12',	'2021-10-25 22:41:02'),
(157,	'data.projectcategory.index',	'Senarai Kategori Projek',	'App\\Modules\\Admin\\Controllers',	'DataManagementController',	'projectcategoryindex',	0,	23,	'2021-05-23 17:35:58',	'2021-10-25 22:41:02'),
(162,	'data.kpicategory.index',	'Senarai Kategori KPI',	'App\\Modules\\Admin\\Controllers',	'DataManagementController',	'kpicategoryindex',	0,	24,	'2021-05-25 09:49:03',	'2021-10-25 22:41:02'),
(163,	'data.kpi.index',	'Senarai KPI',	'App\\Modules\\Admin\\Controllers',	'DataManagementController',	'kpiindex',	0,	25,	'2021-05-25 09:50:13',	'2021-10-25 22:41:02'),
(166,	'data.suballocation.index',	'Senarai Peruntukan',	'App\\Modules\\Admin\\Controllers',	'DataManagementController',	'suballocationindex',	0,	22,	'2021-07-28 07:11:37',	'2021-10-25 22:41:02'),
(169,	'admin.adminSettings',	'Tetapan Sistem',	'App\\Modules\\Admin\\Controllers',	'AdminController',	'adminSettings',	0,	12,	'2021-08-08 17:22:29',	'2021-08-08 17:22:29'),
(170,	'proses.permohonan.allocationlist',	'Pengurusan Data Peruntukan Tahunan',	'App\\Modules\\Permohonan\\Controllers',	'PermohonanController',	'allocationlist',	1,	27,	'2021-10-23 04:51:37',	'2021-10-25 22:41:02'),
(171,	'proses.permohonan.createallocation',	'Tambah/Kemaskini Data Peruntukan Tahunan',	'App\\Modules\\Permohonan\\Controllers',	'na',	'na',	0,	28,	'2021-10-23 04:52:42',	'2021-10-25 22:41:02'),
(172,	'data.asset.index',	'Senarai Kategori Aset',	'App\\Modules\\Admin\\Controllers',	'DataManagementController',	'assetindex',	0,	16,	'2021-10-26 06:40:12',	'2021-10-26 06:40:12'),
(173,	'data.assettype.index',	'Senarai Sub Kategori Aset',	'App\\Modules\\Admin\\Controllers',	'DataManagementController',	'assettypeindex',	0,	17,	'2021-10-26 06:41:02',	'2021-10-26 06:41:02'),
(174,	'proses.permohonan.sokong',	'Menyokong Permohonan KA/Pemilik Bajet',	'App\\Modules\\Permohonan\\Controllers',	'na',	'na',	0,	35,	'2021-10-26 20:57:24',	'2022-01-03 23:30:11'),
(175,	'proses.permohonan.feedbacklist',	'Maklumbalas Permohonan (PCT)',	'App\\Modules\\Permohonan\\Controllers',	'na',	'na',	0,	36,	'2021-10-26 20:58:39',	'2022-01-03 23:30:11'),
(176,	'proses.permohonan.meetinglist',	'Pengurusan Maklumat Mesyuarat',	'App\\Modules\\Permohonan\\Controllers',	'PermohonanController',	'meetinglist',	1,	46,	'2021-10-27 17:29:09',	'2022-01-07 11:31:46'),
(177,	'proses.permohonan.createmeeting',	'Tambah/Kemaskini Mesyuarat',	'App\\Modules\\Permohonan\\Controllers',	'na',	'na',	0,	47,	'2021-10-27 17:30:17',	'2022-01-07 11:31:46'),
(178,	'proses.permohonan.allmeetinglist',	'Carian Semua Mesyuarat',	'App\\Modules\\Permohonan\\Controllers',	'na',	'na',	0,	48,	'2021-10-27 17:35:28',	'2022-01-07 11:31:46'),
(179,	'proses.permohonan.shared',	'Permohonan Bersama Staf Lain',	'App\\Modules\\Permohonan\\Controllers',	'na',	'na',	0,	31,	'2021-11-08 17:50:54',	'2021-11-08 17:50:54'),
(180,	'report.kpisummary.index',	'Laporan KPI',	'App\\Modules\\Report\\Controller',	'ReportController',	'kpisummary',	0,	51,	'2021-12-05 19:03:02',	'2022-01-07 11:31:46'),
(181,	'proses.permohonan.searchproject',	'Carian Semua KPI/Projek',	'App\\Modules\\Permohonan\\Controllers',	'na',	'na',	0,	44,	'2021-12-28 10:18:31',	'2022-01-03 23:30:11'),
(182,	'proses.permohonan.secondverify',	'Sokong Permohonan (Pengarah Bhgn)',	'App\\Modules\\Permohonan\\Controllers',	'na',	'na',	0,	34,	'2021-12-28 17:34:57',	'2022-01-03 23:30:11'),
(183,	'search',	'Senarai Carian',	'App\\Modules\\Admin\\Controllers',	'PermohonanController',	'na',	1,	41,	'2021-12-30 15:21:27',	'2022-01-03 23:30:11'),
(184,	'proses.permohonan.asetalih',	'Senarai Permohonan Aset Alih',	'App\\Modules\\Permohonan\\Controllers',	'na',	'na',	0,	32,	'2022-01-04 07:30:11',	'2022-01-04 07:30:11'),
(185,	'proses.permohonan.searchcore',	'Carian Teras',	'App\\Modules\\Permohonan\\Controllers',	'na',	'na',	0,	45,	'2022-01-07 19:31:46',	'2022-01-07 19:31:46');

CREATE TABLE `permohonan` (
  `permohonan_id` bigint(11) NOT NULL AUTO_INCREMENT,
  `parent_permohonan_id` bigint(11) DEFAULT NULL,
  `previous_permohonan_id` bigint(11) DEFAULT NULL,
  `bom_no` varchar(30) DEFAULT NULL,
  `sub_bom_no` int(11) DEFAULT NULL,
  `unit_bahagian_id` int(11) DEFAULT NULL,
  `has_cost` int(11) NOT NULL DEFAULT '0',
  `permohonan_title` text,
  `permohonan_desc` text,
  `permohonan_background` text,
  `permohonan_objective` text,
  `permohonan_method` text,
  `permohonan_recommendation` text,
  `permohonan_startdate` date DEFAULT NULL,
  `permohonan_enddate` date DEFAULT NULL,
  `has_option` int(11) DEFAULT '0',
  `total_option` int(11) DEFAULT '0',
  `recommended_option_no` int(11) DEFAULT NULL COMMENT 'recommended option - permohonan_option',
  `final_option_no` int(11) DEFAULT NULL COMMENT 'option chose by KP',
  `has_project` int(11) NOT NULL DEFAULT '0',
  `previous1_totalcost` decimal(10,2) NOT NULL DEFAULT '0.00',
  `applied1_totalcost` decimal(10,2) NOT NULL DEFAULT '0.00',
  `previous2_totalcost` decimal(10,2) NOT NULL DEFAULT '0.00',
  `applied2_totalcost` decimal(10,2) NOT NULL DEFAULT '0.00',
  `previous3_totalcost` decimal(10,2) NOT NULL DEFAULT '0.00',
  `applied3_totalcost` decimal(10,2) NOT NULL DEFAULT '0.00',
  `pemohon_id` int(11) DEFAULT NULL,
  `submitted_date` datetime DEFAULT NULL,
  `permohonan_catatan` text,
  `verified_by` int(11) DEFAULT NULL COMMENT 'supervisor1',
  `verified_date` datetime DEFAULT NULL COMMENT 'supervisor1',
  `verified_remarks` text COMMENT 'Sts: S/T/E pengarah bhgn',
  `secondverified_by` int(11) DEFAULT NULL COMMENT 'pengarah bhgn',
  `secondverified_date` datetime DEFAULT NULL COMMENT 'pengarah bhgn',
  `secondverified_remarks` text COMMENT 'Sts: T/E pengarah bhgn',
  `supported_by` int(11) DEFAULT NULL COMMENT 'KA/Pemilik Bajet',
  `supported_date` datetime DEFAULT NULL COMMENT 'KA/Pemilik Bajet',
  `supported_remarks` text COMMENT 'Sts: M/U/R KA/Pemilik Bajet',
  `feedback_procedure` int(11) DEFAULT '0' COMMENT 'PCT',
  `feedback_perolehanterus` int(11) DEFAULT '0' COMMENT 'PCT',
  `feedback_shb` int(11) DEFAULT '0' COMMENT 'PCT',
  `feedback_sha` int(11) DEFAULT '0' COMMENT 'PCT',
  `feedback_tender` int(11) DEFAULT '0' COMMENT 'PCT',
  `feedback_jpp` int(11) DEFAULT '0' COMMENT 'PCT',
  `feedback_jppk` int(11) DEFAULT '0' COMMENT 'PCT',
  `feedback_jpict` int(11) DEFAULT '0' COMMENT 'PCT',
  `feedback_by` int(11) DEFAULT NULL COMMENT 'PCT',
  `feedback_date` datetime DEFAULT NULL COMMENT 'PCT',
  `feedback_remarks` text COMMENT 'Sts: E PCT',
  `approved_by` int(11) DEFAULT NULL COMMENT 'Pengarah Bhgn',
  `approved_date` datetime DEFAULT NULL COMMENT 'Pengarah Bhgn',
  `approved_remarks` text COMMENT 'Sts: F/J Pengarah Bhgn',
  `approved_meeting` int(11) NOT NULL DEFAULT '0' COMMENT 'Pengarah Bhgn',
  `approved2_by` int(11) DEFAULT NULL COMMENT 'TKP',
  `approved2_date` datetime DEFAULT NULL COMMENT 'TKP',
  `approved2_remarks` text COMMENT 'Sts: G/K TKP',
  `approved2_meeting` int(11) NOT NULL DEFAULT '0' COMMENT 'TKP',
  `approved3_by` int(11) DEFAULT NULL COMMENT 'KP',
  `approved3_date` datetime DEFAULT NULL COMMENT 'KP',
  `approved3_remarks` text COMMENT 'Sts: H/L KP',
  `approved3_meeting` int(11) NOT NULL DEFAULT '0' COMMENT 'KP',
  `approvedmeeting_by` int(11) DEFAULT NULL COMMENT 'Pgrah bhgn after meeting',
  `approvedmeeting_date` datetime DEFAULT NULL COMMENT 'Pgrah bhgn after meeting',
  `approvedmeeting_remarks` text COMMENT 'Pgrah bhgn after meeting',
  `approved3meeting_by` int(11) DEFAULT NULL COMMENT 'KP after meeting',
  `approved3meeting_date` datetime DEFAULT NULL COMMENT 'KP after meeting',
  `approved3meeting_remarks` text COMMENT 'KP after meeting',
  `meetingfeedback_by` int(11) DEFAULT NULL COMMENT 'urusetia',
  `meetingfeedback_date` datetime DEFAULT NULL COMMENT 'urusetia',
  `meetingfeedback_remarks` text COMMENT 'urusetia',
  `finalfeedback_by` int(11) DEFAULT NULL COMMENT 'pemohon',
  `finalfeedback_date` datetime DEFAULT NULL COMMENT 'pemohon',
  `finalfeedback_remarks` text COMMENT 'pemohon',
  `keratan_minit_by` int(11) DEFAULT NULL COMMENT 'final urusetia',
  `keratan_minit` mediumtext COMMENT 'final urusetia',
  `keratan_minit_date` datetime DEFAULT NULL COMMENT 'final urusetia',
  `permohonan_expirydate` date DEFAULT NULL COMMENT 'add 4 months from approved3_date',
  `in_meeting` int(11) NOT NULL DEFAULT '0',
  `previous_status` char(1) DEFAULT NULL,
  `status` char(1) NOT NULL DEFAULT 'N',
  `sent_ero` int(11) NOT NULL DEFAULT '0',
  `sent_eiso` int(11) NOT NULL DEFAULT '0',
  `created_by` int(11) NOT NULL,
  `updated_by` int(11) NOT NULL,
  `created_at` timestamp NULL DEFAULT NULL,
  `updated_at` timestamp NOT NULL DEFAULT CURRENT_TIMESTAMP,
  `deleted_at` timestamp NULL DEFAULT NULL,
  PRIMARY KEY (`permohonan_id`),
  KEY `idx_permohonan_no` (`bom_no`),
  KEY `idx_permohonan_status` (`status`),
  KEY `idx_permohonan_pemohon_id` (`pemohon_id`),
  KEY `idx_permohonan_created_by` (`created_by`),
  KEY `idx_permohonan_unitbhagianid` (`unit_bahagian_id`),
  KEY `idx_permohonan_pemohonid` (`pemohon_id`),
  KEY `idx_permohonan_bahagian_id` (`unit_bahagian_id`),
  KEY `idx_permohonan_parent` (`parent_permohonan_id`),
  KEY `idx_permohonan_hascost` (`has_cost`),
  KEY `idx_permohonan_hasproject` (`has_project`),
  KEY `idx_permohonan_firstoption` (`recommended_option_no`),
  KEY `idx_permohonan_finaloption` (`final_option_no`),
  KEY `idx_permohonan_updated_by` (`updated_by`),
  KEY `idx_permohonan_confirmedby` (`verified_by`),
  KEY `idx_permohonan_approvedby` (`approved_by`),
  KEY `idx_permohonan_approved2by` (`approved2_by`),
  KEY `idx_permohonan_approved3by` (`approved3_by`),
  KEY `idx_permohonan_supportedby` (`supported_by`),
  KEY `idx_permohonan_feedbackby` (`feedback_by`),
  KEY `idx_permohonan_prevstatus` (`previous_permohonan_id`),
  KEY `idx_permohonan_inmeeting` (`in_meeting`),
  KEY `idx_permohonan_optionno` (`recommended_option_no`),
  KEY `idx_permohonan_finaloptionno` (`final_option_no`),
  KEY `idx_permohonan_meetingfeedbackby` (`meetingfeedback_by`),
  KEY `idx_permohonan_approved3meetingby` (`approved3meeting_by`),
  KEY `idx_permohonan_approvedmeetingby` (`approvedmeeting_by`),
  KEY `idx_permohonan_keratanminitby` (`keratan_minit_by`),
  KEY `idx_permohonan_secondverifiedby` (`permohonan_id`,`secondverified_by`)
) ENGINE=InnoDB DEFAULT CHARSET=latin1;

INSERT INTO `permohonan` (`permohonan_id`, `parent_permohonan_id`, `previous_permohonan_id`, `bom_no`, `sub_bom_no`, `unit_bahagian_id`, `has_cost`, `permohonan_title`, `permohonan_desc`, `permohonan_background`, `permohonan_objective`, `permohonan_method`, `permohonan_recommendation`, `permohonan_startdate`, `permohonan_enddate`, `has_option`, `total_option`, `recommended_option_no`, `final_option_no`, `has_project`, `previous1_totalcost`, `applied1_totalcost`, `previous2_totalcost`, `applied2_totalcost`, `previous3_totalcost`, `applied3_totalcost`, `pemohon_id`, `submitted_date`, `permohonan_catatan`, `verified_by`, `verified_date`, `verified_remarks`, `secondverified_by`, `secondverified_date`, `secondverified_remarks`, `supported_by`, `supported_date`, `supported_remarks`, `feedback_procedure`, `feedback_perolehanterus`, `feedback_shb`, `feedback_sha`, `feedback_tender`, `feedback_jpp`, `feedback_jppk`, `feedback_jpict`, `feedback_by`, `feedback_date`, `feedback_remarks`, `approved_by`, `approved_date`, `approved_remarks`, `approved_meeting`, `approved2_by`, `approved2_date`, `approved2_remarks`, `approved2_meeting`, `approved3_by`, `approved3_date`, `approved3_remarks`, `approved3_meeting`, `approvedmeeting_by`, `approvedmeeting_date`, `approvedmeeting_remarks`, `approved3meeting_by`, `approved3meeting_date`, `approved3meeting_remarks`, `meetingfeedback_by`, `meetingfeedback_date`, `meetingfeedback_remarks`, `finalfeedback_by`, `finalfeedback_date`, `finalfeedback_remarks`, `keratan_minit_by`, `keratan_minit`, `keratan_minit_date`, `permohonan_expirydate`, `in_meeting`, `previous_status`, `status`, `sent_ero`, `sent_eiso`, `created_by`, `updated_by`, `created_at`, `updated_at`, `deleted_at`) VALUES
(1,	NULL,	NULL,	'0002',	NULL,	5,	1,	'UJIAN BOM MELIBATKAN KOS - 1',	NULL,	'Hari Kebangsaan Malaysia, juga dikenali sebagai Hari Kemerdekaan atau Hari Merdeka, disambut di seluruh Malaysia pada setiap 31 Ogos setiap tahun bagi menandakan negara bebas daripada belenggu penjajahan sejak 1782 sehingga tahun 1957. Hari kebangsaan merupakan peristiwa utama dan disambut secara besar-besaran dengan mengadakan perarakan warna warni, nyanyian, pertunjukan pentas, pertandingan dan pelbagai lagi pertunjukan yang diadakan di tempat-tempat yang ditetapkan setiap tahun.\r\n\r\nKemeriahan Hari Kebangsaan dapat dirasakan bermula menjelangnya pukul 12.00 malam di mana bunga api yang berwarna-warni bergemerlapan di udara. Begitu juga acara perbarisan yang diwakili oleh pelbagai agensi turut diadakan bagi memeriahkan lagi suasana hari tersebut. Hari kebangsaan disambut paling meriah di Kuala Lumpur terutama di Dataran Merdeka.\r\n\r\nSambutan hari kebangsaan secara besar-besaran juga dibuat di Putrajaya. Bangunan- bangunan perniagaan, rumah kediaman dan kereta-kereta akan memasang dan mengibarkan bendera Malaysia, Jalur Gemilang, dan ini menyemarakkan lagi suasana perayaan. Hari kebangsaan merupakan hari cuti umum di Malaysia.',	'Pembentukan Malaysia kemudian diisytiharkan pada 16 September 1963, dan disambut sebagai Hari Malaysia. Sambutan kemerdekaan besar-besaran tetap diadakan pada 31 Ogos, tarikh asal kemerdekaan Persekutuan Tanah Melayu, manakala Hari Malaysia cuma menjadi cuti umum di Sabah. Bagaimanapun, mulai 2000-an terdapat sedikit ketidakpuasan hati di Malaysia Timur yang mendakwa sambutan hari kebangsaan pada 31 Ogos terlalu bertumpuan Semenanjung Malaysia.[2][3] Pada 2009, kerajaan memutuskan bahawa bermula 2010, Hari Malaysia 16 September disambut sebagai cuti umum persekutuan bersama-sama dengan Hari Merdeka pada 31 Ogos.[4] Manakala bermula 2015, Menteri Ahmad Shabery Cheek menyatakan sambutan hari kemerdekaan mungkin disambut tanpa menyebut bilangan tahun agar tidak meminggirkan penduduk Sabah dan Sarawak.[5]',	'i. Anggota keluarga diraja\r\nii. Raja dan Ratu Thailand\r\niii. Putera Mahkota dan Puteri Jepun\r\niv. Duke dan Duchess Gloucester (mewakili Ratu)\r\nv. Putera William dari Gloucester',	'Ahli Lembaga Pengurusan dipohon untuk mempertimbangkan cadangan Ujian BOM',	'2022-01-04',	'2022-07-29',	0,	0,	0,	0,	0,	0.00,	254000.00,	0.00,	0.00,	0.00,	0.00,	31,	'2021-12-30 08:36:14',	NULL,	131,	'2021-12-30 10:54:45',	NULL,	131,	'2021-12-30 10:54:45',	NULL,	299,	'2021-12-30 11:00:13',	'Jumlah \r\nbaki',	1,	0,	0,	1,	0,	0,	0,	0,	91,	'2021-12-30 11:02:04',	NULL,	131,	'2021-12-30 11:29:48',	'sokong',	0,	307,	'2021-12-31 11:34:40',	'sokong',	0,	9,	'2021-12-31 11:37:13',	'perlu mesyuarat',	1,	NULL,	NULL,	NULL,	NULL,	NULL,	NULL,	NULL,	NULL,	NULL,	NULL,	NULL,	NULL,	178,	'test 1\r\n1. sila kemukakan details kos\r\n2. sila kemukakan laporan\r\n3. sila kemukakan senarai peserta',	'2021-12-31 12:07:08',	NULL,	0,	NULL,	'H',	0,	0,	31,	9,	'2021-12-30 00:31:05',	'2021-12-31 04:07:08',	NULL),
(2,	NULL,	NULL,	'0003',	NULL,	5,	1,	'BENGKEL PCT (UJICUBA SISTEM)',	NULL,	'ramai PIC belum fahan proses perolehan',	'untuk meningkatkan kefahaman pegawai berkaitan proses perolehan',	'bengkel di Hotel 3H2malam',	'Ahli Lembaga Pengurusan dipohon untuk mempertimbangkan cadangan …\r\n\r\nmelaksanakan bengkel prosedur perolehan selama 3H2M bertempat di hotel xxx',	'2022-01-14',	'2022-01-16',	0,	0,	0,	NULL,	1,	0.00,	19000.00,	0.00,	0.00,	0.00,	0.00,	91,	'2021-12-30 10:52:28',	NULL,	131,	NULL,	NULL,	NULL,	NULL,	NULL,	NULL,	NULL,	NULL,	0,	0,	0,	0,	0,	0,	0,	0,	NULL,	NULL,	NULL,	NULL,	NULL,	NULL,	0,	NULL,	NULL,	NULL,	0,	NULL,	NULL,	NULL,	0,	NULL,	NULL,	NULL,	NULL,	NULL,	NULL,	NULL,	NULL,	NULL,	NULL,	NULL,	NULL,	NULL,	NULL,	NULL,	NULL,	0,	NULL,	'N',	0,	0,	91,	91,	'2021-12-30 02:52:28',	'2022-01-04 02:01:06',	NULL),
(3,	NULL,	NULL,	'0004',	NULL,	3,	1,	'PERMOHONAN PINDAAN AKTA MPC',	NULL,	'fjkghkfjgkfgkfjgklfjklfnvkfdnvmdc vcvcv',	'fgjfkgjfdkmb,v,vc ,vc,',	'fgfgfmh,fgm,fb,mvb,nm,b',	'Ahli Lembaga Pengurusan dipohon untuk mempertimbangkan cadangan …gkhgkmhgm,f b,vbb',	'2022-01-19',	'2022-01-31',	0,	0,	0,	NULL,	1,	0.00,	6000.00,	0.00,	0.00,	0.00,	0.00,	178,	'2021-12-30 12:06:25',	NULL,	9,	NULL,	NULL,	NULL,	NULL,	NULL,	NULL,	NULL,	NULL,	0,	0,	0,	0,	0,	0,	0,	0,	NULL,	NULL,	NULL,	NULL,	NULL,	NULL,	0,	NULL,	NULL,	NULL,	0,	NULL,	NULL,	NULL,	0,	NULL,	NULL,	NULL,	NULL,	NULL,	NULL,	NULL,	NULL,	NULL,	NULL,	NULL,	NULL,	NULL,	NULL,	NULL,	NULL,	0,	NULL,	'N',	0,	0,	178,	9,	'2021-12-30 03:59:41',	'2021-12-30 07:14:11',	NULL),
(4,	NULL,	NULL,	'0005',	NULL,	3,	1,	'WXYZ',	NULL,	'fgjfjgjdfgkfdgkfdgk',	'fgfdjgjfdgkfdjgkfdg',	'fgkfdgkfdgkfdgkfdkgf',	'Ahli Lembaga Pengurusan dipohon untuk mempertimbangkan cadangan …mnbmdfnvmnvmc vmcv',	'2022-01-18',	'2022-01-18',	0,	0,	0,	NULL,	1,	0.00,	12000.00,	0.00,	0.00,	0.00,	0.00,	178,	'2021-12-31 11:10:41',	NULL,	131,	'2021-12-31 11:13:26',	'disokong',	131,	'2021-12-31 11:13:26',	'disokong',	299,	'2021-12-31 14:29:14',	NULL,	0,	0,	0,	0,	0,	0,	0,	0,	NULL,	NULL,	NULL,	NULL,	NULL,	NULL,	0,	NULL,	NULL,	NULL,	0,	NULL,	NULL,	NULL,	0,	NULL,	NULL,	NULL,	NULL,	NULL,	NULL,	NULL,	NULL,	NULL,	NULL,	NULL,	NULL,	NULL,	NULL,	NULL,	NULL,	0,	NULL,	'S',	0,	0,	178,	299,	'2021-12-31 03:10:41',	'2021-12-31 06:29:14',	NULL),
(5,	1,	1,	'0002/1',	1,	5,	1,	'UJIAN BOM MELIBATKAN KOS - 1 TAMBAHAN KOS',	NULL,	'Hari Kebangsaan Malaysia, juga dikenali sebagai Hari Kemerdekaan atau Hari Merdeka, disambut di seluruh Malaysia pada setiap 31 Ogos setiap tahun bagi menandakan negara bebas daripada belenggu penjajahan sejak 1782 sehingga tahun 1957. Hari kebangsaan merupakan peristiwa utama dan disambut secara besar-besaran dengan mengadakan perarakan warna warni, nyanyian, pertunjukan pentas, pertandingan dan pelbagai lagi pertunjukan yang diadakan di tempat-tempat yang ditetapkan setiap tahun.\r\n\r\nKemeriahan Hari Kebangsaan dapat dirasakan bermula menjelangnya pukul 12.00 malam di mana bunga api yang berwarna-warni bergemerlapan di udara. Begitu juga acara perbarisan yang diwakili oleh pelbagai agensi turut diadakan bagi memeriahkan lagi suasana hari tersebut. Hari kebangsaan disambut paling meriah di Kuala Lumpur terutama di Dataran Merdeka.\r\n\r\nSambutan hari kebangsaan secara besar-besaran juga dibuat di Putrajaya. Bangunan- bangunan perniagaan, rumah kediaman dan kereta-kereta akan memasang dan mengibarkan bendera Malaysia, Jalur Gemilang, dan ini menyemarakkan lagi suasana perayaan. Hari kebangsaan merupakan hari cuti umum di Malaysia.',	'Pembentukan Malaysia kemudian diisytiharkan pada 16 September 1963, dan disambut sebagai Hari Malaysia. Sambutan kemerdekaan besar-besaran tetap diadakan pada 31 Ogos, tarikh asal kemerdekaan Persekutuan Tanah Melayu, manakala Hari Malaysia cuma menjadi cuti umum di Sabah. Bagaimanapun, mulai 2000-an terdapat sedikit ketidakpuasan hati di Malaysia Timur yang mendakwa sambutan hari kebangsaan pada 31 Ogos terlalu bertumpuan Semenanjung Malaysia.[2][3] Pada 2009, kerajaan memutuskan bahawa bermula 2010, Hari Malaysia 16 September disambut sebagai cuti umum persekutuan bersama-sama dengan Hari Merdeka pada 31 Ogos.[4] Manakala bermula 2015, Menteri Ahmad Shabery Cheek menyatakan sambutan hari kemerdekaan mungkin disambut tanpa menyebut bilangan tahun agar tidak meminggirkan penduduk Sabah dan Sarawak.[5]',	'i. Anggota keluarga diraja\r\nii. Raja dan Ratu Thailand\r\niii. Putera Mahkota dan Puteri Jepun\r\niv. Duke dan Duchess Gloucester (mewakili Ratu)\r\nv. Putera William dari Gloucester',	'Ahli Lembaga Pengurusan dipohon untuk mempertimbangkan cadangan Ujian BOM',	'2022-01-04',	'2022-07-29',	0,	0,	NULL,	NULL,	0,	0.00,	354020.00,	0.00,	0.00,	0.00,	0.00,	31,	'2022-01-04 17:33:35',	NULL,	131,	'2022-01-05 17:56:42',	NULL,	131,	'2022-01-05 17:56:42',	NULL,	NULL,	NULL,	NULL,	0,	0,	0,	0,	0,	0,	0,	0,	NULL,	NULL,	NULL,	NULL,	NULL,	NULL,	0,	NULL,	NULL,	NULL,	0,	NULL,	NULL,	NULL,	0,	NULL,	NULL,	NULL,	NULL,	NULL,	NULL,	NULL,	NULL,	NULL,	NULL,	NULL,	NULL,	NULL,	NULL,	NULL,	NULL,	0,	NULL,	'S',	0,	0,	31,	131,	'2022-01-04 09:30:38',	'2022-01-05 09:56:42',	NULL),
(6,	NULL,	NULL,	'0006',	NULL,	5,	1,	'TESTING SAJA - PROGRAM BICARA INISIATIF RMKE-12 KE ARAH PENINGKATAN PRODUKTIVITI DAN DAYA SAING NEGARA',	NULL,	'Kertas ini bertujuan untuk mendapatkan kelulusan Lembaga Pengurusan (BOM) MPC berkaitan pelaksanaan program Bicara Inisiatif RMKe-12 ke arah Peningkatan Produktiviti dan Daya Saing Negara. Projek ini merupakan kesinabungan kepada projek yang sama pada tahun 2021 yang melibatkan penerbitan bahan strategik dalam usaha mempertajam elemen komunikasi strategik berbentuk penerbitan bual bicara, dokumentari dan majalah. Ia dirangka agar kandungan ini dapat disampaikan kepada sasaran secara lebih berkesan dan terarah bagi menyampaikan kandungan yang boleh memperkaya elemen advokasi dasar.',	'1.	7 Siri Penerbitan Video\r\n2.	Menyebarkan maklumat inisiatif RMK-12 kepada rakyat dengan lebih santai dan mudah difahami.',	'1.	Menerbitkan	Video	daripada penceramah/pakar yang dilantik.\r\n2.	Menyebarkan maklumat/video tersebut melalui platform media sosial MPC seperti facebook, youtube serta platform lain bagi memudah capaian rakyat berkaitan inisiatif-inisiatif yang dilaksanakan kerajaan dalam meningkatkan produktiviti dan daya saing negara.\r\n3.	Penerbitan penuh dijangka mengambil durasi 20 - 40 minit bergantung kepada kandungan akhir.\r\n4.	Dicadangkan 7 siri bagi tahun 2022.\r\n5.	Tema yang dicadangkan adalah seperti berikut:\r\ni.	Tajuk 1: \r\nii.	Tajuk 2: \r\niii.	Tajuk 3: \r\niv.	Tajuk 4: \r\nv.	Tajuk 5: \r\nvi.	Tajuk 6: \r\nvii.	Tajuk 7:',	'Ahli Lembaga Pengurusan dipohon untuk mempertimbangkan cadangan PROGRAM BICARA INISIATIF RMKE-12 KE ARAH PENINGKATAN PRODUKTIVITI DAN DAYA SAING NEGARA',	'2022-01-10',	'2022-04-30',	0,	0,	0,	NULL,	1,	0.00,	53900.00,	0.00,	0.00,	0.00,	0.00,	316,	'2022-01-05 15:28:07',	NULL,	49,	'2022-01-07 16:20:39',	NULL,	131,	NULL,	NULL,	NULL,	NULL,	NULL,	0,	0,	0,	0,	0,	0,	0,	0,	NULL,	NULL,	NULL,	NULL,	NULL,	NULL,	0,	NULL,	NULL,	NULL,	0,	NULL,	NULL,	NULL,	0,	NULL,	NULL,	NULL,	NULL,	NULL,	NULL,	NULL,	NULL,	NULL,	NULL,	NULL,	NULL,	NULL,	NULL,	NULL,	NULL,	0,	NULL,	'T',	0,	0,	316,	49,	'2022-01-05 07:17:03',	'2022-01-07 08:20:39',	NULL),
(7,	NULL,	NULL,	'0007',	NULL,	5,	1,	'UJIAN SISTEM MELIBATKAN KOS DAN KPI',	NULL,	'Innovation is one of the most important topics concerning the long-term competitiveness of companies. But what is innovation exactly? Why is innovation management so important for organizations? And what different types of innovation are there? In this article, you will get an easy-to-understand introduction to a complex topic.',	'1. Process improvement and organizational innovation: The improvement of processes through continuous improvement and the development of new solutions.\r\n2. Product development: The development of innovative products or product features.\r\n3. Service innovation: The creation and introduction of new services for customers and partners.\r\n4. Business Model Innovation: The development of innovative business models and new revenue streams.',	'This form of incremental innovation ensures the competitiveness of companies in existing markets.\r\nIn future markets, incremental innovation is often no longer sufficient. Companies must radically reinvent products and services.\r\nTo ensure their long-term innovation capability, companies worldwide have established an idea management and innovation management system that provides a structured approach: From the development of an innovation strategy to setting up an innovation roadmap and successfully implementing innovation.',	'Ahli Lembaga Pengurusan dipohon untuk mempertimbangkan cadangan diatas.',	'2022-01-20',	'2022-05-28',	0,	0,	0,	0,	1,	0.00,	57000.00,	0.00,	0.00,	0.00,	0.00,	170,	'2022-01-05 17:00:59',	NULL,	124,	'2022-01-05 17:52:37',	NULL,	131,	'2022-01-05 17:52:37',	NULL,	299,	'2022-01-05 18:18:08',	'bajet mencukupi',	1,	1,	0,	0,	0,	0,	0,	0,	91,	'2022-01-05 18:21:46',	NULL,	131,	'2022-01-05 18:25:36',	'sokong',	0,	304,	'2022-01-06 12:23:25',	'sokong',	0,	9,	'2022-01-06 12:24:38',	'lulus',	0,	NULL,	NULL,	NULL,	NULL,	NULL,	NULL,	NULL,	NULL,	NULL,	NULL,	NULL,	NULL,	NULL,	NULL,	NULL,	'2022-05-06',	0,	NULL,	'H',	0,	0,	170,	9,	'2022-01-05 09:00:59',	'2022-01-06 04:24:38',	NULL),
(8,	7,	7,	'0007/1',	1,	5,	1,	'PERMOHONAN TAMBAHAN PERUNTUKAN DAN PERLANJUTAN TEMPOH PROJEK',	NULL,	'Innovation is one of the most important topics concerning the long-term competitiveness of companies. But what is innovation exactly? Why is innovation management so important for organizations? And what different types of innovation are there? In this article, you will get an easy-to-understand introduction to a complex topic.',	'1. Process improvement and organizational innovation: The improvement of processes through continuous improvement and the development of new solutions.\r\n2. Product development: The development of innovative products or product features.\r\n3. Service innovation: The creation and introduction of new services for customers and partners.\r\n4. Business Model Innovation: The development of innovative business models and new revenue streams.',	'This form of incremental innovation ensures the competitiveness of companies in existing markets.\r\nIn future markets, incremental innovation is often no longer sufficient. Companies must radically reinvent products and services.\r\nTo ensure their long-term innovation capability, companies worldwide have established an idea management and innovation management system that provides a structured approach: From the development of an innovation strategy to setting up an innovation roadmap and successfully implementing innovation.',	'Ahli Lembaga Pengurusan dipohon untuk mempertimbangkan cadangan diatas.',	'2022-01-20',	'2022-05-28',	0,	0,	NULL,	NULL,	0,	0.00,	0.00,	0.00,	0.00,	0.00,	0.00,	170,	NULL,	NULL,	124,	NULL,	NULL,	131,	NULL,	NULL,	NULL,	NULL,	NULL,	0,	0,	0,	0,	0,	0,	0,	0,	NULL,	NULL,	NULL,	NULL,	NULL,	NULL,	0,	NULL,	NULL,	NULL,	0,	NULL,	NULL,	NULL,	0,	NULL,	NULL,	NULL,	NULL,	NULL,	NULL,	NULL,	NULL,	NULL,	NULL,	NULL,	NULL,	NULL,	NULL,	NULL,	NULL,	0,	NULL,	'D',	0,	0,	170,	0,	'2022-01-06 04:27:42',	'2022-01-06 04:27:42',	NULL),
(9,	NULL,	NULL,	'0008',	NULL,	5,	1,	'UJIAN PERMOHONAN MELIBATKAN KOS DAN KPI -09012022 - SATU',	NULL,	'The iPad mini is Apple\'s smallest tablet and the newest model features a new design, the latest A15 Bionic chip, a USB-C port, and more.\r\n\r\nAnnounced in September 2021, the iPad mini is among the newest iPads in Apple\'s lineup and it is early in its product cycle. Apple does not seem to update the iPad mini regularly, leaving up to two and a half years between upgrades, and there is no immediate sign of a new model on the horizon. Since it only recently launched, now is a good time to buy the sixth-generation iPad mini.\r\n\r\nWhile the iPad mini is Apple\'s smallest iPad for those who want features like an all-screen design and USB-C in the most portable form factor, users who are looking for a more affordable option should consider the ninth-generation iPad. Starting at $329, the iPad offers many iPad mini features, such as Touch ID and Center Stage, but at a lower price that balances functionality and affordability.',	'1. As for weight, the iPad mini is Apple\'s lightest and smallest tablet, weighing in at 293 grams or 0.65 pounds. Cellular models are just a few grams heavier due to the extra hardware.\r\n\r\n2. The volume buttons have been moved to the top of the device, which is a first for an iPad. The volume buttons are at the top to leave space for a magnetic connector at the side that\'s used to charge the second-generation Apple Pencil.\r\n\r\n3. There are speakers at the top and bottom of the iPad mini that provide stereo sound when the iPad mini is used in landscape mode, along with a microphone at the top, and cellular models will have a nano-SIM tray on the side. At the back, there\'s a single-lens rear camera.',	'Apple has added a USB-C port at the bottom of the tablet to replace the Lightning port, bringing the iPad mini in line with the iPad Air and iPad Pro. With the USB-C port, the iPad mini can be connected to 4K and 5K displays, cameras, and other USB-C devices. The USB-C port supports 5Gbps data transfer and is able to charge an iPhone or Apple Watch with the proper cable.',	'Ahli Lembaga Pengurusan dipohon untuk mempertimbangkan cadangan Ujian Permohonan Melibatkan Kos Dan Kpi -09012022 - Satu',	'2022-01-13',	'2022-06-30',	0,	0,	0,	NULL,	1,	0.00,	95000.00,	0.00,	0.00,	0.00,	0.00,	170,	'2022-01-07 14:24:44',	NULL,	131,	'2022-01-07 14:30:14',	NULL,	131,	'2022-01-07 14:30:14',	NULL,	NULL,	NULL,	NULL,	0,	0,	0,	0,	0,	0,	0,	0,	NULL,	NULL,	NULL,	NULL,	NULL,	NULL,	0,	NULL,	NULL,	NULL,	0,	NULL,	NULL,	NULL,	0,	NULL,	NULL,	NULL,	NULL,	NULL,	NULL,	NULL,	NULL,	NULL,	NULL,	NULL,	NULL,	NULL,	NULL,	NULL,	NULL,	0,	NULL,	'S',	0,	0,	170,	131,	'2022-01-07 06:19:46',	'2022-01-07 06:30:14',	NULL),
(10,	NULL,	NULL,	'0009',	NULL,	5,	1,	'UJIAN PERMOHONAN MELIBATKAN KOS DAN KPI -09012022 - DUA',	NULL,	'Ada penternak yang menyimpan itik mereka sehingga 3 tahun. Waktu bertelur yang paling sesuai adalah dalam lingkungan 2 tahun. Itik yang terlalu tua tidak boleh mengeluarkan telur yang menguntungkan.\r\n\r\nTidak boleh! Kulit telur mempunyai rongga yang halus yang akan membolehkan air dan kuman bakteria masuk ke dalam telur. Ini akan menyebabkan mutu telur itik menurun.\r\n\r\nUntuk mengelakkan kulit telur menjadi terlalu kotor, pastikan lantai reban dan bekas bertelur mestilah bersih dan kering.\r\n\r\nTerdapat dua sistem perumahan yang boleh dijalankan oleh penternak. Sistem pengurusan yang intensif memerlukan sebuah reban di mana itik telur tidak keluar daripada reban tersebut.\r\n\r\nBagi pengurusan yang separa intensif, itik telur dikurung di dalam reban pada sebelah malam dan dilepaskan di kawasan lapang di luar reban yang berpagar. Sistem ini adalah lebih sesuai bagi pentemak yang ingin menjalankan projek temakan itik telur.\r\n\r\nKawasan yang diperlukan adalah mengikut sistem pengurusan yang diamalkan. Secara am, sistem intensif boleh memuatkan bilangan itik telur yang lebih tinggi bagi setiap meter persegi jika dibandingkan dengan sistem separa intensif.',	'Bagi Penternak yang mengamalkan sistem separa intensif, reban beratap yang luasnya 7m x 20m dengan kawasan luar yang berukuran 14m x 2Orn Pdalah sesuai untui 500 - 600 ekor itik\r\n\r\nBekas atau tempat bertelur hendaklah bersih, kering dan mencukupi untuk itik bertelur. Jika sarap dari abok papan atau sekam padi digunakan di dalam bekas bertelur buang sarap yang 4)asah dan gantikan dengan yang kering. Ukuran bekas untuk bertelur ialah 40 x 4(1 x 30cm dan satu bekas sesuai untuk 5 ekor itik.\r\n\r\nSelain daripada itu, kawasan reban hendaklah dibersihkan selalu daripada sampah sarap dan najis itik agar ia sentiasa bersih dan kering.\r\n\r\nMenjual telur itik sepatutnya tidak ada apa-apa masaalah, jika mutu adalah baik kerana selain daripada menjual sendiri, FAMA ada membeli telur itik, terutama di kawasan utara, iaitu di negeri Kedah dan Perlis.\r\n\r\nBagi telur itik, berat dan warna kuning telur adalah faktor yang penting. Telur itik yang beratnya 65 gm ke atas dan warna kuning telur yang merah akan mendapat harga yang tinggi jika dibandingkan dengan telur yang beratnya rendah dan wama kuning telurnya yang pucat. Lain-lain faktor yang diambil kira ialah kebersihan dan kualiti kulit telur itik tersebut.',	'Untuk mencampurkan \"carophyll\" ke dalam makanan, ambil carophyll yang diperlukan dan campurkan dengan 1 - 2 kg makanan. Gaul saina rata dan selepas tersebut, 5 kg makanan pula dicampur dengan campuran yang terdahulu. Ulang cara ini beberapa kaii dengan menambah makanan ke atas campuran yang telah dicainpur dengan carophyll.\r\n\r\nCara ini ialah untuk mendapatkan campuran makanan yang sebati dan benar-benar mengandongi carophyll.',	'Ahli Lembaga Pengurusan dipohon untuk mempertimbangkan cadangan Ujian Permohonan Melibatkan Kos Dan Kpi -09012022 - Dua',	'2022-01-13',	'2022-12-31',	0,	0,	0,	0,	1,	0.00,	150050.00,	0.00,	0.00,	0.00,	0.00,	170,	'2022-01-07 14:29:22',	NULL,	131,	'2022-01-07 14:30:24',	NULL,	131,	'2022-01-07 14:30:24',	NULL,	299,	'2022-01-07 14:31:33',	'sokong. ada bajet',	1,	0,	1,	0,	0,	0,	0,	0,	91,	'2022-01-07 14:34:13',	'sokong',	131,	'2022-01-07 14:56:32',	'sokong',	0,	304,	'2022-01-07 14:58:39',	'perlu perbincangan lanjut dalam mesyuarat bom',	0,	9,	'2022-01-07 15:00:37',	'bincang dalam mesyuarat',	1,	NULL,	NULL,	NULL,	NULL,	NULL,	NULL,	NULL,	NULL,	NULL,	NULL,	NULL,	NULL,	178,	'tiada bajet',	'2022-01-07 16:40:16',	NULL,	0,	NULL,	'L',	0,	0,	170,	9,	'2022-01-07 06:29:22',	'2022-01-07 08:40:16',	NULL),
(11,	NULL,	NULL,	'0010',	NULL,	5,	1,	'UJIAN PERMOHONAN MELIBATKAN KOS DAN KPI -09012022 - TIGA',	NULL,	'Burung murai batu merupakan haiwan di bawah perlindungan Jabatan Perlindungan Hidupan Liar dan Taman Negara (Perhilitan) namun masih ramai individu yang memburunya secara haram sehingga menyebabkan ia hampir pupus.\r\n\r\nJusteru, faktor-faktor yang mempengaruhi harga yang tinggi seperti kebolehannya mengeluarkan bunyi yang merdu serta bahagian ekor yang berupaya tumbuh panjang sehingga mencapai 8 hingga 12 inci menyebabkan ia menjadi buruan penggemar-penggemar burung tempatan.',	'Quek Ming Shiang, 38, atau lebih mesra dipanggil Pak Ya, menyedari hal tersebut telah mengambil inisiatif sendiri untuk mempergiatkan lagi penternakan murai batu bagi mengekalkan populasi burung tersebut supaya tidak pupus.\r\n\r\n\"Salah satu sebab saya buat secara besar-besaran seperti burung spesis murai batu ni kerana populasinya hampir pupus.',	'\"Jadi kita biakkan dalam sangkar dan mungkin satu hari kita nak buat pelepasan dengan kerjasama Jabatan Perhilitan supaya kembali ke habitat asal selaras dengan misi mereka untuk melindungi hidupan liar yang hampir pupus,\" katanya kepada Malaysiakini ketika ditemui di kediamannya di Kampung Pasir Ara, Bukit Marak, Bachok, Kelantan, baru-baru ini.',	'Ahli Lembaga Pengurusan dipohon untuk mempertimbangkan cadangan Ujian Permohonan Melibatkan Kos Dan Kpi -09012022 - Tiga',	'2022-01-21',	'2022-10-31',	0,	0,	0,	0,	1,	0.00,	110000.00,	0.00,	0.00,	0.00,	0.00,	170,	'2022-01-07 15:29:31',	NULL,	131,	'2022-01-07 15:45:30',	NULL,	131,	'2022-01-07 15:45:30',	NULL,	299,	'2022-01-07 15:46:38',	'sokong',	1,	0,	0,	0,	0,	0,	0,	0,	127,	'2022-01-07 15:47:48',	'sokong',	131,	'2022-01-07 15:49:12',	'perlu mesyuarat',	1,	304,	'2022-01-07 15:51:19',	'perlu mesyuarat',	0,	9,	'2022-01-07 15:52:31',	'dibincangkan dalam mesyuarat',	1,	NULL,	NULL,	NULL,	NULL,	NULL,	NULL,	NULL,	NULL,	NULL,	NULL,	NULL,	NULL,	178,	'mesyuarat lulus',	'2022-01-07 16:44:05',	NULL,	0,	NULL,	'H',	0,	0,	170,	9,	'2022-01-07 07:29:31',	'2022-01-07 08:44:05',	NULL),
(12,	NULL,	NULL,	'0011',	NULL,	5,	1,	'UJIAN PERMOHONAN MELIBATKAN KOS DAN KPI -09012022 - EMPAT',	NULL,	'Akhbar biasanya dicetak pada kertas kos rendah yang disebut kertas akhbar, dan berisi berita-berita terkini dalam pelbagai topik. Topiknya boleh terbentuk dari acara-acara politik, jenayah, sukan, rencana atau cuaca. Akhbar juga turut mengandungi kartun, teka-teki silang-kata dan hiburan lain.\r\n\r\nSecara umumnya, akhbar mendapat pendapatan baik dari pengiklanan, langganan pembaca atau kedua-duanya; adakala ada juga akhbar yang diedarkan secara percuma kepada pembaca dengan mampunya pendapatan diperolehi dari pengiklanan semata-mata. Media ini masih bertahan hingga kini walaupun mendapat saingan dari teknologi seperti radio, televisyen dan internet.\r\n\r\nTerbitan bercetak pertama yang boleh dianggap mengikut tatacara akhbar iaitu Relation aller Fürnemmen und gedenckwürdigen Historien iaitu diterbitkan di Strasbourg, Empayar Rom Suci secara mingguan pada 1605.[2]:396f.\r\n\r\nAlamat Langkapuri merupakan surat khabar berbahasa Melayu pertama diedarkan dan diterbitkan di dunia;[3][4][5][6][7] ia dicetak di Colombo, Sailan British (kini Sri Lanka)[3][8][9] dan diedarkan dari Jun 1869[10] hingga 1870 disebabkan bilangan pelanggan tidak mencukupi,[9][11] ia ada dilancarkan semula pada tahun 1877 tapi ditutup kekal pada tahun berikutnya.[8]',	'1. Senarai akhbar mengikut negara\r\n2. Akhbar Melayu\r\n3. Akhbar Melayu dalam talian\r\n4. Kewartawanan\r\n5. Terbitan lebar sehelai\r\n6. Majalah\r\n7. Percetakan',	'Lantikan Pembekal',	'Ahli Lembaga Pengurusan dipohon untuk mempertimbangkan cadangan Ujian Permohonan Melibatkan Kos Dan Kpi -09012022 - Empat',	'2022-01-13',	'2022-07-31',	0,	0,	0,	0,	1,	0.00,	65000.00,	0.00,	0.00,	0.00,	0.00,	170,	'2022-01-07 15:39:17',	NULL,	131,	'2022-01-07 15:45:53',	NULL,	131,	'2022-01-07 15:45:53',	NULL,	299,	'2022-01-07 15:47:05',	'sokong',	1,	0,	0,	0,	0,	0,	0,	0,	127,	'2022-01-07 15:48:10',	'sokong',	131,	'2022-01-07 15:49:32',	'sokong',	0,	304,	'2022-01-07 15:51:38',	'sokong',	0,	9,	'2022-01-07 16:28:51',	'setuju ok',	0,	NULL,	NULL,	NULL,	NULL,	NULL,	NULL,	NULL,	NULL,	NULL,	NULL,	NULL,	NULL,	NULL,	NULL,	NULL,	'2022-05-07',	0,	NULL,	'H',	0,	0,	170,	9,	'2022-01-07 07:39:17',	'2022-01-07 08:28:51',	NULL),
(13,	NULL,	NULL,	'0012',	NULL,	5,	1,	'SIRI BENGKEL STRATEGIK PENINGKATAN PRODUKTIVITI DAN DAYA SAING MALAYSIA MENERUSI NEW INDUSTRIAL MASTERPLAN (NIMP) DAN RANCANGAN MALAYSIA KE-12 (RMKE-12)',	NULL,	'Kertas ini bertujuan untuk mendapatkan kelulusan Lembaga Pengurusan (BOM) MPC berkaitan pelaksanaan Siri Bengkel Strategik Peningkatan Produktiviti dan Dayasaing Menerusi Rancangan Malaysia Ke-12 (RMKe-12) dan New Industrial Masterplan (NIMP). \r\nMPC memainkan peranan penting dalam usaha peningkatan produktiviti dan dayasaing Malaysia yang dirancang menerusi dasar-dasar utama Kerajaan seperti NIMP dan RMKe-12. Sehubungan itu, beberapa siri bengkel akan dilaksanakan bagi menyelaras dan memperkukuhkan perancangan dan pelaksanaan projek-projek peningkatan produktiviti dan daya saing Malaysia. \r\n\r\nObjektif\r\n1.	Untuk menyelaras dan memperkukuhkan perancangan strategik projek-projek peningkatan produktiviti dan daya saing negara\r\n2.	Untuk mendapatkan pandangan daripada Tenaga Pakar bagi menghasilkan cadangan projek yang selaras dengan matlamat dasar pembangunan Negara',	'1.	Perlaksanaan projek NIMP dan RMKe-12 yang berkesan dalam peningkatan produktiviti dan daya saing.',	'Sebanyak lima (5) Siri Bengkel Strategik dicadangkan seperti berikut:\r\n\r\nTajuk Bengkel Sesi Strategik	Tentatif Tarikh\r\nSiri 1: Bengkel NIMP Bil.1	10 Jan 2022\r\nSiri 2: Bengkel NIMP Bil.2	7 Feb 2022\r\nSiri 3: Bengkel Susulan Projek RP3	21 Feb 2022\r\nSiri 4: Bengkel Pemurnian Projek RP3	14 Mac 2022\r\nSiri 5: Bengkel Akhir Projek RP3	1 April 2022\r\n\r\nAktiviti yang akan dilaksanakan adalah seperti berikut:\r\n1.	Taklimat dan penilaian daripada tenaga pakar\r\n2.	Perbincangan kumpulan\r\n3.	Pembentangan kumpulan\r\n4.	Ulasan pihak pengurusan\r\n5.	Penyediaan laporan\r\n\r\nTentatif Agenda Sesi Bengkel seperti Lampiran 1',	'Ahli Lembaga Pengurusan dipohon untuk mempertimbangkan cadangan melaksanakan Siri Bengkel Strategik Peningkatan Produktiviti dan Dayasaing Menerusi Rancangan Malaysia Ke-12 (RMKe-12) dan New Industrial Masterplan (NIMP).',	'2022-01-10',	'2022-04-01',	0,	0,	0,	0,	0,	0.00,	15000.00,	0.00,	0.00,	0.00,	0.00,	316,	'2022-01-07 16:07:00',	NULL,	131,	'2022-01-07 16:09:51',	NULL,	131,	'2022-01-07 16:09:51',	NULL,	299,	'2022-01-07 16:14:25',	'sokong',	1,	1,	0,	0,	0,	0,	1,	0,	127,	'2022-01-07 16:16:16',	NULL,	131,	'2022-01-07 16:17:15',	'Sila pastikan pekeliling JPPK dirujuk',	0,	304,	'2022-01-07 16:25:58',	'harus mesyuarat',	0,	9,	'2022-01-07 16:30:23',	'perlu dibincang dalam mesyuarat',	1,	NULL,	NULL,	NULL,	NULL,	NULL,	NULL,	NULL,	NULL,	NULL,	316,	'2022-01-07 16:52:33',	'terima kasih',	178,	'lulus',	'2022-01-07 16:44:40',	NULL,	0,	NULL,	'V',	0,	0,	316,	316,	'2022-01-07 08:03:24',	'2022-01-07 08:52:33',	NULL),
(14,	NULL,	NULL,	'0013',	NULL,	1,	1,	'XXXXXX',	NULL,	'xxxxx',	'xxxx',	'xxxx',	'Ahli Lembaga Pengurusan dipohon untuk mempertimbangkan cadangan …',	'2022-01-12',	'2022-01-31',	0,	0,	0,	NULL,	0,	0.00,	1000.00,	0.00,	0.00,	0.00,	0.00,	244,	'2022-01-07 16:18:55',	NULL,	49,	'2022-01-07 16:20:56',	NULL,	131,	'2022-01-07 16:20:56',	NULL,	NULL,	NULL,	NULL,	0,	0,	0,	0,	0,	0,	0,	0,	NULL,	NULL,	NULL,	NULL,	NULL,	NULL,	0,	NULL,	NULL,	NULL,	0,	NULL,	NULL,	NULL,	0,	NULL,	NULL,	NULL,	NULL,	NULL,	NULL,	NULL,	NULL,	NULL,	NULL,	NULL,	NULL,	NULL,	NULL,	NULL,	NULL,	0,	NULL,	'S',	0,	0,	244,	131,	'2022-01-07 08:18:55',	'2022-01-07 08:23:03',	NULL),
(15,	12,	12,	'0011/1',	1,	5,	1,	'UJIAN BOM TAMBAHAN PERMOHONAN MELIBATKAN KOS DAN KPI -09012022 - EMPAT',	NULL,	'Akhbar biasanya dicetak pada kertas kos rendah yang disebut kertas akhbar, dan berisi berita-berita terkini dalam pelbagai topik. Topiknya boleh terbentuk dari acara-acara politik, jenayah, sukan, rencana atau cuaca. Akhbar juga turut mengandungi kartun, teka-teki silang-kata dan hiburan lain.\r\n\r\nSecara umumnya, akhbar mendapat pendapatan baik dari pengiklanan, langganan pembaca atau kedua-duanya; adakala ada juga akhbar yang diedarkan secara percuma kepada pembaca dengan mampunya pendapatan diperolehi dari pengiklanan semata-mata. Media ini masih bertahan hingga kini walaupun mendapat saingan dari teknologi seperti radio, televisyen dan internet.\r\n\r\nTerbitan bercetak pertama yang boleh dianggap mengikut tatacara akhbar iaitu Relation aller Fürnemmen und gedenckwürdigen Historien iaitu diterbitkan di Strasbourg, Empayar Rom Suci secara mingguan pada 1605.[2]:396f.\r\n\r\nAlamat Langkapuri merupakan surat khabar berbahasa Melayu pertama diedarkan dan diterbitkan di dunia;[3][4][5][6][7] ia dicetak di Colombo, Sailan British (kini Sri Lanka)[3][8][9] dan diedarkan dari Jun 1869[10] hingga 1870 disebabkan bilangan pelanggan tidak mencukupi,[9][11] ia ada dilancarkan semula pada tahun 1877 tapi ditutup kekal pada tahun berikutnya.[8]',	'1. Senarai akhbar mengikut negara\r\n2. Akhbar Melayu\r\n3. Akhbar Melayu dalam talian\r\n4. Kewartawanan\r\n5. Terbitan lebar sehelai\r\n6. Majalah\r\n7. Percetakan',	'Lantikan Pembekal',	'Ahli Lembaga Pengurusan dipohon untuk mempertimbangkan cadangan Ujian Permohonan Melibatkan Kos Dan Kpi -09012022 - Empat',	'2022-01-13',	'2022-07-31',	0,	0,	NULL,	NULL,	0,	0.00,	0.00,	0.00,	0.00,	0.00,	0.00,	170,	NULL,	NULL,	131,	NULL,	NULL,	131,	NULL,	NULL,	NULL,	NULL,	NULL,	0,	0,	0,	0,	0,	0,	0,	0,	NULL,	NULL,	NULL,	NULL,	NULL,	NULL,	0,	NULL,	NULL,	NULL,	0,	NULL,	NULL,	NULL,	0,	NULL,	NULL,	NULL,	NULL,	NULL,	NULL,	NULL,	NULL,	NULL,	NULL,	NULL,	NULL,	NULL,	NULL,	NULL,	NULL,	0,	NULL,	'D',	0,	0,	170,	0,	'2022-01-07 08:34:04',	'2022-01-07 08:34:04',	NULL);

CREATE TABLE `permohonan_audit_trail` (
  `permohonan_audit_trail_id` bigint(20) NOT NULL AUTO_INCREMENT,
  `permohonan_id` bigint(20) NOT NULL,
  `status` char(1) NOT NULL,
  `remarks` text,
  `created_by` int(11) NOT NULL,
  `created_at` timestamp NULL DEFAULT NULL,
  `updated_at` timestamp NOT NULL DEFAULT CURRENT_TIMESTAMP,
  `deleted_at` timestamp NULL DEFAULT NULL,
  PRIMARY KEY (`permohonan_audit_trail_id`),
  KEY `idx_permohonantrail_permohonanid` (`permohonan_id`),
  KEY `idx_permohonantrail_createdby` (`created_by`)
) ENGINE=InnoDB DEFAULT CHARSET=latin1;

INSERT INTO `permohonan_audit_trail` (`permohonan_audit_trail_id`, `permohonan_id`, `status`, `remarks`, `created_by`, `created_at`, `updated_at`, `deleted_at`) VALUES
(1,	1,	'D',	NULL,	31,	'2021-12-30 00:31:05',	'2021-12-30 00:31:05',	NULL),
(2,	1,	'N',	NULL,	31,	'2021-12-30 00:36:14',	'2021-12-30 00:36:14',	NULL),
(3,	2,	'N',	NULL,	91,	'2021-12-30 02:52:28',	'2021-12-30 02:52:28',	NULL),
(4,	2,	'Z',	NULL,	91,	'2021-12-30 02:52:48',	'2021-12-30 02:52:48',	NULL),
(5,	2,	'Z',	NULL,	91,	'2021-12-30 02:53:59',	'2021-12-30 02:53:59',	NULL),
(6,	1,	'S',	NULL,	131,	'2021-12-30 02:54:45',	'2021-12-30 02:54:45',	NULL),
(7,	1,	'M',	'Jumlah \r\nbaki',	299,	'2021-12-30 03:00:13',	'2021-12-30 03:00:13',	NULL),
(8,	1,	'E',	NULL,	91,	'2021-12-30 03:02:04',	'2021-12-30 03:02:04',	NULL),
(9,	1,	'F',	'sokong',	131,	'2021-12-30 03:29:48',	'2021-12-30 03:29:48',	NULL),
(10,	3,	'D',	NULL,	178,	'2021-12-30 03:59:41',	'2021-12-30 03:59:41',	NULL),
(11,	3,	'N',	NULL,	178,	'2021-12-30 04:06:25',	'2021-12-30 04:06:25',	NULL),
(12,	3,	'Z',	NULL,	178,	'2021-12-30 07:12:00',	'2021-12-30 07:12:00',	NULL),
(13,	3,	'Z',	NULL,	9,	'2021-12-30 07:13:40',	'2021-12-30 07:13:40',	NULL),
(14,	3,	'Z',	NULL,	9,	'2021-12-30 07:13:54',	'2021-12-30 07:13:54',	NULL),
(15,	3,	'Z',	NULL,	9,	'2021-12-30 07:14:00',	'2021-12-30 07:14:00',	NULL),
(16,	3,	'Z',	NULL,	9,	'2021-12-30 07:14:11',	'2021-12-30 07:14:11',	NULL),
(17,	4,	'N',	NULL,	178,	'2021-12-31 03:10:41',	'2021-12-31 03:10:41',	NULL),
(18,	4,	'S',	'disokong',	131,	'2021-12-31 03:13:26',	'2021-12-31 03:13:26',	NULL),
(19,	1,	'I',	'perlu mesyuarat',	304,	'2021-12-31 03:28:18',	'2021-12-31 03:28:18',	NULL),
(20,	1,	'G',	'sokong',	307,	'2021-12-31 03:34:40',	'2021-12-31 03:34:40',	NULL),
(21,	1,	'I',	'perlu mesyuarat',	9,	'2021-12-31 03:37:13',	'2021-12-31 03:37:13',	NULL),
(22,	1,	'H',	'test 1\r\n1. sila kemukakan details kos\r\n2. sila kemukakan laporan\r\n3. sila kemukakan senarai peserta',	178,	'2021-12-31 04:07:08',	'2021-12-31 04:07:08',	NULL),
(23,	4,	'M',	'Ada peruntukan',	299,	'2021-12-31 06:21:20',	'2021-12-31 06:21:20',	NULL),
(24,	4,	'M',	NULL,	299,	'2021-12-31 06:21:33',	'2021-12-31 06:21:33',	NULL),
(25,	4,	'M',	NULL,	299,	'2021-12-31 06:27:51',	'2021-12-31 06:27:51',	NULL),
(26,	4,	'M',	NULL,	299,	'2021-12-31 06:27:58',	'2021-12-31 06:27:58',	NULL),
(27,	4,	'M',	NULL,	299,	'2021-12-31 06:28:10',	'2021-12-31 06:28:10',	NULL),
(28,	4,	'M',	NULL,	299,	'2021-12-31 06:28:19',	'2021-12-31 06:28:19',	NULL),
(29,	4,	'M',	NULL,	299,	'2021-12-31 06:28:27',	'2021-12-31 06:28:27',	NULL),
(30,	4,	'M',	NULL,	299,	'2021-12-31 06:28:36',	'2021-12-31 06:28:36',	NULL),
(31,	4,	'M',	NULL,	299,	'2021-12-31 06:28:53',	'2021-12-31 06:28:53',	NULL),
(32,	4,	'M',	NULL,	299,	'2021-12-31 06:29:04',	'2021-12-31 06:29:04',	NULL),
(33,	4,	'M',	NULL,	299,	'2021-12-31 06:29:14',	'2021-12-31 06:29:14',	NULL),
(34,	2,	'Z',	NULL,	91,	'2022-01-04 02:01:06',	'2022-01-04 02:01:06',	NULL),
(35,	5,	'N',	NULL,	31,	'2022-01-04 09:33:35',	'2022-01-04 09:33:35',	NULL),
(38,	6,	'D',	NULL,	316,	'2022-01-05 07:17:03',	'2022-01-05 07:17:03',	NULL),
(39,	6,	'N',	NULL,	316,	'2022-01-05 07:28:07',	'2022-01-05 07:28:07',	NULL),
(40,	7,	'N',	NULL,	170,	'2022-01-05 09:00:59',	'2022-01-05 09:00:59',	NULL),
(41,	7,	'S',	NULL,	124,	'2022-01-05 09:52:37',	'2022-01-05 09:52:37',	NULL),
(43,	5,	'S',	NULL,	131,	'2022-01-05 09:56:42',	'2022-01-05 09:56:42',	NULL),
(44,	7,	'S',	NULL,	131,	'2022-01-05 09:58:34',	'2022-01-05 09:58:34',	NULL),
(45,	7,	'M',	'bajet mencukupi',	299,	'2022-01-05 10:18:08',	'2022-01-05 10:18:08',	NULL),
(46,	7,	'E',	NULL,	91,	'2022-01-05 10:21:46',	'2022-01-05 10:21:46',	NULL),
(47,	7,	'F',	'sokong',	131,	'2022-01-05 10:25:36',	'2022-01-05 10:25:36',	NULL),
(48,	7,	'G',	'sokong',	307,	'2022-01-06 04:21:44',	'2022-01-06 04:21:44',	NULL),
(49,	7,	'G',	'sokong',	304,	'2022-01-06 04:23:25',	'2022-01-06 04:23:25',	NULL),
(50,	7,	'H',	'lulus',	9,	'2022-01-06 04:24:38',	'2022-01-06 04:24:38',	NULL),
(51,	9,	'D',	NULL,	170,	'2022-01-07 06:19:46',	'2022-01-07 06:19:46',	NULL),
(52,	9,	'N',	NULL,	170,	'2022-01-07 06:24:44',	'2022-01-07 06:24:44',	NULL),
(53,	10,	'N',	NULL,	170,	'2022-01-07 06:29:22',	'2022-01-07 06:29:22',	NULL),
(54,	9,	'T',	NULL,	131,	'2022-01-07 06:30:14',	'2022-01-07 06:30:14',	NULL),
(55,	10,	'T',	NULL,	131,	'2022-01-07 06:30:24',	'2022-01-07 06:30:24',	NULL),
(56,	10,	'M',	'sokong. ada bajet',	299,	'2022-01-07 06:31:33',	'2022-01-07 06:31:33',	NULL),
(57,	10,	'E',	'sokong',	91,	'2022-01-07 06:34:13',	'2022-01-07 06:34:13',	NULL),
(58,	10,	'F',	'sokong',	131,	'2022-01-07 06:56:32',	'2022-01-07 06:56:32',	NULL),
(59,	10,	'G',	'sokong',	307,	'2022-01-07 06:57:32',	'2022-01-07 06:57:32',	NULL),
(60,	10,	'I',	'perlu perbincangan lanjut dalam mesyuarat bom',	304,	'2022-01-07 06:58:39',	'2022-01-07 06:58:39',	NULL),
(61,	10,	'I',	'bincang dalam mesyuarat',	9,	'2022-01-07 07:00:37',	'2022-01-07 07:00:37',	NULL),
(62,	11,	'N',	NULL,	170,	'2022-01-07 07:29:31',	'2022-01-07 07:29:31',	NULL),
(63,	12,	'N',	NULL,	170,	'2022-01-07 07:39:17',	'2022-01-07 07:39:17',	NULL),
(64,	11,	'T',	NULL,	131,	'2022-01-07 07:45:30',	'2022-01-07 07:45:30',	NULL),
(65,	12,	'T',	NULL,	131,	'2022-01-07 07:45:53',	'2022-01-07 07:45:53',	NULL),
(66,	11,	'M',	'sokong',	299,	'2022-01-07 07:46:38',	'2022-01-07 07:46:38',	NULL),
(67,	12,	'M',	'sokong',	299,	'2022-01-07 07:47:05',	'2022-01-07 07:47:05',	NULL),
(68,	11,	'E',	'sokong',	127,	'2022-01-07 07:47:48',	'2022-01-07 07:47:48',	NULL),
(69,	12,	'E',	'sokong',	127,	'2022-01-07 07:48:10',	'2022-01-07 07:48:10',	NULL),
(70,	11,	'F',	'perlu mesyuarat',	131,	'2022-01-07 07:49:12',	'2022-01-07 07:49:12',	NULL),
(71,	12,	'F',	'sokong',	131,	'2022-01-07 07:49:32',	'2022-01-07 07:49:32',	NULL),
(72,	11,	'I',	'perlu mesyuarat',	307,	'2022-01-07 07:50:17',	'2022-01-07 07:50:17',	NULL),
(73,	12,	'G',	'sokong',	307,	'2022-01-07 07:50:35',	'2022-01-07 07:50:35',	NULL),
(74,	11,	'I',	'perlu mesyuarat',	304,	'2022-01-07 07:51:19',	'2022-01-07 07:51:19',	NULL),
(75,	12,	'G',	'sokong',	304,	'2022-01-07 07:51:38',	'2022-01-07 07:51:38',	NULL),
(76,	11,	'I',	'dibincangkan dalam mesyuarat',	9,	'2022-01-07 07:52:31',	'2022-01-07 07:52:31',	NULL),
(77,	13,	'D',	NULL,	316,	'2022-01-07 08:03:24',	'2022-01-07 08:03:24',	NULL),
(78,	13,	'N',	NULL,	316,	'2022-01-07 08:07:00',	'2022-01-07 08:07:00',	NULL),
(79,	13,	'T',	NULL,	131,	'2022-01-07 08:09:51',	'2022-01-07 08:09:51',	NULL),
(80,	13,	'M',	'sokong',	299,	'2022-01-07 08:14:25',	'2022-01-07 08:14:25',	NULL),
(81,	13,	'E',	NULL,	127,	'2022-01-07 08:16:16',	'2022-01-07 08:16:16',	NULL),
(82,	13,	'F',	'Sila pastikan pekeliling JPPK dirujuk',	131,	'2022-01-07 08:17:15',	'2022-01-07 08:17:15',	NULL),
(83,	14,	'N',	NULL,	244,	'2022-01-07 08:18:55',	'2022-01-07 08:18:55',	NULL),
(84,	6,	'S',	NULL,	49,	'2022-01-07 08:20:39',	'2022-01-07 08:20:39',	NULL),
(85,	14,	'S',	NULL,	49,	'2022-01-07 08:20:56',	'2022-01-07 08:20:56',	NULL),
(86,	14,	'T',	NULL,	131,	'2022-01-07 08:23:03',	'2022-01-07 08:23:03',	NULL),
(87,	13,	'G',	'sokong',	307,	'2022-01-07 08:25:16',	'2022-01-07 08:25:16',	NULL),
(88,	13,	'I',	'harus mesyuarat',	304,	'2022-01-07 08:25:58',	'2022-01-07 08:25:58',	NULL),
(89,	12,	'H',	'setuju ok',	9,	'2022-01-07 08:28:51',	'2022-01-07 08:28:51',	NULL),
(90,	13,	'I',	'perlu dibincang dalam mesyuarat',	9,	'2022-01-07 08:30:23',	'2022-01-07 08:30:23',	NULL),
(91,	10,	'L',	'tiada bajet',	178,	'2022-01-07 08:40:16',	'2022-01-07 08:40:16',	NULL),
(92,	11,	'H',	'mesyuarat lulus',	178,	'2022-01-07 08:44:05',	'2022-01-07 08:44:05',	NULL),
(93,	13,	'H',	'lulus',	178,	'2022-01-07 08:44:40',	'2022-01-07 08:44:40',	NULL),
(94,	13,	'V',	'terima kasih',	316,	'2022-01-07 08:52:33',	'2022-01-07 08:52:33',	NULL);

CREATE TABLE `permohonan_cost` (
  `permohonan_cost_id` bigint(20) NOT NULL AUTO_INCREMENT,
  `permohonan_id` bigint(20) NOT NULL,
  `option_no` int(11) NOT NULL DEFAULT '1',
  `cost_desc` varchar(255) DEFAULT NULL,
  `is_bom_tambahan` int(11) NOT NULL DEFAULT '0',
  `sub_allocation_id` int(11) NOT NULL,
  `allocation_year_id` int(11) DEFAULT NULL,
  `owned_by` int(11) DEFAULT NULL COMMENT 'budget owner',
  `owner_response_status` char(1) NOT NULL DEFAULT 'P' COMMENT 'P-pending response,R-tidak sokong,A-sokong',
  `owner_response_remarks` text,
  `owner_response_date` datetime DEFAULT NULL,
  `previous_cost` decimal(10,2) NOT NULL DEFAULT '0.00',
  `applied_cost` decimal(10,2) NOT NULL DEFAULT '0.00',
  `asset_id` int(11) NOT NULL,
  `asset_type_id` int(11) NOT NULL,
  `expiry_date` date DEFAULT NULL,
  `is_approved` int(11) NOT NULL DEFAULT '0',
  `created_by` int(11) NOT NULL,
  `updated_by` int(11) NOT NULL,
  `created_at` timestamp NULL DEFAULT NULL,
  `updated_at` timestamp NOT NULL DEFAULT CURRENT_TIMESTAMP,
  `deleted_at` timestamp NULL DEFAULT NULL,
  PRIMARY KEY (`permohonan_cost_id`),
  KEY `idx_permohonancost_permohonanid` (`permohonan_id`),
  KEY `idx_permohonancost_suballocation` (`sub_allocation_id`),
  KEY `idx_permohonancost_asset` (`asset_id`),
  KEY `idx_permohonancost_assettype` (`asset_type_id`),
  KEY `idx_permohonancost_createdby` (`created_by`),
  KEY `idx_permohonancost_updatedby` (`updated_by`),
  KEY `idx_permohonancost_allocationyear` (`allocation_year_id`),
  KEY `idx_permohonancost_owner` (`owned_by`),
  KEY `idx_permohonancost_responsestatus` (`owner_response_status`),
  KEY `idx_permohonancost_optionno` (`option_no`)
) ENGINE=InnoDB DEFAULT CHARSET=latin1;

INSERT INTO `permohonan_cost` (`permohonan_cost_id`, `permohonan_id`, `option_no`, `cost_desc`, `is_bom_tambahan`, `sub_allocation_id`, `allocation_year_id`, `owned_by`, `owner_response_status`, `owner_response_remarks`, `owner_response_date`, `previous_cost`, `applied_cost`, `asset_id`, `asset_type_id`, `expiry_date`, `is_approved`, `created_by`, `updated_by`, `created_at`, `updated_at`, `deleted_at`) VALUES
(1,	1,	1,	'ITEM 1',	0,	66,	128,	299,	'P',	NULL,	NULL,	0.00,	54000.00,	0,	45,	NULL,	0,	31,	31,	'2021-12-30 00:35:17',	'2021-12-30 00:35:17',	'2021-12-29 16:36:14'),
(2,	1,	1,	'ITEM 2',	0,	66,	128,	299,	'P',	NULL,	NULL,	0.00,	200000.00,	0,	32,	NULL,	0,	31,	31,	'2021-12-30 00:35:17',	'2021-12-30 00:35:17',	'2021-12-29 16:36:14'),
(3,	1,	1,	'ITEM 1',	0,	66,	128,	299,	'A',	'Jumlah \r\nbaki',	'2021-12-30 11:00:13',	0.00,	54000.00,	0,	45,	NULL,	0,	31,	31,	'2021-12-30 00:36:14',	'2021-12-30 00:36:14',	NULL),
(4,	1,	1,	'ITEM 2',	0,	66,	128,	299,	'A',	'Jumlah \r\nbaki',	'2021-12-30 11:00:13',	0.00,	200000.00,	0,	32,	NULL,	0,	31,	31,	'2021-12-30 00:36:14',	'2021-12-30 00:36:14',	NULL),
(5,	2,	1,	'BENGKEL PEROLEHAN 3H2M',	0,	64,	126,	299,	'P',	NULL,	NULL,	0.00,	19000.00,	0,	13,	NULL,	0,	91,	91,	'2021-12-30 02:52:28',	'2021-12-30 02:52:28',	'2021-12-29 18:52:48'),
(6,	2,	1,	'BENGKEL PEROLEHAN 3H2M',	0,	64,	126,	299,	'P',	NULL,	NULL,	0.00,	19000.00,	0,	13,	NULL,	0,	91,	91,	'2021-12-30 02:52:48',	'2021-12-30 02:52:48',	'2021-12-29 18:53:59'),
(7,	2,	1,	'BENGKEL PEROLEHAN 3H2M',	0,	64,	126,	299,	'P',	NULL,	NULL,	0.00,	19000.00,	0,	13,	NULL,	0,	91,	91,	'2021-12-30 02:53:59',	'2021-12-30 02:53:59',	'2022-01-03 18:01:06'),
(8,	3,	1,	'FGFGFGFGMFMGFH',	0,	5,	146,	112,	'P',	NULL,	NULL,	0.00,	5000.00,	0,	44,	NULL,	0,	178,	178,	'2021-12-30 03:59:41',	'2021-12-30 03:59:41',	'2021-12-29 20:06:25'),
(9,	3,	1,	'FGFGFM,HGFMH,GFMHH',	0,	5,	146,	112,	'P',	NULL,	NULL,	0.00,	1000.00,	0,	80,	NULL,	0,	178,	178,	'2021-12-30 03:59:41',	'2021-12-30 03:59:41',	'2021-12-29 20:06:25'),
(10,	3,	1,	'FGFGFGFGMFMGFH',	0,	5,	146,	112,	'P',	NULL,	NULL,	0.00,	5000.00,	0,	44,	NULL,	0,	178,	178,	'2021-12-30 04:06:25',	'2021-12-30 04:06:25',	'2021-12-29 23:12:00'),
(11,	3,	1,	'FGFGFM,HGFMH,GFMHH',	0,	5,	146,	112,	'P',	NULL,	NULL,	0.00,	1000.00,	0,	80,	NULL,	0,	178,	178,	'2021-12-30 04:06:25',	'2021-12-30 04:06:25',	'2021-12-29 23:12:00'),
(12,	3,	1,	'FGFGFGFGMFMGFH',	0,	5,	146,	112,	'P',	NULL,	NULL,	0.00,	5000.00,	0,	44,	NULL,	0,	178,	178,	'2021-12-30 07:12:00',	'2021-12-30 07:12:00',	'2021-12-29 23:13:40'),
(13,	3,	1,	'FGFGFM,HGFMH,GFMHH',	0,	5,	146,	112,	'P',	NULL,	NULL,	0.00,	1000.00,	0,	80,	NULL,	0,	178,	178,	'2021-12-30 07:12:00',	'2021-12-30 07:12:00',	'2021-12-29 23:13:40'),
(14,	3,	1,	'FGFGFGFGMFMGFH',	0,	5,	146,	112,	'P',	NULL,	NULL,	0.00,	5000.00,	0,	44,	NULL,	0,	9,	9,	'2021-12-30 07:13:40',	'2021-12-30 07:13:40',	'2021-12-29 23:13:54'),
(15,	3,	1,	'FGFGFM,HGFMH,GFMHH',	0,	5,	146,	112,	'P',	NULL,	NULL,	0.00,	1000.00,	0,	80,	NULL,	0,	9,	9,	'2021-12-30 07:13:40',	'2021-12-30 07:13:40',	'2021-12-29 23:13:54'),
(16,	3,	1,	'FGFGFGFGMFMGFH',	0,	5,	146,	112,	'P',	NULL,	NULL,	0.00,	5000.00,	0,	44,	NULL,	0,	9,	9,	'2021-12-30 07:13:54',	'2021-12-30 07:13:54',	'2021-12-29 23:14:00'),
(17,	3,	1,	'FGFGFM,HGFMH,GFMHH',	0,	5,	146,	112,	'P',	NULL,	NULL,	0.00,	1000.00,	0,	80,	NULL,	0,	9,	9,	'2021-12-30 07:13:54',	'2021-12-30 07:13:54',	'2021-12-29 23:14:00'),
(18,	3,	1,	'FGFGFGFGMFMGFH',	0,	5,	146,	112,	'P',	NULL,	NULL,	0.00,	5000.00,	0,	44,	NULL,	0,	9,	9,	'2021-12-30 07:14:00',	'2021-12-30 07:14:00',	'2021-12-29 23:14:11'),
(19,	3,	1,	'FGFGFM,HGFMH,GFMHH',	0,	5,	146,	112,	'P',	NULL,	NULL,	0.00,	1000.00,	0,	80,	NULL,	0,	9,	9,	'2021-12-30 07:14:00',	'2021-12-30 07:14:00',	'2021-12-29 23:14:11'),
(20,	3,	1,	'FGFGFGFGMFMGFH',	0,	5,	146,	112,	'P',	NULL,	NULL,	0.00,	5000.00,	0,	44,	NULL,	0,	9,	9,	'2021-12-30 07:14:11',	'2021-12-30 07:14:11',	NULL),
(21,	3,	1,	'FGFGFM,HGFMH,GFMHH',	0,	5,	146,	112,	'P',	NULL,	NULL,	0.00,	1000.00,	0,	80,	NULL,	0,	9,	9,	'2021-12-30 07:14:11',	'2021-12-30 07:14:11',	NULL),
(22,	4,	1,	'FGFDGFDGNJFDNGFNGKFD',	0,	5,	146,	112,	'P',	NULL,	NULL,	0.00,	12000.00,	0,	80,	NULL,	0,	178,	178,	'2021-12-31 03:10:41',	'2021-12-31 03:10:41',	NULL),
(23,	2,	1,	'BENGKEL PEROLEHAN 3H2M',	0,	64,	44,	299,	'P',	NULL,	NULL,	0.00,	19000.00,	0,	13,	NULL,	0,	91,	91,	'2022-01-04 02:01:06',	'2022-01-04 02:01:06',	NULL),
(24,	5,	1,	'ITEM 1',	0,	66,	128,	299,	'P',	NULL,	NULL,	54000.00,	54020.00,	0,	45,	NULL,	0,	31,	31,	'2022-01-04 09:30:38',	'2022-01-04 09:33:35',	NULL),
(25,	5,	1,	'ITEM 2',	0,	66,	128,	299,	'P',	NULL,	NULL,	200000.00,	300000.00,	0,	32,	NULL,	0,	31,	31,	'2022-01-04 09:30:38',	'2022-01-04 09:33:35',	NULL),
(26,	6,	1,	'PRODUKSI PENERBITAN',	0,	58,	40,	299,	'P',	NULL,	NULL,	0.00,	0.00,	0,	56,	NULL,	0,	316,	316,	'2022-01-05 07:21:07',	'2022-01-05 07:21:07',	'2022-01-04 23:22:44'),
(27,	6,	1,	'PRODUKSI PENERBITAN',	0,	58,	40,	299,	'P',	NULL,	NULL,	0.00,	45500.00,	0,	56,	NULL,	0,	316,	316,	'2022-01-05 07:22:44',	'2022-01-05 07:22:44',	'2022-01-04 23:24:50'),
(28,	6,	1,	'BAYARAN	KEPADA PENCERAMAH',	0,	58,	40,	299,	'P',	NULL,	NULL,	0.00,	8400.00,	0,	70,	NULL,	0,	316,	316,	'2022-01-05 07:22:44',	'2022-01-05 07:22:44',	'2022-01-04 23:24:50'),
(29,	6,	1,	'PRODUKSI PENERBITAN',	0,	58,	40,	299,	'P',	NULL,	NULL,	0.00,	45500.00,	0,	56,	NULL,	0,	316,	316,	'2022-01-05 07:24:50',	'2022-01-05 07:24:50',	'2022-01-04 23:26:53'),
(30,	6,	1,	'BAYARAN	KEPADA PENCERAMAH',	0,	58,	40,	299,	'P',	NULL,	NULL,	0.00,	8400.00,	0,	70,	NULL,	0,	316,	316,	'2022-01-05 07:24:50',	'2022-01-05 07:24:50',	'2022-01-04 23:26:53'),
(31,	6,	1,	'PRODUKSI PENERBITAN',	0,	58,	40,	299,	'P',	NULL,	NULL,	0.00,	45500.00,	0,	56,	NULL,	0,	316,	316,	'2022-01-05 07:26:53',	'2022-01-05 07:26:53',	'2022-01-04 23:27:14'),
(32,	6,	1,	'BAYARAN	KEPADA PENCERAMAH',	0,	58,	40,	299,	'P',	NULL,	NULL,	0.00,	8400.00,	0,	70,	NULL,	0,	316,	316,	'2022-01-05 07:26:53',	'2022-01-05 07:26:53',	'2022-01-04 23:27:14'),
(33,	6,	1,	'PRODUKSI PENERBITAN',	0,	58,	40,	299,	'P',	NULL,	NULL,	0.00,	45500.00,	0,	56,	NULL,	0,	316,	316,	'2022-01-05 07:27:14',	'2022-01-05 07:27:14',	'2022-01-04 23:28:07'),
(34,	6,	1,	'BAYARAN	KEPADA PENCERAMAH',	0,	58,	40,	299,	'P',	NULL,	NULL,	0.00,	8400.00,	0,	70,	NULL,	0,	316,	316,	'2022-01-05 07:27:14',	'2022-01-05 07:27:14',	'2022-01-04 23:28:07'),
(35,	6,	1,	'PRODUKSI PENERBITAN',	0,	58,	40,	299,	'P',	NULL,	NULL,	0.00,	45500.00,	0,	56,	NULL,	0,	316,	316,	'2022-01-05 07:28:07',	'2022-01-05 07:28:07',	NULL),
(36,	6,	1,	'BAYARAN	KEPADA PENCERAMAH',	0,	58,	40,	299,	'P',	NULL,	NULL,	0.00,	8400.00,	0,	70,	NULL,	0,	316,	316,	'2022-01-05 07:28:07',	'2022-01-05 07:28:07',	NULL),
(37,	7,	1,	'ITEM 1',	0,	66,	46,	299,	'A',	'bajet mencukupi',	'2022-01-05 18:18:08',	0.00,	50000.00,	0,	32,	'2022-05-06',	1,	170,	170,	'2022-01-05 09:00:59',	'2022-01-05 09:00:59',	NULL),
(38,	7,	1,	'ITEM 2',	0,	66,	46,	299,	'A',	'bajet mencukupi',	'2022-01-05 18:18:08',	0.00,	3000.00,	0,	35,	'2022-05-06',	1,	170,	170,	'2022-01-05 09:00:59',	'2022-01-05 09:00:59',	NULL),
(39,	7,	1,	'ITEM 3',	0,	66,	46,	299,	'A',	'bajet mencukupi',	'2022-01-05 18:18:08',	0.00,	4000.00,	0,	44,	'2022-05-06',	1,	170,	170,	'2022-01-05 09:00:59',	'2022-01-05 09:00:59',	NULL),
(40,	8,	1,	'ITEM 1',	0,	66,	46,	299,	'P',	NULL,	NULL,	50000.00,	50000.00,	0,	32,	NULL,	0,	170,	170,	'2022-01-06 04:27:42',	'2022-01-06 04:27:42',	NULL),
(41,	8,	1,	'ITEM 2',	0,	66,	46,	299,	'P',	NULL,	NULL,	3000.00,	3000.00,	0,	35,	NULL,	0,	170,	170,	'2022-01-06 04:27:42',	'2022-01-06 04:27:42',	NULL),
(42,	8,	1,	'ITEM 3',	0,	66,	46,	299,	'P',	NULL,	NULL,	4000.00,	4000.00,	0,	44,	NULL,	0,	170,	170,	'2022-01-06 04:27:42',	'2022-01-06 04:27:42',	NULL),
(43,	9,	1,	'BEKALAN 1',	0,	77,	80,	297,	'P',	NULL,	NULL,	0.00,	50000.00,	0,	32,	NULL,	0,	170,	170,	'2022-01-07 06:24:44',	'2022-01-07 06:24:44',	NULL),
(44,	9,	1,	'BEKALAN 2',	0,	77,	80,	297,	'P',	NULL,	NULL,	0.00,	45000.00,	0,	44,	NULL,	0,	170,	170,	'2022-01-07 06:24:44',	'2022-01-07 06:24:44',	NULL),
(45,	9,	1,	'BEKALAN 3',	0,	77,	80,	297,	'P',	NULL,	NULL,	0.00,	0.00,	0,	66,	NULL,	0,	170,	170,	'2022-01-07 06:24:44',	'2022-01-07 06:24:44',	NULL),
(46,	10,	1,	'BEKALAN 1',	0,	66,	46,	299,	'A',	'sokong. ada bajet',	'2022-01-07 14:31:33',	0.00,	50050.00,	0,	44,	NULL,	0,	170,	170,	'2022-01-07 06:29:22',	'2022-01-07 06:29:22',	NULL),
(47,	10,	1,	'BEKALAN 2',	0,	66,	46,	299,	'A',	'sokong. ada bajet',	'2022-01-07 14:31:33',	0.00,	100000.00,	0,	21,	NULL,	0,	170,	170,	'2022-01-07 06:29:22',	'2022-01-07 06:29:22',	NULL),
(48,	11,	1,	'SISTEM 1',	0,	58,	40,	299,	'A',	'sokong',	'2022-01-07 15:46:38',	0.00,	50000.00,	0,	9,	'2022-05-07',	1,	170,	170,	'2022-01-07 07:29:31',	'2022-01-07 07:29:31',	NULL),
(49,	11,	1,	'PENYELENGGARAAN 1',	0,	66,	46,	299,	'A',	'sokong',	'2022-01-07 15:46:38',	0.00,	30000.00,	0,	54,	'2022-05-07',	1,	170,	170,	'2022-01-07 07:29:31',	'2022-01-07 07:29:31',	NULL),
(50,	11,	1,	'PENYELENGGRAAN 2',	0,	66,	46,	299,	'A',	'sokong',	'2022-01-07 15:46:38',	0.00,	15000.00,	0,	54,	'2022-05-07',	1,	170,	170,	'2022-01-07 07:29:31',	'2022-01-07 07:29:31',	NULL),
(51,	11,	1,	'PENYELENGGARAAN 3',	0,	66,	46,	299,	'A',	'sokong',	'2022-01-07 15:46:38',	0.00,	15000.00,	0,	54,	'2022-05-07',	1,	170,	170,	'2022-01-07 07:29:31',	'2022-01-07 07:29:31',	NULL),
(52,	12,	1,	'KOMPUTER',	0,	66,	46,	299,	'A',	'sokong',	'2022-01-07 15:47:05',	0.00,	35000.00,	0,	45,	'2022-05-07',	1,	170,	170,	'2022-01-07 07:39:17',	'2022-01-07 07:39:17',	NULL),
(53,	12,	1,	'PRINTER',	0,	66,	46,	299,	'A',	'sokong',	'2022-01-07 15:47:05',	0.00,	20000.00,	0,	45,	'2022-05-07',	1,	170,	170,	'2022-01-07 07:39:17',	'2022-01-07 07:39:17',	NULL),
(54,	12,	1,	'BAG LAPTOP',	0,	66,	46,	299,	'A',	'sokong',	'2022-01-07 15:47:05',	0.00,	10000.00,	0,	5,	'2022-05-07',	1,	170,	170,	'2022-01-07 07:39:17',	'2022-01-07 07:39:17',	NULL),
(55,	13,	1,	'PERKHIDMATAN TENAGA PAKAR',	0,	58,	40,	299,	'P',	NULL,	NULL,	0.00,	8000.00,	0,	52,	NULL,	0,	316,	316,	'2022-01-07 08:03:24',	'2022-01-07 08:03:24',	'2022-01-07 00:04:33'),
(56,	13,	1,	'MAKANAN PESERTA',	0,	58,	40,	299,	'P',	NULL,	NULL,	0.00,	7000.00,	0,	72,	NULL,	0,	316,	316,	'2022-01-07 08:03:24',	'2022-01-07 08:03:24',	'2022-01-07 00:04:33'),
(57,	13,	1,	'PERKHIDMATAN TENAGA PAKAR',	0,	58,	40,	299,	'P',	NULL,	NULL,	0.00,	8000.00,	0,	52,	NULL,	0,	316,	316,	'2022-01-07 08:04:33',	'2022-01-07 08:04:33',	'2022-01-07 00:05:01'),
(58,	13,	1,	'MAKANAN PESERTA',	0,	58,	40,	299,	'P',	NULL,	NULL,	0.00,	7000.00,	0,	72,	NULL,	0,	316,	316,	'2022-01-07 08:04:33',	'2022-01-07 08:04:33',	'2022-01-07 00:05:01'),
(59,	13,	1,	'PERKHIDMATAN TENAGA PAKAR',	0,	58,	40,	299,	'P',	NULL,	NULL,	0.00,	8000.00,	0,	52,	NULL,	0,	316,	316,	'2022-01-07 08:05:01',	'2022-01-07 08:05:01',	'2022-01-07 00:07:00'),
(60,	13,	1,	'MAKANAN PESERTA',	0,	58,	40,	299,	'P',	NULL,	NULL,	0.00,	7000.00,	0,	72,	NULL,	0,	316,	316,	'2022-01-07 08:05:01',	'2022-01-07 08:05:01',	'2022-01-07 00:07:00'),
(61,	13,	1,	'PERKHIDMATAN TENAGA PAKAR',	0,	58,	40,	299,	'A',	'sokong',	'2022-01-07 16:14:25',	0.00,	8000.00,	0,	52,	NULL,	0,	316,	316,	'2022-01-07 08:07:00',	'2022-01-07 08:07:00',	NULL),
(62,	13,	1,	'MAKANAN PESERTA',	0,	58,	40,	299,	'A',	'sokong',	'2022-01-07 16:14:25',	0.00,	7000.00,	0,	72,	NULL,	0,	316,	316,	'2022-01-07 08:07:00',	'2022-01-07 08:07:00',	NULL),
(63,	14,	1,	'XXXXXXXX',	0,	5,	64,	112,	'P',	NULL,	NULL,	0.00,	1000.00,	0,	44,	NULL,	0,	244,	244,	'2022-01-07 08:18:55',	'2022-01-07 08:18:55',	NULL),
(64,	15,	1,	'KOMPUTER',	0,	66,	46,	299,	'P',	NULL,	NULL,	35000.00,	35000.00,	0,	45,	NULL,	0,	170,	170,	'2022-01-07 08:34:04',	'2022-01-07 08:34:04',	NULL),
(65,	15,	1,	'PRINTER',	0,	66,	46,	299,	'P',	NULL,	NULL,	20000.00,	20000.00,	0,	45,	NULL,	0,	170,	170,	'2022-01-07 08:34:04',	'2022-01-07 08:34:04',	NULL),
(66,	15,	1,	'BAG LAPTOP',	0,	66,	46,	299,	'P',	NULL,	NULL,	10000.00,	10000.00,	0,	5,	NULL,	0,	170,	170,	'2022-01-07 08:34:04',	'2022-01-07 08:34:04',	NULL);

CREATE TABLE `permohonan_description` (
  `permohonan_description_id` bigint(20) NOT NULL AUTO_INCREMENT,
  `permohonan_id` bigint(20) NOT NULL,
  `description_desc` varchar(255) DEFAULT NULL,
  `created_by` int(11) NOT NULL,
  `updated_by` int(11) NOT NULL,
  `created_at` timestamp NULL DEFAULT NULL,
  `updated_at` timestamp NOT NULL DEFAULT CURRENT_TIMESTAMP,
  `deleted_at` timestamp NULL DEFAULT NULL,
  PRIMARY KEY (`permohonan_description_id`),
  KEY `idx_permohonandesc_permohonanid` (`permohonan_id`),
  KEY `idx_permohonandesc_createdby` (`created_by`),
  KEY `idx_permohonandesc_updatedby` (`updated_by`)
) ENGINE=InnoDB DEFAULT CHARSET=latin1;


CREATE TABLE `permohonan_detail` (
  `permohonan_detail_id` bigint(11) NOT NULL AUTO_INCREMENT,
  `permohonan_id` bigint(11) NOT NULL,
  `is_main` int(11) NOT NULL DEFAULT '0',
  `main_id` bigint(11) DEFAULT NULL COMMENT 'permohonan_detail_id',
  `is_online` int(11) NOT NULL DEFAULT '0',
  `program_location` varchar(200) DEFAULT NULL,
  `supplier_service_id` int(11) DEFAULT NULL,
  `service_distance_id` int(11) DEFAULT NULL,
  `permohonan_item` text,
  `permohonan_item_extra` text,
  `quantity` decimal(10,2) NOT NULL DEFAULT '0.00',
  `unit_id` int(11) DEFAULT NULL,
  `quantity_unit` varchar(20) DEFAULT NULL,
  `price_perunit` decimal(10,2) NOT NULL DEFAULT '0.00',
  `price_total` decimal(10,2) NOT NULL DEFAULT '0.00',
  `detail_startdate` date DEFAULT NULL,
  `detail_enddate` date DEFAULT NULL,
  `detail_starttime` time DEFAULT NULL,
  `detail_endtime` time DEFAULT NULL,
  `created_at` timestamp NULL DEFAULT NULL,
  `updated_at` timestamp NOT NULL DEFAULT CURRENT_TIMESTAMP,
  `deleted_at` timestamp NULL DEFAULT NULL,
  PRIMARY KEY (`permohonan_detail_id`),
  KEY `idx_permohonandetail_permohonanid` (`permohonan_id`),
  KEY `idx_permohonandetail_ismain` (`is_main`),
  KEY `idx_permohonandetail_mainid` (`main_id`),
  KEY `idx_permohonandetail_serviceid` (`supplier_service_id`),
  KEY `idx_permohonandetail_unitid` (`unit_id`),
  KEY `idx_permohonandetail_distanceid` (`service_distance_id`)
) ENGINE=InnoDB DEFAULT CHARSET=latin1;



CREATE TABLE `permohonan_email` (
  `id` bigint(20) NOT NULL AUTO_INCREMENT,
  `permohonan_id` int(11) NOT NULL,
  `email_to` varchar(100) DEFAULT NULL,
  `role_id` int(11) DEFAULT NULL,
  `subject` text CHARACTER SET latin1,
  `message` text,
  `completed` int(11) NOT NULL DEFAULT '0',
  `created_at` timestamp NULL DEFAULT NULL,
  `updated_at` timestamp NOT NULL DEFAULT CURRENT_TIMESTAMP,
  `deleted_at` timestamp NULL DEFAULT NULL,
  PRIMARY KEY (`id`),
  KEY `idx_permohonanemail_id` (`permohonan_id`),
  KEY `idx_permohonanemail_roleid` (`role_id`),
  KEY `idx_permohonanemail_completed` (`completed`)
) ENGINE=InnoDB DEFAULT CHARSET=utf8mb4;


CREATE TABLE `permohonan_objective` (
  `permohonan_objective_id` bigint(20) NOT NULL AUTO_INCREMENT,
  `permohonan_id` bigint(20) NOT NULL,
  `objective_desc` varchar(255) DEFAULT NULL,
  `created_by` int(11) NOT NULL,
  `updated_by` int(11) NOT NULL,
  `created_at` timestamp NULL DEFAULT NULL,
  `updated_at` timestamp NOT NULL DEFAULT CURRENT_TIMESTAMP,
  `deleted_at` timestamp NULL DEFAULT NULL,
  PRIMARY KEY (`permohonan_objective_id`),
  KEY `idx_permohonanobjective_permohonanid` (`permohonan_id`),
  KEY `idx_permohonanobjective_createdby` (`created_by`),
  KEY `idx_permohonanobjective_updatedby` (`updated_by`)
) ENGINE=InnoDB DEFAULT CHARSET=latin1;


CREATE TABLE `permohonan_option` (
  `permohonan_option_id` bigint(20) NOT NULL AUTO_INCREMENT,
  `permohonan_id` bigint(20) NOT NULL,
  `option_no` int(11) NOT NULL DEFAULT '1',
  `is_main` int(11) NOT NULL DEFAULT '0',
  `main_id` bigint(11) DEFAULT NULL,
  `option_desc` varchar(255) DEFAULT NULL,
  `recommended` int(11) NOT NULL DEFAULT '0',
  `created_by` int(11) NOT NULL,
  `updated_by` int(11) NOT NULL,
  `created_at` timestamp NULL DEFAULT NULL,
  `updated_at` timestamp NOT NULL DEFAULT CURRENT_TIMESTAMP,
  `deleted_at` timestamp NULL DEFAULT NULL,
  PRIMARY KEY (`permohonan_option_id`),
  KEY `idx_permohonanoption_permohonanid` (`permohonan_id`),
  KEY `idx_permohonanoption_recommended` (`recommended`),
  KEY `idx_permohonanoption_createdby` (`created_by`),
  KEY `idx_permohonanoption_updatedby` (`updated_by`),
  KEY `idx_permohonanoption_ismain` (`is_main`),
  KEY `idx_permohonanoption_mainid` (`main_id`),
  KEY `idx_permohonanoption_optionno` (`option_no`)
) ENGINE=InnoDB DEFAULT CHARSET=latin1;


CREATE TABLE `permohonan_project` (
  `permohonan_project_id` bigint(20) NOT NULL AUTO_INCREMENT,
  `permohonan_id` bigint(20) NOT NULL,
  `is_main` int(11) NOT NULL DEFAULT '0',
  `main_id` bigint(11) DEFAULT NULL,
  `project_desc` varchar(255) DEFAULT NULL,
  `core_id` int(11) DEFAULT NULL,
  `kpi_id` int(11) NOT NULL,
  `targeted_value` decimal(10,2) NOT NULL DEFAULT '0.00',
  `achieved_value` decimal(10,2) NOT NULL DEFAULT '0.00',
  `percentage_value` decimal(10,2) NOT NULL DEFAULT '0.00',
  `project_final_value` decimal(10,2) NOT NULL DEFAULT '0.00',
  `status` char(1) NOT NULL DEFAULT 'N',
  `justification` text,
  `created_by` int(11) NOT NULL,
  `updated_by` int(11) NOT NULL,
  `created_at` timestamp NULL DEFAULT NULL,
  `updated_at` timestamp NOT NULL DEFAULT CURRENT_TIMESTAMP,
  `deleted_at` timestamp NULL DEFAULT NULL,
  PRIMARY KEY (`permohonan_project_id`),
  KEY `idx_permohonanproject_permohonanid` (`permohonan_id`),
  KEY `idx_permohonanproject_createdby` (`created_by`),
  KEY `idx_permohonanproject_updatedby` (`updated_by`),
  KEY `idx_permohonanproject_ismain` (`is_main`),
  KEY `idx_permohonanproject_mainid` (`main_id`),
  KEY `idx_permohonanproject_kpiid` (`kpi_id`),
  KEY `idx_permohonanproject_coreid` (`core_id`)
) ENGINE=InnoDB DEFAULT CHARSET=latin1;

INSERT INTO `permohonan_project` (`permohonan_project_id`, `permohonan_id`, `is_main`, `main_id`, `project_desc`, `core_id`, `kpi_id`, `targeted_value`, `achieved_value`, `percentage_value`, `project_final_value`, `status`, `justification`, `created_by`, `updated_by`, `created_at`, `updated_at`, `deleted_at`) VALUES
(1,	2,	1,	NULL,	'',	NULL,	0,	0.00,	0.00,	0.00,	0.00,	'N',	NULL,	91,	91,	'2021-12-30 02:52:28',	'2021-12-30 02:52:28',	'2021-12-29 18:52:48'),
(2,	2,	0,	1,	NULL,	NULL,	22,	0.00,	0.00,	0.00,	0.00,	'N',	NULL,	91,	91,	'2021-12-30 02:52:28',	'2021-12-30 02:52:28',	'2021-12-29 18:52:48'),
(3,	2,	1,	NULL,	'',	NULL,	0,	0.00,	0.00,	0.00,	0.00,	'N',	NULL,	91,	91,	'2021-12-30 02:52:48',	'2021-12-30 02:52:48',	'2021-12-29 18:53:59'),
(4,	2,	0,	3,	NULL,	NULL,	22,	0.00,	0.00,	0.00,	0.00,	'N',	NULL,	91,	91,	'2021-12-30 02:52:48',	'2021-12-30 02:52:48',	'2021-12-29 18:53:59'),
(5,	2,	1,	NULL,	'',	NULL,	0,	0.00,	0.00,	0.00,	0.00,	'N',	NULL,	91,	91,	'2021-12-30 02:53:59',	'2021-12-30 02:53:59',	'2022-01-03 18:01:06'),
(6,	2,	0,	5,	NULL,	NULL,	28,	0.00,	0.00,	0.00,	0.00,	'N',	NULL,	91,	91,	'2021-12-30 02:53:59',	'2021-12-30 02:53:59',	'2022-01-03 18:01:06'),
(7,	3,	1,	NULL,	'PINDAAN AKTA MPC 2022',	NULL,	0,	0.00,	0.00,	0.00,	0.00,	'N',	NULL,	178,	178,	'2021-12-30 04:06:25',	'2021-12-30 04:06:25',	'2021-12-29 23:12:00'),
(8,	3,	0,	7,	NULL,	NULL,	26,	50.00,	0.00,	0.00,	0.00,	'N',	NULL,	178,	178,	'2021-12-30 04:06:25',	'2021-12-30 04:06:25',	'2021-12-29 23:12:00'),
(9,	3,	0,	7,	NULL,	NULL,	22,	0.00,	0.00,	0.00,	0.00,	'N',	NULL,	178,	178,	'2021-12-30 04:06:25',	'2021-12-30 04:06:25',	'2021-12-29 23:12:00'),
(10,	3,	1,	NULL,	'PINDAAN AKTA MPC 2022',	NULL,	0,	0.00,	0.00,	0.00,	0.00,	'N',	NULL,	178,	178,	'2021-12-30 07:12:00',	'2021-12-30 07:12:00',	'2021-12-29 23:13:40'),
(11,	3,	0,	10,	NULL,	NULL,	26,	50.00,	0.00,	0.00,	0.00,	'N',	NULL,	178,	178,	'2021-12-30 07:12:00',	'2021-12-30 07:12:00',	'2021-12-29 23:13:40'),
(12,	3,	0,	10,	NULL,	NULL,	22,	0.00,	0.00,	0.00,	0.00,	'N',	NULL,	178,	178,	'2021-12-30 07:12:00',	'2021-12-30 07:12:00',	'2021-12-29 23:13:40'),
(13,	3,	1,	NULL,	'PINDAAN AKTA MPC 2022',	NULL,	0,	0.00,	0.00,	0.00,	0.00,	'N',	NULL,	9,	9,	'2021-12-30 07:13:40',	'2021-12-30 07:13:40',	'2021-12-29 23:13:54'),
(14,	3,	0,	13,	NULL,	NULL,	26,	50.00,	0.00,	0.00,	0.00,	'N',	NULL,	9,	9,	'2021-12-30 07:13:40',	'2021-12-30 07:13:40',	'2021-12-29 23:13:54'),
(15,	3,	0,	13,	NULL,	NULL,	22,	0.00,	0.00,	0.00,	0.00,	'N',	NULL,	9,	9,	'2021-12-30 07:13:40',	'2021-12-30 07:13:40',	'2021-12-29 23:13:54'),
(16,	3,	1,	NULL,	'PINDAAN AKTA MPC 2022',	NULL,	0,	0.00,	0.00,	0.00,	0.00,	'N',	NULL,	9,	9,	'2021-12-30 07:13:54',	'2021-12-30 07:13:54',	'2021-12-29 23:14:00'),
(17,	3,	0,	16,	NULL,	NULL,	26,	50.00,	0.00,	0.00,	0.00,	'N',	NULL,	9,	9,	'2021-12-30 07:13:54',	'2021-12-30 07:13:54',	'2021-12-29 23:14:00'),
(18,	3,	0,	16,	NULL,	NULL,	22,	0.00,	0.00,	0.00,	0.00,	'N',	NULL,	9,	9,	'2021-12-30 07:13:54',	'2021-12-30 07:13:54',	'2021-12-29 23:14:00'),
(19,	3,	1,	NULL,	'PINDAAN AKTA MPC 2022',	NULL,	0,	0.00,	0.00,	0.00,	0.00,	'N',	NULL,	9,	9,	'2021-12-30 07:14:00',	'2021-12-30 07:14:00',	'2021-12-29 23:14:11'),
(20,	3,	0,	19,	NULL,	NULL,	26,	50.00,	0.00,	0.00,	0.00,	'N',	NULL,	9,	9,	'2021-12-30 07:14:00',	'2021-12-30 07:14:00',	'2021-12-29 23:14:11'),
(21,	3,	0,	19,	NULL,	NULL,	22,	0.00,	0.00,	0.00,	0.00,	'N',	NULL,	9,	9,	'2021-12-30 07:14:00',	'2021-12-30 07:14:00',	'2021-12-29 23:14:11'),
(22,	3,	1,	NULL,	'PINDAAN AKTA MPC 2022',	NULL,	0,	0.00,	0.00,	0.00,	0.00,	'N',	NULL,	9,	9,	'2021-12-30 07:14:11',	'2021-12-30 07:14:11',	NULL),
(23,	3,	0,	22,	NULL,	NULL,	26,	50.00,	0.00,	0.00,	0.00,	'N',	NULL,	9,	9,	'2021-12-30 07:14:11',	'2021-12-30 07:14:11',	NULL),
(24,	3,	0,	22,	NULL,	NULL,	22,	0.00,	0.00,	0.00,	0.00,	'N',	NULL,	9,	9,	'2021-12-30 07:14:11',	'2021-12-30 07:14:11',	NULL),
(25,	4,	1,	NULL,	'WXYZ',	NULL,	0,	0.00,	0.00,	0.00,	0.00,	'N',	NULL,	178,	178,	'2021-12-31 03:10:41',	'2021-12-31 03:10:41',	NULL),
(26,	4,	0,	25,	NULL,	NULL,	22,	2.00,	0.00,	0.00,	0.00,	'N',	NULL,	178,	178,	'2021-12-31 03:10:41',	'2021-12-31 03:10:41',	NULL),
(27,	2,	1,	NULL,	'',	NULL,	0,	0.00,	0.00,	0.00,	0.00,	'N',	NULL,	91,	91,	'2022-01-04 02:01:06',	'2022-01-04 02:01:06',	NULL),
(28,	2,	0,	27,	NULL,	NULL,	28,	0.00,	0.00,	0.00,	0.00,	'N',	NULL,	91,	91,	'2022-01-04 02:01:06',	'2022-01-04 02:01:06',	NULL),
(29,	6,	1,	NULL,	'BICARA INISIATIF RMKE-12 KE ARAH PENINGKATAN PRODUKTIVITI DAN DAYA SAING NEGARA',	NULL,	0,	0.00,	0.00,	0.00,	0.00,	'N',	NULL,	316,	316,	'2022-01-05 07:24:50',	'2022-01-05 07:24:50',	'2022-01-04 23:26:53'),
(30,	6,	0,	29,	NULL,	NULL,	12,	1000.00,	0.00,	0.00,	0.00,	'N',	NULL,	316,	316,	'2022-01-05 07:24:50',	'2022-01-05 07:24:50',	'2022-01-04 23:26:53'),
(31,	6,	1,	NULL,	'BICARA INISIATIF RMKE-12 KE ARAH PENINGKATAN PRODUKTIVITI DAN DAYA SAING NEGARA',	NULL,	0,	0.00,	0.00,	0.00,	0.00,	'N',	NULL,	316,	316,	'2022-01-05 07:26:53',	'2022-01-05 07:26:53',	'2022-01-04 23:27:14'),
(32,	6,	0,	31,	NULL,	NULL,	12,	1000.00,	0.00,	0.00,	0.00,	'N',	NULL,	316,	316,	'2022-01-05 07:26:53',	'2022-01-05 07:26:53',	'2022-01-04 23:27:14'),
(33,	6,	1,	NULL,	'BICARA INISIATIF RMKE-12 KE ARAH PENINGKATAN PRODUKTIVITI DAN DAYA SAING NEGARA',	NULL,	0,	0.00,	0.00,	0.00,	0.00,	'N',	NULL,	316,	316,	'2022-01-05 07:27:14',	'2022-01-05 07:27:14',	'2022-01-04 23:28:07'),
(34,	6,	0,	33,	NULL,	NULL,	12,	1000.00,	0.00,	0.00,	0.00,	'N',	NULL,	316,	316,	'2022-01-05 07:27:14',	'2022-01-05 07:27:14',	'2022-01-04 23:28:07'),
(35,	6,	1,	NULL,	'BICARA INISIATIF RMKE-12 KE ARAH PENINGKATAN PRODUKTIVITI DAN DAYA SAING NEGARA',	NULL,	0,	0.00,	0.00,	0.00,	0.00,	'N',	NULL,	316,	316,	'2022-01-05 07:28:07',	'2022-01-05 07:28:07',	NULL),
(36,	6,	0,	35,	NULL,	NULL,	12,	1000.00,	0.00,	0.00,	0.00,	'N',	NULL,	316,	316,	'2022-01-05 07:28:07',	'2022-01-05 07:28:07',	NULL),
(37,	7,	1,	NULL,	'PROJEK 1',	NULL,	0,	0.00,	0.00,	0.00,	0.00,	'N',	NULL,	170,	170,	'2022-01-05 09:00:59',	'2022-01-05 09:00:59',	NULL),
(38,	7,	0,	37,	NULL,	NULL,	22,	10.00,	0.00,	0.00,	0.00,	'N',	NULL,	170,	170,	'2022-01-05 09:00:59',	'2022-01-05 09:00:59',	NULL),
(39,	7,	0,	37,	NULL,	NULL,	18,	80.00,	0.00,	0.00,	0.00,	'N',	NULL,	170,	170,	'2022-01-05 09:00:59',	'2022-01-05 09:00:59',	NULL),
(40,	7,	0,	37,	NULL,	NULL,	18,	10.00,	0.00,	0.00,	0.00,	'N',	NULL,	170,	170,	'2022-01-05 09:00:59',	'2022-01-05 09:00:59',	NULL),
(41,	7,	0,	37,	NULL,	NULL,	5,	5000.00,	0.00,	0.00,	0.00,	'N',	NULL,	170,	170,	'2022-01-05 09:00:59',	'2022-01-05 09:00:59',	NULL),
(42,	9,	1,	NULL,	'PROJEK BEHAVIOURAL INSIGHT 1',	NULL,	0,	0.00,	0.00,	0.00,	0.00,	'N',	NULL,	170,	170,	'2022-01-07 06:24:44',	'2022-01-07 06:24:44',	NULL),
(43,	9,	0,	42,	NULL,	NULL,	22,	10.00,	0.00,	0.00,	0.00,	'N',	NULL,	170,	170,	'2022-01-07 06:24:44',	'2022-01-07 06:24:44',	NULL),
(44,	9,	0,	42,	NULL,	NULL,	10,	100.00,	0.00,	0.00,	0.00,	'N',	NULL,	170,	170,	'2022-01-07 06:24:44',	'2022-01-07 06:24:44',	NULL),
(45,	9,	0,	42,	NULL,	NULL,	8,	50.00,	0.00,	0.00,	0.00,	'N',	NULL,	170,	170,	'2022-01-07 06:24:44',	'2022-01-07 06:24:44',	NULL),
(46,	9,	1,	NULL,	'PROJEK BEHAVIOURAL INSIGHT 2',	NULL,	0,	0.00,	0.00,	0.00,	0.00,	'N',	NULL,	170,	170,	'2022-01-07 06:24:44',	'2022-01-07 06:24:44',	NULL),
(47,	9,	0,	46,	NULL,	NULL,	26,	100.00,	0.00,	0.00,	0.00,	'N',	NULL,	170,	170,	'2022-01-07 06:24:44',	'2022-01-07 06:24:44',	NULL),
(48,	9,	0,	46,	NULL,	NULL,	22,	10.00,	0.00,	0.00,	0.00,	'N',	NULL,	170,	170,	'2022-01-07 06:24:44',	'2022-01-07 06:24:44',	NULL),
(49,	9,	0,	46,	NULL,	NULL,	10,	100.00,	0.00,	0.00,	0.00,	'N',	NULL,	170,	170,	'2022-01-07 06:24:44',	'2022-01-07 06:24:44',	NULL),
(50,	10,	1,	NULL,	'PROJEK RANGKAIAN KOMUNIKASI',	NULL,	0,	0.00,	0.00,	0.00,	0.00,	'N',	NULL,	170,	170,	'2022-01-07 06:29:22',	'2022-01-07 06:29:22',	NULL),
(51,	10,	0,	50,	NULL,	NULL,	28,	20.00,	0.00,	0.00,	0.00,	'N',	NULL,	170,	170,	'2022-01-07 06:29:22',	'2022-01-07 06:29:22',	NULL),
(52,	11,	1,	NULL,	'PROJEK 1',	NULL,	0,	0.00,	0.00,	0.00,	0.00,	'N',	NULL,	170,	170,	'2022-01-07 07:29:31',	'2022-01-07 07:29:31',	NULL),
(53,	11,	0,	52,	NULL,	NULL,	25,	50.00,	0.00,	0.00,	0.00,	'N',	NULL,	170,	170,	'2022-01-07 07:29:31',	'2022-01-07 07:29:31',	NULL),
(54,	12,	1,	NULL,	'PROJEK 1 - BELIAN KELENGKAPAN',	NULL,	0,	0.00,	0.00,	0.00,	45.00,	'N',	NULL,	170,	170,	'2022-01-07 07:39:17',	'2022-01-07 08:57:58',	NULL),
(55,	12,	0,	54,	NULL,	NULL,	23,	10.00,	9.00,	90.00,	0.00,	'N',	'lagi dua bulan baru nak buat program',	170,	170,	'2022-01-07 07:39:17',	'2022-01-07 08:57:58',	NULL),
(56,	12,	0,	54,	NULL,	NULL,	18,	100.00,	0.00,	0.00,	0.00,	'N',	NULL,	170,	170,	'2022-01-07 07:39:17',	'2022-01-07 08:57:58',	NULL);

CREATE TABLE `permohonan_project_audit_trail` (
  `permohonan_project_audit_trail_id` bigint(20) NOT NULL AUTO_INCREMENT,
  `permohonan_project_id` bigint(20) NOT NULL,
  `status` char(1) NOT NULL,
  `remarks` text,
  `created_by` int(11) NOT NULL,
  `created_at` timestamp NULL DEFAULT NULL,
  `updated_at` timestamp NOT NULL DEFAULT CURRENT_TIMESTAMP,
  `deleted_at` timestamp NULL DEFAULT NULL,
  PRIMARY KEY (`permohonan_project_audit_trail_id`),
  KEY `idx_permohonanprojecttrail_permohonanid` (`permohonan_project_id`),
  KEY `idx_permohonanprojecttrail_createdby` (`created_by`)
) ENGINE=InnoDB DEFAULT CHARSET=latin1;

INSERT INTO `permohonan_project_audit_trail` (`permohonan_project_audit_trail_id`, `permohonan_project_id`, `status`, `remarks`, `created_by`, `created_at`, `updated_at`, `deleted_at`) VALUES
(1,	37,	'H',	NULL,	9,	'2022-01-06 04:24:38',	'2022-01-06 04:24:38',	NULL),
(2,	54,	'H',	NULL,	9,	'2022-01-07 08:28:51',	'2022-01-07 08:28:51',	NULL),
(3,	52,	'H',	NULL,	178,	'2022-01-07 08:44:05',	'2022-01-07 08:44:05',	NULL),
(4,	54,	'Z',	NULL,	170,	'2022-01-07 08:57:32',	'2022-01-07 08:57:32',	NULL),
(5,	54,	'Z',	NULL,	170,	'2022-01-07 08:57:58',	'2022-01-07 08:57:58',	NULL);

CREATE TABLE `permohonan_project_history` (
  `permohonan_project_history_id` bigint(20) NOT NULL AUTO_INCREMENT,
  `permohonan_project_id` bigint(20) NOT NULL,
  `targeted_value` decimal(10,2) NOT NULL DEFAULT '0.00',
  `achieved_value` decimal(10,2) NOT NULL DEFAULT '0.00',
  `percentage_value` decimal(10,2) NOT NULL DEFAULT '0.00',
  `project_final_value` decimal(10,2) NOT NULL DEFAULT '0.00',
  `created_by` int(11) NOT NULL,
  `updated_by` int(11) NOT NULL,
  `created_at` timestamp NULL DEFAULT NULL,
  `updated_at` timestamp NOT NULL DEFAULT CURRENT_TIMESTAMP,
  `deleted_at` timestamp NULL DEFAULT NULL,
  PRIMARY KEY (`permohonan_project_history_id`),
  KEY `idx_permohonanproject_permohonanprojectid` (`permohonan_project_id`),
  KEY `idx_permohonanproject_createdby` (`created_by`),
  KEY `idx_permohonanproject_updatedby` (`updated_by`)
) ENGINE=InnoDB DEFAULT CHARSET=latin1;

INSERT INTO `permohonan_project_history` (`permohonan_project_history_id`, `permohonan_project_id`, `targeted_value`, `achieved_value`, `percentage_value`, `project_final_value`, `created_by`, `updated_by`, `created_at`, `updated_at`, `deleted_at`) VALUES
(1,	37,	0.00,	0.00,	0.00,	0.00,	9,	9,	'2022-01-06 04:24:38',	'2022-01-06 04:24:38',	NULL),
(2,	38,	10.00,	0.00,	0.00,	0.00,	9,	9,	'2022-01-06 04:24:38',	'2022-01-06 04:24:38',	NULL),
(3,	39,	80.00,	0.00,	0.00,	0.00,	9,	9,	'2022-01-06 04:24:38',	'2022-01-06 04:24:38',	NULL),
(4,	40,	10.00,	0.00,	0.00,	0.00,	9,	9,	'2022-01-06 04:24:38',	'2022-01-06 04:24:38',	NULL),
(5,	41,	5000.00,	0.00,	0.00,	0.00,	9,	9,	'2022-01-06 04:24:38',	'2022-01-06 04:24:38',	NULL),
(6,	54,	0.00,	0.00,	0.00,	0.00,	9,	9,	'2022-01-07 08:28:51',	'2022-01-07 08:28:51',	NULL),
(7,	55,	10.00,	0.00,	0.00,	0.00,	9,	9,	'2022-01-07 08:28:51',	'2022-01-07 08:28:51',	NULL),
(8,	56,	100.00,	0.00,	0.00,	0.00,	9,	9,	'2022-01-07 08:28:51',	'2022-01-07 08:28:51',	NULL),
(9,	52,	0.00,	0.00,	0.00,	0.00,	178,	178,	'2022-01-07 08:44:05',	'2022-01-07 08:44:05',	NULL),
(10,	53,	50.00,	0.00,	0.00,	0.00,	178,	178,	'2022-01-07 08:44:05',	'2022-01-07 08:44:05',	NULL),
(11,	55,	10.00,	8.00,	80.00,	0.00,	170,	170,	'2022-01-07 08:57:32',	'2022-01-07 08:57:32',	NULL),
(12,	54,	0.00,	0.00,	0.00,	40.00,	170,	170,	'2022-01-07 08:57:32',	'2022-01-07 08:57:32',	NULL),
(13,	55,	10.00,	9.00,	90.00,	0.00,	170,	170,	'2022-01-07 08:57:58',	'2022-01-07 08:57:58',	NULL),
(14,	54,	0.00,	0.00,	0.00,	45.00,	170,	170,	'2022-01-07 08:57:58',	'2022-01-07 08:57:58',	NULL);

CREATE TABLE `permohonan_scope` (
  `permohonan_scope_id` bigint(20) NOT NULL AUTO_INCREMENT,
  `permohonan_id` bigint(20) NOT NULL,
  `scope_desc` varchar(255) DEFAULT NULL,
  `created_by` int(11) NOT NULL,
  `updated_by` int(11) NOT NULL,
  `created_at` timestamp NULL DEFAULT NULL,
  `updated_at` timestamp NOT NULL DEFAULT CURRENT_TIMESTAMP,
  `deleted_at` timestamp NULL DEFAULT NULL,
  PRIMARY KEY (`permohonan_scope_id`),
  KEY `idx_permohonanscope_permohonanid` (`permohonan_id`),
  KEY `idx_permohonanscope_createdby` (`created_by`),
  KEY `idx_permohonanscope_updatedby` (`updated_by`)
) ENGINE=InnoDB DEFAULT CHARSET=latin1;


CREATE TABLE `permohonan_sharewith` (
  `permohonan_sharewith_id` bigint(20) NOT NULL AUTO_INCREMENT,
  `permohonan_id` bigint(20) NOT NULL,
  `user_id` int(11) NOT NULL,
  `created_by` int(11) NOT NULL,
  `updated_by` int(11) NOT NULL,
  `created_at` timestamp NULL DEFAULT NULL,
  `updated_at` timestamp NOT NULL DEFAULT CURRENT_TIMESTAMP,
  `deleted_at` timestamp NULL DEFAULT NULL,
  PRIMARY KEY (`permohonan_sharewith_id`),
  KEY `idx_permohonansharewith_permohonanid` (`permohonan_id`),
  KEY `idx_permohonansharewith_userid` (`user_id`),
  KEY `idx_permohonansharewith_createdby` (`created_by`),
  KEY `idx_permohonansharewith_updatedby` (`updated_by`)
) ENGINE=InnoDB DEFAULT CHARSET=latin1;

INSERT INTO `permohonan_sharewith` (`permohonan_sharewith_id`, `permohonan_id`, `user_id`, `created_by`, `updated_by`, `created_at`, `updated_at`, `deleted_at`) VALUES
(1,	2,	188,	91,	91,	'2021-12-30 02:52:28',	'2021-12-30 02:52:28',	'2021-12-29 18:52:48'),
(2,	2,	188,	91,	91,	'2021-12-30 02:52:48',	'2021-12-30 02:52:48',	'2021-12-29 18:53:59'),
(3,	2,	188,	91,	91,	'2021-12-30 02:53:59',	'2021-12-30 02:53:59',	'2022-01-03 18:01:06'),
(4,	2,	188,	91,	91,	'2022-01-04 02:01:06',	'2022-01-04 02:01:06',	NULL),
(5,	6,	244,	316,	316,	'2022-01-05 07:26:53',	'2022-01-05 07:26:53',	'2022-01-04 23:27:14'),
(6,	6,	49,	316,	316,	'2022-01-05 07:26:53',	'2022-01-05 07:26:53',	'2022-01-04 23:27:14'),
(7,	6,	244,	316,	316,	'2022-01-05 07:27:14',	'2022-01-05 07:27:14',	'2022-01-04 23:28:07'),
(8,	6,	49,	316,	316,	'2022-01-05 07:27:14',	'2022-01-05 07:27:14',	'2022-01-04 23:28:07'),
(9,	6,	244,	316,	316,	'2022-01-05 07:28:07',	'2022-01-05 07:28:07',	NULL),
(10,	6,	49,	316,	316,	'2022-01-05 07:28:07',	'2022-01-05 07:28:07',	NULL),
(11,	7,	31,	170,	170,	'2022-01-05 09:00:59',	'2022-01-05 09:00:59',	NULL),
(12,	8,	31,	170,	170,	'2022-01-06 04:27:42',	'2022-01-06 04:27:42',	NULL),
(13,	13,	244,	316,	316,	'2022-01-07 08:04:33',	'2022-01-07 08:04:33',	'2022-01-07 00:05:01'),
(14,	13,	392,	316,	316,	'2022-01-07 08:04:33',	'2022-01-07 08:04:33',	'2022-01-07 00:05:01'),
(15,	13,	49,	316,	316,	'2022-01-07 08:04:33',	'2022-01-07 08:04:33',	'2022-01-07 00:05:01'),
(16,	13,	244,	316,	316,	'2022-01-07 08:05:01',	'2022-01-07 08:05:01',	'2022-01-07 00:07:00'),
(17,	13,	392,	316,	316,	'2022-01-07 08:05:01',	'2022-01-07 08:05:01',	'2022-01-07 00:07:00'),
(18,	13,	49,	316,	316,	'2022-01-07 08:05:01',	'2022-01-07 08:05:01',	'2022-01-07 00:07:00'),
(19,	13,	244,	316,	316,	'2022-01-07 08:07:00',	'2022-01-07 08:07:00',	NULL),
(20,	13,	392,	316,	316,	'2022-01-07 08:07:00',	'2022-01-07 08:07:00',	NULL),
(21,	13,	49,	316,	316,	'2022-01-07 08:07:00',	'2022-01-07 08:07:00',	NULL),
(22,	15,	316,	170,	170,	'2022-01-07 08:59:28',	'2022-01-07 08:59:28',	'2022-01-07 01:02:01'),
(23,	15,	316,	170,	170,	'2022-01-07 09:00:45',	'2022-01-07 09:00:45',	'2022-01-07 01:02:01');

CREATE TABLE `permohonan_tkp` (
  `permohonan_tkp_id` bigint(20) NOT NULL AUTO_INCREMENT,
  `permohonan_id` bigint(20) NOT NULL,
  `tkp_id` int(11) DEFAULT NULL COMMENT 'TKP id',
  `tkp_response_status` char(1) NOT NULL DEFAULT 'P' COMMENT 'P-pending response,R-tidak sokong,A-sokong',
  `tkp_need_meeting` int(11) NOT NULL DEFAULT '0',
  `tkp_response_remarks` text,
  `tkp_response_date` datetime DEFAULT NULL,
  `tkp_meeting_remarks` text,
  `tkp_meeting_date` datetime DEFAULT NULL,
  `created_by` int(11) NOT NULL,
  `updated_by` int(11) NOT NULL,
  `created_at` timestamp NULL DEFAULT NULL,
  `updated_at` timestamp NOT NULL DEFAULT CURRENT_TIMESTAMP,
  `deleted_at` timestamp NULL DEFAULT NULL,
  PRIMARY KEY (`permohonan_tkp_id`),
  KEY `idx_permohonantkp_permohonanid` (`permohonan_id`),
  KEY `idx_permohonantkp_tkpid` (`tkp_id`),
  KEY `idx_permohonantkp_createdby` (`created_by`),
  KEY `idx_permohonantkp_updatedby` (`updated_by`),
  KEY `idx_permohonantkp_responsestatus` (`tkp_response_status`)
) ENGINE=InnoDB DEFAULT CHARSET=latin1;

INSERT INTO `permohonan_tkp` (`permohonan_tkp_id`, `permohonan_id`, `tkp_id`, `tkp_response_status`, `tkp_need_meeting`, `tkp_response_remarks`, `tkp_response_date`, `tkp_meeting_remarks`, `tkp_meeting_date`, `created_by`, `updated_by`, `created_at`, `updated_at`, `deleted_at`) VALUES
(1,	1,	304,	'I',	1,	'perlu mesyuarat',	'2021-12-31 11:28:18',	NULL,	NULL,	131,	131,	'2021-12-30 03:29:48',	'2021-12-30 03:29:48',	NULL),
(2,	1,	307,	'A',	0,	'sokong',	'2021-12-31 11:34:40',	NULL,	NULL,	131,	131,	'2021-12-30 03:29:48',	'2021-12-30 03:29:48',	NULL),
(3,	7,	304,	'A',	0,	'sokong',	'2022-01-06 12:23:25',	NULL,	NULL,	131,	131,	'2022-01-05 10:25:36',	'2022-01-05 10:25:36',	NULL),
(4,	7,	307,	'A',	0,	'sokong',	'2022-01-06 12:21:44',	NULL,	NULL,	131,	131,	'2022-01-05 10:25:36',	'2022-01-05 10:25:36',	NULL),
(5,	10,	304,	'I',	1,	'perlu perbincangan lanjut dalam mesyuarat bom',	'2022-01-07 14:58:39',	NULL,	NULL,	131,	131,	'2022-01-07 06:56:32',	'2022-01-07 06:56:32',	NULL),
(6,	10,	307,	'A',	0,	'sokong',	'2022-01-07 14:57:32',	NULL,	NULL,	131,	131,	'2022-01-07 06:56:32',	'2022-01-07 06:56:32',	NULL),
(7,	11,	304,	'I',	1,	'perlu mesyuarat',	'2022-01-07 15:51:19',	NULL,	NULL,	131,	131,	'2022-01-07 07:49:12',	'2022-01-07 07:49:12',	NULL),
(8,	11,	307,	'I',	1,	'perlu mesyuarat',	'2022-01-07 15:50:17',	NULL,	NULL,	131,	131,	'2022-01-07 07:49:12',	'2022-01-07 07:49:12',	NULL),
(9,	12,	304,	'A',	0,	'sokong',	'2022-01-07 15:51:38',	NULL,	NULL,	131,	131,	'2022-01-07 07:49:32',	'2022-01-07 07:49:32',	NULL),
(10,	12,	307,	'A',	0,	'sokong',	'2022-01-07 15:50:35',	NULL,	NULL,	131,	131,	'2022-01-07 07:49:32',	'2022-01-07 07:49:32',	NULL),
(11,	13,	304,	'I',	1,	'harus mesyuarat',	'2022-01-07 16:25:58',	NULL,	NULL,	131,	131,	'2022-01-07 08:17:15',	'2022-01-07 08:17:15',	NULL),
(12,	13,	307,	'A',	0,	'sokong',	'2022-01-07 16:25:16',	NULL,	NULL,	131,	131,	'2022-01-07 08:17:15',	'2022-01-07 08:17:15',	NULL);

CREATE TABLE `ref_akademik` (
  `akademik_id` int(11) NOT NULL AUTO_INCREMENT,
  `akademik_desc` varchar(200) NOT NULL,
  `is_active` char(1) NOT NULL DEFAULT '1',
  `created_by` int(11) DEFAULT NULL,
  `updated_by` int(11) DEFAULT NULL,
  `created_at` timestamp NULL DEFAULT NULL,
  `updated_at` timestamp NULL DEFAULT CURRENT_TIMESTAMP,
  `deleted_at` timestamp NULL DEFAULT NULL,
  PRIMARY KEY (`akademik_id`),
  KEY `idx_academic_createdby` (`created_by`),
  KEY `idx_academic_updatedby` (`updated_by`)
) ENGINE=InnoDB DEFAULT CHARSET=latin1;

INSERT INTO `ref_akademik` (`akademik_id`, `akademik_desc`, `is_active`, `created_by`, `updated_by`, `created_at`, `updated_at`, `deleted_at`) VALUES
(1,	'PHD',	'1',	2,	2,	'2021-03-19 13:35:24',	'2021-03-19 13:35:24',	NULL),
(2,	'MASTER',	'1',	2,	2,	'2021-03-19 13:35:24',	'2021-03-19 13:35:24',	NULL),
(3,	'IJAZAH',	'1',	2,	2,	'2021-03-19 13:35:24',	'2021-03-19 13:35:24',	NULL),
(4,	'DIPLOMA',	'1',	2,	2,	'2021-03-19 13:35:24',	'2021-03-19 13:35:24',	NULL),
(5,	'SIJIL',	'1',	2,	2,	'2021-03-19 13:35:24',	'2021-03-19 13:35:24',	NULL),
(6,	'SPM',	'1',	2,	2,	'2021-05-31 04:18:32',	'2021-05-31 04:18:35',	NULL);

CREATE TABLE `ref_alasan` (
  `alasan_id` int(11) NOT NULL AUTO_INCREMENT,
  `alasan_desc` varchar(300) NOT NULL,
  `is_active` char(1) NOT NULL DEFAULT '1',
  `created_at` timestamp NULL DEFAULT NULL,
  `updated_at` timestamp NOT NULL DEFAULT CURRENT_TIMESTAMP,
  `deleted_at` timestamp NULL DEFAULT NULL,
  PRIMARY KEY (`alasan_id`)
) ENGINE=InnoDB DEFAULT CHARSET=latin1;

INSERT INTO `ref_alasan` (`alasan_id`, `alasan_desc`, `is_active`, `created_at`, `updated_at`, `deleted_at`) VALUES
(1,	'Cuti Rehat',	'0',	'2018-12-01 00:04:36',	'2018-12-01 00:04:36',	'2019-01-13 18:52:31'),
(2,	'Cuti Sakit',	'0',	'2018-12-01 00:04:36',	'2018-12-01 00:04:36',	'2019-01-13 18:52:46'),
(3,	'Menghadiri Mesyuarat',	'0',	'2018-12-01 00:04:36',	'2018-12-01 00:04:36',	'2019-01-13 18:59:28'),
(4,	'Kerja Lebih Masa',	'0',	'2018-12-01 00:04:36',	'2018-12-01 00:04:36',	'2019-01-13 18:54:14'),
(5,	'Cuti Bersalin',	'0',	'2018-12-01 00:04:36',	'2018-12-01 00:04:36',	'2019-01-13 18:52:59'),
(6,	'Menghadiri Kursus',	'0',	'2018-12-01 00:04:36',	'2018-12-01 00:04:36',	'2019-01-13 18:59:10'),
(7,	'Tersalah Punch',	'0',	'2018-12-01 00:04:36',	'2018-12-01 00:04:36',	'2019-01-13 18:58:31'),
(8,	'Cuti Tanpa Rekod',	'1',	'2018-12-01 00:04:37',	'2018-12-01 00:04:37',	'2019-01-13 18:55:00'),
(9,	'Cuti Tanpa Gaji',	'0',	'2018-12-01 00:04:37',	'2018-12-01 00:04:37',	'2019-01-13 18:53:39'),
(10,	'Mesy. Sasaran Kerja Tahunan',	'1',	'2018-12-01 00:04:37',	'2018-12-01 00:04:37',	'2019-01-13 18:53:12'),
(11,	'Alasan Lewat Diterima',	'1',	'2018-12-01 00:04:37',	'2018-12-01 00:04:37',	NULL),
(12,	'Pelepasan Waktu Bertugas',	'1',	'2018-12-01 00:04:37',	'2018-12-01 00:04:37',	'2019-01-13 18:59:21'),
(13,	'Cuti Kecemasan',	'1',	'2018-12-01 00:04:37',	'2018-12-01 00:04:37',	'2019-01-13 18:53:51'),
(14,	'Cuti Tahunan',	'1',	'2018-12-01 00:04:37',	'2018-12-01 00:04:37',	'2019-01-13 18:54:26'),
(15,	'Cuti Isteri Bersalin',	'1',	'2018-12-01 00:04:37',	'2018-12-01 00:04:37',	'2019-01-13 18:54:00'),
(16,	'Alasan Pulang Awal Diterima',	'1',	'2018-12-01 00:04:37',	'2018-12-01 00:04:37',	NULL),
(17,	'Alasan Tidak Lengkap',	'1',	'2019-01-14 02:58:50',	'2019-01-14 02:58:50',	NULL);

CREATE TABLE `ref_allocation` (
  `allocation_id` int(11) NOT NULL AUTO_INCREMENT,
  `allocation_code` char(10) DEFAULT NULL,
  `allocation_desc` varchar(255) DEFAULT NULL,
  `running_no` int(11) NOT NULL DEFAULT '0',
  `created_by` int(11) DEFAULT NULL,
  `updated_by` int(11) DEFAULT NULL,
  `created_at` timestamp NULL DEFAULT NULL,
  `updated_at` timestamp NOT NULL DEFAULT CURRENT_TIMESTAMP,
  `deleted_at` timestamp NULL DEFAULT NULL,
  PRIMARY KEY (`allocation_id`)
) ENGINE=InnoDB DEFAULT CHARSET=latin1;

INSERT INTO `ref_allocation` (`allocation_id`, `allocation_code`, `allocation_desc`, `running_no`, `created_by`, `updated_by`, `created_at`, `updated_at`, `deleted_at`) VALUES
(1,	'M',	'OPERASI',	1,	2,	46,	'2019-03-21 19:41:34',	'2019-04-11 20:19:11',	NULL),
(2,	'P',	'PEMBANGUNAN',	0,	2,	46,	'2019-03-21 19:41:45',	'2019-04-11 20:54:00',	NULL);

CREATE TABLE `ref_asset` (
  `asset_id` int(11) NOT NULL AUTO_INCREMENT,
  `asset_category` int(11) DEFAULT '0' COMMENT '0-bukan alih, 1-alih',
  `asset_code` varchar(20) DEFAULT NULL,
  `asset_desc` varchar(255) DEFAULT NULL,
  `created_by` int(11) DEFAULT NULL,
  `updated_by` int(11) DEFAULT NULL,
  `created_at` timestamp NULL DEFAULT NULL,
  `updated_at` timestamp NOT NULL DEFAULT CURRENT_TIMESTAMP,
  `deleted_at` timestamp NULL DEFAULT NULL,
  PRIMARY KEY (`asset_id`),
  KEY `idx_refasset_createdby` (`created_by`),
  KEY `idx_refasset_updatedby` (`updated_by`)
) ENGINE=InnoDB DEFAULT CHARSET=latin1;

INSERT INTO `ref_asset` (`asset_id`, `asset_category`, `asset_code`, `asset_desc`, `created_by`, `updated_by`, `created_at`, `updated_at`, `deleted_at`) VALUES
(1,	1,	'A35300',	'ALAT KELENGKAPAN KOMPUTER DAN LETRONIK',	2,	31,	'2020-10-14 03:36:35',	'2021-11-08 15:36:34',	NULL),
(2,	1,	'A35400',	'ALAT KELENGKAPAN LETRIK',	2,	275,	'2020-10-14 03:36:35',	'2021-08-16 04:26:45',	NULL),
(3,	1,	'A35200',	'ALAT KELENGKAPAN MESIN',	2,	275,	'2020-10-14 03:36:35',	'2021-08-16 04:29:46',	NULL),
(4,	1,	'A35100',	'ALAT KELENGKAPAN PEJABAT,PERABOT DAN LENGKAPAN',	2,	275,	'2020-10-14 03:36:35',	'2021-08-16 04:28:35',	NULL),
(5,	1,	'A35500',	'ALAT KELENGKAPAN PENYIARAN DAAN PERHUBUNGAN',	2,	275,	'2020-10-14 03:36:35',	'2021-08-16 04:30:22',	NULL),
(6,	0,	'P27600',	'BAHAN TENUNAN DAN BARANG - BARANG PAKAIAN',	2,	31,	'2020-10-14 03:36:35',	'2020-12-31 04:34:31',	NULL),
(7,	0,	'P27100',	'BEKALAN PEJABAT',	2,	275,	'2020-10-14 03:36:35',	'2021-04-05 03:01:49',	NULL),
(8,	0,	'L91100',	'BELANJA AKRU',	2,	182,	'2020-10-14 03:36:35',	'2021-04-07 01:20:16',	NULL),
(9,	1,	'000000',	'INTANGIBLE ASSET',	2,	2,	'2020-10-14 03:36:35',	'2020-10-14 03:36:35',	NULL),
(10,	1,	'A33100',	'KEMUDAHAN',	2,	275,	'2020-10-14 03:36:35',	'2021-08-16 04:33:07',	NULL),
(11,	1,	'A34100',	'KENDERAAN',	2,	31,	'2020-10-14 03:36:35',	'2020-12-31 04:45:35',	NULL),
(12,	0,	'P29400',	'KERAIAN, HOSPITALITI DAN HONORARIUM',	2,	31,	'2020-10-14 03:36:35',	'2020-12-31 04:41:49',	NULL),
(13,	0,	'P22700',	'PENGANGKUTAN  BARANG- BARANG PEJABAT',	2,	31,	'2020-10-14 03:36:35',	'2020-12-31 04:38:36',	NULL),
(14,	0,	'P22100',	'PENGANGKUTAN BARANG-BARANG UNTUK KAKITANGAN AWAM DALAM NEGERI',	2,	275,	'2020-10-14 03:36:35',	'2021-08-16 04:23:33',	NULL),
(15,	0,	'P28500',	'PENYELENGGARAAN ALAT KELENGKAPAN ELEKTRIK',	2,	31,	'2020-10-14 03:36:35',	'2020-12-31 04:40:37',	NULL),
(16,	0,	'P28400',	'PENYELENGGARAAN ALAT KELENGKAPAN KOMPUTER DAN LETRONIK',	2,	31,	'2020-10-14 03:36:35',	'2020-12-31 04:40:14',	NULL),
(17,	0,	'P28300',	'PENYELENGGARAAN ALAT KELENGKAPAN MESIN',	2,	31,	'2020-10-14 03:36:35',	'2020-12-31 04:39:54',	NULL),
(18,	0,	'P28200',	'PENYELENGGARAAN ALAT KELENGKAPAN PEJABAT, PERABOT DAN LENGKAPAN',	2,	31,	'2020-10-14 03:36:35',	'2020-12-31 04:35:36',	NULL),
(19,	0,	'P28100',	'PENYELENGGARAAN BANGUNAN',	2,	31,	'2020-10-14 03:36:35',	'2020-12-31 04:35:07',	NULL),
(20,	0,	'P28700',	'PENYELENGGARAAN KENDERAAN',	2,	31,	'2020-10-14 03:36:35',	'2020-12-31 04:36:00',	NULL),
(21,	0,	'P21200',	'PERBELANJAAN PERJALANAN DAN SARA HIDUP KAKIKTANGAN DI LUAR NEGARA',	2,	31,	'2020-10-14 03:36:35',	'2020-12-31 04:32:43',	NULL),
(22,	0,	'P21100',	'PERBELANJAAN PERJALANAN DAN SARA HIDUP KAKITANGAN DALAM NEGERI',	2,	31,	'2020-10-14 03:36:35',	'2020-12-31 04:32:21',	NULL),
(23,	0,	'P23100',	'PERHUBUNGAN',	2,	31,	'2020-10-14 03:36:35',	'2020-12-31 04:33:06',	NULL),
(24,	0,	'P29200',	'PERKHIDMATAN PERCETAKAN DAN MENJILID YANG DIBELI',	2,	31,	'2020-10-14 03:36:35',	'2020-12-31 04:43:01',	NULL),
(25,	0,	'P29100',	'PERKHIDMATAN YANG DIBELI',	2,	31,	'2020-10-14 03:36:35',	'2020-12-31 04:42:38',	NULL),
(26,	0,	'P24500',	'SEWA ALAT KELENGKAPAN PEJABAT, PERABOT DAN LENGKAPAN',	2,	31,	'2020-10-14 03:36:35',	'2020-12-31 04:44:17',	NULL),
(27,	0,	'P24200',	'SEWA BANGUNAN',	2,	31,	'2020-10-14 03:36:35',	'2020-12-31 04:44:39',	NULL),
(28,	1,	'A35600',	'UBAHSUAI',	2,	31,	'2020-10-14 03:36:35',	'2020-12-31 04:43:40',	NULL),
(29,	0,	'P28600',	'PENYELENGGARAAN ALAT KELENGKAPAN PENYIARAN DAN PERHUBUNGAN',	275,	275,	'2020-11-27 00:11:47',	'2020-12-03 03:56:18',	NULL),
(30,	0,	'L91108',	'APO',	182,	182,	'2021-04-07 01:24:19',	'2021-04-07 01:24:19',	NULL),
(31,	0,	'L91113',	'JICA/ CLMV',	182,	182,	'2021-04-07 01:24:50',	'2021-04-07 01:24:50',	NULL),
(32,	0,	'U22S0000',	'APO DMO',	182,	182,	'2021-08-26 02:13:17',	'2021-08-26 02:13:39',	NULL),
(33,	0,	'P27300',	'BEKALAN RIADAH',	182,	182,	'2021-09-09 00:36:37',	'2021-09-09 00:36:37',	NULL);

CREATE TABLE `ref_asset_type` (
  `asset_type_id` int(11) NOT NULL AUTO_INCREMENT,
  `asset_id` int(11) DEFAULT NULL,
  `asset_category` int(11) DEFAULT NULL,
  `asset_desc` varchar(100) DEFAULT NULL,
  `asset_type_code` varchar(50) DEFAULT NULL,
  `asset_type_desc` varchar(255) DEFAULT NULL,
  `created_by` int(11) DEFAULT NULL,
  `updated_by` int(11) DEFAULT NULL,
  `created_at` timestamp NULL DEFAULT NULL,
  `updated_at` timestamp NOT NULL DEFAULT CURRENT_TIMESTAMP,
  `deleted_at` timestamp NULL DEFAULT NULL,
  PRIMARY KEY (`asset_type_id`),
  KEY `idx_refassettype_assetid` (`asset_id`),
  KEY `idx_refassettype_createdby` (`created_by`),
  KEY `idx_refassettype_updatedby` (`updated_by`),
  KEY `idx_refassettype_category` (`asset_category`)
) ENGINE=InnoDB DEFAULT CHARSET=latin1;

INSERT INTO `ref_asset_type` (`asset_type_id`, `asset_id`, `asset_category`, `asset_desc`, `asset_type_code`, `asset_type_desc`, `created_by`, `updated_by`, `created_at`, `updated_at`, `deleted_at`) VALUES
(1,	10,	1,	'KEMUDAHAN',	'A33101',	'KEMUDAHAN',	2,	2,	'2020-10-14 03:31:11',	'2020-10-14 03:31:11',	NULL),
(2,	11,	1,	'KENDERAAN',	'A34101',	'KENDERAAN BERMOTOR',	2,	2,	'2020-10-14 03:31:11',	'2020-10-14 03:31:11',	NULL),
(3,	4,	1,	'ALAT KELENGKAPAN PEJABAT,PERABOT DAN LENGKAPAN',	'A35101',	'PERABOT DAN KELENGKAPAN PEJABAT',	2,	2,	'2020-10-14 03:31:11',	'2020-10-14 03:31:11',	NULL),
(4,	3,	1,	'ALAT KELENGKAPAN MESIN',	'A35201',	'MESIN DAN ALAT KELENGKAPAN  PEJABAT',	2,	2,	'2020-10-14 03:31:11',	'2020-10-14 03:31:11',	NULL),
(5,	1,	1,	'ALAT KELENGKAPAN KOMPUTER DAN LETRONIK',	'A35301',	'KOMPUTER DAN ALAT KELENGKAPAN',	2,	2,	'2020-10-14 03:31:11',	'2020-10-14 03:31:11',	NULL),
(6,	2,	1,	'ALAT KELENGKAPAN LETRIK',	'A35401',	'HAWA DINGIN, PENYEJUK, PEMANAS DAN ALAT KELENGKAPAN',	2,	2,	'2020-10-14 03:31:11',	'2020-10-14 03:31:11',	NULL),
(7,	5,	1,	'ALAT KELENGKAPAN PENYIARAN DAAN PERHUBUNGAN',	'A35501',	'TELEFON DAN MESIN FAX/PA SYSTEM',	2,	2,	'2020-10-14 03:31:11',	'2020-10-14 03:31:11',	NULL),
(8,	28,	1,	'UBAHSUAI',	'A35601',	'UBAHSUAI',	2,	2,	'2020-10-14 03:31:11',	'2020-10-14 03:31:11',	NULL),
(9,	9,	1,	'INTANGIBLE ASSET',	'A35701',	'INTANGIBLE ASSET (SOFTWARE)',	2,	31,	'2020-10-14 03:31:11',	'2020-10-14 05:28:08',	NULL),
(10,	30,	0,	'BELANJAN AKRU',	'L91108',	'APO',	2,	182,	'2020-10-14 03:31:11',	'2021-04-07 01:28:15',	NULL),
(11,	31,	0,	'BELANJAN AKRU',	'L91113',	'BEST PRACTICE JICA/ CLMV',	2,	182,	'2020-10-14 03:31:11',	'2021-04-07 01:26:14',	NULL),
(12,	22,	0,	'PERBELANJAAN PERJALANAN DAN SARA HIDUP KAKITANGAN DALAM NEGERI',	'P21101',	'TAMBANG PERJALANAN, TOP-UP TOUCH N GO',	2,	2,	'2020-10-14 03:31:11',	'2020-10-14 03:31:11',	NULL),
(13,	22,	0,	'PERBELANJAAN PERJALANAN DAN SARA HIDUP KAKITANGAN DALAM NEGERI',	'P21102',	'HOTEL, LOJING DAN ELAUN MAKAN',	2,	2,	'2020-10-14 03:31:11',	'2020-10-14 03:31:11',	NULL),
(14,	22,	0,	'PERBELANJAAN PERJALANAN DAN SARA HIDUP KAKITANGAN DALAM NEGERI',	'P21199',	'LAIN - LAIN PERBELANJAAN PERJALANAN',	2,	2,	'2020-10-14 03:31:11',	'2020-10-14 03:31:11',	NULL),
(15,	21,	0,	'PERBELANJAAN PERJALANAN DAN SARA HIDUP KAKIKTANGAN DI LUAR NEGARA',	'P21201',	'TAMBANG PERJALANAN',	2,	2,	'2020-10-14 03:31:11',	'2020-10-14 03:31:11',	NULL),
(16,	21,	0,	'PERBELANJAAN PERJALANAN DAN SARA HIDUP KAKIKTANGAN DI LUAR NEGARA',	'P21202',	'HOTEL, LOJING DAN ELAUN MAKAN',	2,	2,	'2020-10-14 03:31:11',	'2020-10-14 03:31:11',	NULL),
(17,	21,	0,	'PERBELANJAAN PERJALANAN DAN SARA HIDUP KAKIKTANGAN DI LUAR NEGARA',	'P22101',	'PERPINDAHAN BARANG P',	2,	2,	'2020-10-14 03:31:11',	'2020-10-14 03:31:11',	NULL),
(18,	21,	0,	'PERBELANJAAN PERJALANAN DAN SARA HIDUP KAKIKTANGAN DI LUAR NEGARA',	'P22701',	'PENGANGKUTAN BARANG',	2,	2,	'2020-10-14 03:31:11',	'2020-10-14 03:31:11',	NULL),
(19,	14,	0,	'PENGANGKUTAN BARANG-BARANG UNTUK KAKITANGAN AWAM DALAM NEGERI',	'P22101',	'PERPINDAHAN BARANG PEGAWAI',	2,	2,	'2020-10-14 03:31:11',	'2020-10-14 03:31:11',	NULL),
(20,	13,	0,	'PENGANGKUTAN  BARANG- BARANG PEJABAT',	'P22701',	'PENGANGKUTAN BARANG PEJABAT, EXCESS BAGGAGE',	2,	2,	'2020-10-14 03:31:11',	'2020-10-14 03:31:11',	NULL),
(21,	23,	0,	'PERHUBUNGAN ',	'P23104',	'INTERNET',	2,	2,	'2020-10-14 03:31:11',	'2020-10-14 03:31:11',	NULL),
(22,	27,	0,	'SEWA BANGUNAN',	'P24201',	'SEWA BANGUNAN PEJABAT',	2,	2,	'2020-10-14 03:31:11',	'2020-10-14 03:31:11',	NULL),
(23,	27,	0,	'SEWA BANGUNAN',	'P24202',	'SEWA BANGUNAN KEDIAMAN',	2,	2,	'2020-10-14 03:31:11',	'2020-10-14 03:31:11',	NULL),
(24,	27,	0,	'SEWA BANGUNAN',	'P24299',	'SEWA BANGUNAN LAIN LAIN (BAYARAN PARKING BULANAN)',	2,	2,	'2020-10-14 03:31:11',	'2020-10-14 03:31:11',	NULL),
(25,	26,	0,	'SEWA ALAT KELENGKAPAN PEJABAT, PERABOT DAN LENGKAPAN',	'P24501',	'SEWA PERABOT ALAT KELENGKAPAN PEJABAT',	2,	2,	'2020-10-14 03:31:11',	'2020-10-14 03:31:11',	NULL),
(26,	26,	0,	'SEWA ALAT KELENGKAPAN PEJABAT, PERABOT DAN LENGKAPAN',	'P24502',	'SEWA MESIN DAN LENGKAPAN',	2,	2,	'2020-10-14 03:31:11',	'2020-10-14 03:31:11',	NULL),
(27,	26,	0,	'SEWA ALAT KELENGKAPAN PEJABAT, PERABOT DAN LENGKAPAN',	'P24503',	'SEWA MESIN FOTOSTAT',	2,	2,	'2020-10-14 03:31:11',	'2020-10-14 03:31:11',	NULL),
(28,	26,	0,	'SEWA ALAT KELENGKAPAN PEJABAT, PERABOT DAN LENGKAPAN',	'P24504',	'SEWA KENDERAAN',	2,	2,	'2020-10-14 03:31:11',	'2020-10-14 03:31:11',	NULL),
(29,	26,	0,	'SEWA ALAT KELENGKAPAN PEJABAT, PERABOT DAN LENGKAPAN',	'P24505',	'SEWA BILIK SEMINAR/KURSUS - PAMERAN',	2,	2,	'2020-10-14 03:31:11',	'2020-10-14 03:31:11',	NULL),
(30,	7,	0,	'BEKALAN PEJABAT',	'P27101',	'SURAT KHABAR, DAN MAJALAH',	2,	2,	'2020-10-14 03:31:11',	'2020-10-14 03:31:11',	NULL),
(31,	7,	0,	'BEKALAN PEJABAT',	'P27102',	'P27102- BEKALAN PEJABAT',	2,	275,	'2020-10-14 03:31:11',	'2020-11-27 00:18:41',	NULL),
(32,	7,	0,	'BEKALAN PEJABAT',	'P27103',	'P27103 - BEKALAN KOMPUTER',	2,	275,	'2020-10-14 03:31:11',	'2021-04-05 03:03:06',	NULL),
(33,	7,	0,	'BEKALAN PEJABAT',	'P27105',	'BAHAN KURSUS / SEMINAR (CTH: LANYARD, TRAINING KIT, T-SHIRT, BAG, FLIPCHART)',	2,	31,	'2020-10-14 03:31:11',	'2020-10-14 05:32:13',	NULL),
(34,	7,	0,	'BEKALAN PEJABAT',	'P27106',	'PERABOT DAN LENGKAPAN PEJABAT < RM 1,000.00 - CARPET, LANGSIR, WHITE BOARD - HAND DRYER',	2,	2,	'2020-10-14 03:31:11',	'2020-10-14 03:31:11',	NULL),
(35,	7,	0,	'BEKALAN PEJABAT',	'P27107',	'P27107 - BEKALAN DAN ALAT GANTI',	2,	275,	'2020-10-14 03:31:11',	'2021-04-05 03:02:47',	NULL),
(36,	7,	0,	'BEKALAN PEJABAT',	'P27108',	'BEKAL BAHAN PROMOSI (CTH: BAJU , BUNTING, NOTEBOOK ORGANIZER)',	2,	31,	'2020-10-14 03:31:11',	'2020-10-14 05:30:05',	NULL),
(37,	6,	0,	'BAHAN TENUNAN DAN BARANG - BARANG PAKAIAN',	'P27601',	'PAKAIAN SERAGAM',	2,	2,	'2020-10-14 03:31:11',	'2020-10-14 03:31:11',	NULL),
(38,	19,	0,	'PENYELENGGARAAN BANGUNAN ',	'P28101',	'BANGUNAN PEJABAT DAN RUMAH REHAT  - PEST CONTROL, PEMADAM API, TANGKI AIR, CAT , CUCIBANGUNAN',	2,	2,	'2020-10-14 03:31:11',	'2020-10-14 03:31:11',	NULL),
(39,	19,	0,	'PENYELENGGARAAN BANGUNAN ',	'P28102',	'KAWASAN PEJABAT',	2,	2,	'2020-10-14 03:31:11',	'2020-10-14 03:31:11',	NULL),
(40,	19,	0,	'PENYELENGGARAAN BANGUNAN ',	'P28199',	'BANGUNAN - BANGUNAN LAIN',	2,	2,	'2020-10-14 03:31:11',	'2020-10-14 03:31:11',	NULL),
(41,	18,	0,	'PENYELENGGARAAN ALAT KELENGKAPAN PEJABAT, PERABOT DAN LENGKAPAN',	'P28201',	'PERABOT ALAT KELENGKAPAN  PEJABAT',	2,	2,	'2020-10-14 03:31:11',	'2020-10-14 03:31:11',	NULL),
(42,	18,	0,	'PENYELENGGARAAN ALAT KELENGKAPAN PEJABAT, PERABOT DAN LENGKAPAN',	'P28299',	'PERABOT DAN LENGKAPAN YANG LAIN',	2,	2,	'2020-10-14 03:31:11',	'2020-10-14 03:31:11',	NULL),
(43,	17,	0,	'PENYELENGGARAAN ALAT KELENGKAPAN MESIN',	'P28301',	'MESIN DAN ALAT KELENGKAPAN PEJABAT',	2,	2,	'2020-10-14 03:31:11',	'2020-10-14 03:31:11',	NULL),
(44,	17,	0,	'PENYELENGGARAAN ALAT KELENGKAPAN MESIN',	'P28399',	'ALAT -ALAT KELENGKAPAN MESIN YANG LAIN',	2,	2,	'2020-10-14 03:31:11',	'2020-10-14 03:31:11',	NULL),
(45,	16,	0,	'PENYELENGGARAAN ALAT KELENGKAPAN KOMPUTER DAN LETRONIK',	'P28401',	'KOMPUTER DAN LETRONIK',	2,	2,	'2020-10-14 03:31:11',	'2020-10-14 03:31:11',	NULL),
(46,	15,	0,	'PENYELENGGARAAN ALAT KELENGKAPAN ELEKTRIK',	'P28501',	'HAWA DINGIN UTAMA',	2,	2,	'2020-10-14 03:31:11',	'2020-10-14 03:31:11',	NULL),
(47,	15,	0,	'PENYELENGGARAAN ALAT KELENGKAPAN ELEKTRIK',	'P28502',	'HAWA DINGIN INDIVIDU',	2,	2,	'2020-10-14 03:31:11',	'2020-10-14 03:31:11',	NULL),
(48,	20,	0,	'PENYELENGGARAAN KENDERAAN',	'P28701',	'KENDERAAN',	2,	2,	'2020-10-14 03:31:11',	'2020-10-14 03:31:11',	NULL),
(49,	25,	0,	'PERKHIDMATAN YANG DIBELI',	'P29101',	'PERKHIDMATAN PERUBATAN',	2,	2,	'2020-10-14 03:31:11',	'2020-10-14 03:31:11',	NULL),
(50,	25,	0,	'PERKHIDMATAN YANG DIBELI',	'P29103',	'PERKHIDMATAN PERUNDANGAN - STEM HASIL',	2,	2,	'2020-10-14 03:31:11',	'2020-10-14 03:31:11',	NULL),
(51,	25,	0,	'PERKHIDMATAN YANG DIBELI',	'P29104',	'PERKHIDMATAN LATIHAN KAKITANGAN',	2,	2,	'2020-10-14 03:31:11',	'2020-10-14 03:31:11',	NULL),
(52,	25,	0,	'PERKHIDMATAN YANG DIBELI',	'P29105',	'PERKHIDMATAN PAKAR RUNDING PERNIAGAAN DAN PENGURUSAN',	2,	2,	'2020-10-14 03:31:11',	'2020-10-14 03:31:11',	NULL),
(53,	25,	0,	'PERKHIDMATAN YANG DIBELI',	'P29106',	'PERKHIDMATAN PENSYARAH JEMPUTAN',	2,	2,	'2020-10-14 03:31:11',	'2020-10-14 03:31:11',	NULL),
(54,	25,	0,	'PERKHIDMATAN YANG DIBELI',	'P29107',	'PERKHIDMATAN KOMPUTER DAN PROSESAN DATA',	2,	2,	'2020-10-14 03:31:11',	'2020-10-14 03:31:11',	NULL),
(55,	25,	0,	'PERKHIDMATAN YANG DIBELI',	'P29108',	'PERKHIDMATAN FOTOGRAFI , BLUE-PRINTING DAN FILEM MIKRO',	2,	2,	'2020-10-14 03:31:11',	'2020-10-14 03:31:11',	NULL),
(56,	25,	0,	'PERKHIDMATAN YANG DIBELI',	'P29109',	'PERKHIDMATAN PENGELUARAN DAN PENYEBARAN TAYANGAN GAMBAR , PITA VIDEO, RADIO, TV PROD., LAGU, CUCI GAMBAR,  ASTRO',	2,	2,	'2020-10-14 03:31:11',	'2020-10-14 03:31:11',	NULL),
(57,	25,	0,	'PERKHIDMATAN YANG DIBELI',	'P29110',	'PERKHIDMATAN PENGIKLANAN',	2,	2,	'2020-10-14 03:31:11',	'2020-10-14 03:31:11',	NULL),
(58,	25,	0,	'PERKHIDMATAN YANG DIBELI',	'P29111',	'PERKHIDMATAN PERLINDUNGAN DAN KESELAMATAN - (RENEW LESEN, JAGA, INSURAN KEBAKARAN/INSURAN PERJALANAN KE LUAR NEGARA)',	2,	2,	'2020-10-14 03:31:11',	'2020-10-14 03:31:11',	NULL),
(59,	25,	0,	'PERKHIDMATAN YANG DIBELI',	'P29112',	'PERKHIDMATAN PENTERJEMAHAN DAN PENAFSIRAN/PENULISAN',	2,	2,	'2020-10-14 03:31:11',	'2020-10-14 03:31:11',	NULL),
(60,	25,	0,	'PERKHIDMATAN YANG DIBELI',	'P29114',	'INSURAN & CUKAI JALAN / KENDERAAN PEJABAT (RENEW ROAD TAX) * GUNA UTK INSURAN & CUKAI JALAN/KENDERAAN PEJABAT TERMASUK DI WILAYAH',	2,	2,	'2020-10-14 03:31:11',	'2020-10-14 03:31:11',	NULL),
(61,	25,	0,	'PERKHIDMATAN YANG DIBELI',	'P29117',	'YURAN LAIN (PERPUSTAKAAN, BENCHMARKING, DLL.)',	2,	2,	'2020-10-14 03:31:11',	'2020-10-14 03:31:11',	NULL),
(62,	25,	0,	'PERKHIDMATAN YANG DIBELI',	'P29199',	'PERKHIDMATAN YANG LAIN - BANK CHARGE, SONITACT,TENAGA KERJA/PLATE NO.KERETA BARU',	2,	2,	'2020-10-14 03:31:11',	'2020-10-14 03:31:11',	NULL),
(63,	24,	0,	'PERKHIDMATAN PERCETAKAN DAN MENJILID YANG DIBELI',	'P29201',	'PERCETAKAN PENERBITAN - ARTWORD, APR , BUKU LAPORAN, KERTAS UNTUK BOOKLET, PRINT LAPORAN, GCR',	2,	275,	'2020-10-14 03:31:11',	'2021-08-30 07:16:59',	NULL),
(64,	24,	0,	'PERKHIDMATAN PERCETAKAN DAN MENJILID YANG DIBELI',	'P29202',	'PERCETAKAN BORANG DAN ALAT TULIS  -  KAD NAMA, COVER SIJIL, STICKER, BROCHURE, PLANNER, POSTER',	2,	2,	'2020-10-14 03:31:11',	'2020-10-14 03:31:11',	NULL),
(65,	24,	0,	'PERKHIDMATAN PERCETAKAN DAN MENJILID YANG DIBELI',	'P29203',	'BACAAN METER MESIN FOTOSTAT',	2,	2,	'2020-10-14 03:31:11',	'2020-10-14 03:31:11',	NULL),
(66,	24,	0,	'PERKHIDMATAN PERCETAKAN DAN MENJILID YANG DIBELI',	'P29299',	'BAYARAN - BAYARAN PERKHIDMATAN PERCETAKAN YANG LAIN - JILID, MATEL PLATE, BINDING',	2,	2,	'2020-10-14 03:31:11',	'2020-10-14 03:31:11',	NULL),
(67,	12,	0,	'KERAIAN, HOSPITALITI DAN HONORARIUM',	'P29401',	'MAKAN DAN MINUM (STOK TEH, GULA, KOPI, KRIMER, BISKUT)',	2,	31,	'2020-10-14 03:31:11',	'2020-10-14 05:24:45',	NULL),
(68,	12,	0,	'KERAIAN, HOSPITALITI DAN HONORARIUM',	'P29402',	'PENGINAPAN - ORANG JEMPUTAN/PESERTA KURSUS',	2,	2,	'2020-10-14 03:31:11',	'2020-10-14 03:31:11',	NULL),
(69,	12,	0,	'KERAIAN, HOSPITALITI DAN HONORARIUM',	'P29403',	'PENGANGKUTAN/INSURAN - ORANG JEMPUTAN/PESERTA KURSUS',	2,	2,	'2020-10-14 03:31:11',	'2020-10-14 03:31:11',	NULL),
(70,	12,	0,	'KERAIAN, HOSPITALITI DAN HONORARIUM',	'P29404',	'HONORARIUM, SAGUHATI DAN HADIAH (CTH: ORANG LUAR, BAYARAN PEMENANG ICC, PIALA, DOORGIFT)',	2,	31,	'2020-10-14 03:31:11',	'2020-10-14 05:50:24',	NULL),
(71,	12,	0,	'KERAIAN, HOSPITALITI DAN HONORARIUM',	'P29406',	'HONORARIUM, SAGUHATI DAN HADIAH - KAKITANGAN MPC, DINNER, TQ DAUN KELADI, HARI KELUARGA, HARI SUKAN)',	2,	31,	'2020-10-14 03:31:11',	'2020-10-14 05:51:04',	NULL),
(72,	12,	0,	'KERAIAN, HOSPITALITI DAN HONORARIUM',	'P29407',	'MAKAN DAN MINUM (PESERTA KURSUS, SEMINAR, WORKSHOP, BAND)',	2,	31,	'2020-10-14 03:31:11',	'2020-10-14 05:25:35',	NULL),
(73,	25,	NULL,	NULL,	'P29102',	'PERKHIDMATAN PERAKAUNAN DAN AUDITAN',	275,	275,	'2020-11-09 01:01:05',	'2020-11-09 01:05:43',	NULL),
(74,	29,	NULL,	NULL,	'P28601',	'P28601-TELEFON DAN MESIN FAX - PABX',	275,	275,	'2020-11-27 00:15:23',	'2020-12-03 03:57:05',	NULL),
(75,	8,	NULL,	NULL,	'L91100',	'BELANJA AKRU',	182,	182,	'2021-04-07 01:29:59',	'2021-04-07 01:29:59',	NULL),
(76,	25,	NULL,	NULL,	'P29113',	'PERKHIDMATAN DOBI',	31,	31,	'2021-04-30 01:36:55',	'2021-04-30 01:36:55',	NULL),
(77,	32,	NULL,	NULL,	'U22S0000',	'WANG COVID-19',	182,	182,	'2021-08-26 02:14:36',	'2021-08-26 02:14:36',	NULL),
(78,	7,	NULL,	NULL,	'P27300',	'P27302 - ALAT-ALAT SUKAN DAN OLAHRAGA',	210,	210,	'2021-09-08 09:41:27',	'2021-09-08 10:26:53',	'2021-09-08 16:49:44'),
(79,	33,	NULL,	NULL,	'P27302',	'ALAT-ALAT SUKAN DAN OLAHRAGA',	182,	182,	'2021-09-09 00:42:22',	'2021-09-09 00:42:22',	NULL),
(80,	15,	NULL,	NULL,	'P28503',	'ALAT-ALAT KELENGKAPAN ELEKTRIK YANG LAIN',	182,	182,	'2021-09-28 03:51:59',	'2021-09-28 03:51:59',	NULL),
(81,	15,	NULL,	NULL,	'P28599',	'SEWA ELEKTRIK LAIN',	182,	182,	'2021-09-28 03:52:22',	'2021-09-28 03:52:22',	NULL);

CREATE TABLE `ref_bank` (
  `bank_id` int(11) NOT NULL AUTO_INCREMENT,
  `bank_desc` varchar(100) NOT NULL,
  `minimum_digit` int(11) NOT NULL DEFAULT '1',
  `maximum_digit` int(11) NOT NULL DEFAULT '1',
  `created_by` int(11) DEFAULT NULL,
  `updated_by` int(11) DEFAULT NULL,
  `created_at` timestamp NULL DEFAULT NULL,
  `updated_at` timestamp NOT NULL DEFAULT CURRENT_TIMESTAMP,
  `deleted_at` timestamp NULL DEFAULT NULL,
  PRIMARY KEY (`bank_id`),
  KEY `idx_bank_createdby` (`created_by`),
  KEY `idx_bank_updatedby` (`updated_by`)
) ENGINE=InnoDB DEFAULT CHARSET=latin1;

INSERT INTO `ref_bank` (`bank_id`, `bank_desc`, `minimum_digit`, `maximum_digit`, `created_by`, `updated_by`, `created_at`, `updated_at`, `deleted_at`) VALUES
(1,	'AFFIN BANK BERHAD',	12,	12,	2,	2,	'2021-01-05 06:40:33',	'2021-01-05 06:40:33',	NULL),
(2,	'ALLIANCE BANK MALAYSIA BERHAD',	15,	15,	2,	2,	'2021-01-05 06:40:33',	'2021-01-05 06:40:33',	NULL),
(3,	'AMBANK/AMFINANCE',	13,	13,	2,	2,	'2021-01-05 06:40:33',	'2021-01-05 06:40:33',	NULL),
(4,	'AL-RAJHI BANKING & INVESTMENT CORPORATION (MALAYSIA) BERHAD',	15,	15,	2,	31,	'2021-01-05 06:40:33',	'2021-05-29 18:43:57',	NULL),
(5,	'BANGKOK BANK BERHAD',	10,	10,	2,	2,	'2021-01-05 06:40:33',	'2021-01-05 06:40:33',	NULL),
(6,	'BANK ISLAM MALAYSIA BERHAD',	14,	14,	2,	2,	'2021-01-05 06:40:33',	'2021-01-05 06:40:33',	NULL),
(7,	'BANK KERJASAMA RAKYAT MALAYSIA BERHAD',	12,	12,	2,	2,	'2021-01-05 06:40:33',	'2021-01-05 06:40:33',	NULL),
(8,	'BANK MUAMALAT MALAYSIA BERHAD',	14,	14,	2,	2,	'2021-01-05 06:40:33',	'2021-01-05 06:40:33',	NULL),
(9,	'BANK OF AMERICA',	5,	17,	2,	2,	'2021-01-05 06:40:33',	'2021-01-05 06:40:33',	NULL),
(10,	'BANK OF CHINA (MALAYSIA) BERHAD',	13,	15,	2,	2,	'2021-01-05 06:40:33',	'2021-01-05 06:40:33',	NULL),
(11,	'BANK PERTANIAN MALAYSIA BERHAD (AGROBANK)',	16,	16,	2,	2,	'2021-01-05 06:40:33',	'2021-01-05 06:40:33',	NULL),
(12,	'BANK SIMPANAN NASIONAL BERHAD',	16,	16,	2,	2,	'2021-01-05 06:40:33',	'2021-01-05 06:40:33',	NULL),
(13,	'BNP PARIBAS MALAYSIA BERHAD',	6,	16,	2,	2,	'2021-01-05 06:40:33',	'2021-01-05 06:40:33',	NULL),
(14,	'CHINA CONSTRUCTION BANK (MALAYSIA) BERHAD',	12,	12,	2,	2,	'2021-01-05 06:40:33',	'2021-01-05 06:40:33',	NULL),
(15,	'CIMB BANK BERHAD',	10,	14,	2,	2,	'2021-01-05 06:40:33',	'2021-01-05 06:40:33',	NULL),
(16,	'CITIBANK BERHAD',	9,	16,	2,	2,	'2021-01-05 06:40:33',	'2021-01-05 06:40:33',	NULL),
(17,	'DEUTSCHE BANK (MALAYSIA) BERHAD',	10,	14,	2,	2,	'2021-01-05 06:40:33',	'2021-01-05 06:40:33',	NULL),
(18,	'HONG LEONG BANK',	11,	13,	2,	2,	'2021-01-05 06:40:33',	'2021-01-05 06:40:33',	NULL),
(19,	'HSBC BANK MALAYSIA BERHAD',	12,	12,	2,	2,	'2021-01-05 06:40:33',	'2021-01-05 06:40:33',	NULL),
(20,	'INDUSTRIAL AND COMMERCIAL BANK OF CHINA (MALAYSIA) BERHAD',	17,	17,	2,	2,	'2021-01-05 06:40:33',	'2021-01-05 06:40:33',	NULL),
(21,	'J.P. MORGAN CHASE BANK BHD',	10,	10,	2,	2,	'2021-01-05 06:40:33',	'2021-01-05 06:40:33',	NULL),
(22,	'KUWAIT FINANCE HOUSE (MALAYSIA) BERHAD',	12,	12,	2,	2,	'2021-01-05 06:40:33',	'2021-01-05 06:40:33',	NULL),
(23,	'MAYBANK',	12,	12,	2,	2,	'2021-01-05 06:40:33',	'2021-01-05 06:40:33',	NULL),
(24,	'MBSB BANK BERHAD',	16,	16,	2,	2,	'2021-01-05 06:40:33',	'2021-01-05 06:40:33',	NULL),
(25,	'BANK OF TOKYO-MITSUBISHI UFJ (M) BERHAD / MUFG BANK',	6,	6,	2,	2,	'2021-01-05 06:40:33',	'2021-01-05 06:40:33',	NULL),
(26,	'MIZUHO CORPORATE BANK MALAYSIA BERHAD',	10,	10,	2,	2,	'2021-01-05 06:40:33',	'2021-01-05 06:40:33',	NULL),
(27,	'OCBC BANK (MALAYSIA) BERHAD',	10,	10,	2,	2,	'2021-01-05 06:40:33',	'2021-01-05 06:40:33',	NULL),
(28,	'PUBLIC BANK BERHAD/PUBLIC ISLAMIC BANK BERHAD',	10,	10,	2,	2,	'2021-01-05 06:40:33',	'2021-01-05 06:40:33',	NULL),
(29,	'RHB BANK',	14,	14,	2,	2,	'2021-01-05 06:40:33',	'2021-01-05 06:40:33',	NULL),
(30,	'STANDARD CHARTERED BANK MALAYSIA BERHAD',	5,	17,	2,	2,	'2021-01-05 06:40:33',	'2021-01-05 06:40:33',	NULL),
(31,	'SUMITOMO MITSUI BANKING CORPORATION MALAYSIA BERHAD',	8,	8,	2,	2,	'2021-01-05 06:40:33',	'2021-01-05 06:40:33',	NULL),
(32,	'UNITED OVERSEAS BANK BERHAD',	10,	17,	2,	2,	'2021-01-05 06:40:33',	'2021-01-05 06:40:33',	NULL);

CREATE TABLE `ref_card` (
  `card_id` int(11) NOT NULL AUTO_INCREMENT,
  `card_desc` varchar(20) DEFAULT NULL,
  `card_color` varchar(20) NOT NULL,
  `created_at` timestamp NULL DEFAULT NULL,
  `updated_at` timestamp NOT NULL DEFAULT CURRENT_TIMESTAMP,
  `deleted_at` timestamp NULL DEFAULT NULL,
  PRIMARY KEY (`card_id`)
) ENGINE=InnoDB DEFAULT CHARSET=latin1;

INSERT INTO `ref_card` (`card_id`, `card_desc`, `card_color`, `created_at`, `updated_at`, `deleted_at`) VALUES
(1,	'Kuning',	'#FFFF00',	'2018-11-25 17:16:20',	'2018-11-25 14:50:57',	NULL),
(2,	'Hijau',	'#00FF00',	'2018-11-25 17:16:24',	'2018-11-25 14:51:07',	NULL),
(3,	'Merah',	'#FF0000',	'2018-11-25 17:16:28',	'2018-11-25 14:51:15',	NULL);

CREATE TABLE `ref_cawangan` (
  `cawangan_id` int(11) NOT NULL AUTO_INCREMENT,
  `cawangan_desc` varchar(255) NOT NULL,
  `created_by` int(11) DEFAULT NULL,
  `updated_by` int(11) DEFAULT NULL,
  `created_at` timestamp NULL DEFAULT NULL,
  `updated_at` timestamp NOT NULL DEFAULT CURRENT_TIMESTAMP,
  `deleted_at` timestamp NULL DEFAULT NULL,
  PRIMARY KEY (`cawangan_id`)
) ENGINE=InnoDB DEFAULT CHARSET=latin1;


CREATE TABLE `ref_charge_gov` (
  `charge_gov_id` int(11) NOT NULL AUTO_INCREMENT,
  `supplier_service_id` int(11) DEFAULT NULL,
  `service_group_id` int(11) DEFAULT NULL,
  `charge_amount` decimal(10,2) NOT NULL DEFAULT '0.00',
  `unit_id` int(11) DEFAULT NULL,
  `created_by` int(11) DEFAULT NULL,
  `updated_by` int(11) DEFAULT NULL,
  `created_at` timestamp NULL DEFAULT NULL,
  `updated_at` timestamp NOT NULL DEFAULT CURRENT_TIMESTAMP,
  `deleted_at` timestamp NULL DEFAULT NULL,
  PRIMARY KEY (`charge_gov_id`),
  KEY `idx_chargegov_service` (`supplier_service_id`),
  KEY `idx_chargegov_createdby` (`created_by`),
  KEY `idx_chargegov_updatedby` (`updated_by`)
) ENGINE=InnoDB DEFAULT CHARSET=latin1;

INSERT INTO `ref_charge_gov` (`charge_gov_id`, `supplier_service_id`, `service_group_id`, `charge_amount`, `unit_id`, `created_by`, `updated_by`, `created_at`, `updated_at`, `deleted_at`) VALUES
(1,	2,	1,	100.00,	1,	2,	2,	'2021-06-20 15:03:42',	'2021-06-20 15:03:42',	NULL),
(2,	2,	2,	100.00,	1,	2,	2,	'2021-06-20 15:03:42',	'2021-06-20 15:03:42',	NULL),
(3,	2,	3,	90.00,	1,	2,	2,	'2021-06-20 15:03:42',	'2021-06-20 15:03:42',	NULL),
(4,	2,	4,	80.00,	1,	2,	2,	'2021-06-20 15:03:42',	'2021-06-20 15:03:42',	NULL),
(5,	2,	5,	60.00,	1,	2,	2,	'2021-06-20 15:03:42',	'2021-06-20 15:03:42',	NULL),
(6,	4,	1,	300.00,	1,	2,	2,	'2021-06-20 15:03:42',	'2021-06-20 15:03:42',	NULL),
(7,	4,	2,	200.00,	1,	2,	2,	'2021-06-20 15:03:42',	'2021-06-20 15:03:42',	NULL),
(8,	4,	3,	150.00,	1,	2,	2,	'2021-06-20 15:03:42',	'2021-06-20 15:03:42',	NULL),
(9,	4,	4,	120.00,	1,	2,	2,	'2021-06-20 15:03:42',	'2021-06-20 15:03:42',	NULL),
(10,	4,	5,	80.00,	1,	2,	2,	'2021-06-20 15:03:42',	'2021-06-20 15:03:42',	NULL),
(11,	19,	1,	300.00,	1,	2,	2,	'2021-06-20 15:03:42',	'2021-06-20 15:03:42',	NULL),
(12,	19,	2,	200.00,	1,	2,	2,	'2021-06-20 15:03:42',	'2021-06-20 15:03:42',	NULL),
(13,	19,	3,	150.00,	1,	2,	2,	'2021-06-20 15:03:42',	'2021-06-20 15:03:42',	NULL),
(14,	19,	4,	120.00,	1,	2,	2,	'2021-06-20 15:03:42',	'2021-06-20 15:03:42',	NULL),
(15,	19,	5,	80.00,	1,	2,	2,	'2021-06-20 15:03:42',	'2021-06-20 15:03:42',	NULL);

CREATE TABLE `ref_core` (
  `core_id` int(11) NOT NULL AUTO_INCREMENT,
  `core_desc` varchar(100) NOT NULL,
  `created_by` int(11) DEFAULT NULL,
  `updated_by` int(11) DEFAULT NULL,
  `created_at` timestamp NULL DEFAULT NULL,
  `updated_at` timestamp NOT NULL DEFAULT CURRENT_TIMESTAMP,
  `deleted_at` timestamp NULL DEFAULT NULL,
  PRIMARY KEY (`core_id`),
  KEY `idx_core_createdby` (`created_by`),
  KEY `idx_core_updatedby` (`updated_by`)
) ENGINE=InnoDB DEFAULT CHARSET=latin1;

INSERT INTO `ref_core` (`core_id`, `core_desc`, `created_by`, `updated_by`, `created_at`, `updated_at`, `deleted_at`) VALUES
(1,	'Menghasilkan bakat masa hadapan',	2,	2,	'2022-01-06 17:51:13',	'2022-01-06 17:51:13',	NULL),
(2,	'Memacu pendigitalan dan inovasi',	2,	2,	'2022-01-06 17:51:39',	'2022-01-06 17:51:39',	NULL),
(3,	'Memastikan akauntabiliti industri terhadap produktiviti',	2,	2,	'2022-01-06 17:52:12',	'2022-01-06 17:52:12',	NULL),
(4,	'Membentuk ekosistem yang teguh',	2,	2,	'2022-01-06 17:52:37',	'2022-01-06 17:52:37',	NULL),
(5,	'Memupuk minda produktif',	2,	2,	'2022-01-06 17:52:57',	'2022-01-06 17:52:57',	NULL);

CREATE TABLE `ref_field` (
  `field_id` int(11) NOT NULL AUTO_INCREMENT,
  `field_code` char(10) DEFAULT NULL,
  `field_desc` varchar(255) DEFAULT NULL,
  `created_by` int(11) DEFAULT NULL,
  `updated_by` int(11) DEFAULT NULL,
  `created_at` timestamp NULL DEFAULT NULL,
  `updated_at` timestamp NOT NULL DEFAULT CURRENT_TIMESTAMP,
  `deleted_at` timestamp NULL DEFAULT NULL,
  PRIMARY KEY (`field_id`),
  KEY `idx_field_code` (`field_code`),
  KEY `idx_field_createdby` (`created_by`),
  KEY `idx_field_updatedby` (`updated_by`)
) ENGINE=InnoDB DEFAULT CHARSET=latin1;

INSERT INTO `ref_field` (`field_id`, `field_code`, `field_desc`, `created_by`, `updated_by`, `created_at`, `updated_at`, `deleted_at`) VALUES
(1,	'221110',	'Khidmat Latihan, Tenaga Pengajar dan Moderator/Negotiator',	2,	2,	'2021-07-27 18:04:04',	'2021-07-27 18:04:04',	NULL),
(2,	'222004',	'Penulisan – Semua Jenis Penulisan',	2,	2,	'2021-07-27 18:04:04',	'2021-07-27 18:04:10',	NULL),
(3,	'222704',	'Pensijilan dan Pengiktirafan',	2,	2,	'2021-07-27 18:04:04',	'2021-07-27 18:04:17',	NULL);

CREATE TABLE `ref_flight_company` (
  `flight_company_id` int(11) NOT NULL AUTO_INCREMENT,
  `flight_company_desc` varchar(100) NOT NULL,
  `flight_company_url` varchar(200) NOT NULL,
  `flight_company_luggage_quota` decimal(10,2) NOT NULL DEFAULT '0.00',
  `created_by` int(11) DEFAULT NULL,
  `updated_by` int(11) DEFAULT NULL,
  `created_at` timestamp NULL DEFAULT NULL,
  `updated_at` timestamp NOT NULL DEFAULT CURRENT_TIMESTAMP,
  `deleted_at` timestamp NULL DEFAULT NULL,
  PRIMARY KEY (`flight_company_id`)
) ENGINE=InnoDB DEFAULT CHARSET=latin1;

INSERT INTO `ref_flight_company` (`flight_company_id`, `flight_company_desc`, `flight_company_url`, `flight_company_luggage_quota`, `created_by`, `updated_by`, `created_at`, `updated_at`, `deleted_at`) VALUES
(1,	'MAS',	'https://www.malaysiaairlines.com',	20.00,	2,	2,	'2019-03-20 13:34:10',	'2019-03-20 13:31:37',	NULL),
(2,	'AIR ASIA',	'https://www.airasia.com',	15.00,	2,	2,	'2019-03-20 13:34:28',	'2019-03-20 13:31:42',	NULL),
(3,	'MALINDO AIR',	'https://www.malindoair.com/',	20.00,	2,	2,	'2019-03-20 13:35:09',	'2019-03-20 13:31:54',	NULL),
(4,	'FIREFLY',	'https://www.airpaz.com',	20.00,	2,	2,	'2019-03-20 13:35:11',	'2019-03-20 13:32:02',	NULL),
(5,	'LATAM AIRLINES',	'https://www.latam.com',	20.00,	71,	46,	'2019-08-09 16:02:56',	'2020-02-28 08:33:10',	NULL),
(6,	'FIJI AIRWAYS',	'https://www.fijiairways.com/',	20.00,	46,	46,	'2020-02-28 08:32:56',	'2020-02-28 08:32:56',	NULL);

CREATE TABLE `ref_gred` (
  `gred_id` int(11) NOT NULL AUTO_INCREMENT,
  `service_group_id` int(11) DEFAULT NULL,
  `gred_desc` varchar(20) NOT NULL,
  `is_active` char(1) NOT NULL DEFAULT '1',
  `created_by` int(11) DEFAULT NULL,
  `updated_by` int(11) DEFAULT NULL,
  `created_at` timestamp NULL DEFAULT NULL,
  `updated_at` timestamp NULL DEFAULT CURRENT_TIMESTAMP,
  `deleted_at` timestamp NULL DEFAULT NULL,
  PRIMARY KEY (`gred_id`),
  KEY `idx_grade_servicegroup` (`service_group_id`),
  KEY `idx_grade_createdby` (`created_by`),
  KEY `idx_grade_updatedby` (`updated_by`)
) ENGINE=InnoDB DEFAULT CHARSET=latin1;

INSERT INTO `ref_gred` (`gred_id`, `service_group_id`, `gred_desc`, `is_active`, `created_by`, `updated_by`, `created_at`, `updated_at`, `deleted_at`) VALUES
(1,	5,	'B22',	'1',	2,	2,	'2019-03-28 07:32:43',	'2019-03-28 07:32:43',	NULL),
(2,	5,	'E29/E32',	'1',	2,	2,	'2019-03-28 07:32:43',	'2019-03-28 07:32:43',	NULL),
(3,	4,	'E41',	'1',	2,	2,	'2019-03-28 07:32:43',	'2019-03-28 07:32:43',	NULL),
(4,	4,	'E44',	'1',	2,	2,	'2019-03-28 07:32:43',	'2019-03-28 07:32:43',	NULL),
(5,	3,	'E48',	'1',	2,	2,	'2019-03-28 07:32:43',	'2019-03-28 07:32:43',	NULL),
(6,	3,	'E52',	'1',	2,	2,	'2019-03-28 07:32:43',	'2019-03-28 07:32:43',	NULL),
(7,	2,	'E54',	'1',	2,	2,	'2019-03-28 07:32:43',	'2019-03-28 07:32:43',	NULL),
(8,	5,	'FA29',	'1',	2,	2,	'2019-03-28 07:32:43',	'2019-03-28 07:32:43',	NULL),
(9,	5,	'H11',	'1',	2,	2,	'2019-03-28 07:32:43',	'2019-03-28 07:32:43',	NULL),
(10,	5,	'H19',	'1',	2,	2,	'2019-03-28 07:32:43',	'2019-03-28 07:32:43',	NULL),
(11,	5,	'J22',	'1',	2,	2,	'2019-03-28 07:32:43',	'2019-03-28 07:32:43',	NULL),
(12,	5,	'JA29/JA36',	'1',	2,	2,	'2019-03-28 07:32:43',	'2019-03-28 07:32:43',	NULL),
(13,	1,	'JUSA A/VU5',	'1',	2,	2,	'2019-03-28 07:32:43',	'2019-03-28 07:32:43',	NULL),
(14,	1,	'JUSA B/VU6',	'1',	2,	2,	'2019-03-28 07:32:43',	'2019-03-28 07:32:43',	NULL),
(15,	1,	'JUSA C/VU7',	'1',	2,	2,	'2019-03-28 07:32:43',	'2019-03-28 07:32:43',	NULL),
(16,	5,	'N11',	'1',	2,	2,	'2019-03-28 07:32:43',	'2019-03-28 07:32:43',	NULL),
(17,	5,	'N14',	'1',	2,	2,	'2019-03-28 07:32:43',	'2019-03-28 07:32:43',	NULL),
(18,	5,	'N19',	'1',	2,	2,	'2019-03-28 07:32:43',	'2019-03-28 07:32:43',	NULL),
(19,	5,	'N22',	'1',	2,	2,	'2019-03-28 07:32:43',	'2019-03-28 07:32:43',	NULL),
(20,	5,	'N26',	'1',	2,	2,	'2019-03-28 07:32:43',	'2019-03-28 07:32:43',	NULL),
(21,	5,	'N28',	'1',	2,	2,	'2019-03-28 07:32:43',	'2019-03-28 07:32:43',	NULL),
(22,	5,	'N29',	'1',	2,	2,	'2019-03-28 07:32:43',	'2019-03-28 07:32:43',	NULL),
(23,	5,	'N30',	'1',	2,	2,	'2019-03-28 07:32:43',	'2019-03-28 07:32:43',	NULL),
(24,	5,	'N32',	'1',	2,	2,	'2019-03-28 07:32:43',	'2019-03-28 07:32:43',	NULL),
(25,	5,	'S32',	'1',	2,	2,	'2019-03-28 07:32:43',	'2019-03-28 07:32:43',	NULL),
(26,	5,	'S41',	'1',	2,	2,	'2019-03-28 07:32:43',	'2019-03-28 07:32:43',	NULL),
(27,	5,	'W29',	'1',	2,	2,	'2019-03-28 07:32:43',	'2019-03-28 07:32:43',	NULL),
(28,	4,	'WA41',	'1',	2,	2,	'2019-03-28 07:32:43',	'2019-03-28 07:32:43',	NULL),
(29,	4,	'WA44',	'1',	2,	2,	'2019-03-28 07:32:43',	'2019-03-28 07:32:43',	NULL),
(30,	3,	'WA48',	'1',	2,	2,	'2019-03-28 07:32:43',	'2019-03-28 07:32:43',	NULL),
(31,	4,	'F41',	'1',	2,	2,	'2019-03-31 12:54:05',	'2019-03-31 12:54:05',	NULL),
(32,	NULL,	'FT19',	'1',	2,	2,	'2022-01-06 13:55:41',	'2022-01-06 13:55:41',	NULL);

CREATE TABLE `ref_jabatan` (
  `jabatan_id` int(11) NOT NULL AUTO_INCREMENT,
  `jabatan_desc` varchar(200) NOT NULL,
  `is_active` char(1) NOT NULL DEFAULT '1',
  `created_at` timestamp NULL DEFAULT NULL,
  `updated_at` timestamp NULL DEFAULT CURRENT_TIMESTAMP,
  `deleted_at` timestamp NULL DEFAULT NULL,
  PRIMARY KEY (`jabatan_id`)
) ENGINE=InnoDB DEFAULT CHARSET=latin1;

INSERT INTO `ref_jabatan` (`jabatan_id`, `jabatan_desc`, `is_active`, `created_at`, `updated_at`, `deleted_at`) VALUES
(2,	'JABATAN KHIDMAT PENGURUSAN',	'1',	'2019-01-01 07:48:01',	'2019-01-01 07:48:01',	NULL),
(3,	'JABATAN TEKNOLOGI MAKLUMAT',	'1',	'2019-01-01 07:48:01',	'2019-01-01 07:48:01',	NULL),
(4,	'BAHAGIAN PENGURUSAN HARTA',	'1',	'2019-01-01 07:48:01',	'2019-01-01 07:48:01',	NULL),
(5,	'JABATAN PENILAIAN & PENGURUSAN HARTA',	'1',	'2019-01-01 07:48:01',	'2019-01-01 07:48:01',	NULL),
(6,	'JABATAN PERBENDAHARAAN',	'1',	'2019-01-01 07:48:01',	'2019-01-01 07:48:01',	NULL),
(7,	'JABATAN PERUNDANGAN',	'1',	'2019-01-01 07:48:01',	'2019-01-01 07:48:01',	NULL),
(8,	'JABATAN KORPORAT',	'1',	'2019-01-01 07:48:01',	'2019-01-01 07:48:01',	NULL),
(9,	'JABATAN PERANCANG BANDAR',	'1',	'2019-01-01 07:48:01',	'2019-01-01 07:48:01',	NULL),
(10,	'JABATAN KEJURUTERAAN',	'1',	'2019-01-01 07:48:01',	'2019-01-01 07:48:01',	NULL),
(11,	'JABATAN BANGUNAN',	'1',	'2019-01-01 07:48:01',	'2019-01-01 07:48:01',	NULL),
(13,	'PEJABAT YANG DIPERTUA / TIMBALAN YANG DIPERTUA',	'1',	'2019-01-01 07:48:01',	'2019-01-01 07:48:01',	NULL),
(14,	'BAHAGIAN KEMUDAHAN AWAM',	'1',	'2019-01-01 07:48:01',	'2019-01-01 07:48:01',	NULL),
(16,	'JABATAN LANDSKAP',	'1',	'2019-01-01 07:48:01',	'2019-01-01 07:48:01',	NULL),
(17,	'BAHAGIAN URUSETIA',	'1',	'2019-01-01 07:48:01',	'2019-01-01 07:48:01',	NULL),
(18,	'UNIT NURSERY',	'1',	'2019-01-01 07:48:01',	'2019-01-01 07:48:01',	NULL),
(19,	'JABATAN AUDIT DALAM',	'1',	'2019-01-01 07:48:01',	'2019-01-01 07:48:01',	NULL),
(20,	'UNIT BENGKEL RAWANG',	'1',	'2019-01-01 07:48:01',	'2019-01-01 07:48:01',	NULL),
(22,	'JABATAN PUSAT SETEMPAT (OSC)',	'1',	'2019-01-01 07:48:01',	'2019-01-01 07:48:01',	NULL),
(23,	'JABATAN PENGUATKUASA & KESELAMATAN',	'1',	'2019-01-01 07:48:01',	'2019-01-01 07:48:01',	NULL),
(24,	'JABATAN KONTRAK DAN UKUR BAHAN',	'1',	'2019-01-01 07:48:01',	'2019-01-01 07:48:01',	NULL),
(25,	'JABATAN PELESENAN',	'1',	'2019-01-01 07:48:01',	'2019-01-01 07:48:01',	NULL),
(26,	'BAHAGIAN HASIL',	'1',	'2019-01-01 07:48:01',	'2019-01-01 07:48:01',	NULL),
(29,	'BAHAGIAN KESELAMATAN',	'1',	'2019-01-01 07:48:01',	'2019-01-01 07:48:01',	NULL),
(32,	'UNIT URUS SELENGGARA BANGUNAN',	'1',	'2019-01-01 07:48:01',	'2019-01-01 07:48:01',	NULL),
(33,	'JABATAN PEMBANGUNAN MASYARAKAT',	'1',	'2019-01-01 07:48:01',	'2019-01-01 07:48:01',	NULL),
(34,	'JABATAN PENGURUSAN SISA PEPEJAL & KESIHATAN',	'1',	'2019-01-01 07:48:01',	'2019-01-01 07:48:01',	NULL),
(35,	'JABATAN PESURUHJAYA BANGUNAN (COB)',	'1',	'2019-01-01 07:48:01',	'2019-01-01 07:48:01',	NULL);

CREATE TABLE `ref_jawatan` (
  `jawatan_id` int(11) NOT NULL AUTO_INCREMENT,
  `service_type_id` int(11) DEFAULT NULL COMMENT '1-pengurusan&pro, 2-sokongan',
  `jawatan_desc` varchar(255) NOT NULL,
  `is_active` int(1) NOT NULL DEFAULT '1',
  `created_by` int(11) DEFAULT NULL,
  `updated_by` int(11) DEFAULT NULL,
  `created_at` timestamp NULL DEFAULT NULL,
  `updated_at` timestamp NOT NULL DEFAULT CURRENT_TIMESTAMP,
  `deleted_at` timestamp NULL DEFAULT NULL,
  PRIMARY KEY (`jawatan_id`),
  KEY `idx_jawatan_servicetype` (`service_type_id`),
  KEY `idx_jawatan_createdby` (`created_by`),
  KEY `idx_jawatan_updatedby` (`updated_by`)
) ENGINE=InnoDB DEFAULT CHARSET=latin1;

INSERT INTO `ref_jawatan` (`jawatan_id`, `service_type_id`, `jawatan_desc`, `is_active`, `created_by`, `updated_by`, `created_at`, `updated_at`, `deleted_at`) VALUES
(1,	3,	'AHLI FOTOGRAFI',	1,	2,	2,	'2019-03-28 07:28:12',	'2019-03-28 07:28:12',	NULL),
(2,	2,	'AKAUNTAN',	1,	2,	2,	'2019-03-28 07:28:12',	'2019-03-28 07:28:12',	NULL),
(3,	2,	'AKAUNTAN KANAN',	1,	2,	2,	'2019-03-28 07:28:12',	'2019-03-28 07:28:12',	NULL),
(4,	2,	'KETUA AKAUNTAN',	1,	2,	2,	'2019-03-28 07:28:12',	'2019-03-28 07:28:12',	NULL),
(5,	2,	'KETUA PENGARAH',	1,	2,	2,	'2019-03-28 07:28:12',	'2019-03-28 07:28:12',	NULL),
(6,	3,	'PEGAWAI KHIDMAT PELANGGAN',	1,	2,	2,	'2019-03-28 07:28:12',	'2019-03-29 13:28:28',	NULL),
(7,	3,	'PEMANDU KENDERAAN',	1,	2,	2,	'2019-03-28 07:28:12',	'2019-03-28 07:28:12',	NULL),
(8,	3,	'PEMBANTU AWAM',	1,	2,	2,	'2019-03-28 07:28:12',	'2019-03-28 07:28:12',	NULL),
(9,	3,	'PEMBANTU KEMAHIRAN',	1,	2,	2,	'2019-03-28 07:28:12',	'2019-03-28 07:28:12',	NULL),
(10,	3,	'PEMBANTU OPERASI',	1,	2,	2,	'2019-03-28 07:28:12',	'2019-03-28 07:28:12',	NULL),
(11,	3,	'PEMBANTU PENERBITAN (KUP)',	1,	2,	2,	'2019-03-28 07:28:12',	'2019-03-28 07:28:12',	NULL),
(12,	3,	'PEMBANTU SETIAUSAHA PEJABAT',	1,	2,	2,	'2019-03-28 07:28:12',	'2019-03-28 07:28:12',	NULL),
(13,	3,	'PEMBANTU SETIAUSAHA PEJABAT (KUP)',	1,	2,	2,	'2019-03-28 07:28:12',	'2019-03-28 07:28:12',	NULL),
(14,	3,	'PEMBANTU TADBIR (P/O)',	1,	2,	2,	'2019-03-28 07:28:12',	'2019-03-28 07:28:12',	NULL),
(15,	3,	'PEMBANTU TADBIR (P/O) (KUP)',	1,	2,	2,	'2019-03-28 07:28:12',	'2019-03-28 07:28:12',	NULL),
(16,	3,	'PEMBANTU TADBIR (P/O) KUP',	1,	2,	2,	'2019-03-28 07:28:12',	'2019-03-28 07:28:12',	NULL),
(17,	1,	'PENGARAH',	1,	2,	2,	'2019-03-28 07:28:12',	'2019-03-28 07:28:12',	NULL),
(18,	2,	'PENGURUS',	1,	2,	2,	'2019-03-28 07:28:12',	'2019-03-28 07:28:12',	NULL),
(19,	2,	'PENGURUS KANAN',	1,	2,	2,	'2019-03-28 07:28:12',	'2019-03-28 07:28:12',	NULL),
(20,	3,	'PENJAGA JENTERA ELETRIK',	1,	2,	2,	'2019-03-28 07:28:12',	'2019-03-28 07:28:12',	NULL),
(21,	3,	'PENOLONG AKAUNTAN',	1,	2,	2,	'2019-03-28 07:28:12',	'2019-03-28 07:28:12',	NULL),
(22,	3,	'PENOLONG JURUTERA',	1,	2,	2,	'2019-03-28 07:28:12',	'2019-03-28 07:28:12',	NULL),
(23,	3,	'PENOLONG JURUTERA (KUP)',	1,	2,	2,	'2019-03-28 07:28:12',	'2019-03-28 07:28:12',	NULL),
(24,	3,	'PENOLONG PEGAWAI PERANGKAAN (KUP)',	1,	2,	2,	'2019-03-28 07:28:12',	'2019-03-28 07:28:12',	NULL),
(25,	3,	'PENOLONG PEGAWAI TADBIR',	1,	2,	2,	'2019-03-28 07:28:12',	'2019-03-28 07:28:12',	NULL),
(26,	3,	'PENOLONG PEGAWAI TEKNOLOGI MAKLUMAT',	1,	2,	2,	'2019-03-28 07:28:12',	'2019-03-28 07:28:12',	NULL),
(27,	2,	'PENOLONG PENGURUS',	1,	2,	2,	'2019-03-28 07:28:12',	'2019-03-28 07:28:12',	NULL),
(28,	3,	'PENOLONG PUSTAKAWAN (KUP)',	1,	2,	2,	'2019-03-28 07:28:12',	'2019-03-28 07:28:12',	NULL),
(29,	2,	'PUSTAKAWAN',	1,	2,	2,	'2019-03-28 07:28:12',	'2019-03-28 07:28:12',	NULL),
(30,	3,	'SETIAUSAHA PEJABAT',	1,	2,	2,	'2019-03-28 07:28:12',	'2019-03-28 07:28:12',	NULL),
(31,	3,	'SETIAUSAHA PEJABAT (KUP)',	1,	2,	2,	'2019-03-28 07:28:12',	'2019-03-28 07:28:12',	NULL),
(32,	1,	'TIMBALAN KETUA PENGARAH',	1,	2,	2,	'2019-03-28 07:28:12',	'2019-03-28 07:28:12',	NULL),
(33,	1,	'TIMBALAN PENGARAH',	1,	2,	2,	'2019-03-28 07:28:12',	'2019-03-28 07:28:12',	NULL),
(34,	NULL,	'Juruteknik Komputer',	1,	2,	2,	'2022-01-06 13:55:41',	'2022-01-06 13:55:41',	NULL);

CREATE TABLE `ref_jenis_penerbangan` (
  `jenis_penerbangan_id` int(11) NOT NULL AUTO_INCREMENT,
  `jenis_penerbangan_desc` varchar(255) NOT NULL,
  `created_at` timestamp NULL DEFAULT NULL,
  `updated_at` timestamp NOT NULL DEFAULT CURRENT_TIMESTAMP,
  `deleted_at` timestamp NULL DEFAULT NULL,
  PRIMARY KEY (`jenis_penerbangan_id`)
) ENGINE=InnoDB DEFAULT CHARSET=latin1;

INSERT INTO `ref_jenis_penerbangan` (`jenis_penerbangan_id`, `jenis_penerbangan_desc`, `created_at`, `updated_at`, `deleted_at`) VALUES
(1,	'PERGI',	'2019-03-21 19:57:17',	'2019-03-21 19:57:17',	NULL),
(2,	'BALIK',	'2019-03-21 19:57:20',	'2019-03-21 19:57:20',	NULL),
(3,	'PERGI & BALIK',	'2019-03-21 19:57:34',	'2019-03-21 19:57:34',	NULL);

CREATE TABLE `ref_kalendar` (
  `kalendar_id` int(11) NOT NULL AUTO_INCREMENT,
  `kalendar_date` date NOT NULL COMMENT 'simpan event date dlm bentuk yyyy-mm-dd',
  `kalendar_desc` longtext NOT NULL,
  `is_active` char(1) NOT NULL DEFAULT '1',
  `created_at` timestamp NULL DEFAULT NULL,
  `updated_at` timestamp NULL DEFAULT CURRENT_TIMESTAMP,
  `deleted_at` timestamp NULL DEFAULT NULL,
  PRIMARY KEY (`kalendar_id`)
) ENGINE=InnoDB DEFAULT CHARSET=latin1;


CREATE TABLE `ref_kpi` (
  `kpi_id` int(11) NOT NULL AUTO_INCREMENT,
  `kpi_category_id` int(11) DEFAULT NULL,
  `kpi_desc` varchar(200) NOT NULL,
  `created_by` int(11) DEFAULT NULL,
  `updated_by` int(11) DEFAULT NULL,
  `created_at` timestamp NULL DEFAULT NULL,
  `updated_at` timestamp NOT NULL DEFAULT CURRENT_TIMESTAMP,
  `deleted_at` timestamp NULL DEFAULT NULL,
  PRIMARY KEY (`kpi_id`),
  KEY `idx_kpi_category` (`kpi_category_id`),
  KEY `idx_kpi_createdby` (`created_by`),
  KEY `idx_kpi_updatedby` (`updated_by`)
) ENGINE=InnoDB DEFAULT CHARSET=latin1;

INSERT INTO `ref_kpi` (`kpi_id`, `kpi_category_id`, `kpi_desc`, `created_by`, `updated_by`, `created_at`, `updated_at`, `deleted_at`) VALUES
(1,	3,	'GROSS OPERATING REVENUE (RM)',	2,	2,	'2021-10-23 03:06:24',	'2021-10-23 03:06:24',	NULL),
(2,	2,	'VALUE CREATION FROM PRODUCTIVITY & INNOVATION PROGRAM (INNOVATION CREATIVE CIRCLE (ICC))',	2,	2,	'2021-10-23 03:06:24',	'2021-10-23 03:06:24',	NULL),
(3,	2,	'VALUE CREATION FROM PRODUCTIVITY & INNOVATION PROGRAM (QUALITY ENVIRONMENT (QE))',	2,	2,	'2021-10-23 03:06:24',	'2021-10-23 03:06:24',	NULL),
(4,	2,	'VALUE CREATION FROM PRODUCTIVITY & INNOVATION PROGRAM (LEAN MANAGEMENT)',	2,	2,	'2021-10-23 03:06:24',	'2021-10-23 03:06:24',	NULL),
(5,	2,	'EXPECTED COST SAVING',	2,	2,	'2021-10-23 03:06:24',	'2021-10-23 03:06:24',	NULL),
(6,	2,	'PARTNERS IN PRODUCTIVITY (ORGANIZATIONS) - LARGE ORGANIZATIONS',	2,	2,	'2021-10-23 03:06:24',	'2021-10-23 03:06:24',	NULL),
(7,	2,	'PARTNERS IN PRODUCTIVITY (ORGANIZATIONS) - GOVERNMENT',	2,	2,	'2021-10-23 03:06:24',	'2021-10-23 03:06:24',	NULL),
(8,	2,	'PARTNERS IN PRODUCTIVITY (ORGANIZATIONS) - SMES',	2,	2,	'2021-10-23 03:06:24',	'2021-10-23 03:06:24',	NULL),
(9,	2,	'NO. OF PARTICIPANTS - LARGE ORGANIZATIONS',	2,	2,	'2021-10-23 03:06:24',	'2021-10-23 03:06:24',	NULL),
(10,	2,	'NO. OF PARTICIPANTS - GOVERNMENT',	2,	2,	'2021-10-23 03:06:24',	'2021-10-23 03:06:24',	NULL),
(11,	2,	'NO. OF PARTICIPANTS - SMES',	2,	2,	'2021-10-23 03:06:24',	'2021-10-23 03:06:24',	NULL),
(12,	2,	'FACEBOOK REACH',	2,	2,	'2021-10-23 03:06:24',	'2021-10-23 03:06:24',	NULL),
(13,	2,	'FACEBOOK FOLLOWERS',	2,	2,	'2021-10-23 03:06:24',	'2021-10-23 03:06:24',	NULL),
(14,	2,	'TWITTER IMPRESSION',	2,	2,	'2021-10-23 03:06:24',	'2021-10-23 03:06:24',	NULL),
(15,	2,	'TWITTER FOLLOWERS',	2,	2,	'2021-10-23 03:06:24',	'2021-10-23 03:06:24',	NULL),
(16,	2,	'INSTAGRAM FOLLOWERS',	2,	2,	'2021-10-23 03:06:24',	'2021-10-23 03:06:24',	NULL),
(17,	2,	'YOUTUBE SUBSCRIBERS',	2,	2,	'2021-10-23 03:06:24',	'2021-10-23 03:06:24',	NULL),
(18,	2,	'CUSTOMERS SATISFACTION INDEX (CSI)',	2,	2,	'2021-10-23 03:06:24',	'2021-10-23 03:06:24',	NULL),
(19,	1,	'NO. OF NEW PRODUCTS / SERVICES',	2,	2,	'2021-10-23 03:06:24',	'2021-10-23 03:06:24',	NULL),
(20,	1,	'RESEARCH PAPER/REPORT/CASE STUDY/OCCASIONAL/POLICY PAPERS',	2,	2,	'2021-10-23 03:06:24',	'2021-10-23 03:06:24',	NULL),
(21,	1,	'REGULATIONS REVIEWED',	2,	2,	'2021-10-23 03:06:24',	'2021-10-23 03:06:24',	NULL),
(22,	1,	'ADVISORY AND CONSULTANCY SERVICES (ACS)',	2,	2,	'2021-10-23 03:06:24',	'2021-10-23 03:06:24',	NULL),
(23,	1,	'NO. OF PRODUCTIVITY & INNOVATION ENHANCEMENT PROGRAMMES',	2,	2,	'2021-10-23 03:06:24',	'2021-10-23 03:06:24',	NULL),
(24,	1,	'NO. OF PROMOTION ACTIVITIES (SEMINAR/CONFERENCE/RTD/WORKSHOP/TALKS & BRIEFING/ STUDY MISSION/EXHIBITIONS & EXPO/CONVENTION/SUMMIT & VISITS)',	2,	2,	'2021-10-23 03:06:24',	'2021-10-23 03:06:24',	NULL),
(25,	1,	'PR VALUE (MEDIA RELEASE)',	2,	2,	'2021-10-23 03:06:24',	'2021-10-23 03:06:24',	NULL),
(26,	1,	'NO.OF EXPERTS',	2,	2,	'2021-10-23 03:06:24',	'2021-10-23 03:06:24',	NULL),
(27,	1,	'NO. OF PRODUCTIVITY & INNOVATION PUBLICATIONS',	2,	2,	'2021-10-23 03:06:24',	'2021-10-23 03:06:24',	NULL),
(28,	4,	'AVERAGE TRAINING HOURS PER EMPLOYEE (%)',	2,	2,	'2021-10-23 03:06:24',	'2021-10-23 03:06:24',	NULL);

CREATE TABLE `ref_kpi_category` (
  `kpi_category_id` int(11) NOT NULL AUTO_INCREMENT,
  `kpi_category_desc` varchar(50) NOT NULL,
  `created_by` int(11) DEFAULT NULL,
  `updated_by` int(11) DEFAULT NULL,
  `created_at` timestamp NULL DEFAULT NULL,
  `updated_at` timestamp NOT NULL DEFAULT CURRENT_TIMESTAMP,
  `deleted_at` timestamp NULL DEFAULT NULL,
  PRIMARY KEY (`kpi_category_id`),
  KEY `idx_kpicategory_createdby` (`created_by`),
  KEY `idx_kpicategory_updatedby` (`updated_by`)
) ENGINE=InnoDB DEFAULT CHARSET=latin1;

INSERT INTO `ref_kpi_category` (`kpi_category_id`, `kpi_category_desc`, `created_by`, `updated_by`, `created_at`, `updated_at`, `deleted_at`) VALUES
(1,	'BUSINESS PROCESS',	31,	31,	'2021-10-22 04:28:00',	'2021-10-22 04:28:59',	NULL),
(2,	'CUSTOMER',	31,	31,	'2021-10-22 04:29:23',	'2021-10-22 04:29:44',	NULL),
(3,	'FINANCIAL',	31,	31,	'2021-10-22 04:29:59',	'2021-10-22 04:29:59',	NULL),
(4,	'LEARNING & GROWTH',	31,	31,	'2021-10-22 04:30:13',	'2021-10-22 04:30:13',	NULL),
(5,	'TEST',	31,	31,	'2021-10-22 04:30:24',	'2021-10-22 04:30:24',	'2021-10-21 20:30:29');

CREATE TABLE `ref_location` (
  `location_id` int(11) NOT NULL AUTO_INCREMENT,
  `location_code` varchar(10) DEFAULT NULL,
  `location_desc` varchar(255) DEFAULT NULL,
  `created_by` int(11) DEFAULT NULL,
  `updated_by` int(11) DEFAULT NULL,
  `created_at` timestamp NULL DEFAULT NULL,
  `updated_at` timestamp NOT NULL DEFAULT CURRENT_TIMESTAMP,
  `deleted_at` timestamp NULL DEFAULT NULL,
  PRIMARY KEY (`location_id`)
) ENGINE=InnoDB DEFAULT CHARSET=latin1;

INSERT INTO `ref_location` (`location_id`, `location_code`, `location_desc`, `created_by`, `updated_by`, `created_at`, `updated_at`, `deleted_at`) VALUES
(1,	'KUL',	'KUALA LUMPUR',	2,	2,	'2019-03-20 13:40:51',	'2019-03-20 13:40:51',	NULL),
(2,	'LGK',	'LANGKAWI',	2,	2,	'2019-03-20 13:40:51',	'2019-03-20 13:40:51',	NULL),
(3,	'KCH',	'KUCHING',	2,	2,	'2019-03-20 13:40:51',	'2019-03-20 13:40:51',	NULL),
(4,	'PEN',	'PENANG',	2,	2,	'2019-03-20 13:40:51',	'2019-03-20 13:40:51',	NULL),
(5,	'BKI',	'KOTA KINABALU',	2,	2,	'2019-03-20 13:40:51',	'2019-03-20 13:40:51',	NULL),
(6,	'JHB',	'JOHOR BAHRU',	2,	2,	'2019-03-20 13:40:51',	'2019-03-20 13:40:51',	NULL),
(7,	'SZB',	'SUBANG',	2,	2,	'2019-03-20 13:40:51',	'2019-03-20 13:40:51',	NULL),
(8,	'AOR',	'ALOR SETAR',	2,	2,	'2019-03-20 13:40:51',	'2019-03-20 13:40:51',	NULL),
(9,	'KBR',	'KOTA BHARU',	2,	2,	'2019-03-20 13:40:51',	'2019-03-20 13:40:51',	NULL),
(10,	'TGG',	'KUALA TERENGGANU',	2,	2,	'2019-03-20 13:40:51',	'2019-03-20 13:40:51',	NULL),
(11,	'IPH',	'IPOH',	2,	2,	'2019-03-20 13:40:51',	'2019-03-20 13:40:51',	NULL),
(12,	'KUA',	'KUANTAN',	2,	2,	'2019-03-20 13:40:51',	'2019-03-20 13:40:51',	NULL),
(13,	'SBW',	'SIBU',	2,	2,	'2019-03-20 13:40:51',	'2019-03-20 13:40:51',	NULL),
(14,	'SDK',	'SANDAKAN',	2,	2,	'2019-03-20 13:40:51',	'2019-03-20 13:40:51',	NULL),
(15,	'TWU',	'TAWAU',	2,	2,	'2019-03-20 13:40:51',	'2019-03-20 13:40:51',	NULL),
(16,	'MYY',	'MIRI',	2,	2,	'2019-03-20 13:40:51',	'2019-03-20 13:40:51',	NULL),
(17,	'LDU',	'LAHAD DATU',	46,	46,	'2019-05-10 18:39:19',	'2019-05-10 18:39:19',	NULL),
(18,	'SIN',	'CANGI, SINGAPORE',	46,	46,	'2019-05-21 13:12:58',	'2019-06-20 14:13:08',	NULL),
(19,	'XSP',	'SELETAR, SINGAPORE',	46,	46,	'2019-06-20 14:12:45',	'2019-06-20 14:13:21',	NULL),
(20,	'MZV',	'MULU, SARAWAK',	46,	46,	'2019-07-15 16:39:59',	'2019-07-15 16:39:59',	NULL),
(21,	'LBU',	'LABUAN',	46,	46,	'2019-07-15 16:40:17',	'2019-07-15 16:40:17',	NULL),
(22,	'PEK',	'BEIJING, CHINA',	46,	46,	'2019-08-07 12:26:23',	'2019-08-07 12:26:23',	NULL),
(23,	'LHR',	'LONDON, UNITED KINGDOM',	46,	46,	'2019-08-08 12:44:01',	'2019-08-09 16:09:08',	NULL),
(24,	'SYD',	'SYDNEY, AU',	46,	46,	'2019-08-09 16:04:43',	'2019-08-09 16:09:45',	NULL),
(25,	'SCL',	'SANTIAGO, CHILE',	46,	46,	'2019-08-09 16:17:03',	'2019-08-09 16:17:03',	NULL),
(26,	'PMC',	'PUERTO MONTT, CHILE',	46,	46,	'2019-08-09 16:18:58',	'2019-08-09 16:18:58',	NULL),
(27,	'BTU',	'BINTULU, SARAWAK',	46,	46,	'2019-08-28 15:45:34',	'2019-08-28 15:45:34',	NULL),
(28,	'TPE',	'TAIPEI , TAIWAN CHINA',	46,	46,	'2019-09-30 19:13:36',	'2019-09-30 19:13:36',	NULL),
(29,	'CTU',	'CHENGDU, CHINA',	46,	46,	'2019-10-01 12:23:49',	'2019-10-01 12:23:49',	NULL),
(30,	'LMN',	'LIMBANG, SARAWAK',	53,	53,	'2019-10-01 14:58:07',	'2019-10-01 14:58:07',	NULL),
(31,	'MKM',	'MUKAH, SARAWAK',	53,	53,	'2019-10-01 14:59:14',	'2019-10-01 14:59:14',	NULL),
(32,	'VTE',	'VIENTIANE, LAOS',	71,	71,	'2019-10-07 21:09:34',	'2019-10-07 21:09:34',	NULL),
(33,	'BKK',	'SURVARNABHUMI AIRPORT, THAILAND',	71,	71,	'2019-10-07 21:14:16',	'2019-10-07 21:14:16',	NULL),
(34,	'DMK',	'DON MUEANG INTERNATIONAL AIRPORT, THAILAND',	71,	71,	'2019-10-07 21:15:28',	'2019-10-07 21:15:28',	NULL),
(35,	'ICN',	'SEOUL, KOREA',	46,	46,	'2019-11-13 15:16:13',	'2019-11-13 15:16:13',	NULL),
(36,	'CDG',	'PARIS, CHARLES DE GAULLE',	46,	46,	'2019-11-20 15:59:01',	'2019-11-20 15:59:01',	NULL),
(37,	'NRT',	'TOKYO, JEPUN',	46,	46,	'2020-01-10 21:11:36',	'2020-01-10 21:11:36',	NULL),
(38,	'MEL',	'MELBOURNE, AUSTRALIA',	46,	46,	'2020-02-28 08:20:52',	'2020-02-28 08:20:52',	NULL),
(39,	'NAN',	'NADI,FIJI',	46,	46,	'2020-02-28 08:21:22',	'2020-02-28 08:21:22',	NULL);

CREATE TABLE `ref_meeting_type` (
  `meeting_type_id` int(11) NOT NULL AUTO_INCREMENT,
  `meeting_type_desc` varchar(255) DEFAULT NULL,
  `running_no` int(11) NOT NULL DEFAULT '0',
  `created_by` int(11) DEFAULT NULL,
  `updated_by` int(11) DEFAULT NULL,
  `created_at` timestamp NULL DEFAULT NULL,
  `updated_at` timestamp NOT NULL DEFAULT CURRENT_TIMESTAMP,
  `deleted_at` timestamp NULL DEFAULT NULL,
  PRIMARY KEY (`meeting_type_id`),
  KEY `idx_meetingtype_createdby` (`created_by`),
  KEY `idx_meetingtype_updatedby` (`updated_by`)
) ENGINE=InnoDB DEFAULT CHARSET=latin1;

INSERT INTO `ref_meeting_type` (`meeting_type_id`, `meeting_type_desc`, `running_no`, `created_by`, `updated_by`, `created_at`, `updated_at`, `deleted_at`) VALUES
(1,	'MESYUARAT SEBUT HARGA A',	0,	31,	31,	'2020-10-14 03:12:38',	'2020-10-14 03:12:38',	NULL),
(2,	'MESYUARAT SEBUT HARGA B',	0,	31,	31,	'2020-10-14 03:13:00',	'2020-10-14 03:13:00',	NULL);

CREATE TABLE `ref_meeting_year` (
  `meeting_year_id` int(11) NOT NULL AUTO_INCREMENT,
  `meeting_type_id` int(11) NOT NULL,
  `running_no` int(11) NOT NULL DEFAULT '1',
  `meeting_year` char(4) NOT NULL,
  `created_at` timestamp NULL DEFAULT NULL,
  `updated_at` timestamp NOT NULL DEFAULT CURRENT_TIMESTAMP,
  `deleted_at` timestamp NULL DEFAULT NULL,
  PRIMARY KEY (`meeting_year_id`),
  KEY `idx_meetingyear_meetingtypeid_year` (`meeting_type_id`,`meeting_year`)
) ENGINE=InnoDB DEFAULT CHARSET=utf8mb4;

INSERT INTO `ref_meeting_year` (`meeting_year_id`, `meeting_type_id`, `running_no`, `meeting_year`, `created_at`, `updated_at`, `deleted_at`) VALUES
(1,	2,	10,	'2020',	'2020-11-26 06:22:19',	'2020-11-26 06:22:19',	NULL),
(2,	1,	10,	'2020',	'2020-10-14 03:59:36',	'2020-10-14 03:59:36',	NULL);

CREATE TABLE `ref_other_system` (
  `other_system_id` int(11) NOT NULL AUTO_INCREMENT,
  `system_desc` varchar(200) DEFAULT NULL,
  `system_url` varchar(200) DEFAULT NULL,
  `autoauth_url` varchar(200) DEFAULT NULL,
  `authrecord_url` varchar(200) DEFAULT NULL,
  `dbconn_name` varchar(200) DEFAULT NULL,
  `app_key` varchar(255) DEFAULT NULL,
  `created_by` int(11) DEFAULT NULL,
  `updated_by` int(11) DEFAULT NULL,
  `created_at` timestamp NULL DEFAULT NULL,
  `updated_at` timestamp NOT NULL DEFAULT CURRENT_TIMESTAMP,
  `deleted_at` timestamp NULL DEFAULT NULL,
  PRIMARY KEY (`other_system_id`),
  KEY `idx_othersystem_createdby` (`created_by`),
  KEY `idx_othersystem_updatedby` (`updated_by`)
) ENGINE=InnoDB DEFAULT CHARSET=latin1;

INSERT INTO `ref_other_system` (`other_system_id`, `system_desc`, `system_url`, `autoauth_url`, `authrecord_url`, `dbconn_name`, `app_key`, `created_by`, `updated_by`, `created_at`, `updated_at`, `deleted_at`) VALUES
(1,	'Sistem eRO',	'http://spp2.mpc.gov.my/',	NULL,	'http://spp2.mpc.gov.my/authrecord/',	'mysql_ero_prod',	'WbZ9A1IySqyMP63ch27cfWyQoWrfmyVpGjjjGCrPedw=',	NULL,	NULL,	'2021-06-05 21:42:33',	'2021-06-05 21:42:33',	NULL),
(2,	'Sistem eISO',	'http://spp.mpc.gov.my/',	NULL,	'http://spp.mpc.gov.my/authrecord/',	'sqlsvr_iso_prod',	'Lt/0QC0f8pSQ7dUCcOUecZReGP5MxemJOK0irq9pUBI=',	NULL,	NULL,	'2021-06-05 21:42:33',	'2021-06-05 21:42:33',	NULL);

CREATE TABLE `ref_payment_method` (
  `payment_method_id` int(11) NOT NULL AUTO_INCREMENT,
  `payment_method_desc` varchar(150) NOT NULL,
  `created_at` timestamp NULL DEFAULT NULL,
  `updated_at` timestamp NOT NULL DEFAULT CURRENT_TIMESTAMP,
  `deleted_at` timestamp NULL DEFAULT NULL,
  PRIMARY KEY (`payment_method_id`)
) ENGINE=InnoDB DEFAULT CHARSET=latin1;

INSERT INTO `ref_payment_method` (`payment_method_id`, `payment_method_desc`, `created_at`, `updated_at`, `deleted_at`) VALUES
(1,	'Kad Kredit',	'2019-03-23 19:32:36',	'2019-03-23 19:32:36',	NULL),
(2,	'Waran',	'2019-03-23 19:32:43',	'2019-03-23 19:32:43',	NULL);

CREATE TABLE `ref_pembangunan` (
  `pembangunan_id` int(11) NOT NULL AUTO_INCREMENT,
  `pembangunan_desc` varchar(255) DEFAULT NULL,
  `created_by` int(11) DEFAULT NULL,
  `updated_by` int(11) DEFAULT NULL,
  `created_at` timestamp NULL DEFAULT NULL,
  `updated_at` timestamp NOT NULL DEFAULT CURRENT_TIMESTAMP,
  `deleted_at` timestamp NULL DEFAULT NULL,
  PRIMARY KEY (`pembangunan_id`)
) ENGINE=InnoDB DEFAULT CHARSET=latin1;

INSERT INTO `ref_pembangunan` (`pembangunan_id`, `pembangunan_desc`, `created_by`, `updated_by`, `created_at`, `updated_at`, `deleted_at`) VALUES
(1,	'NPDIR',	2,	2,	'2019-03-21 19:39:55',	'2019-03-21 19:39:55',	NULL),
(2,	'PPE',	2,	2,	'2019-03-21 19:40:05',	'2019-03-21 19:40:05',	'2019-04-15 07:21:08'),
(3,	'MBR',	2,	2,	'2019-03-21 19:40:09',	'2019-03-21 19:40:09',	NULL),
(4,	'PTPS',	2,	2,	'2019-03-21 19:40:22',	'2019-03-21 19:40:22',	NULL),
(5,	'TEST123 DDDD',	355,	355,	'2019-04-12 23:06:59',	'2019-04-12 23:07:06',	'2019-04-12 15:07:10'),
(6,	'T5-MPB',	46,	46,	'2019-04-15 15:21:35',	'2019-04-15 15:21:35',	NULL),
(7,	'NTM',	46,	46,	'2019-04-15 15:21:55',	'2019-04-15 15:21:55',	NULL),
(8,	'PKP',	46,	46,	'2019-04-15 15:22:04',	'2019-04-15 15:22:04',	NULL),
(9,	'SPN TOURISM',	46,	46,	'2019-04-15 15:22:29',	'2019-04-15 15:22:29',	NULL),
(10,	'SPN RETAIL',	46,	46,	'2019-04-15 15:24:16',	'2019-04-15 15:24:16',	NULL),
(11,	'SPN CHEMICAL',	46,	46,	'2019-04-15 15:24:40',	'2019-04-15 15:24:40',	NULL),
(12,	'SPN E & E',	46,	46,	'2019-04-15 15:24:59',	'2019-04-15 15:24:59',	NULL),
(13,	'SPN M & E',	46,	46,	'2019-04-15 15:25:15',	'2019-04-15 15:25:15',	NULL),
(14,	'SPN AGROFOOD',	46,	46,	'2019-04-15 15:25:34',	'2019-04-15 15:25:34',	NULL),
(15,	'SPN HEALTHCARE',	46,	46,	'2019-04-15 15:25:44',	'2019-04-15 15:25:44',	NULL),
(16,	'SPN PROF SERV',	46,	46,	'2019-04-15 15:26:01',	'2019-04-15 15:26:01',	NULL),
(17,	'SPN ICT',	46,	46,	'2019-04-15 15:26:21',	'2019-04-15 15:26:21',	NULL),
(18,	'SPPE',	46,	46,	'2019-07-26 19:20:19',	'2019-07-26 19:20:19',	NULL),
(19,	'CCI',	46,	46,	'2019-07-26 20:53:35',	'2019-07-26 20:53:35',	NULL),
(20,	'KLEMS - TFP',	46,	46,	'2019-07-26 20:53:52',	'2019-07-26 20:53:52',	NULL),
(21,	'EIIP',	46,	46,	'2019-07-26 20:54:02',	'2019-07-26 20:54:02',	NULL),
(22,	'MPB-EEPN',	46,	46,	'2019-07-26 20:54:21',	'2019-07-26 20:54:21',	NULL),
(23,	'MPB-CCPPN',	46,	46,	'2019-07-26 20:56:50',	'2019-07-26 20:56:50',	NULL),
(24,	'MPB-RFBPN',	46,	46,	'2019-07-26 20:57:08',	'2019-07-26 20:57:08',	NULL),
(25,	'MPB-TPN',	46,	46,	'2019-07-26 20:57:27',	'2019-07-26 20:57:27',	NULL),
(26,	'MPB AFPN',	46,	46,	'2019-07-26 20:57:41',	'2019-07-26 20:57:41',	NULL),
(27,	'MPB MEPN',	46,	46,	'2019-07-26 20:57:54',	'2019-07-26 20:57:54',	NULL),
(28,	'MPB PS',	46,	46,	'2019-07-26 20:58:05',	'2019-07-26 20:58:05',	NULL),
(29,	'MPB PH',	46,	46,	'2019-07-26 20:58:16',	'2019-07-26 20:58:16',	NULL),
(30,	'MPB ICTPN',	46,	46,	'2019-10-30 14:27:13',	'2019-10-30 14:27:13',	NULL),
(31,	'HRD',	46,	46,	'2019-11-12 14:09:57',	'2019-11-12 14:09:57',	NULL),
(32,	'BI (BEHAVIORAL INSIGHTS)',	46,	46,	'2020-01-21 15:26:54',	'2020-01-21 15:26:54',	NULL);

CREATE TABLE `ref_permohonan_doc` (
  `permohonan_doc_id` int(11) NOT NULL AUTO_INCREMENT,
  `permohonan_doc_desc` varchar(200) DEFAULT NULL,
  `sort` int(11) DEFAULT NULL,
  `active_status` int(11) NOT NULL DEFAULT '1',
  `created_at` timestamp NULL DEFAULT NULL,
  `updated_at` timestamp NOT NULL DEFAULT CURRENT_TIMESTAMP,
  `deleted_at` timestamp NULL DEFAULT NULL,
  PRIMARY KEY (`permohonan_doc_id`)
) ENGINE=InnoDB DEFAULT CHARSET=latin1;

INSERT INTO `ref_permohonan_doc` (`permohonan_doc_id`, `permohonan_doc_desc`, `sort`, `active_status`, `created_at`, `updated_at`, `deleted_at`) VALUES
(1,	'BOM',	4,	1,	'2020-07-23 10:13:10',	'2020-07-23 10:13:10',	NULL),
(2,	'LPO untuk Pembekal',	1,	1,	'2020-07-23 10:13:19',	'2020-07-23 10:13:19',	NULL),
(3,	'Sebut Harga',	5,	1,	'2020-07-23 10:13:29',	'2020-07-23 10:13:29',	NULL),
(4,	'Keratan Minit Kelulusan BOM',	6,	1,	'2020-07-23 10:13:39',	'2020-07-23 10:13:39',	NULL),
(5,	'Anggaran perbelanjaan BOM yang diluluskan',	7,	1,	'2020-07-23 10:13:48',	'2020-07-23 10:13:48',	NULL),
(6,	'Sijil GST (Wajib)',	8,	1,	'2020-07-23 10:14:01',	'2020-07-23 10:14:01',	NULL),
(7,	'Lantikan perunding/ penceramah Tempatan/ Luar Negara (attachmentb)',	12,	0,	'2020-07-23 10:14:44',	'2020-07-23 10:14:44',	NULL),
(8,	'Kelulusan Kementerian Kewangan (MOF)',	13,	1,	'2020-07-23 10:14:54',	'2020-07-23 10:14:54',	NULL),
(9,	'PLPS',	14,	1,	'2020-07-23 10:15:27',	'2020-07-23 10:15:27',	NULL),
(10,	'Surat Setuju Terima (SST) (Wajib)',	15,	1,	'2020-07-23 10:15:36',	'2020-07-23 10:15:36',	NULL),
(11,	'Surat Lantikan (Wajib)',	16,	1,	'2020-07-23 10:15:47',	'2020-07-23 10:15:47',	NULL),
(12,	'Jadual Pembayaran',	17,	1,	'2020-07-23 10:15:54',	'2020-07-23 10:15:54',	NULL),
(13,	'Terms of Reference (TOR)',	18,	1,	'2020-07-23 10:16:02',	'2020-07-23 10:16:02',	NULL),
(14,	'Borang Lampiran B (sekiranya menggunakan khidmat kakitangan kerajaan)',	19,	1,	'2020-07-23 10:16:09',	'2020-07-23 10:16:09',	NULL),
(15,	'Invois (bagi bayaran yang dibuat secara telegraphic transfer (TT) kepada pembekal di luar negara)',	20,	1,	'2020-07-23 10:16:20',	'2020-07-23 10:16:20',	NULL),
(16,	'Perolehan melalui Sebut harga B (> RM20K) / Sebut harga A (> RM50K) / Tender (>RM500K) (attachmentc)',	21,	0,	'2020-07-23 10:16:29',	'2020-07-23 10:16:29',	NULL),
(17,	'Surat Setuju Terima (SST) (Perolehan melalui Sebut harga B (> RM20K) / Sebut harga A (> RM50K) / Tender (>RM500K))',	22,	1,	'2020-07-23 10:16:41',	'2020-07-23 10:16:41',	NULL),
(18,	'Keputusan Mesyuarat sebut harga/ Lembaga Perolehan',	23,	1,	'2020-07-23 10:16:50',	'2020-07-23 10:16:50',	NULL),
(19,	'Surat Lantikan (Perolehan melalui Sebut harga B (> RM20K) / Sebut harga A (> RM50K) / Tender (>RM500K))',	24,	1,	'2020-07-23 10:16:57',	'2020-07-23 10:16:57',	NULL),
(20,	'Teknikal / Penyelenggaraan (attachmentd)',	25,	0,	'2020-07-23 10:17:03',	'2020-07-23 10:17:03',	NULL),
(21,	'Laporan penyelenggaraan yang disahkan',	26,	1,	'2020-07-23 10:17:11',	'2020-07-23 10:17:11',	NULL),
(22,	'Kontrak (Salinan)',	27,	1,	'2020-07-23 10:17:17',	'2020-07-23 10:17:17',	NULL),
(23,	'Makanan (attachmente)',	28,	0,	'2020-07-23 10:17:24',	'2020-07-23 10:17:24',	NULL),
(24,	'Senarai nama peserta bengkel/ ceramah/ taklimat',	29,	1,	'2020-07-23 10:17:32',	'2020-07-23 10:17:32',	NULL),
(25,	'Tentatif program',	30,	1,	'2020-07-23 10:17:40',	'2020-07-23 10:17:40',	NULL),
(26,	'Penginapan Hotel/Tiket Penerbangan (attachmenta)',	9,	0,	'2020-07-23 10:14:09',	'2020-07-23 10:14:09',	NULL),
(27,	'Senarai Nama Penginap',	10,	1,	'2020-07-23 10:14:24',	'2020-07-23 10:14:24',	NULL),
(28,	'Senarai Nama Tiket Kapal Terbang',	11,	1,	'2020-07-23 10:14:40',	'2020-07-23 10:14:40',	NULL),
(30,	'LPO untuk Bhg Kewangan',	2,	1,	'2020-07-23 10:17:53',	'2020-07-23 10:17:53',	NULL),
(31,	'Invoice untuk Bhg Kewangan',	3,	1,	'2020-07-23 10:18:06',	'2020-07-23 10:18:06',	NULL);

CREATE TABLE `ref_program` (
  `program_id` int(11) NOT NULL AUTO_INCREMENT,
  `project_category_id` int(11) NOT NULL,
  `program_code` char(10) DEFAULT NULL,
  `program_desc` varchar(255) DEFAULT NULL,
  `created_by` int(11) DEFAULT NULL,
  `updated_by` int(11) DEFAULT NULL,
  `created_at` timestamp NULL DEFAULT NULL,
  `updated_at` timestamp NOT NULL DEFAULT CURRENT_TIMESTAMP,
  `deleted_at` timestamp NULL DEFAULT NULL,
  PRIMARY KEY (`program_id`),
  KEY `idx_program_main` (`project_category_id`),
  KEY `idx_program_code` (`program_code`),
  KEY `idx_program_createdby` (`created_by`),
  KEY `idx_program_updatedby` (`updated_by`)
) ENGINE=InnoDB DEFAULT CHARSET=latin1;

INSERT INTO `ref_program` (`program_id`, `project_category_id`, `program_code`, `program_desc`, `created_by`, `updated_by`, `created_at`, `updated_at`, `deleted_at`) VALUES
(1,	1,	'AG001',	'AMALAN BAIK PERATURAN (GRP)',	2,	2,	'2021-03-16 15:24:56',	'2021-03-16 15:24:56',	NULL),
(2,	1,	'AG002',	'REGULATORY PROPOSAL/ NOTIFICATION2',	2,	2,	'2021-03-16 15:24:56',	'2021-05-29 17:12:06',	NULL),
(3,	1,	'AG003',	'REGULATORY IMPACT ANALYSIS/ STATEMENT',	2,	2,	'2021-03-16 15:24:56',	'2021-03-16 15:24:56',	NULL),
(4,	1,	'AG004',	'PUBLIC CONSULTATION/ STAKEHOLDER CONSULTATION/ENGAGEMENT',	2,	2,	'2021-03-16 15:24:56',	'2021-03-16 15:24:56',	NULL),
(5,	1,	'AG005',	'COST BENEFIT ANALYSIS',	2,	2,	'2021-03-16 15:24:56',	'2021-03-16 15:24:56',	NULL),
(6,	1,	'AG006',	'IMPACT ANALYSIS',	2,	2,	'2021-03-16 15:24:56',	'2021-03-16 15:24:56',	NULL),
(7,	1,	'AG007',	'STANDARD COST MODEL',	2,	2,	'2021-03-16 15:24:56',	'2021-03-16 15:24:56',	NULL),
(8,	1,	'AG008',	'MEASURING REGULATORY/ COMPLIANCE COST',	2,	2,	'2021-03-16 15:24:56',	'2021-03-16 15:24:56',	NULL),
(9,	1,	'AG009',	'POST IMPLEMENTATION REVIEW',	2,	2,	'2021-03-16 15:24:56',	'2021-03-16 15:24:56',	NULL),
(10,	1,	'AG010',	'PERFORMANCE/ OUTCOME-BASED REGULATION',	2,	2,	'2021-03-16 15:24:56',	'2021-03-16 15:24:56',	NULL),
(11,	1,	'AG011',	'MANAGEMENT-BASED REGULATIONS',	2,	2,	'2021-03-16 15:24:56',	'2021-03-16 15:24:56',	NULL),
(12,	1,	'AG012',	'REGULATORY EXPERIMENTS',	2,	2,	'2021-03-16 15:24:56',	'2021-03-16 15:24:56',	NULL),
(13,	1,	'AG013',	'REGULATORY SANDBOX',	2,	2,	'2021-03-16 15:24:56',	'2021-03-16 15:24:56',	NULL),
(14,	1,	'AG014',	'ADAPTIVE REGULATION',	2,	2,	'2021-03-16 15:24:56',	'2021-03-16 15:24:56',	NULL),
(15,	1,	'AG015',	'COMPETITION IMPACT ANALYSIS',	2,	2,	'2021-03-16 15:24:56',	'2021-03-16 15:24:56',	NULL),
(16,	1,	'AG016',	'SMES IMPACT ANALYSIS',	2,	2,	'2021-03-16 15:24:56',	'2021-03-16 15:24:56',	NULL),
(17,	1,	'AG017',	'SOCIAL IMPACT ANALYSIS',	2,	2,	'2021-03-16 15:24:56',	'2021-03-16 15:24:56',	NULL),
(18,	1,	'AG018',	'ENVIRONMENT IMPACT ANALYSIS',	2,	2,	'2021-03-16 15:24:56',	'2021-03-16 15:24:56',	NULL),
(19,	1,	'AG019',	'POLICY IMPACT ANALYSIS',	2,	2,	'2021-03-16 15:24:56',	'2021-03-16 15:24:56',	NULL),
(20,	1,	'AG020',	'SELF-REGULATION',	2,	2,	'2021-03-16 15:24:56',	'2021-03-16 15:24:56',	NULL),
(21,	1,	'AG021',	'CO-REGULATION',	2,	2,	'2021-03-16 15:24:56',	'2021-03-16 15:24:56',	NULL),
(22,	1,	'AG022',	'RISK-BASED REGULATION',	2,	2,	'2021-03-16 15:24:56',	'2021-03-16 15:24:56',	NULL),
(23,	1,	'AG023',	'INTERNATIONAL REGULATORY COOPERATION',	2,	2,	'2021-03-16 15:24:56',	'2021-03-16 15:24:56',	NULL),
(24,	1,	'AG024',	'REGULATORY DELIVERY',	2,	2,	'2021-03-16 15:24:56',	'2021-03-16 15:24:56',	NULL),
(25,	1,	'AG025',	'AGILE REGULATION',	2,	2,	'2021-03-16 15:24:56',	'2021-03-16 15:24:56',	NULL),
(26,	1,	'AG026',	'REGULATORY-BASED TECHNOLOGY',	2,	2,	'2021-03-16 15:24:56',	'2021-03-16 15:24:56',	NULL),
(27,	1,	'AG027',	'REGULATORY POLICY/ SYSTEM MANAGEMENT (GOOD REGULATORY PRACTICE POLICY REGULATORY COORDINATOR ETC.)',	2,	2,	'2021-03-16 15:24:56',	'2021-03-16 15:24:56',	NULL),
(28,	1,	'AG028',	'MULTI CRITERIA ANALYSIS',	2,	2,	'2021-03-16 15:24:56',	'2021-03-16 15:24:56',	NULL),
(29,	1,	'AG029',	'COST EFFECTIVE ANALYSIS',	2,	2,	'2021-03-16 15:24:56',	'2021-03-16 15:24:56',	NULL),
(30,	1,	'AG030',	'REGULATORY GOVERNANCE',	2,	2,	'2021-03-16 15:24:56',	'2021-03-16 15:24:56',	NULL),
(31,	1,	'AG031',	'RISK-BASED ANALYSIS',	2,	2,	'2021-03-16 15:24:56',	'2021-03-16 15:24:56',	NULL),
(32,	1,	'AG032',	'INTERNATIONAL REGULATORY MANAGEMENT (EXAMPLE: ASIA-PACIFIC ECONOMIC COOPERATION (APEC) / ASSOCIATION OF SOUTHEAST ASIAN NATIONS (ASEAN) / ORGANISATION FOR ECONOMIC CO-OPERATION AND DEVELOPMENT (OECD)',	2,	2,	'2021-03-16 15:24:56',	'2021-03-16 15:24:56',	NULL),
(33,	1,	'AG033',	'CUTTING RED TAPE',	2,	2,	'2021-03-16 15:24:56',	'2021-03-16 15:24:56',	NULL),
(34,	1,	'AG034',	'REGULATORY MAPPING',	2,	2,	'2021-03-16 15:24:56',	'2021-03-16 15:24:56',	NULL),
(35,	1,	'AG035',	'REGULATORY FRAMEWORK',	2,	2,	'2021-03-16 15:24:56',	'2021-03-16 15:24:56',	NULL),
(36,	1,	'AG036',	'REGULATORY DESIGN',	2,	2,	'2021-03-16 15:24:56',	'2021-03-16 15:24:56',	NULL),
(37,	1,	'AG037',	'REVIEW EXISTING REGULATION',	2,	2,	'2021-03-16 15:24:56',	'2021-03-16 15:24:56',	NULL),
(38,	1,	'AG038',	'REGULATORY REFORM',	2,	2,	'2021-03-16 15:24:56',	'2021-03-16 15:24:56',	NULL),
(39,	1,	'AG039',	'NON -TARIFF MEASURES (NTM) REFORM',	2,	2,	'2021-03-16 15:24:56',	'2021-03-16 15:24:56',	NULL),
(40,	1,	'AG040',	'LICENSING REFORM',	2,	2,	'2021-03-16 15:24:57',	'2021-03-16 15:24:57',	NULL),
(41,	1,	'AG041',	'BUSINESS REGULATION',	2,	2,	'2021-03-16 15:24:57',	'2021-03-16 15:24:57',	NULL),
(42,	1,	'AG042',	'IMPROVE LICENSING TRANSPARENCY',	2,	2,	'2021-03-16 15:24:57',	'2021-03-16 15:24:57',	NULL),
(43,	1,	'AG043',	'BUSINESS LICENSING GUIDELINE',	2,	2,	'2021-03-16 15:24:57',	'2021-03-16 15:24:57',	NULL),
(44,	1,	'AG044',	'REDUCING REGULATORY BURDEN',	2,	2,	'2021-03-16 15:24:57',	'2021-03-16 15:24:57',	NULL),
(45,	1,	'AG045',	'MONITORING & EVALUATION FRAMEWORK',	2,	2,	'2021-03-16 15:24:57',	'2021-03-16 15:24:57',	NULL),
(46,	1,	'AG046',	'DEREGULATION',	2,	2,	'2021-03-16 15:24:57',	'2021-03-16 15:24:57',	NULL),
(47,	1,	'AG047',	'ANALYSIS VERIFICATION',	2,	2,	'2021-03-16 15:24:57',	'2021-03-16 15:24:57',	NULL),
(48,	1,	'AG048',	'ISSUE PAPER',	2,	2,	'2021-03-16 15:24:57',	'2021-03-16 15:24:57',	NULL),
(49,	1,	'AG049',	'LAW',	2,	2,	'2021-03-16 15:24:57',	'2021-03-16 15:24:57',	NULL),
(50,	1,	'AG050',	'ECONOMY',	2,	2,	'2021-03-16 15:24:57',	'2021-03-16 15:24:57',	NULL),
(51,	1,	'AG051',	'HEALTHCARE',	2,	2,	'2021-03-16 15:24:57',	'2021-03-16 15:24:57',	NULL),
(52,	1,	'AG052',	'CONSTRUCTION',	2,	2,	'2021-03-16 15:24:57',	'2021-03-16 15:24:57',	NULL),
(53,	1,	'AG053',	'LABOUR',	2,	2,	'2021-03-16 15:24:57',	'2021-03-16 15:24:57',	NULL),
(54,	1,	'AG054',	'IMMIGRATION',	2,	2,	'2021-03-16 15:24:57',	'2021-03-16 15:24:57',	NULL),
(55,	1,	'AG055',	'TOURISM',	2,	2,	'2021-03-16 15:24:57',	'2021-03-16 15:24:57',	NULL),
(56,	1,	'AG056',	'DIGITAL',	2,	2,	'2021-03-16 15:24:57',	'2021-03-16 15:24:57',	NULL),
(57,	2,	'AB057',	'BEHAVIOURAL INSIGHTS FRAMEWORK CRITERIA: DEFINE',	2,	2,	'2021-03-16 15:24:57',	'2021-03-16 15:24:57',	NULL),
(58,	2,	'AB058',	'BEHAVIOURAL INSIGHTS FRAMEWORK CRITERIA: RESEARCH',	2,	2,	'2021-03-16 15:24:57',	'2021-03-16 15:24:57',	NULL),
(59,	2,	'AB059',	'BEHAVIOURAL INSIGHTS FRAMEWORK CRITERIA: INTERVENTION',	2,	2,	'2021-03-16 15:24:57',	'2021-03-16 15:24:57',	NULL),
(60,	2,	'AB060',	'BEHAVIOURAL INSIGHTS FRAMEWORK CRITERIA: VALIDATE',	2,	2,	'2021-03-16 15:24:57',	'2021-03-16 15:24:57',	NULL),
(61,	2,	'AB061',	'BEHAVIOURAL INSIGHTS FRAMEWORK CRITERIA: EXPAND',	2,	2,	'2021-03-16 15:24:57',	'2021-03-16 15:24:57',	NULL),
(62,	2,	'AB062',	'BEHAVIOURAL INSIGHTS GUIDELINES',	2,	2,	'2021-03-16 15:24:57',	'2021-03-16 15:24:57',	NULL),
(63,	2,	'AB063',	'BEHAVIOURAL INSIGHTS BENCHMARKING PROJECT',	2,	2,	'2021-03-16 15:24:57',	'2021-03-16 15:24:57',	NULL),
(64,	2,	'AB064',	'BEHAVIOURAL INSIGHTS BASELINE STUDY',	2,	2,	'2021-03-16 15:24:57',	'2021-03-16 15:24:57',	NULL),
(65,	2,	'AB065',	'BEHAVIOURAL INSIGHTS CONFERENCE/ WORKSHOP/SEMINAR/ RTD/ FGD',	2,	2,	'2021-03-16 15:24:57',	'2021-03-16 15:24:57',	NULL),
(66,	2,	'AB066',	'BEHAVIOURAL INSIGHTS TRAINING MODULE - BEGINNER',	2,	2,	'2021-03-16 15:24:57',	'2021-03-16 15:24:57',	NULL),
(67,	2,	'AB067',	'BEHAVIOURAL INSIGHTS TRAINING MODULE - INTERMEDIATE',	2,	2,	'2021-03-16 15:24:57',	'2021-03-16 15:24:57',	NULL),
(68,	2,	'AB068',	'BEHAVIOURAL INSIGHTS TRAINING MODULE - ADVANCED',	2,	2,	'2021-03-16 15:24:57',	'2021-03-16 15:24:57',	NULL),
(69,	2,	'AB069',	'COMPETENCY DEVELOPMENT FOR BEHAVIOURAL - INSIGHTS PRACTITIONERS',	2,	2,	'2021-03-16 15:24:57',	'2021-03-16 15:24:57',	NULL),
(70,	2,	'AB070',	'COMPETENCY DEVELOPMENT FOR BEHAVIOURAL - INSIGHTS TRAINERS/ CONSULTANTS',	2,	2,	'2021-03-16 15:24:57',	'2021-03-16 15:24:57',	NULL),
(71,	2,	'AB071',	'BEHAVIOURAL INSIGHTS TOOLKITS',	2,	2,	'2021-03-16 15:24:57',	'2021-03-16 15:24:57',	NULL),
(72,	2,	'AB072',	'DATA PROFILING DOCUMENTATION FOR BEHAVIOURAL - INSIGHTS',	2,	2,	'2021-03-16 15:24:57',	'2021-03-16 15:24:57',	NULL),
(73,	2,	'AB073',	'BEHAVIOURAL INSIGHTS DOCUMENTATION FOR GOVERNMENT',	2,	2,	'2021-03-16 15:24:57',	'2021-03-16 15:24:57',	NULL),
(74,	2,	'AB074',	'BEHAVIOURAL INSIGHTS PROJECT MANAGEMENT',	2,	2,	'2021-03-16 15:24:57',	'2021-03-16 15:24:57',	NULL),
(75,	2,	'AB075',	'APPLICATION OF NUDGE THEORY',	2,	2,	'2021-03-16 15:24:57',	'2021-03-16 15:24:57',	NULL),
(76,	3,	'AC076',	'ECONOMIC PERFORMANCE: DOMESTIC ECONOMY',	2,	2,	'2021-03-16 15:24:57',	'2021-03-16 15:24:57',	NULL),
(77,	3,	'AC077',	'ECONOMIC PERFORMANCE: INTERNATIONAL TRADE',	2,	2,	'2021-03-16 15:24:57',	'2021-03-16 15:24:57',	NULL),
(78,	3,	'AC078',	'ECONOMIC PERFORMANCE: INTERNATIONAL INVESTMENT',	2,	2,	'2021-03-16 15:24:57',	'2021-03-16 15:24:57',	NULL),
(79,	3,	'AC079',	'ECONOMIC PERFORMANCE: EMPLOYMENT',	2,	2,	'2021-03-16 15:24:57',	'2021-03-16 15:24:57',	NULL),
(80,	3,	'AC080',	'ECONOMIC PERFORMANCE: PRICES',	2,	2,	'2021-03-16 15:24:57',	'2021-03-16 15:24:57',	NULL),
(81,	3,	'AC081',	'GOVERNMENT EFFICIENCY: PUBLIC FINANCE',	2,	2,	'2021-03-16 15:24:57',	'2021-03-16 15:24:57',	NULL),
(82,	3,	'AC082',	'GOVERNMENT EFFICIENCY: TAX POLICY',	2,	2,	'2021-03-16 15:24:57',	'2021-03-16 15:24:57',	NULL),
(83,	3,	'AC083',	'GOVERNMENT EFFICIENCY: INSTITUTIONAL FRAMEWORK',	2,	2,	'2021-03-16 15:24:57',	'2021-03-16 15:24:57',	NULL),
(84,	3,	'AC084',	'GOVERNMENT EFFICIENCY: BUSINESS LEGISLATION',	2,	2,	'2021-03-16 15:24:57',	'2021-03-16 15:24:57',	NULL),
(85,	3,	'AC085',	'GOVERNMENT EFFICIENCY: SOCIETAL FRAMEWORK',	2,	2,	'2021-03-16 15:24:57',	'2021-03-16 15:24:57',	NULL),
(86,	3,	'AC086',	'BUSINESS EFFICIENCY: PRODUCTIVITY & EFFICIENCY',	2,	2,	'2021-03-16 15:24:57',	'2021-03-16 15:24:57',	NULL),
(87,	3,	'AC087',	'BUSINESS EFFICIENCY: LABOR MARKET',	2,	2,	'2021-03-16 15:24:57',	'2021-03-16 15:24:57',	NULL),
(88,	3,	'AC088',	'BUSINESS EFFICIENCY: FINANCE',	2,	2,	'2021-03-16 15:24:57',	'2021-03-16 15:24:57',	NULL),
(89,	3,	'AC089',	'BUSINESS EFFICIENCY: MANAGEMENT PRACTICES',	2,	2,	'2021-03-16 15:24:57',	'2021-03-16 15:24:57',	NULL),
(90,	3,	'AC090',	'BUSINESS EFFICIENCY: ATTITUDES & VALUES',	2,	2,	'2021-03-16 15:24:57',	'2021-03-16 15:24:57',	NULL),
(91,	3,	'AC091',	'INFRASTRUCTURE: BASIC INFRASTRUCTURE',	2,	2,	'2021-03-16 15:24:57',	'2021-03-16 15:24:57',	NULL),
(92,	3,	'AC092',	'INFRASTRUCTURE: TECHNOLOGICAL INFRASTRUCTURE',	2,	2,	'2021-03-16 15:24:57',	'2021-03-16 15:24:57',	NULL),
(93,	3,	'AC093',	'INFRASTRUCTURE: SCIENTIFIC INFRASTRUCTURE',	2,	2,	'2021-03-16 15:24:57',	'2021-03-16 15:24:57',	NULL),
(94,	3,	'AC094',	'INFRASTRUCTURE: HEALTH & ENVIRONMENT',	2,	2,	'2021-03-16 15:24:57',	'2021-03-16 15:24:57',	NULL),
(95,	3,	'AC095',	'INFRASTRUCTURE: EDUCATION',	2,	2,	'2021-03-16 15:24:57',	'2021-03-16 15:24:57',	NULL),
(96,	3,	'AC096',	'ENABLING ENVIRONMENT: INSTITUTIONS',	2,	2,	'2021-03-16 15:24:57',	'2021-03-16 15:24:57',	NULL),
(97,	3,	'AC097',	'ENABLING ENVIRONMENT: INFRASTRUCTURE',	2,	2,	'2021-03-16 15:24:57',	'2021-03-16 15:24:57',	NULL),
(98,	3,	'AC098',	'ENABLING ENVIRONMENT: ICT ADOPTION',	2,	2,	'2021-03-16 15:24:57',	'2021-03-16 15:24:57',	NULL),
(99,	3,	'AC099',	'ENABLING ENVIRONMENT: MACROECONOMIC STABILITY',	2,	2,	'2021-03-16 15:24:57',	'2021-03-16 15:24:57',	NULL),
(100,	3,	'AC100',	'HUMAN CAPITAL: HEALTH',	2,	2,	'2021-03-16 15:24:57',	'2021-03-16 15:24:57',	NULL),
(101,	3,	'AC101',	'HUMAN CAPITAL: SKILLS',	2,	2,	'2021-03-16 15:24:57',	'2021-03-16 15:24:57',	NULL),
(102,	3,	'AC102',	'MARKETS: PRODUCT MARKET',	2,	2,	'2021-03-16 15:24:57',	'2021-03-16 15:24:57',	NULL),
(103,	3,	'AC103',	'MARKETS: LABOR MARKET',	2,	2,	'2021-03-16 15:24:57',	'2021-03-16 15:24:57',	NULL),
(104,	3,	'AC104',	'MARKETS: FINANCIAL MARKET',	2,	2,	'2021-03-16 15:24:57',	'2021-03-16 15:24:57',	NULL),
(105,	3,	'AC105',	'MARKETS: MARKET SIZE',	2,	2,	'2021-03-16 15:24:57',	'2021-03-16 15:24:57',	NULL),
(106,	3,	'AC106',	'INNOVATION ECOSYSTEM: BUSINESS DYNAMISM',	2,	2,	'2021-03-16 15:24:57',	'2021-03-16 15:24:57',	NULL),
(107,	3,	'AC107',	'INNOVATION ECOSYSTEM: INNOVATION CAPABILITY',	2,	2,	'2021-03-16 15:24:57',	'2021-03-16 15:24:57',	NULL),
(108,	3,	'AC108',	'STARTING A BUSINESS',	2,	2,	'2021-03-16 15:24:57',	'2021-03-16 15:24:57',	NULL),
(109,	3,	'AC109',	'DEALING WITH CONSTRUCTION PERMITS',	2,	2,	'2021-03-16 15:24:57',	'2021-03-16 15:24:57',	NULL),
(110,	3,	'AC110',	'GETTING ELECTRICITY',	2,	2,	'2021-03-16 15:24:57',	'2021-03-16 15:24:57',	NULL),
(111,	3,	'AC111',	'REGISTERING PROPERTY',	2,	2,	'2021-03-16 15:24:57',	'2021-03-16 15:24:57',	NULL),
(112,	3,	'AC112',	'GETTING CREDIT',	2,	2,	'2021-03-16 15:24:57',	'2021-03-16 15:24:57',	NULL),
(113,	3,	'AC113',	'PROTECTING MINORITY INVESTORS',	2,	2,	'2021-03-16 15:24:57',	'2021-03-16 15:24:57',	NULL),
(114,	3,	'AC114',	'PAYING TAXES',	2,	2,	'2021-03-16 15:24:57',	'2021-03-16 15:24:57',	NULL),
(115,	3,	'AC115',	'TRADING ACROSS BORDERS',	2,	2,	'2021-03-16 15:24:57',	'2021-03-16 15:24:57',	NULL),
(116,	3,	'AC116',	'ENFORCING CONTRACTS',	2,	2,	'2021-03-16 15:24:57',	'2021-03-16 15:24:57',	NULL),
(117,	3,	'AC117',	'RESOLVING INSOLVENCY',	2,	2,	'2021-03-16 15:24:57',	'2021-03-16 15:24:57',	NULL),
(118,	3,	'AC118',	'EMPLOYING WORKERS',	2,	2,	'2021-03-16 15:24:57',	'2021-03-16 15:24:57',	NULL),
(119,	3,	'AC119',	'CONTRACTING WITH THE GOVERNMENT',	2,	2,	'2021-03-16 15:24:57',	'2021-03-16 15:24:57',	NULL),
(120,	3,	'AC120',	'E-PAYMENT',	2,	2,	'2021-03-16 15:24:57',	'2021-03-16 15:24:57',	NULL),
(121,	4,	'AE121',	'PRODUCTIVITY-LINKED WAGE SYSTEM ASSESSMENT TOOLS',	2,	2,	'2021-03-16 15:24:57',	'2021-03-16 15:24:57',	NULL),
(122,	4,	'AE122',	'PRODUCTIVITY-LINKED WAGE SYSTEM TRAINING MODULE – BEGINNER (IMPROVE PRODUCTIVITY THROUGH PRODUCTIVITY – LINKED WAGE SYSTEM (PLWS)',	2,	2,	'2021-03-16 15:24:57',	'2021-03-16 15:24:57',	NULL),
(123,	4,	'AE123',	'PRODUCTIVITY-LINKED WAGE SYSTEM – INTERMEDIATE (MASTER ON PRODUCTIVITY- LINKED WAGE SYSTEM (PLWS)',	2,	2,	'2021-03-16 15:24:57',	'2021-03-16 15:24:57',	NULL),
(124,	4,	'AE124',	'PRODUCTIVITY-LINKED WAGE SYSTEM – ADVANCED (CHAMPION ON PRODUCTIVITY-LINKED WAGE SYSTEM (PLWS)',	2,	2,	'2021-03-16 15:24:57',	'2021-03-16 15:24:57',	NULL),
(125,	4,	'AE125',	'CIRCULAR ECONOMY APPLICATION IN INDUSTRY',	2,	2,	'2021-03-16 15:24:57',	'2021-03-16 15:24:57',	NULL),
(126,	4,	'AE126',	'CIRCULAR ECONOMY & BUSINESS SUSTAINABILITY ASSESSMENT TOOLS',	2,	2,	'2021-03-16 15:24:57',	'2021-03-16 15:24:57',	NULL),
(127,	5,	'B001',	'BUSINESS EXCELLENCE CRITERIA: LEADERSHIP',	2,	2,	'2021-03-16 15:26:47',	'2021-03-16 15:26:47',	NULL),
(128,	5,	'B002',	'BUSINESS EXCELLENCE CRITERIA: PLANNING',	2,	2,	'2021-03-16 15:26:47',	'2021-03-16 15:26:47',	NULL),
(129,	5,	'B003',	'BUSINESS EXCELLENCE CRITERIA: INFORMATION',	2,	2,	'2021-03-16 15:26:47',	'2021-03-16 15:26:47',	NULL),
(130,	5,	'B004',	'BUSINESS EXCELLENCE CRITERIA: CUSTOMER',	2,	2,	'2021-03-16 15:26:47',	'2021-03-16 15:26:47',	NULL),
(131,	5,	'B005',	'BUSINESS EXCELLENCE CRITERIA: PEOPLE',	2,	2,	'2021-03-16 15:26:47',	'2021-03-16 15:26:47',	NULL),
(132,	5,	'B006',	'BUSINESS EXCELLENCE CRITERIA: PROCESS',	2,	2,	'2021-03-16 15:26:47',	'2021-03-16 15:26:47',	NULL),
(133,	5,	'B007',	'BENCHMARKING FOR BUSINESS EXCELLENCE',	2,	2,	'2021-03-16 15:26:47',	'2021-03-16 15:26:47',	NULL),
(134,	5,	'B008',	'AMALAN KAIZEN BAGI MENINGKATKAN KECEKAPAN PROSES',	2,	2,	'2021-03-16 15:26:47',	'2021-03-16 15:26:47',	NULL),
(135,	5,	'B009',	'ADVANCED KAIZEN',	2,	2,	'2021-03-16 15:26:47',	'2021-03-16 15:26:47',	NULL),
(136,	5,	'B010',	'CONTINUOUS IMPROVEMENT THROUGH KAIZEN',	2,	2,	'2021-03-16 15:26:47',	'2021-03-16 15:26:47',	NULL),
(137,	5,	'B011',	'PENGURUSAN LEAN/ LEAN MANUFACTURING',	2,	2,	'2021-03-16 15:26:47',	'2021-03-16 15:26:47',	NULL),
(138,	5,	'B012',	'LEAN SIX SIGMA',	2,	2,	'2021-03-16 15:26:47',	'2021-03-16 15:26:47',	NULL),
(139,	5,	'B013',	'VALUE STREAM MAPPING (VSM)',	2,	2,	'2021-03-16 15:26:47',	'2021-03-16 15:26:47',	NULL),
(140,	5,	'B014',	'MAPPING PROCESS PROBLEM AND SOLUTION',	2,	2,	'2021-03-16 15:26:47',	'2021-03-16 15:26:47',	NULL),
(141,	5,	'B015',	'STATISTICAL PROCESS CONTROL (SPC)',	2,	2,	'2021-03-16 15:26:47',	'2021-03-16 15:26:47',	NULL),
(142,	5,	'B016',	'TOTAL QUALITY MANAGEMENT (TQM)',	2,	2,	'2021-03-16 15:26:47',	'2021-03-16 15:26:47',	NULL),
(143,	5,	'B017',	'BALANCE SCORECARD',	2,	2,	'2021-03-16 15:26:48',	'2021-03-16 15:26:48',	NULL),
(144,	5,	'B018',	'PENGURUSAN KEWANGAN DAN ANALISIS PRODUKTIVITI',	2,	2,	'2021-03-16 15:26:48',	'2021-03-16 15:26:48',	NULL),
(145,	5,	'B019',	'AMALAN PERSEKITARAN BERKUALITI (5S/QE) YANG EFEKTIF',	2,	2,	'2021-03-16 15:26:48',	'2021-03-16 15:26:48',	NULL),
(146,	5,	'B020',	'AUDIT DALAMAN PERSEKITARAN BERKUALITI (5S/QE)',	2,	2,	'2021-03-16 15:26:48',	'2021-03-16 15:26:48',	NULL),
(147,	5,	'B021',	'KRITERIA AUDIT PERSEKITARAN BERKUALITI (5S/QE)',	2,	2,	'2021-03-16 15:26:48',	'2021-03-16 15:26:48',	NULL),
(148,	5,	'B022',	'5S SPECIALIST',	2,	2,	'2021-03-16 15:26:48',	'2021-03-16 15:26:48',	NULL),
(149,	5,	'B023',	'PENYEDIAAN DOKUMENTASI MANUAL 5S/QE',	2,	2,	'2021-03-16 15:26:48',	'2021-03-16 15:26:48',	NULL),
(150,	5,	'B024',	'DOKUMENTASI UNTUK PENGAUDITAN AMALAN 5S',	2,	2,	'2021-03-16 15:26:48',	'2021-03-16 15:26:48',	NULL),
(151,	5,	'B025',	'PENGURUSAN FAIL DAN REKOD MELALUI SISTEM 5S',	2,	2,	'2021-03-16 15:26:48',	'2021-03-16 15:26:48',	NULL),
(152,	5,	'B026',	'PENGURUSAN STOR & STOK MELALUI SISTEM 5S',	2,	2,	'2021-03-16 15:26:48',	'2021-03-16 15:26:48',	NULL),
(153,	5,	'B027',	'PENGURUSAN STOR & STOK YANG EFEKTIF',	2,	2,	'2021-03-16 15:26:48',	'2021-03-16 15:26:48',	NULL),
(154,	5,	'B028',	'PENGURUSAN PELUPUSAN FAIL DAN REKOD YANG TIDAK AKTIF',	2,	2,	'2021-03-16 15:26:48',	'2021-03-16 15:26:48',	NULL),
(155,	5,	'B029',	'BUSINESS EXCELLENCE FOR PRACTITIONER',	2,	2,	'2021-03-16 15:26:48',	'2021-03-16 15:26:48',	NULL),
(156,	5,	'B030',	'BUSINESS EXCELLENCE FOR ASSESSOR',	2,	2,	'2021-03-16 15:26:48',	'2021-03-16 15:26:48',	NULL),
(157,	5,	'B031',	'BUSINESS EXCELLENCE FOR CONSULTANT',	2,	2,	'2021-03-16 15:26:48',	'2021-03-16 15:26:48',	NULL),
(158,	5,	'B032',	'ORGANISATIONAL PROFILE FOR BUSINESS EXCELLENCE',	2,	2,	'2021-03-16 15:26:48',	'2021-03-16 15:26:48',	NULL),
(159,	5,	'B033',	'BUSINESS EXCELLENCE ASSESSMENT REPORT WRITING FOR ASSESSOR',	2,	2,	'2021-03-16 15:26:48',	'2021-03-16 15:26:48',	NULL),
(160,	5,	'B034',	'BUSINESS EXCELLENCE DOCUMENTATION FOR ORGANISATION',	2,	2,	'2021-03-16 15:26:48',	'2021-03-16 15:26:48',	NULL),
(161,	5,	'B035',	'BUSINESS EXCELLENCE DOCUMENTATION FOR AWARD APPLICANTS',	2,	2,	'2021-03-16 15:26:48',	'2021-03-16 15:26:48',	NULL),
(162,	5,	'B036',	'EFFECTIVE 5S AND LEAN MANAGEMENT IMPLEMENTATION FOR I4.0 ADOPTION',	2,	2,	'2021-03-16 15:26:48',	'2021-03-16 15:26:48',	NULL),
(163,	5,	'B037',	'KEY PERFORMANCE INDICATOR (KPI/KRA)',	2,	2,	'2021-03-16 15:26:48',	'2021-03-16 15:26:48',	NULL),
(164,	5,	'B038',	'PENGUKURAN PRODUKTIVITI (COMPASS)',	2,	2,	'2021-03-16 15:26:48',	'2021-03-16 15:26:48',	NULL),
(165,	5,	'B039',	'PRODUCTIVITY LINKED-WAGE SYSTEM (PLWS)',	2,	2,	'2021-03-16 15:26:48',	'2021-03-16 15:26:48',	NULL),
(166,	5,	'B040',	'TOTAL PREVENTIVE MAINTENANCE (TPM)',	2,	2,	'2021-03-16 15:26:48',	'2021-03-16 15:26:48',	NULL),
(167,	5,	'B041',	'MATERIAL FLOW COST ACCOUNTING (MFCA)',	2,	2,	'2021-03-16 15:26:48',	'2021-03-16 15:26:48',	NULL),
(168,	5,	'B042',	'FAILURE MODE & EFFECT ANALYSIS (FMEA)',	2,	2,	'2021-03-16 15:26:48',	'2021-03-16 15:26:48',	NULL),
(169,	5,	'B043',	'SUPPLY CHAIN SUSTAINABILITY',	2,	2,	'2021-03-16 15:26:48',	'2021-03-16 15:26:48',	NULL),
(170,	5,	'B044',	'SUSTAINABILITY IN BUSINESS PROCESS MANAGEMENT',	2,	2,	'2021-03-16 15:26:48',	'2021-03-16 15:26:48',	NULL),
(171,	5,	'B045',	'INDUSTRIAL SUSTAINABILITY',	2,	2,	'2021-03-16 15:26:48',	'2021-03-16 15:26:48',	NULL),
(172,	5,	'B046',	'EFFECTIVE COMMUNICATION FOR BUSINESS EXCELLENCE',	2,	2,	'2021-03-16 15:26:48',	'2021-03-16 15:26:48',	NULL),
(173,	5,	'B047',	'WORKSHOP ON REDUCING ORGANISATIONAL RISK THROUGH EFFECTIVE, RELIABLE DATA AND INFORMATION',	2,	2,	'2021-03-16 15:26:48',	'2021-03-16 15:26:48',	NULL),
(174,	5,	'B048',	'PROCESS IMPROVEMENT THROUGH LEAN TECHNIQUES',	2,	2,	'2021-03-16 15:26:48',	'2021-03-16 15:26:48',	NULL),
(175,	5,	'B049',	'ELIMINATING WASTES THROUGH LEAN PRACTICES',	2,	2,	'2021-03-16 15:26:48',	'2021-03-16 15:26:48',	NULL),
(176,	5,	'B050',	'IMPROVING QUALITY AND PRODUCTIVITY THROUGH LEAN PRODUCTION',	2,	2,	'2021-03-16 15:26:48',	'2021-03-16 15:26:48',	NULL),
(177,	5,	'B051',	'CERTIFIED PRODUCTIVITY SPECIALIST',	2,	2,	'2021-03-16 15:26:48',	'2021-03-16 15:26:48',	NULL),
(178,	5,	'B052',	'PRODUCTIVITY GAIN MEASUREMENT',	2,	2,	'2021-03-16 15:26:48',	'2021-03-16 15:26:48',	NULL),
(179,	5,	'B053',	'MASTERING “DESIGN THINKING” FOR HIGHER RESULT',	2,	2,	'2021-03-16 15:26:48',	'2021-03-16 15:26:48',	NULL),
(180,	5,	'B054',	'EFFECTIVE TOTAL PRODUCTIVE MAINTENANCE (TPM) FOR SMART MANUFACTURING',	2,	2,	'2021-03-16 15:26:48',	'2021-03-16 15:26:48',	NULL),
(181,	5,	'B055',	'RISK MANAGEMENT PROFILE AND CHANGE MANAGEMENT FOR BETTER GOVERNANCE',	2,	2,	'2021-03-16 15:26:48',	'2021-03-16 15:26:48',	NULL),
(182,	5,	'B056',	'WASTE & ROOT CAUSE ANALYSIS FOR LEAN MANAGEMENT IMPLEMENTATION',	2,	2,	'2021-03-16 15:26:48',	'2021-03-16 15:26:48',	NULL),
(183,	5,	'B057',	'ELIMINATING WASTES THROUGH PRODUCTIVITY TOOLS & TECHNIQUES',	2,	2,	'2021-03-16 15:26:48',	'2021-03-16 15:26:48',	NULL),
(184,	5,	'B058',	'ANALISA KOS DAN DASAR PENENTUAN HARGA',	2,	2,	'2021-03-16 15:26:48',	'2021-03-16 15:26:48',	NULL),
(185,	5,	'B059',	'STRATEGI MEMULAKAN PERNIAGAAN',	2,	2,	'2021-03-16 15:26:48',	'2021-03-16 15:26:48',	NULL),
(186,	5,	'B060',	'PEMBANGUNAN KEUSAHAWANAN',	2,	2,	'2021-03-16 15:26:48',	'2021-03-16 15:26:48',	NULL),
(187,	5,	'B061',	'STRATEGIC MARKETING',	2,	2,	'2021-03-16 15:26:48',	'2021-03-16 15:26:48',	NULL),
(188,	5,	'B062',	'LEARN MARKETING SKILLS',	2,	2,	'2021-03-16 15:26:48',	'2021-03-16 15:26:48',	NULL),
(189,	5,	'B063',	'MARKETING COMMUNICATION AND CONSUMER BEHAVIOUR',	2,	2,	'2021-03-16 15:26:48',	'2021-03-16 15:26:48',	NULL),
(190,	5,	'B064',	'STRATEGIC BRAND MANAGEMENT',	2,	2,	'2021-03-16 15:26:48',	'2021-03-16 15:26:48',	NULL),
(191,	5,	'B065',	'BRAND BUILDING STRATEGIES',	2,	2,	'2021-03-16 15:26:48',	'2021-03-16 15:26:48',	NULL),
(192,	5,	'B066',	'HOW TO BUILD YOUR PERSONAL BRAND',	2,	2,	'2021-03-16 15:26:48',	'2021-03-16 15:26:48',	NULL),
(193,	5,	'B067',	'AWARENESS ON CREATIVITY AND INNOVATION',	2,	2,	'2021-03-16 15:26:48',	'2021-03-16 15:26:48',	NULL),
(194,	5,	'B068',	'INNOVATION AND DESIGN THINKING',	2,	2,	'2021-03-16 15:26:48',	'2021-03-16 15:26:48',	NULL),
(195,	5,	'B069',	'STRATEGIC AND INNOVATION',	2,	2,	'2021-03-16 15:26:48',	'2021-03-16 15:26:48',	NULL),
(196,	5,	'B070',	'ENTREPRENEURSHIP AND INNOVATION',	2,	2,	'2021-03-16 15:26:48',	'2021-03-16 15:26:48',	NULL),
(197,	5,	'B071',	'PROBLEM SOLVING TECHNIQUE THROUGH ICC',	2,	2,	'2021-03-16 15:26:48',	'2021-03-16 15:26:48',	NULL),
(198,	5,	'B072',	'CREATIVE SOLUTION THROUGH ICC',	2,	2,	'2021-03-16 15:26:48',	'2021-03-16 15:26:48',	NULL),
(199,	5,	'B073',	'KEM ICC',	2,	2,	'2021-03-16 15:26:48',	'2021-03-16 15:26:48',	NULL),
(200,	5,	'B074',	'PROCESS IMPROVEMENT THROUGH ICC TOOLS',	2,	2,	'2021-03-16 15:26:48',	'2021-03-16 15:26:48',	NULL),
(201,	5,	'B075',	'ICC DOCUMENTATION',	2,	2,	'2021-03-16 15:26:48',	'2021-03-16 15:26:48',	NULL),
(202,	5,	'B076',	'JUDGING CRITERIA FOR ICC',	2,	2,	'2021-03-16 15:26:48',	'2021-03-16 15:26:48',	NULL),
(203,	5,	'B077',	'BENGKEL PENULISAN LAPORAN ICC',	2,	2,	'2021-03-16 15:26:48',	'2021-03-16 15:26:48',	NULL),
(204,	5,	'B078',	'INNOVATION IN SERVICES SECTOR',	2,	2,	'2021-03-16 15:26:48',	'2021-03-16 15:26:48',	NULL),
(205,	5,	'B079',	'TRIZ – THE THEORY OF INVENTING PROBLEM SOLVING',	2,	2,	'2021-03-16 15:26:48',	'2021-03-16 15:26:48',	NULL),
(206,	5,	'B080',	'OVERVIEW OF TRIZ TOOLS',	2,	2,	'2021-03-16 15:26:48',	'2021-03-16 15:26:48',	NULL),
(207,	5,	'B081',	'CREATIVE PROBLEM SOLVING AND INNOVATIVE THINKING THROUGH TRIZ',	2,	2,	'2021-03-16 15:26:48',	'2021-03-16 15:26:48',	NULL),
(208,	5,	'B082',	'PRODUCT INNOVATION AND MANAGEMENT',	2,	2,	'2021-03-16 15:26:48',	'2021-03-16 15:26:48',	NULL),
(209,	5,	'B083',	'LEADERSHIP SUSTAINABILITY',	2,	2,	'2021-03-16 15:26:48',	'2021-03-16 15:26:48',	NULL),
(210,	5,	'B084',	'SUSTAINABILITY CORPORATE RESPONSIBILITY TRAINING PROGRAM',	2,	2,	'2021-03-16 15:26:48',	'2021-03-16 15:26:48',	NULL),
(211,	5,	'B085',	'LEADERSHIP DEVELOPMENT TRAINING',	2,	2,	'2021-03-16 15:26:48',	'2021-03-16 15:26:48',	NULL),
(212,	5,	'B086',	'CHANGE MANAGEMENT TRAINING',	2,	2,	'2021-03-16 15:26:48',	'2021-03-16 15:26:48',	NULL),
(213,	5,	'B087',	'DEVELOPING LEADERSHIP SKILLS FOR WORKPLACE OF TOMORROW',	2,	2,	'2021-03-16 15:26:48',	'2021-03-16 15:26:48',	NULL),
(214,	5,	'B088',	'KEMAHIRAN PENGURUSAN BEKERJA DARI RUMAH (WFH)',	2,	2,	'2021-03-16 15:26:48',	'2021-03-16 15:26:48',	NULL),
(215,	5,	'B089',	'PENGURUSAN PENGAMBILAN MINIT MESYUARAT, PENULISAN SURAT DAN MEMO RASMI',	2,	2,	'2021-03-16 15:26:48',	'2021-03-16 15:26:48',	NULL),
(216,	5,	'B090',	'IMEJ DAN KETERAMPILAN',	2,	2,	'2021-03-16 15:26:48',	'2021-03-16 15:26:48',	NULL),
(217,	5,	'B091',	'PENGURUSAN PERKHIDMATAN PELANGGAN BERKUALITI DAN CEMERLANG DI KAUNTER',	2,	2,	'2021-03-16 15:26:48',	'2021-03-16 15:26:48',	NULL),
(218,	5,	'B092',	'LEADERSHIP WORKSHOP FOR SENIOR MANAGEMENT',	2,	2,	'2021-03-16 15:26:48',	'2021-03-16 15:26:48',	NULL),
(219,	5,	'B093',	'PSYCHOLOGICAL WELLBEING IN HANDLING STRESS AND WORKPLACE DEPRESSION',	2,	2,	'2021-03-16 15:26:48',	'2021-03-16 15:26:48',	NULL),
(220,	5,	'B094',	'PSYCHOLOGICAL WELLBEING IN DIGITAL ERA FOR ORGANISATIONAL EXCELLENCE',	2,	2,	'2021-03-16 15:26:48',	'2021-03-16 15:26:48',	NULL),
(221,	5,	'B095',	'POWER UP FOR LEADERS USING NLP',	2,	2,	'2021-03-16 15:26:48',	'2021-03-16 15:26:48',	NULL),
(222,	5,	'B096',	'BALANCING WORK AND LIFE WITH OPTIMUM PRODUCTIVITY',	2,	2,	'2021-03-16 15:26:48',	'2021-03-16 15:26:48',	NULL),
(223,	5,	'B097',	'NLP FOR EFFECTIVE COMMUNICATION IN ORGANISATION',	2,	2,	'2021-03-16 15:26:48',	'2021-03-16 15:26:48',	NULL),
(224,	5,	'B098',	'DIGITAL MARKETING/ PEMASARAN SECARA DIGITAL',	2,	2,	'2021-03-16 15:26:48',	'2021-03-16 15:26:48',	NULL),
(225,	5,	'B099',	'IMPROVING PROCESS AND QUALITY THROUGH IOT TECHNOLOGY',	2,	2,	'2021-03-16 15:26:48',	'2021-03-16 15:26:48',	NULL),
(226,	5,	'B100',	'INDUSTRIAL IOT TECHNOLOGY (IIOT)',	2,	2,	'2021-03-16 15:26:48',	'2021-03-16 15:26:48',	NULL),
(227,	5,	'B101',	'DIGITIZE YOUR BUSINESS',	2,	2,	'2021-03-16 15:26:48',	'2021-03-16 15:26:48',	NULL),
(228,	5,	'B102',	'DIGITIZE YOUR BUSINESS PROCESS',	2,	2,	'2021-03-16 15:26:48',	'2021-03-16 15:26:48',	NULL),
(229,	5,	'B103',	'DIGITIZE YOUR WORKPLACE FOR BETTER EMPLOYEE ENGAGEMENT',	2,	2,	'2021-03-16 15:26:48',	'2021-03-16 15:26:48',	NULL),
(230,	5,	'B104',	'DIGITAL WORKPLACE STRATEGY',	2,	2,	'2021-03-16 15:26:48',	'2021-03-16 15:26:48',	NULL),
(231,	5,	'B105',	'DIGITIZING YOUR WORK FOR MAXIMUM PRODUCTIVITY',	2,	2,	'2021-03-16 15:26:48',	'2021-03-16 15:26:48',	NULL),
(232,	5,	'B106',	'START YOUR E-COMMERCE BUSINESS',	2,	2,	'2021-03-16 15:26:48',	'2021-03-16 15:26:48',	NULL),
(233,	5,	'B107',	'DEVELOP EFFECTIVE STRATEGIES FOR A DIGITAL AGE',	2,	2,	'2021-03-16 15:26:48',	'2021-03-16 15:26:48',	NULL),
(234,	5,	'B108',	'DIGITAL TRANSFORMATION INITIATIVES IN THE ORGANISATION',	2,	2,	'2021-03-16 15:26:48',	'2021-03-16 15:26:48',	NULL),
(235,	5,	'B109',	'INCORPORATE CLOUD BASED TECHNOLOGY',	2,	2,	'2021-03-16 15:26:48',	'2021-03-16 15:26:48',	NULL),
(236,	5,	'B110',	'SIMULATION & AUGMENTED REALITY',	2,	2,	'2021-03-16 15:26:48',	'2021-03-16 15:26:48',	NULL),
(237,	5,	'B111',	'UNDERSTANDING I4.0 AS NEW BUSINESS MODELS & SYSTEM INTEGRATION',	2,	2,	'2021-03-16 15:26:48',	'2021-03-16 15:26:48',	NULL),
(238,	5,	'B112',	'3D PRINTING',	2,	2,	'2021-03-16 15:26:48',	'2021-03-16 15:26:48',	NULL),
(239,	5,	'B113',	'CYBER SECURITY MANAGEMENT',	2,	2,	'2021-03-16 15:26:48',	'2021-03-16 15:26:48',	NULL),
(240,	5,	'B114',	'AUTONOMOUS ROBOTS',	2,	2,	'2021-03-16 15:26:48',	'2021-03-16 15:26:48',	NULL),
(241,	5,	'B115',	'ADDITIVE MANUFACTURING & SUPPLY CHAIN',	2,	2,	'2021-03-16 15:26:48',	'2021-03-16 15:26:48',	NULL),
(242,	5,	'B116',	'EFFECTIVE APPLICATION OF INTERNET OF THINGS (IOT) FOR GREATER PERFORMANCE',	2,	2,	'2021-03-16 15:26:48',	'2021-03-16 15:26:48',	NULL),
(243,	5,	'B117',	'EFFECTIVE IMPLEMENTATION OF SMART MANUFACTURING FOR SMES',	2,	2,	'2021-03-16 15:26:48',	'2021-03-16 15:26:48',	NULL),
(244,	5,	'B118',	'ENHANCING SMES’ DIGITALISATION FOR BETTER BUSINESS PERFORMANCE',	2,	2,	'2021-03-16 15:26:48',	'2021-03-16 15:26:48',	NULL),
(245,	5,	'B119',	'STRENGTHENING SME PERFORMANCE THROUGH BETTER DATA COLLECTION AND ANALYSIS',	2,	2,	'2021-03-16 15:26:48',	'2021-03-16 15:26:48',	NULL),
(246,	5,	'B120',	'ARTIFICIAL INTELLIGENCE',	2,	2,	'2021-03-16 15:26:48',	'2021-03-16 15:26:48',	NULL),
(247,	5,	'B121',	'BIG DATA ANALYTICS FOR BETTER BUSINESS RESULTS',	2,	2,	'2021-03-16 15:26:48',	'2021-03-16 15:26:48',	NULL),
(248,	5,	'B122',	'SMART MANUFACTURING THROUGH I4.0',	2,	2,	'2021-03-16 15:26:48',	'2021-03-16 15:26:48',	NULL),
(249,	5,	'B123',	'ENHANCING WORKFORCE PRODUCTIVITY FOR I4.0',	2,	2,	'2021-03-16 15:26:48',	'2021-03-16 15:26:48',	NULL),
(250,	5,	'B124',	'ORGANISATION TRANSFORMATION TOWARDS I4.0',	2,	2,	'2021-03-16 15:26:48',	'2021-03-16 15:26:48',	NULL),
(251,	5,	'B125',	'RISK MANAGEMENT',	2,	2,	'2021-03-16 15:26:48',	'2021-03-16 15:26:48',	NULL),
(252,	5,	'B126',	'MANAGE RISKS WITH NEW OPPORTUNITIES',	2,	2,	'2021-03-16 15:26:48',	'2021-03-16 15:26:48',	NULL),
(253,	5,	'B127',	'SISTEM PENGURUSAN DOKUMENTASI DAN AUDIT ISO 9001:2008',	2,	2,	'2021-03-16 15:26:48',	'2021-03-16 15:26:48',	NULL),
(254,	5,	'B128',	'INTERNAL AUDITOR TRAINING ISO 9001:2008',	2,	2,	'2021-03-16 15:26:48',	'2021-03-16 15:26:48',	NULL),
(255,	5,	'B129',	'SISTEM PENGURUSAN KESELAMATAN MAKANAN ISO 22000:2005',	2,	2,	'2021-03-16 15:26:48',	'2021-03-16 15:26:48',	NULL),
(256,	5,	'B130',	'SISTEM PENGURUSAN KUALITI INDUSTRI AUTOMOTIF ISO/TS 16949:2002',	2,	2,	'2021-03-16 15:26:48',	'2021-03-16 15:26:48',	NULL),
(257,	5,	'B131',	'SISTEM PENGURUSAN KUALITI MAKMAL MS ISO/IEC 17025',	2,	2,	'2021-03-16 15:26:48',	'2021-03-16 15:26:48',	NULL),
(258,	5,	'B132',	'SISTEM PENGURUSAN PERSEKITARAN ISO 14001:2004',	2,	2,	'2021-03-16 15:26:48',	'2021-03-16 15:26:48',	NULL),
(259,	5,	'B133',	'HAZARD ANALYSIS AND CRITICAL CONTROL POINT (HACCP)',	2,	2,	'2021-03-16 15:26:48',	'2021-03-16 15:26:48',	NULL),
(260,	5,	'B134',	'KESIHATAN DAN KESELAMATAN DALAM PEKERJAAN (OSHA)',	2,	2,	'2021-03-16 15:26:48',	'2021-03-16 15:26:48',	NULL),
(261,	5,	'B135',	'AMALAN KEBERSIHAN DAN PERKILANGAN YANG BAIK (GMP)',	2,	2,	'2021-03-16 15:26:48',	'2021-03-16 15:26:48',	NULL),
(262,	5,	'B136',	'INDUSTRY 4.0 READINESS ASSESSMENT FOR ASSESSOR',	2,	2,	'2021-03-16 15:26:48',	'2021-03-16 15:26:48',	NULL),
(263,	5,	'B137',	'SISTEM PENGURUSAN KESIHATAN DAN KESELAMATAN PEKERJAAN ISO 45001:2018 (OHSMS)',	2,	2,	'2021-03-16 15:26:48',	'2021-03-16 15:26:48',	NULL),
(264,	5,	'B138',	'SISTEM PENGURUSAN KESELAMATAN MAKANAN ISO 22000:2018',	2,	2,	'2021-03-16 15:26:48',	'2021-03-16 15:26:48',	NULL),
(265,	5,	'B139',	'KURSUS PENSIJILAN MINYAK KELAPA SAWIT MAMPAN (MSPO) MS 2530:2013',	2,	2,	'2021-03-16 15:26:48',	'2021-03-16 15:26:48',	NULL),
(266,	6,	'BB140',	'SPPE - LEAN',	2,	2,	'2021-03-16 15:26:48',	'2021-03-16 15:26:48',	NULL),
(267,	6,	'BB141',	'SPPE - DIGITALISASI',	2,	2,	'2021-03-16 15:26:48',	'2021-03-16 15:26:48',	NULL),
(268,	6,	'BB142',	'SPPE – KAIZEN',	2,	2,	'2021-03-16 15:26:48',	'2021-03-16 15:26:48',	NULL),
(269,	6,	'BB143',	'SPPE – QE/5S (AMALAN PERSEKITARAN BERKUALITI)',	2,	2,	'2021-03-16 15:26:48',	'2021-03-16 15:26:48',	NULL),
(270,	6,	'BB144',	'SPPE – SISTEM PENGURUSAN KUALITI',	2,	2,	'2021-03-16 15:26:48',	'2021-03-16 15:26:48',	NULL),
(271,	6,	'BB145',	'SPPE – SISTEM KESELAMATAN MAKANAN',	2,	2,	'2021-03-16 15:26:48',	'2021-03-16 15:26:48',	NULL),
(272,	6,	'BB146',	'SPPE – BUSINESS EXCELLENCE FRAMEWORK',	2,	2,	'2021-03-16 15:26:48',	'2021-03-16 15:26:48',	NULL),
(273,	6,	'BB147',	'SPPE – TOTAL PRODUCTIVE MANITENANCE (TPM)',	2,	2,	'2021-03-16 15:26:48',	'2021-03-16 15:26:48',	NULL),
(274,	6,	'BC148',	'PPKV – MEDAC (LEAN)',	2,	2,	'2021-03-16 15:26:48',	'2021-03-16 15:26:48',	NULL),
(275,	6,	'BC149',	'PPKV-MEDAC (INDUSTRY 4.0/DIGITALISASI)',	2,	2,	'2021-03-16 15:26:48',	'2021-03-16 15:26:48',	NULL),
(276,	6,	'BC150',	'PPKV-MEDAC (KAIZEN)',	2,	2,	'2021-03-16 15:26:48',	'2021-03-16 15:26:48',	NULL),
(277,	6,	'BC151',	'ADVISORY & CONSULTANCY SERVICES (PRODUCTIVITY)',	2,	2,	'2021-03-16 15:26:48',	'2021-03-16 15:26:48',	NULL),
(278,	8,	'C001',	'POLISI DAN PERATURAN: AGROFOOD PRODUCTIVITY NEXUS',	2,	2,	'2021-03-16 15:27:45',	'2021-03-16 15:27:45',	NULL),
(279,	8,	'C002',	'POLISI DAN PERATURAN: TOURISM PRODUCTIVITY NEXUS',	2,	2,	'2021-03-16 15:27:45',	'2021-03-16 15:27:45',	NULL),
(280,	8,	'C003',	'POLISI DAN PERATURAN: RETAIL AND FOOD & BEVERAGE PRODUCTIVITY NEXUS',	2,	2,	'2021-03-16 15:27:45',	'2021-03-16 15:27:45',	NULL),
(281,	8,	'C004',	'POLISI DAN PERATURAN: CHEMICALS AND CHEMICAL PRODUCTS PRODUCTIVITY NEXUS',	2,	2,	'2021-03-16 15:27:45',	'2021-03-16 15:27:45',	NULL),
(282,	8,	'C005',	'POLISI DAN PERATURAN: DIGITAL PRODUCTIVITY NEXUS',	2,	2,	'2021-03-16 15:27:45',	'2021-03-16 15:27:45',	NULL),
(283,	8,	'C006',	'POLISI DAN PERATURAN: PROFESSIONAL SERVICES PRODUCTIVITY NEXUS',	2,	2,	'2021-03-16 15:27:45',	'2021-03-16 15:27:45',	NULL),
(284,	8,	'C007',	'POLISI DAN PERATURAN: PRIVATE HEALTHCARE PRODUCTIVITY NEXUS',	2,	2,	'2021-03-16 15:27:45',	'2021-03-16 15:27:45',	NULL),
(285,	8,	'C008',	'POLISI DAN PERATURAN: MACHINERY AND EQUIPMENT PRODUCTIVITY NEXUS',	2,	2,	'2021-03-16 15:27:45',	'2021-03-16 15:27:45',	NULL),
(286,	8,	'C009',	'POLISI DAN PERATURAN: ELECTRICAL AND ELECTRONICS PRODUCTIVITY NEXUS',	2,	2,	'2021-03-16 15:27:45',	'2021-03-16 15:27:45',	NULL),
(287,	8,	'C010',	'PRODUCTIVITY IMPROVEMENT',	2,	2,	'2021-03-16 15:27:45',	'2021-03-16 15:27:45',	NULL),
(288,	8,	'C011',	'STRUKTUR INDUSTRI: AGROFOOD PRODUCTIVITY NEXUS',	2,	2,	'2021-03-16 15:27:45',	'2021-03-16 15:27:45',	NULL),
(289,	8,	'C012',	'STRUKTUR INDUSTRI: TOURISM PRODUCTIVITY NEXUS',	2,	2,	'2021-03-16 15:27:45',	'2021-03-16 15:27:45',	NULL),
(290,	8,	'C013',	'STRUKTUR INDUSTRI: RETAIL AND FOOD & BEVERAGE PRODUCTIVITY NEXUS',	2,	2,	'2021-03-16 15:27:45',	'2021-03-16 15:27:45',	NULL),
(291,	8,	'C014',	'STRUKTUR INDUSTRI: CHEMICALS AND CHEMICAL PRODUCTS PRODUCTIVITY NEXUS',	2,	2,	'2021-03-16 15:27:45',	'2021-03-16 15:27:45',	NULL),
(292,	8,	'C015',	'STRUKTUR INDUSTRI: DIGITAL PRODUCTIVITY NEXUS',	2,	2,	'2021-03-16 15:27:45',	'2021-03-16 15:27:45',	NULL),
(293,	8,	'C016',	'STRUKTUR INDUSTRI: PROFESSIONAL SERVICES PRODUCTIVITY NEXUS',	2,	2,	'2021-03-16 15:27:45',	'2021-03-16 15:27:45',	NULL),
(294,	8,	'C017',	'STRUKTUR INDUSTRI: PRIVATE HEALTHCARE PRODUCTIVITY NEXUS',	2,	2,	'2021-03-16 15:27:45',	'2021-03-16 15:27:45',	NULL),
(295,	8,	'C018',	'STRUKTUR INDUSTRI: MACHINERY AND EQUIPMENT PRODUCTIVITY NEXUS',	2,	2,	'2021-03-16 15:27:45',	'2021-03-16 15:27:45',	NULL),
(296,	8,	'C019',	'STRUKTUR INDUSTRI: ELECTRICAL AND ELECTRONICS PRODUCTIVITY NEXUS',	2,	2,	'2021-03-16 15:27:45',	'2021-03-16 15:27:45',	NULL),
(297,	8,	'C020',	'INSENTIF: AGROFOOD PRODUCTIVITY NEXUS',	2,	2,	'2021-03-16 15:27:45',	'2021-03-16 15:27:45',	NULL),
(298,	8,	'C021',	'INSENTIF: TOURISM PRODUCTIVITY NEXUS',	2,	2,	'2021-03-16 15:27:45',	'2021-03-16 15:27:45',	NULL),
(299,	8,	'C022',	'INSENTIF: RETAIL AND FOOD & BEVERAGE PRODUCTIVITY NEXUS',	2,	2,	'2021-03-16 15:27:45',	'2021-03-16 15:27:45',	NULL),
(300,	8,	'C023',	'INSENTIF: CHEMICALS AND CHEMICAL PRODUCTS PRODUCTIVITY NEXUS',	2,	2,	'2021-03-16 15:27:45',	'2021-03-16 15:27:45',	NULL),
(301,	8,	'C024',	'INSENTIF: DIGITAL PRODUCTIVITY NEXUS',	2,	2,	'2021-03-16 15:27:45',	'2021-03-16 15:27:45',	NULL),
(302,	8,	'C025',	'INSENTIF: PROFESSIONAL SERVICES PRODUCTIVITY NEXUS',	2,	2,	'2021-03-16 15:27:45',	'2021-03-16 15:27:45',	NULL),
(303,	8,	'C026',	'INSENTIF: PRIVATE HEALTHCARE PRODUCTIVITY NEXUS',	2,	2,	'2021-03-16 15:27:45',	'2021-03-16 15:27:45',	NULL),
(304,	8,	'C027',	'INSENTIF: MACHINERY AND EQUIPMENT PRODUCTIVITY NEXUS',	2,	2,	'2021-03-16 15:27:45',	'2021-03-16 15:27:45',	NULL),
(305,	8,	'C028',	'INSENTIF: ELECTRICAL AND ELECTRONICS PRODUCTIVITY NEXUS',	2,	2,	'2021-03-16 15:27:45',	'2021-03-16 15:27:45',	NULL),
(306,	8,	'C029',	'AGROFOOD PRODUCTIVITY NEXUS: TENAGA KERJA (WORKFORCE)',	2,	2,	'2021-03-16 15:27:45',	'2021-03-16 15:27:45',	NULL),
(307,	8,	'C030',	'AGROFOOD PRODUCTIVITY NEXUS: TEKNOLOGI (TECHNOLOGY)',	2,	2,	'2021-03-16 15:27:45',	'2021-03-16 15:27:45',	NULL),
(308,	8,	'C031',	'AGROFOOD PRODUCTIVITY NEXUS: DIGITAL',	2,	2,	'2021-03-16 15:27:45',	'2021-03-16 15:27:45',	NULL),
(309,	8,	'C032',	'AGROFOOD PRODUCTIVITY NEXUS: POLISI & PERATURAN (REGULATION)',	2,	2,	'2021-03-16 15:27:45',	'2021-03-16 15:27:45',	NULL),
(310,	8,	'C033',	'AGROFOOD PRODUCTIVITY NEXUS: INSENTIF (INCENTIVE)',	2,	2,	'2021-03-16 15:27:45',	'2021-03-16 15:27:45',	NULL),
(311,	8,	'C034',	'AGROFOOD PRODUCTIVITY NEXUS: INDUSTRY STRUCTURE',	2,	2,	'2021-03-16 15:27:45',	'2021-03-16 15:27:45',	NULL),
(312,	8,	'C035',	'AGROFOOD PRODUCTIVITY NEXUS: MARKETING STRATEGY',	2,	2,	'2021-03-16 15:27:45',	'2021-03-16 15:27:45',	NULL),
(313,	8,	'C036',	'AGROFOOD PRODUCTIVITY NEXUS: STANDARD & PENSIJILAN (MYGAP, HALAL, HACCP, GMP, MESTI DAN LAIN-LAIN YANG BERKAITAN)',	2,	2,	'2021-03-16 15:27:45',	'2021-03-16 15:27:45',	NULL),
(314,	8,	'C037',	'AGROFOOD PRODUCTIVITY NEXUS: FINANCIAL MANAGEMENT',	2,	2,	'2021-03-16 15:27:45',	'2021-03-16 15:27:45',	NULL),
(315,	8,	'C038',	'AGROFOOD PRODUCTIVITY NEXUS: OPERATION MANAGEMENT',	2,	2,	'2021-03-16 15:27:45',	'2021-03-16 15:27:45',	NULL),
(316,	8,	'C039',	'AGROFOOD PRODUCTIVITY NEXUS: BUSINESS MANAGEMENT',	2,	2,	'2021-03-16 15:27:45',	'2021-03-16 15:27:45',	NULL),
(317,	8,	'C040',	'AGROFOOD PRODUCTIVITY NEXUS: PRODUCT DEVELOPMENT',	2,	2,	'2021-03-16 15:27:45',	'2021-03-16 15:27:45',	NULL),
(318,	8,	'C041',	'AGROFOOD PRODUCTIVITY NEXUS: SYSTEM DEVELOPMENT',	2,	2,	'2021-03-16 15:27:45',	'2021-03-16 15:27:45',	NULL),
(319,	8,	'C042',	'AGROFOOD PRODUCTIVITY NEXUS: PROFESSIONAL SERVICES',	2,	2,	'2021-03-16 15:27:45',	'2021-03-16 15:27:45',	NULL),
(320,	8,	'C043',	'AGROFOOD PRODUCTIVITY NEXUS: IMPORT & EXPORT',	2,	2,	'2021-03-16 15:27:45',	'2021-03-16 15:27:45',	NULL),
(321,	8,	'C044',	'TOURISM PRODUCTIVITY NEXUS: WORKFORCE & TALENT DEVELOPMENT',	2,	2,	'2021-03-16 15:27:45',	'2021-03-16 15:27:45',	NULL),
(322,	8,	'C045',	'TOURISM PRODUCTIVITY NEXUS: INCENTIVE',	2,	2,	'2021-03-16 15:27:45',	'2021-03-16 15:27:45',	NULL),
(323,	8,	'C046',	'TOURISM PRODUCTIVITY NEXUS: INDUSTRY STRUCTURE',	2,	2,	'2021-03-16 15:27:45',	'2021-03-16 15:27:45',	NULL),
(324,	8,	'C047',	'TOURISM PRODUCTIVITY NEXUS: PROMOTION & MARKETING STRATEGY',	2,	2,	'2021-03-16 15:27:45',	'2021-03-16 15:27:45',	NULL),
(325,	8,	'C048',	'TOURISM PRODUCTIVITY NEXUS: PROGRAM PENSIJILAN PERNIAGAAN MALAYSIA TOURISM EXCELLENCE (MATEX)',	2,	2,	'2021-03-16 15:27:45',	'2021-03-16 15:27:45',	NULL),
(326,	8,	'C049',	'GARIS PANDUAN PATUH DAN AMAL COVID-19',	2,	2,	'2021-03-16 15:27:45',	'2021-03-16 15:27:45',	NULL),
(327,	8,	'C050',	'TOURISM PRODUCTIVITY NEXUS: STANDARD & PENSIJILAN INDUSTRY LEVEL (SUB-SECTOR SPECIFIC / ACROSS VALUE CHAIN) STANDARD AND CERTIFICATION',	2,	2,	'2021-03-16 15:27:45',	'2021-03-16 15:27:45',	NULL),
(328,	8,	'C051',	'TOURISM PRODUCTIVITY NEXUS: STANDARD & PENSIJILAN MALAYSIA TOURISM QUALITY ASSURANCE (MYTQA)',	2,	2,	'2021-03-16 15:27:45',	'2021-03-16 15:27:45',	NULL),
(329,	8,	'C052',	'TOURISM PRODUCTIVITY NEXUS: STANDARD & PENSIJILAN MALAYSIAN STANDARD / NATIONAL LEVEL / ISO',	2,	2,	'2021-03-16 15:27:45',	'2021-03-16 15:27:45',	NULL),
(330,	8,	'C053',	'TOURISM PRODUCTIVITY NEXUS: STANDARD & PENSIJILAN UN-WTO / INTERNATIONAL LEVEL / REGIONAL LEVEL / ASEAN LEVEL STANDARD AND CERTIFICATION',	2,	2,	'2021-03-16 15:27:45',	'2021-03-16 15:27:45',	NULL),
(331,	8,	'C054',	'TOURISM PRODUCTIVITY NEXUS: MANAGEMENT (FINANCIAL, OPERATION, BUSINESS)',	2,	2,	'2021-03-16 15:27:45',	'2021-03-16 15:27:45',	NULL),
(332,	8,	'C055',	'TOURISM PRODUCTIVITY NEXUS: PRODUCT DEVELOPMENT',	2,	2,	'2021-03-16 15:27:45',	'2021-03-16 15:27:45',	NULL),
(333,	8,	'C056',	'TOURISM PRODUCTIVITY NEXUS: SYSTEM DEVELOPMENT',	2,	2,	'2021-03-16 15:27:45',	'2021-03-16 15:27:45',	NULL),
(334,	8,	'C057',	'TOURISM PRODUCTIVITY NEXUS: PROFESSIONAL SERVICES',	2,	2,	'2021-03-16 15:27:45',	'2021-03-16 15:27:45',	NULL),
(335,	8,	'C058',	'TOURISM PRODUCTIVITY NEXUS: IMPORT & EXPORT',	2,	2,	'2021-03-16 15:27:45',	'2021-03-16 15:27:45',	NULL),
(336,	8,	'C059',	'TOURISM PRODUCTIVITY NEXUS: CONTENT DEVELOPMENT',	2,	2,	'2021-03-16 15:27:45',	'2021-03-16 15:27:45',	NULL),
(337,	8,	'C060',	'TOURISM PRODUCTIVITY NEXUS: ECONOMICS',	2,	2,	'2021-03-16 15:27:45',	'2021-03-16 15:27:45',	NULL),
(338,	8,	'C061',	'TOURISM PRODUCTIVITY NEXUS: SPECIFIC / CURRENT INDUSTRY ISSUES',	2,	2,	'2021-03-16 15:27:45',	'2021-03-16 15:27:45',	NULL),
(339,	8,	'C062',	'TOURISM PRODUCTIVITY NEXUS: INBOUND TOURISM BOOTCAMP (ITB)',	2,	2,	'2021-03-16 15:27:45',	'2021-03-16 15:27:45',	NULL),
(340,	8,	'C063',	'TOURISM PRODUCTIVITY NEXUS: INBOUND DESTINATION EXPERTS (IDEX)',	2,	2,	'2021-03-16 15:27:45',	'2021-03-16 15:27:45',	NULL),
(341,	8,	'C064',	'TOURISM PRODUCTIVITY NEXUS: MALAYSIA VIRTUAL EXPERIENCE (MYVXP)',	2,	2,	'2021-03-16 15:27:45',	'2021-03-16 15:27:45',	NULL),
(342,	8,	'C065',	'TOURISM PRODUCTIVITY NEXUS: INBOUND TOURISM BUSINESS EXCHANGE (IBEX)',	2,	2,	'2021-03-16 15:27:45',	'2021-03-16 15:27:45',	NULL),
(343,	8,	'C066',	'TOURISM PRODUCTIVITY NEXUS: SHOWCASING TOURISM PRODUCTS (STP)',	2,	2,	'2021-03-16 15:27:45',	'2021-03-16 15:27:45',	NULL),
(344,	8,	'C067',	'TOURISM PRODUCTIVITY NEXUS: TPN VIRTUAL ADVISORY CLINICS (T-VAC)',	2,	2,	'2021-03-16 15:27:45',	'2021-03-16 15:27:45',	NULL),
(345,	8,	'C068',	'TOURISM PRODUCTIVITY NEXUS: INBOUND TOURISM EXCHANGE (INTEX)',	2,	2,	'2021-03-16 15:27:45',	'2021-03-16 15:27:45',	NULL),
(346,	8,	'C069',	'RETAIL AND FOOD & BEVERAGE PRODUCTIVITY NEXUS: BUSINESS DIGITALISATION',	2,	2,	'2021-03-16 15:27:45',	'2021-03-16 15:27:45',	NULL),
(347,	8,	'C070',	'RETAIL AND FOOD & BEVERAGE PRODUCTIVITY NEXUS: BRANDING & MARKETING',	2,	2,	'2021-03-16 15:27:45',	'2021-03-16 15:27:45',	NULL),
(348,	8,	'C071',	'RETAIL AND FOOD & BEVERAGE PRODUCTIVITY NEXUS: SUPPLY CHAIN MANAGEMENT',	2,	2,	'2021-03-16 15:27:45',	'2021-03-16 15:27:45',	NULL),
(349,	8,	'C072',	'RETAIL AND FOOD & BEVERAGE PRODUCTIVITY NEXUS: BUSINESS OPERATION/ SOP',	2,	2,	'2021-03-16 15:27:45',	'2021-03-16 15:27:45',	NULL),
(350,	8,	'C073',	'RETAIL AND FOOD & BEVERAGE PRODUCTIVITY NEXUS: HUMAN RESOURCE MANAGEMENT',	2,	2,	'2021-03-16 15:27:45',	'2021-03-16 15:27:45',	NULL),
(351,	8,	'C074',	'RETAIL AND FOOD & BEVERAGE PRODUCTIVITY NEXUS: BUSINESS FINANCE & FUNDING',	2,	2,	'2021-03-16 15:27:45',	'2021-03-16 15:27:45',	NULL),
(352,	8,	'C075',	'RETAIL AND FOOD & BEVERAGE PRODUCTIVITY NEXUS: DIGITAL MARKETING AND E-COMMERCE',	2,	2,	'2021-03-16 15:27:45',	'2021-03-16 15:27:45',	NULL),
(353,	8,	'C076',	'RETAIL AND FOOD & BEVERAGE PRODUCTIVITY NEXUS: DIGITAL BUSINESS OPERATION SYSTEM (ERP)',	2,	2,	'2021-03-16 15:27:45',	'2021-03-16 15:27:45',	NULL),
(354,	8,	'C077',	'RETAIL AND FOOD & BEVERAGE PRODUCTIVITY NEXUS: RESTAURANT MANAGEMENT',	2,	2,	'2021-03-16 15:27:45',	'2021-03-16 15:27:45',	NULL),
(355,	8,	'C078',	'RETAIL AND FOOD & BEVERAGE PRODUCTIVITY NEXUS: PERANCANG STRATEGIK ICT (ISP)',	2,	2,	'2021-03-16 15:27:45',	'2021-03-16 15:27:45',	NULL),
(356,	8,	'C079',	'RETAIL AND FOOD & BEVERAGE PRODUCTIVITY NEXUS: PENGURUSAN MAKLUMAT ICT',	2,	2,	'2021-03-16 15:27:45',	'2021-03-16 15:27:45',	NULL),
(357,	8,	'C080',	'RETAIL AND FOOD & BEVERAGE PRODUCTIVITY NEXUS: PENGURUSAN NILAI BUKAN FIZIKAL',	2,	2,	'2021-03-16 15:27:45',	'2021-03-16 15:27:45',	NULL),
(358,	8,	'C081',	'RETAIL AND FOOD & BEVERAGE PRODUCTIVITY NEXUS: PENGURUSAN TELEKOMUNIKASI',	2,	2,	'2021-03-16 15:27:45',	'2021-03-16 15:27:45',	NULL),
(359,	8,	'C082',	'RETAIL AND FOOD & BEVERAGE PRODUCTIVITY NEXUS: PENSIJILAN DAN PENGIKTIRAFAN UJIAN',	2,	2,	'2021-03-16 15:27:45',	'2021-03-16 15:27:45',	NULL),
(360,	8,	'C083',	'RETAIL AND FOOD & BEVERAGE PRODUCTIVITY NEXUS: BAHAN BACAAN',	2,	2,	'2021-03-16 15:27:45',	'2021-03-16 15:27:45',	NULL),
(361,	8,	'C084',	'RETAIL AND FOOD & BEVERAGE PRODUCTIVITY NEXUS: PENERBITAN ELEKTRONIK ATAS TALIAN',	2,	2,	'2021-03-16 15:27:45',	'2021-03-16 15:27:45',	NULL),
(362,	8,	'C085',	'RETAIL AND FOOD & BEVERAGE PRODUCTIVITY NEXUS: CERTIFICATION OF RETAIL AND F&B WORKFORCE WITH SIJIL KEMAHIRAN MALAYSIA (SKM)',	2,	2,	'2021-03-16 15:27:45',	'2021-03-16 15:27:45',	NULL),
(363,	8,	'C086',	'RETAIL AND FOOD & BEVERAGE PRODUCTIVITY NEXUS: CERTIFICATE IN F&B OPERATIONS (SERVICE EXCELLENCE)',	2,	2,	'2021-03-16 15:27:45',	'2021-03-16 15:27:45',	NULL),
(364,	8,	'C087',	'RETAIL AND FOOD & BEVERAGE PRODUCTIVITY NEXUS: RETAIL AND F&B VIRTUAL ADVISORY CLINIC (RFB-VAC)',	2,	2,	'2021-03-16 15:27:45',	'2021-03-16 15:27:45',	NULL),
(365,	8,	'C088',	'RETAIL AND FOOD & BEVERAGE PRODUCTIVITY NEXUS: PRODUCT DEVELOPMENT',	2,	2,	'2021-03-16 15:27:45',	'2021-03-16 15:27:45',	NULL),
(366,	8,	'C089',	'CHEMICALS AND CHEMICAL PRODUCTS PRODUCTIVITY NEXUS: BASIC CHEMICALS',	2,	2,	'2021-03-16 15:27:45',	'2021-03-16 15:27:45',	NULL),
(367,	8,	'C090',	'CHEMICALS AND CHEMICAL PRODUCTS PRODUCTIVITY NEXUS: FERTILIZERS AND NITROGEN COMPOUNDS',	2,	2,	'2021-03-16 15:27:45',	'2021-03-16 15:27:45',	NULL),
(368,	8,	'C091',	'CHEMICALS AND CHEMICAL PRODUCTS PRODUCTIVITY NEXUS: PLASTICS AND SYNTHETIC RUBBER IN PRIMARY FORMS',	2,	2,	'2021-03-16 15:27:45',	'2021-03-16 15:27:45',	NULL),
(369,	8,	'C092',	'CHEMICALS AND CHEMICAL PRODUCTS PRODUCTIVITY NEXUS: PESTICIDES AND OTHER AGROCHEMICAL PRODUCTS',	2,	2,	'2021-03-16 15:27:45',	'2021-03-16 15:27:45',	NULL),
(370,	8,	'C093',	'CHEMICALS AND CHEMICAL PRODUCTS PRODUCTIVITY NEXUS: PAINTS, VARNISHES AND SIMILAR COATINGS, PRINTING INK AND MASTICS',	2,	2,	'2021-03-16 15:27:45',	'2021-03-16 15:27:45',	NULL),
(371,	8,	'C094',	'CHEMICALS AND CHEMICAL PRODUCTS PRODUCTIVITY NEXUS: SOAP AND DETERGENTS, CLEANING AND POLISHING PREPARATIONS, PERFUMES AND TOILET PREPARATIONS',	2,	2,	'2021-03-16 15:27:45',	'2021-03-16 15:27:45',	NULL),
(372,	8,	'C095',	'CHEMICALS AND CHEMICAL PRODUCTS PRODUCTIVITY NEXUS: CHEMICAL ENGINEERING',	2,	2,	'2021-03-16 15:27:45',	'2021-03-16 15:27:45',	NULL),
(373,	8,	'C096',	'CHEMICALS AND CHEMICAL PRODUCTS PRODUCTIVITY NEXUS: PROCESS ENGINEERING',	2,	2,	'2021-03-16 15:27:45',	'2021-03-16 15:27:45',	NULL),
(374,	8,	'C097',	'CHEMICALS AND CHEMICAL PRODUCTS PRODUCTIVITY NEXUS: CHEMICAL SAFETY',	2,	2,	'2021-03-16 15:27:45',	'2021-03-16 15:27:45',	NULL),
(375,	8,	'C098',	'CHEMICALS AND CHEMICAL PRODUCTS PRODUCTIVITY NEXUS: REGULATORY COMPLIANCE',	2,	2,	'2021-03-16 15:27:45',	'2021-03-16 15:27:45',	NULL),
(376,	8,	'C099',	'CHEMICALS AND CHEMICAL PRODUCTS PRODUCTIVITY NEXUS: PHARMACEUTICALS, MEDICINAL CHEMICAL AND',	2,	2,	'2021-03-16 15:27:45',	'2021-03-16 15:27:45',	NULL),
(377,	8,	'',	'CHEMICALS AND CHEMICAL PRODUCTS PRODUCTIVITY NEXUS: BOTANICAL PRODUCTS',	2,	2,	'2021-03-16 15:27:45',	'2021-03-16 15:27:45',	NULL),
(378,	8,	'C100',	'CHEMICALS AND CHEMICAL PRODUCTS PRODUCTIVITY NEXUS: MAN-MADE FIBRES',	2,	2,	'2021-03-16 15:27:45',	'2021-03-16 15:27:45',	NULL),
(379,	8,	'C101',	'CHEMICALS AND CHEMICAL PRODUCTS PRODUCTIVITY NEXUS: HAZARDOUS CHEMICAL',	2,	2,	'2021-03-16 15:27:45',	'2021-03-16 15:27:45',	NULL),
(380,	8,	'C102',	'CHEMICALS AND CHEMICAL PRODUCTS PRODUCTIVITY NEXUS: INNOVATION BUSINESS OPERATIONS',	2,	2,	'2021-03-16 15:27:45',	'2021-03-16 15:27:45',	NULL),
(381,	8,	'C103',	'CHEMICALS AND CHEMICAL PRODUCTS PRODUCTIVITY NEXUS: INTELLIGENCE MANUFACTURING SOLUTION',	2,	2,	'2021-03-16 15:27:45',	'2021-03-16 15:27:45',	NULL),
(382,	8,	'C104',	'CHEMICALS AND CHEMICAL PRODUCTS PRODUCTIVITY NEXUS: FINANCIAL CONSULTATION',	2,	2,	'2021-03-16 15:27:45',	'2021-03-16 15:27:45',	NULL),
(383,	8,	'C105',	'CHEMICALS AND CHEMICAL PRODUCTS PRODUCTIVITY NEXUS: SUPPLY CHAIN OPERATIONS',	2,	2,	'2021-03-16 15:27:45',	'2021-03-16 15:27:45',	NULL),
(384,	8,	'C106',	'CHEMICALS AND CHEMICAL PRODUCTS PRODUCTIVITY NEXUS: INFORMATION TECHNOLOGY',	2,	2,	'2021-03-16 15:27:45',	'2021-03-16 15:27:45',	NULL),
(385,	8,	'C107',	'DIGITAL PRODUCTIVITY NEXUS: TENAGA KERJA (WORKFORCE)',	2,	2,	'2021-03-16 15:27:45',	'2021-03-16 15:27:45',	NULL),
(386,	8,	'C108',	'DIGITAL PRODUCTIVITY NEXUS: TEKNOLOGI (TECHNOLOGY) & DIGITAL',	2,	2,	'2021-03-16 15:27:45',	'2021-03-16 15:27:45',	NULL),
(387,	8,	'C109',	'DIGITAL PRODUCTIVITY NEXUS: POLISI & PERATURAN (REGULATION)',	2,	2,	'2021-03-16 15:27:45',	'2021-03-16 15:27:45',	NULL),
(388,	8,	'C110',	'DIGITAL PRODUCTIVITY NEXUS: INSENTIF (INCENTIVE)',	2,	2,	'2021-03-16 15:27:45',	'2021-03-16 15:27:45',	NULL),
(389,	8,	'C111',	'DIGITAL PRODUCTIVITY NEXUS: INDUSTRY STRUCTURE',	2,	2,	'2021-03-16 15:27:45',	'2021-03-16 15:27:45',	NULL),
(390,	8,	'C112',	'DIGITAL PRODUCTIVITY NEXUS: MARKETING STRATEGY',	2,	2,	'2021-03-16 15:27:45',	'2021-03-16 15:27:45',	NULL),
(391,	8,	'C113',	'DIGITAL PRODUCTIVITY NEXUS: STANDARD & PENSIJILAN',	2,	2,	'2021-03-16 15:27:45',	'2021-03-16 15:27:45',	NULL),
(392,	8,	'C114',	'DIGITAL PRODUCTIVITY NEXUS: MANAGEMENT',	2,	2,	'2021-03-16 15:27:45',	'2021-03-16 15:27:45',	NULL),
(393,	8,	'C115',	'PROFESSIONAL SERVICES PRODUCTIVITY NEXUS: WORKFORCE & TALENT DEVELOPMENT',	2,	2,	'2021-03-16 15:27:45',	'2021-03-16 15:27:45',	NULL),
(394,	8,	'C116',	'PROFESSIONAL SERVICES PRODUCTIVITY NEXUS: TECHNOLOGY & DIGITAL (INTELLIGENT SERVICES SOLUTIONS)',	2,	2,	'2021-03-16 15:27:45',	'2021-03-16 15:27:45',	NULL),
(395,	8,	'C117',	'PROFESSIONAL SERVICES PRODUCTIVITY NEXUS: INDUSTRY STRUCTURE (INNOVATIVE BUSINESS OPERATION)',	2,	2,	'2021-03-16 15:27:45',	'2021-03-16 15:27:45',	NULL),
(396,	8,	'C118',	'PROFESSIONAL SERVICES PRODUCTIVITY NEXUS: POLICY & REGULATIONS',	2,	2,	'2021-03-16 15:27:45',	'2021-03-16 15:27:45',	NULL),
(397,	8,	'C119',	'PROFESSIONAL SERVICES PRODUCTIVITY NEXUS: FINANCIAL CONSULTATION',	2,	2,	'2021-03-16 15:27:45',	'2021-03-16 15:27:45',	NULL),
(398,	8,	'C120',	'ELECTRICAL AND ELECTRONICS PRODUCTIVITY NEXUS: HACKATHON',	2,	2,	'2021-03-16 15:27:45',	'2021-03-16 15:27:45',	NULL),
(399,	8,	'C121',	'ELECTRICAL AND ELECTRONICS PRODUCTIVITY NEXUS: PLUGFEST 1.0 (IOT)',	2,	2,	'2021-03-16 15:27:45',	'2021-03-16 15:27:45',	NULL),
(400,	8,	'C122',	'ELECTRICAL AND ELECTRONICS PRODUCTIVITY NEXUS: PLUGFEST 2.0',	2,	2,	'2021-03-16 15:27:45',	'2021-03-16 15:27:45',	NULL),
(401,	8,	'C123',	'ELECTRICAL AND ELECTRONICS PRODUCTIVITY NEXUS:  VIRTUAL ADVISORY CLINIC (EEVAC)',	2,	2,	'2021-03-16 15:27:45',	'2021-03-16 15:27:45',	NULL),
(402,	8,	'C124',	'ELECTRICAL AND ELECTRONICS PRODUCTIVITY NEXUS:  MENTORING FOR INDUSTRY 4.0 (EEMI4.0)',	2,	2,	'2021-03-16 15:27:45',	'2021-03-16 15:27:45',	NULL),
(403,	8,	'C125',	'ELECTRICAL AND ELECTRONICS PRODUCTIVITY NEXUS: EMBEDDED SYSTEM DESIGN',	2,	2,	'2021-03-16 15:27:45',	'2021-03-16 15:27:45',	NULL),
(404,	8,	'C126',	'ELECTRICAL AND ELECTRONICS PRODUCTIVITY NEXUS: E TESTING AND ACCREDITATIONS',	2,	2,	'2021-03-16 15:27:45',	'2021-03-16 15:27:45',	NULL),
(405,	8,	'C127',	'ELECTRICAL AND ELECTRONICS PRODUCTIVITY NEXUS: IC DESIGN & DEVELOPMENT',	2,	2,	'2021-03-16 15:27:45',	'2021-03-16 15:27:45',	NULL),
(406,	8,	'C128',	'ELECTRICAL AND ELECTRONICS PRODUCTIVITY NEXUS:  AUTOMATION',	2,	2,	'2021-03-16 15:27:45',	'2021-03-16 15:27:45',	NULL),
(407,	8,	'C129',	'ELECTRICAL AND ELECTRONICS PRODUCTIVITY NEXUS: MCAD',	2,	2,	'2021-03-16 15:27:45',	'2021-03-16 15:27:45',	NULL),
(408,	8,	'C130',	'ELECTRICAL AND ELECTRONICS PRODUCTIVITY NEXUS: OPERATING SYSTEM (OS) DEVELOPMENT',	2,	2,	'2021-03-16 15:27:45',	'2021-03-16 15:27:45',	NULL),
(409,	8,	'C131',	'ELECTRICAL AND ELECTRONICS PRODUCTIVITY NEXUS: LED',	2,	2,	'2021-03-16 15:27:45',	'2021-03-16 15:27:45',	NULL),
(410,	8,	'C132',	'ELECTRICAL AND ELECTRONICS PRODUCTIVITY NEXUS: SOLAR PHOTOVOLTAIC (PV)',	2,	2,	'2021-03-16 15:27:45',	'2021-03-16 15:27:45',	NULL),
(411,	8,	'C133',	'ELECTRICAL AND ELECTRONICS PRODUCTIVITY NEXUS:  TESTING AND ACCREDITATIONS',	2,	2,	'2021-03-16 15:27:45',	'2021-03-16 15:27:45',	NULL),
(412,	8,	'C134',	'MACHINERY AND EQUIPMENT PRODUCTIVITY NEXUS: TENAGA KERJA (WORKFORCE)',	2,	2,	'2021-03-16 15:27:45',	'2021-03-16 15:27:45',	NULL),
(413,	8,	'C135',	'MACHINERY AND EQUIPMENT PRODUCTIVITY NEXUS: PERKHIDMATAN SOKONGAN KEJURUTERAAN TEKNOLOGI I4.0',	2,	2,	'2021-03-16 15:27:45',	'2021-03-16 15:27:45',	NULL),
(414,	8,	'C136',	'MACHINERY AND EQUIPMENT PRODUCTIVITY NEXUS: POLISI & PERATURAN (REGULATION)',	2,	2,	'2021-03-16 15:27:45',	'2021-03-16 15:27:45',	NULL),
(415,	8,	'C137',	'MACHINERY AND EQUIPMENT PRODUCTIVITY NEXUS: INSENTIF (INCENTIVE)',	2,	2,	'2021-03-16 15:27:45',	'2021-03-16 15:27:45',	NULL),
(416,	8,	'C138',	'MACHINERY AND EQUIPMENT PRODUCTIVITY NEXUS: INDUSTRY STRUCTURE, VALUE CHAIN DAN CLUSTER',	2,	2,	'2021-03-16 15:27:45',	'2021-03-16 15:27:45',	NULL),
(417,	8,	'C139',	'MACHINERY AND EQUIPMENT PRODUCTIVITY NEXUS: STANDARD, PENSIJILAN (LOCAL & INTERNATIONAL) DAN PENILAIAN/PEMERIKSAAN',	2,	2,	'2021-03-16 15:27:45',	'2021-03-16 15:27:45',	NULL),
(418,	8,	'C140',	'MACHINERY AND EQUIPMENT PRODUCTIVITY NEXUS: MANAGEMENT (FINANCIAL, OPERATION, BUSINESS DEVELOPMENT, SALES, MARKETING, WAREHOUSE, PLANT)',	2,	2,	'2021-03-16 15:27:45',	'2021-03-16 15:27:45',	NULL),
(419,	8,	'C141',	'PRODUCT DESIGN AND DEVELOPMENT AND R&D',	2,	2,	'2021-03-16 15:27:45',	'2021-03-16 15:27:45',	NULL),
(420,	8,	'C142',	'MACHINERY AND EQUIPMENT PRODUCTIVITY NEXUS: SYSTEM DEVELOPMENT, INTEGRATION AND TOTAL SOLUTION',	2,	2,	'2021-03-16 15:27:45',	'2021-03-16 15:27:45',	NULL),
(421,	8,	'C143',	'MACHINERY AND EQUIPMENT PRODUCTIVITY NEXUS: PROFESSIONAL SERVICES IN ENGINEERING RELATED (ELECTRICAL, ELECTRONIC, MECHANICAL & MECHATRONIC)',	2,	2,	'2021-03-16 15:27:45',	'2021-03-16 15:27:45',	NULL),
(422,	8,	'C144',	'MACHINERY AND EQUIPMENT PRODUCTIVITY NEXUS: IMPORT & EXPORT',	2,	2,	'2021-03-16 15:27:45',	'2021-03-16 15:27:45',	NULL),
(423,	8,	'C145',	'MACHINERY AND EQUIPMENT PRODUCTIVITY NEXUS: PRODUCTIVITY ANALYSIS',	2,	2,	'2021-03-16 15:27:45',	'2021-03-16 15:27:45',	NULL),
(424,	8,	'C146',	'MACHINERY AND EQUIPMENT PRODUCTIVITY NEXUS: PRODUCTIVITY TOOLS (LEAN, 5S, KANBAN, KAIZEN, SIX SIGMA, PROBLEM SOLVING, TPM, TQM)',	2,	2,	'2021-03-16 15:27:45',	'2021-03-16 15:27:45',	NULL),
(425,	8,	'C147',	'MACHINERY AND EQUIPMENT PRODUCTIVITY NEXUS: INDUSTRY SPECIFIC ISSUES, CHALLANGES AND RECOMENDARTION (SOCIO-ECONOMICS)',	2,	2,	'2021-03-16 15:27:45',	'2021-03-16 15:27:45',	NULL),
(426,	8,	'C148',	'MACHINERY AND EQUIPMENT PRODUCTIVITY NEXUS: AUTOMATION AND DIGITALISATION',	2,	2,	'2021-03-16 15:27:45',	'2021-03-16 15:27:45',	NULL),
(427,	8,	'C149',	'MACHINERY AND EQUIPMENT PRODUCTIVITY NEXUS: PRODUCTIVITY LINKED TRAINING COURSE FOR TVET INSTITUTIONS IN M&E SECTOR',	2,	2,	'2021-03-16 15:27:45',	'2021-03-16 15:27:45',	NULL),
(428,	8,	'C150',	'MACHINERY AND EQUIPMENT PRODUCTIVITY NEXUS: OVERALL EQUIPMENT EFFECTIVENESS (OEE)',	2,	2,	'2021-03-16 15:27:45',	'2021-03-16 15:27:45',	NULL),
(429,	8,	'C151',	'MACHINERY AND EQUIPMENT PRODUCTIVITY NEXUS: EMPOWERMENT OF EXISTING CENTRE OF EXCELLENCE (COE)',	2,	2,	'2021-03-16 15:27:45',	'2021-03-16 15:27:45',	NULL),
(430,	8,	'C152',	'MACHINERY AND EQUIPMENT PRODUCTIVITY NEXUS: M&E VIRTUAL ADVISORY CLINIC (MEVAC)',	2,	2,	'2021-03-16 15:27:45',	'2021-03-16 15:27:45',	NULL),
(431,	8,	'C153',	'MACHINERY AND EQUIPMENT PRODUCTIVITY NEXUS: PRODUCTIVITY1010 (PRODUCTIVITY THROUGH DIGITISATION)',	2,	2,	'2021-03-16 15:27:45',	'2021-03-16 15:27:45',	NULL),
(432,	8,	'C154',	'MACHINERY AND EQUIPMENT PRODUCTIVITY NEXUS: PRODUCTIVITY IMPROVEMENT PROGRAM',	2,	2,	'2021-03-16 15:27:45',	'2021-03-16 15:27:45',	NULL),
(433,	8,	'C155',	'MACHINERY AND EQUIPMENT PRODUCTIVITY NEXUS: M&E COORDINATION PROGRAM',	2,	2,	'2021-03-16 15:27:45',	'2021-03-16 15:27:45',	NULL),
(434,	8,	'C156',	'MACHINERY AND EQUIPMENT PRODUCTIVITY NEXUS: M&E CLUSTERING INITIATIVE',	2,	2,	'2021-03-16 15:27:45',	'2021-03-16 15:27:45',	NULL),
(435,	8,	'C157',	'PRIVATE HEALTHCARE PRODUCTIVITY NEXUS: TENAGA KERJA (WORKFORCE)',	2,	2,	'2021-03-16 15:27:45',	'2021-03-16 15:27:45',	NULL),
(436,	8,	'C158',	'PRIVATE HEALTHCARE PRODUCTIVITY NEXUS:TEKNOLOGI (TECHNOLOGY) & DIGITAL',	2,	2,	'2021-03-16 15:27:45',	'2021-03-16 15:27:45',	NULL),
(437,	8,	'C159',	'PRIVATE HEALTHCARE PRODUCTIVITY NEXUS:POLISI & PERATURAN (REGULATION)',	2,	2,	'2021-03-16 15:27:45',	'2021-03-16 15:27:45',	NULL),
(438,	8,	'C160',	'PRIVATE HEALTHCARE PRODUCTIVITY NEXUS:INSENTIF (INCENTIVE)',	2,	2,	'2021-03-16 15:27:45',	'2021-03-16 15:27:45',	NULL),
(439,	8,	'C161',	'PRIVATE HEALTHCARE PRODUCTIVITY NEXUS:EKONOMI (ECONOMICS)',	2,	2,	'2021-03-16 15:27:45',	'2021-03-16 15:27:45',	NULL),
(440,	8,	'C162',	'PRIVATE HEALTHCARE PRODUCTIVITY NEXUS:INDUSTRY STRUCTURE',	2,	2,	'2021-03-16 15:27:45',	'2021-03-16 15:27:45',	NULL),
(441,	8,	'C163',	'PRIVATE HEALTHCARE PRODUCTIVITY NEXUS:MARKETING STRATEGY',	2,	2,	'2021-03-16 15:27:45',	'2021-03-16 15:27:45',	NULL),
(442,	8,	'C164',	'PRIVATE HEALTHCARE PRODUCTIVITY NEXUS:STANDARD & PENSIJILAN',	2,	2,	'2021-03-16 15:27:45',	'2021-03-16 15:27:45',	NULL),
(443,	8,	'C165',	'PRIVATE HEALTHCARE PRODUCTIVITY NEXUS:MANAGEMENT (FINANCIAL, OPERATION, BUSINESS)',	2,	2,	'2021-03-16 15:27:45',	'2021-03-16 15:27:45',	NULL),
(444,	8,	'C166',	'PRIVATE HEALTHCARE PRODUCTIVITY NEXUS:PRODUCT DEVELOPMENT',	2,	2,	'2021-03-16 15:27:45',	'2021-03-16 15:27:45',	NULL),
(445,	8,	'C167',	'PRIVATE HEALTHCARE PRODUCTIVITY NEXUS:SYSTEM DEVELOPMENT',	2,	2,	'2021-03-16 15:27:45',	'2021-03-16 15:27:45',	NULL),
(446,	8,	'C168',	'PRIVATE HEALTHCARE PRODUCTIVITY NEXUS:PROFESSIONAL SERVICES',	2,	2,	'2021-03-16 15:27:45',	'2021-03-16 15:27:45',	NULL),
(447,	8,	'C169',	'PRIVATE HEALTHCARE PRODUCTIVITY NEXUS:PRIVATE HEALTHCARE – VIRTUAL ADVISORY SERVICES',	2,	2,	'2021-03-16 15:27:45',	'2021-03-16 15:27:45',	NULL),
(448,	9,	'D001',	'MYRESKILL IOT',	210,	210,	'2021-09-22 06:58:44',	'2021-09-22 06:58:44',	NULL),
(449,	9,	'D002',	'MYRESKILL WORKFORCE (INDUSTRIAL UPSKILLING) FOR FRESH ENGINEERS',	210,	210,	'2021-09-22 06:59:24',	'2021-09-22 06:59:24',	NULL),
(450,	9,	'D003',	'MYRESKILL WORKFORCE (INDUSTRIAL UPSKILLING) FOR RETRENCHED ENGINEERS',	210,	210,	'2021-09-22 07:00:54',	'2021-09-22 07:00:54',	NULL),
(451,	9,	'D004',	'MYRESKILL WORKFORCE (INDUSTRIAL UPSKILLING) FOR TECHNICIANS',	210,	210,	'2021-09-22 07:01:28',	'2021-09-22 07:01:28',	NULL),
(452,	9,	'D005',	'MYRESKILL WORKFORCE (INDUSTRIAL UPSKILLING) FOR SUPPLY CHAIN PERSONNEL',	210,	210,	'2021-09-22 07:02:03',	'2021-09-22 07:02:03',	NULL),
(453,	9,	'D006',	'MYRESKILL WORKFORCE (INDUSTRIAL UPSKILLING) FOR SUPPORT FUNCTION PERSONNEL',	210,	210,	'2021-09-22 07:02:35',	'2021-09-22 07:02:35',	NULL);

CREATE TABLE `ref_project_category` (
  `project_category_id` int(11) NOT NULL AUTO_INCREMENT,
  `project_category_code` char(10) DEFAULT NULL,
  `project_category_desc` varchar(100) DEFAULT NULL,
  `created_by` int(11) DEFAULT NULL,
  `updated_by` int(11) DEFAULT NULL,
  `created_at` timestamp NULL DEFAULT NULL,
  `updated_at` timestamp NOT NULL DEFAULT CURRENT_TIMESTAMP,
  `deleted_at` timestamp NULL DEFAULT NULL,
  PRIMARY KEY (`project_category_id`),
  KEY `idx_projcat_code` (`project_category_code`),
  KEY `idx_projcat_createdby` (`created_by`),
  KEY `idx_projcat_updatedby` (`updated_by`)
) ENGINE=InnoDB DEFAULT CHARSET=latin1;

INSERT INTO `ref_project_category` (`project_category_id`, `project_category_code`, `project_category_desc`, `created_by`, `updated_by`, `created_at`, `updated_at`, `deleted_at`) VALUES
(1,	'AG',	'GOOD REGULATORY PRACTICE (GRP)',	2,	2,	'2021-03-16 15:08:57',	'2021-03-16 15:08:57',	NULL),
(2,	'AB',	'BEHAVIOURAL INSIGHTS',	2,	2,	'2021-03-16 15:08:57',	'2021-05-29 17:13:57',	NULL),
(3,	'AC',	'COMPETITIVENESS',	2,	2,	'2021-03-16 15:08:57',	'2021-03-16 15:08:57',	NULL),
(4,	'AE',	'PRODUCTIVITY-LINKED WAGE SYSTEM (PLWS)',	2,	2,	'2021-03-16 15:08:57',	'2021-03-16 15:08:57',	NULL),
(5,	'B',	'ORGANISATIONAL EXCELLENCE DEVELOPMENT (OED)',	2,	2,	'2021-03-16 15:08:57',	'2021-03-16 15:08:57',	NULL),
(6,	'BB',	'SKIM PENINGKATAN PRODUKTIVITI ENTERPRIS (SPPE)',	2,	2,	'2021-03-16 15:08:57',	'2021-03-16 15:08:57',	NULL),
(7,	'BC',	'PROGRAM PEMBANGUNAN KAPASITI VENDOR (PPKV)',	2,	2,	'2021-03-16 15:08:57',	'2021-03-16 15:08:57',	NULL),
(8,	'C',	'PRODUCTIVITY GROWTH',	2,	2,	'2021-03-16 15:08:57',	'2021-03-16 15:08:57',	NULL),
(9,	'D',	'MYRESKILL',	210,	210,	'2021-09-22 06:57:26',	'2021-09-22 06:57:26',	NULL);

CREATE TABLE `ref_race` (
  `race_id` int(11) NOT NULL AUTO_INCREMENT,
  `race_desc` varchar(50) NOT NULL,
  `created_at` timestamp NULL DEFAULT NULL,
  `updated_at` timestamp NOT NULL DEFAULT CURRENT_TIMESTAMP,
  `deleted_at` timestamp NULL DEFAULT NULL,
  PRIMARY KEY (`race_id`,`updated_at`)
) ENGINE=InnoDB DEFAULT CHARSET=latin1;

INSERT INTO `ref_race` (`race_id`, `race_desc`, `created_at`, `updated_at`, `deleted_at`) VALUES
(1,	'Melayu',	'2018-12-04 13:29:28',	'2018-12-04 13:29:07',	NULL),
(2,	'Cina',	'2018-12-04 13:29:31',	'2018-12-04 13:29:09',	NULL),
(3,	'India',	'2018-12-04 13:29:36',	'2018-12-04 13:29:13',	NULL),
(4,	'Lain-lain',	'2018-12-04 13:29:39',	'2018-12-04 13:29:18',	NULL);

CREATE TABLE `ref_reference_sst` (
  `reference_sst_id` int(11) NOT NULL AUTO_INCREMENT,
  `reference_sst_desc` varchar(100) NOT NULL,
  `startdate` date NOT NULL,
  `enddate` date NOT NULL,
  `created_by` int(11) DEFAULT NULL,
  `updated_by` int(11) DEFAULT NULL,
  `created_at` timestamp NULL DEFAULT NULL,
  `updated_at` timestamp NOT NULL DEFAULT CURRENT_TIMESTAMP,
  `deleted_at` timestamp NULL DEFAULT NULL,
  PRIMARY KEY (`reference_sst_id`,`updated_at`),
  KEY `idx_refsst_createdby` (`created_by`),
  KEY `idx_refsst_updatedby` (`updated_by`)
) ENGINE=InnoDB DEFAULT CHARSET=latin1;

INSERT INTO `ref_reference_sst` (`reference_sst_id`, `reference_sst_desc`, `startdate`, `enddate`, `created_by`, `updated_by`, `created_at`, `updated_at`, `deleted_at`) VALUES
(1,	'MPC(PCT)499/5/1',	'2020-01-01',	'2020-12-31',	2,	2,	'2021-06-07 18:37:30',	'2021-06-07 18:37:30',	NULL),
(2,	'MPC.100-14/1/21',	'2021-01-01',	'2022-12-31',	2,	390,	'2021-06-07 18:38:05',	'2021-08-11 00:41:44',	NULL);

CREATE TABLE `ref_religion` (
  `religion_id` int(11) NOT NULL AUTO_INCREMENT,
  `religion_desc` varchar(50) NOT NULL,
  `created_at` timestamp NULL DEFAULT NULL,
  `updated_at` timestamp NOT NULL DEFAULT CURRENT_TIMESTAMP,
  `deleted_at` timestamp NULL DEFAULT NULL,
  PRIMARY KEY (`religion_id`,`updated_at`)
) ENGINE=InnoDB DEFAULT CHARSET=latin1;

INSERT INTO `ref_religion` (`religion_id`, `religion_desc`, `created_at`, `updated_at`, `deleted_at`) VALUES
(1,	'Islam',	'2018-12-04 13:28:12',	'2018-12-04 13:28:12',	NULL),
(2,	'Kristian',	'2018-12-04 13:28:12',	'2018-12-04 13:28:19',	NULL),
(3,	'Buddha',	'2018-12-04 13:28:12',	'2018-12-04 13:28:22',	NULL),
(4,	'Hindu',	'2018-12-04 13:28:12',	'2018-12-04 13:28:26',	NULL),
(5,	'Lain-lain',	'2018-12-04 13:28:12',	'2018-12-04 13:28:43',	NULL);

CREATE TABLE `ref_service_distance` (
  `service_distance_id` int(11) NOT NULL AUTO_INCREMENT,
  `service_distance_desc` varchar(255) DEFAULT NULL,
  `created_by` int(11) DEFAULT NULL,
  `updated_by` int(11) DEFAULT NULL,
  `created_at` timestamp NULL DEFAULT NULL,
  `updated_at` timestamp NOT NULL DEFAULT CURRENT_TIMESTAMP,
  `deleted_at` timestamp NULL DEFAULT NULL,
  PRIMARY KEY (`service_distance_id`),
  KEY `idx_servicedistance_createdby` (`created_by`),
  KEY `idx_servicedistance_updatedby` (`updated_by`)
) ENGINE=InnoDB DEFAULT CHARSET=latin1;

INSERT INTO `ref_service_distance` (`service_distance_id`, `service_distance_desc`, `created_by`, `updated_by`, `created_at`, `updated_at`, `deleted_at`) VALUES
(1,	'Kadar Jarak [<100 km]\r\n',	2,	2,	'2021-06-21 16:15:33',	'2021-06-21 16:15:33',	NULL),
(2,	'Kadar Jarak [>100 km]',	2,	2,	'2021-06-21 16:15:33',	'2021-06-21 16:15:33',	NULL),
(3,	'Kadar Jarak ke Sabah/Sarawak',	2,	2,	'2021-06-21 16:15:33',	'2021-06-21 16:15:33',	NULL);

CREATE TABLE `ref_service_group` (
  `service_group_id` int(11) NOT NULL AUTO_INCREMENT,
  `service_group_code` varchar(20) DEFAULT NULL,
  `service_group_desc` varchar(50) NOT NULL,
  `created_by` int(11) DEFAULT NULL,
  `updated_by` int(11) DEFAULT NULL,
  `created_at` timestamp NULL DEFAULT NULL,
  `updated_at` timestamp NOT NULL DEFAULT CURRENT_TIMESTAMP,
  `deleted_at` timestamp NULL DEFAULT NULL,
  PRIMARY KEY (`service_group_id`),
  KEY `idx_servicegroup_code` (`service_group_code`),
  KEY `idx_servicegroup_createdby` (`created_by`),
  KEY `idx_servicegroup_updatedby` (`updated_by`)
) ENGINE=InnoDB DEFAULT CHARSET=latin1;

INSERT INTO `ref_service_group` (`service_group_id`, `service_group_code`, `service_group_desc`, `created_by`, `updated_by`, `created_at`, `updated_at`, `deleted_at`) VALUES
(1,	NULL,	'Pengurusan Tertinggi',	2,	2,	'2021-01-13 13:38:37',	'2021-01-13 13:38:37',	NULL),
(2,	NULL,	'Pengurusan & Professional Gred 53 & 54',	2,	2,	'2021-01-13 13:38:37',	'2021-01-13 13:38:37',	NULL),
(3,	NULL,	'Pengurusan & Professional Gred 45 – 52',	2,	2,	'2021-01-13 13:38:37',	'2021-01-13 13:38:37',	NULL),
(4,	NULL,	'Pengurusan & Professional Gred 41 – 44',	2,	2,	'2021-03-19 13:12:21',	'2021-03-19 13:12:27',	NULL),
(5,	NULL,	'Sokongan',	2,	2,	'2021-03-19 13:12:24',	'2021-03-19 13:12:29',	NULL);

CREATE TABLE `ref_service_type` (
  `service_type_id` int(11) NOT NULL AUTO_INCREMENT,
  `service_type_code` varchar(20) DEFAULT NULL,
  `service_type_desc` varchar(50) NOT NULL,
  `created_by` int(11) DEFAULT NULL,
  `updated_by` int(11) DEFAULT NULL,
  `created_at` timestamp NULL DEFAULT NULL,
  `updated_at` timestamp NOT NULL DEFAULT CURRENT_TIMESTAMP,
  `deleted_at` timestamp NULL DEFAULT NULL,
  PRIMARY KEY (`service_type_id`),
  KEY `idx_servicetype_code` (`service_type_code`),
  KEY `idx_servicetype_createdby` (`created_by`),
  KEY `idx_servicetype_updatedby` (`updated_by`)
) ENGINE=InnoDB DEFAULT CHARSET=latin1;

INSERT INTO `ref_service_type` (`service_type_id`, `service_type_code`, `service_type_desc`, `created_by`, `updated_by`, `created_at`, `updated_at`, `deleted_at`) VALUES
(1,	'P&P',	'Pengurusan Tertinggi',	2,	2,	'2021-01-13 13:38:37',	'2021-01-13 13:38:37',	NULL),
(2,	'P&P',	'Pengurusan & Profesional',	2,	2,	'2021-01-13 13:38:37',	'2021-01-13 13:38:37',	NULL),
(3,	'Sokongan',	'Khidmat Sokongan',	2,	2,	'2021-01-13 13:38:37',	'2021-01-13 13:38:37',	NULL);

CREATE TABLE `ref_sub_allocation` (
  `sub_allocation_id` int(11) NOT NULL AUTO_INCREMENT,
  `allocation_id` int(11) NOT NULL,
  `allocation_code` varchar(50) DEFAULT NULL,
  `sub_allocation_code` varchar(50) DEFAULT NULL,
  `sub_allocation_desc` varchar(255) DEFAULT NULL,
  `has_budget` int(11) NOT NULL DEFAULT '0',
  `status` int(11) NOT NULL DEFAULT '1',
  `created_by` int(11) DEFAULT NULL,
  `updated_by` int(11) DEFAULT NULL,
  `created_at` timestamp NULL DEFAULT NULL,
  `updated_at` timestamp NOT NULL DEFAULT CURRENT_TIMESTAMP,
  `deleted_at` timestamp NULL DEFAULT NULL,
  PRIMARY KEY (`sub_allocation_id`),
  KEY `idx_refsuballocation_allocationid` (`allocation_id`),
  KEY `idx_refsuballocation_createdby` (`created_by`),
  KEY `idx_refsuballocation_updatedby` (`updated_by`),
  KEY `idx_refsuballocation_allocation` (`has_budget`),
  KEY `idx_refsuballocation_allocationcode` (`allocation_code`),
  KEY `idx_refsuballocation_suballocationcode` (`sub_allocation_code`),
  KEY `idx_refsuballocation_budget` (`has_budget`)
) ENGINE=InnoDB DEFAULT CHARSET=latin1;

INSERT INTO `ref_sub_allocation` (`sub_allocation_id`, `allocation_id`, `allocation_code`, `sub_allocation_code`, `sub_allocation_desc`, `has_budget`, `status`, `created_by`, `updated_by`, `created_at`, `updated_at`, `deleted_at`) VALUES
(1,	2,	'0005XX10-NPCX',	'KLEMS-TFP',	'Capital, Labor, Energy, Material And Services - Total Factor Productivity',	1,	1,	2,	2,	'2020-10-14 02:28:42',	'2020-10-14 02:28:42',	NULL),
(2,	2,	'0007XX11-NPCX',	'MBR',	'Modern Business Regulation',	1,	1,	2,	2,	'2020-10-14 02:28:42',	'2020-10-14 02:28:42',	NULL),
(3,	2,	'0008XX11-NPCX',	'NPDIR',	'Pelaksanaan NPDIR bagi Kerajaan Negeri dan Kerajaan Tempatan',	1,	1,	2,	2,	'2020-10-14 02:28:42',	'2020-10-14 02:28:42',	NULL),
(4,	2,	'0006XX10-NPCX',	'EIIP',	'Enterprise Innovation Intervention Programmed',	1,	1,	2,	2,	'2020-10-14 02:28:42',	'2020-10-14 02:28:42',	'2021-02-03 16:55:07'),
(5,	2,	'0009XX11-NPCX',	'SPPE-MPB',	'Skim Peningkatan Produktiviti Entepris Selaras Dengan Malaysia Prod Blueprint',	1,	1,	2,	31,	'2020-10-14 02:28:42',	'2021-11-06 07:29:03',	NULL),
(6,	2,	'0010XX11-NPCX',	'MPB-EEPN',	'Malaysia Productivity Blueprint - Electrical & Electronic',	1,	1,	2,	2,	'2020-10-14 02:28:42',	'2020-10-14 02:28:42',	NULL),
(7,	2,	'0011XX11-NPCX',	'MPB-CCPPN',	'Malaysia Productivity Blueprint - Chemicals & Chemical Products',	1,	1,	2,	2,	'2020-10-14 02:28:42',	'2020-10-14 02:28:42',	NULL),
(8,	2,	'0012XX11-NPCX',	'MPB-RFBPN',	'Malaysia Productivity Blueprint - Retail and F&B',	1,	1,	2,	2,	'2020-10-14 02:28:42',	'2020-10-14 02:28:42',	NULL),
(9,	2,	'0013XX11-NPCX',	'MPB-TPN',	'Malaysia Productivity Blueprint - Tourism Productivity Nexus',	1,	1,	2,	2,	'2020-10-14 02:28:42',	'2020-10-14 02:28:42',	NULL),
(10,	2,	'0014XX11-NPCX',	'MPB-AFPN',	'Malaysia Productivity Blueprint - Agrofood Productivity Nexus',	1,	1,	2,	2,	'2020-10-14 02:28:42',	'2020-10-14 02:28:42',	NULL),
(11,	2,	'0015XX11-NPCX',	'MPB-MEPN',	'Malaysia Productivity Blueprint - Machinery & Equipment Productivity Nexus',	1,	1,	2,	2,	'2020-10-14 02:28:42',	'2020-10-14 02:28:42',	NULL),
(12,	2,	'0016XX11-NPCX',	'MPB-PSPN',	'MALAYSIA PRODUCTIVITY BLUEPRINT - PROFESSIONAL SERVICES PRODUCTIVITY NEXUS',	1,	1,	2,	31,	'2020-10-14 02:28:42',	'2020-10-14 02:35:29',	NULL),
(13,	2,	'0017XX11-NPCX',	'MPB-ICT',	'Malaysia Productivity Blueprint -ICT Productivity Nexus',	1,	1,	2,	2,	'2020-10-14 02:28:42',	'2020-10-14 02:28:42',	NULL),
(14,	2,	'0018XX11-NPCX',	'MPB-PHPN',	'MALAYSIA PRODUCTIVITY BLUEPRINT - PRIVATE HEALTHCARE PRODUCTIVITY NEXUS',	1,	1,	2,	31,	'2020-10-14 02:28:42',	'2020-10-14 02:36:14',	NULL),
(15,	2,	'0019XX11-NPCX',	'T5 - MPB',	'Membentuk Mekanisme Pelaksanaan Yang Padu Selaras Dengan MPB-DMO',	1,	1,	2,	2,	'2020-10-14 02:28:42',	'2020-10-14 02:28:42',	NULL),
(16,	2,	'0020XX11-NPCX',	'PTPS',	'PROGRAM TRANSFORMASI PERATURAN SEDIA ADA',	1,	1,	2,	2,	'2020-10-14 02:28:42',	'2020-10-14 02:28:42',	NULL),
(17,	2,	'0021XX11-NPCX',	'NTM',	'Memudahkan Peraturan Perniagaan Perdagangan Antarabangsa',	1,	1,	2,	2,	'2020-10-14 02:28:42',	'2020-10-14 02:28:42',	NULL),
(18,	2,	'0023XX11-NPCX',	'PKP',	'Peningkatan Kualiti Peraturan',	1,	1,	2,	2,	'2020-10-14 02:28:42',	'2020-10-14 02:28:42',	NULL),
(19,	1,	'M-NPC-SS20',	'Usahasama- MTCP/TCTP/JICA',	'MTCP/TCTP/JICA',	1,	1,	2,	2,	'2020-10-14 02:28:42',	'2020-10-14 02:28:42',	NULL),
(20,	1,	'U60S0000-PP60',	'USAHASAMA- INDUSTRY 4.0 2020',	'PROGRAM-INDUSTRY 4WRD',	1,	1,	2,	31,	'2020-10-14 02:28:42',	'2021-06-11 07:43:00',	NULL),
(21,	1,	'U70S0000-PP70',	'Usahasama- PPRN',	'Kajian Impak Pelaksanaan Inisiatif Public -Private Research Network (PPRN)',	1,	1,	2,	2,	'2020-10-14 02:28:42',	'2020-10-14 02:28:42',	NULL),
(22,	1,	'U80S0000-PP80',	'Usahasama- HICoE',	'Kajian Impak Pelaksanaan Higher - Institutions Centre Of Excellence (HICOE)',	1,	1,	2,	2,	'2020-10-14 02:28:42',	'2020-10-14 02:28:42',	NULL),
(23,	1,	'U90S0000-PP90',	'Usahasama- AKI',	'Anugerah Kecemerlangan Industri (AKI)',	1,	1,	2,	2,	'2020-10-14 02:28:42',	'2020-10-14 02:28:42',	NULL),
(24,	1,	'M-NPC-SS20',	'Usahasama- PPV-MED',	'PPV-MED',	1,	1,	2,	2,	'2020-10-14 02:28:42',	'2020-10-14 02:28:42',	NULL),
(25,	1,	'U11S0000-RP10',	'Usahasama- JPA',	'Kajian Pengukuran Produktiviti Perkhidmatan Awam (JPA)',	1,	1,	2,	2,	'2020-10-14 02:28:42',	'2020-10-14 02:28:42',	NULL),
(26,	1,	'U12S0000-PP10',	'Usahasama- MEDAC 2020-LEAN',	'Kemudahan Latihan Prog Pembangunan Kapasiti Vendor 2019-2020',	1,	1,	2,	2,	'2020-10-14 02:28:42',	'2020-10-14 02:28:42',	NULL),
(27,	1,	'U13S0000-RM10',	'Usahasama- HICoE (KEUSAHAWANAN)',	'Kajian Impak Perlaksanaan Prog Keusahawanan Institusi Pendidikan Tinggi',	1,	1,	2,	2,	'2020-10-14 02:28:42',	'2020-10-14 02:28:42',	NULL),
(28,	1,	'M-NPC-SS20',	'Usahasama- DBKL',	'Kajian Pengukuran Prestasi (DBKL)',	1,	1,	2,	2,	'2020-10-14 02:28:42',	'2020-10-14 02:28:42',	NULL),
(29,	1,	'U14S0000-LP10',	'Usahasama- MEDAC 2020-KAIZEN',	'Kemudahan Latihan Prog Pembangunan Kapasiti Vendor 2019-2020',	1,	1,	2,	2,	'2020-10-14 02:28:42',	'2020-10-14 02:28:42',	NULL),
(30,	1,	'U15S0000-LP20',	'Usahasama- MEDAC 2020-I4.0',	'Kemudahan Latihan Prog Pembangunan Kapasiti Vendor 2019-2020',	1,	1,	2,	2,	'2020-10-14 02:28:42',	'2020-10-14 02:28:42',	NULL),
(31,	1,	'K001N016-NPCX',	'Program Khas- NTEx',	'Konvensyen Team Excellence Kebangsaan',	0,	1,	2,	2,	'2020-10-14 02:28:42',	'2020-10-14 02:28:42',	NULL),
(32,	1,	'K002N016-NPCX',	'Program Khas- RTEx (CRO)',	'Konvensyen Wilayah Tengah',	0,	1,	2,	2,	'2020-10-14 02:28:42',	'2020-10-14 02:28:42',	NULL),
(33,	1,	'K003N016-NPCX',	'Program Khas- MTEx (CRO)',	'Mini Konvensyen Wilayah Tengah',	0,	1,	2,	2,	'2020-10-14 02:28:42',	'2020-10-14 02:28:42',	NULL),
(34,	1,	'K004N016-WU0X',	'Program Khas- RTEx (NRO)',	'Konvensyen Team Excellence Wilayah Utara ',	0,	1,	2,	2,	'2020-10-14 02:28:42',	'2020-10-14 02:28:42',	NULL),
(35,	1,	'K005N016-JB0X',	'Program Khas- RTEx (SRO)',	'Konvensyen Team Excellence Wilayah Selatan',	0,	1,	2,	2,	'2020-10-14 02:28:42',	'2020-10-14 02:28:42',	NULL),
(36,	1,	'K015N016-KK0X',	'Program Khas- MTEx (SBO)',	'Mini Konvensyen Wilayah Sabah',	0,	1,	2,	2,	'2020-10-14 02:28:42',	'2020-10-14 02:28:42',	NULL),
(37,	1,	'K006N016-PT0X',	'Program Khas- RTEx (ECR)',	'Konvensyen Team Excellence Wilayah P. Timur',	0,	1,	2,	2,	'2020-10-14 02:28:42',	'2020-10-14 02:28:42',	NULL),
(38,	1,	'K007N016-KK0X',	'Program Khas- RTEx (SBO)',	'Konvensyen Team Excellence Sabah ',	0,	1,	2,	2,	'2020-10-14 02:28:42',	'2020-10-14 02:28:42',	NULL),
(39,	1,	'K008N016-SW0X',	'Program Khas- RTEx (SKO)',	'Konvensyen Team Excellence Sarawak',	0,	1,	2,	2,	'2020-10-14 02:28:42',	'2020-10-14 02:28:42',	NULL),
(40,	1,	'K011N016-JB0X',	'Program Khas- MTEx (SRO)',	'Mini Konvensyen Wilayah Selatan',	0,	1,	2,	2,	'2020-10-14 02:28:42',	'2020-10-14 02:28:42',	NULL),
(41,	1,	'K012N016-PT0X',	'Program Khas- MTEx (ECR)',	'Mini Konvensyen Wilayah Pantai Timur',	0,	1,	2,	2,	'2020-10-14 02:28:42',	'2020-10-14 02:28:42',	NULL),
(42,	1,	'K013N016-WU0X',	'Program Khas- MTEx (NRO)',	'Mini Konvensyen Wilayah Utara',	0,	1,	2,	2,	'2020-10-14 02:28:42',	'2020-10-14 02:28:42',	NULL),
(43,	1,	'K014N016-SW0X',	'Program Khas- MTEx (SKO)',	'Mini Konvensyen Wilayah Sarawak',	0,	1,	2,	2,	'2020-10-14 02:28:42',	'2020-10-14 02:28:42',	NULL),
(44,	1,	'K016N016-NPCX',	'Program Khas- PC',	'Productivity Conference',	0,	1,	2,	2,	'2020-10-14 02:28:42',	'2020-10-14 02:28:42',	NULL),
(45,	1,	'K017N016-NPCX',	'Program Khas- APIC',	'Annual Productivity & Innovation Conference',	0,	1,	2,	2,	'2020-10-14 02:28:42',	'2020-10-14 02:28:42',	NULL),
(46,	1,	'K018N016-NPCX',	'Program Khas- APQC',	'Asia Pacific Quality Conference',	0,	1,	2,	2,	'2020-10-14 02:28:42',	'2020-10-14 02:28:42',	NULL),
(47,	1,	'S001N016-NPCX',	'ICQCC',	'International Convention on Quality Control Circles',	0,	1,	2,	2,	'2020-10-14 02:28:42',	'2020-10-14 02:28:42',	NULL),
(48,	1,	'S003N009-NPCX',	'Seminar/Study Mission Luar Negara',	'Seminar/Study Mission Luar Negara',	0,	1,	2,	2,	'2020-10-14 02:28:42',	'2020-10-14 02:28:42',	NULL),
(49,	1,	'S005N016-NPCX',	'IQPC',	'International Quality and Productivity Convention',	0,	1,	2,	2,	'2020-10-14 02:28:42',	'2020-10-14 02:28:42',	NULL),
(50,	1,	'M-NPC-JB0',	'Mengurus-MPC SRO',	'Mengurus-MPC Wilayah Selatan',	0,	1,	2,	2,	'2020-10-14 02:28:42',	'2020-10-14 02:28:42',	NULL),
(51,	1,	'M-NPC-WU0',	'Mengurus-MPC NRO',	'Mengurus-MPC Wilayah Utara',	0,	1,	2,	2,	'2020-10-14 02:28:42',	'2020-10-14 02:28:42',	NULL),
(52,	1,	'M-NPC-SW0',	'Mengurus-MPC SKO',	'Mengurus-MPC Sarawak',	0,	1,	2,	2,	'2020-10-14 02:28:42',	'2020-10-14 02:28:42',	NULL),
(53,	1,	'M-NPC-PT0',	'Mengurus-MPC ECR',	'Mengurus-MPC Wilayah Pantai Timur',	0,	1,	2,	2,	'2020-10-14 02:28:42',	'2020-10-14 02:28:42',	NULL),
(54,	1,	'M-NPC-KK0',	'Mengurus-MPC SBO',	'Mengurus-MPC Sabah',	0,	1,	2,	2,	'2020-10-14 02:28:42',	'2020-10-14 02:28:42',	NULL),
(55,	1,	'M-CR0-LP10',	'MENGURUS-PACS',	'MENGURUS-PACS',	0,	1,	2,	31,	'2020-10-14 02:28:42',	'2021-04-06 06:17:40',	NULL),
(56,	1,	'M-NPC-KP01',	'MENGURUS-KP',	'MENGURUS - PEJABAT KETUA PENGARAH',	0,	1,	2,	31,	'2020-10-14 02:28:42',	'2021-02-15 02:56:24',	NULL),
(57,	1,	'M-NPC-LB10',	'MENGURUS-OED',	'MENGURUS - OED',	0,	1,	2,	31,	'2020-10-14 02:28:42',	'2021-02-15 02:46:43',	NULL),
(58,	1,	'M-NPC-UP30',	'MENGURUS-BTI',	'MENGURUS - INOVASI & TRANSFORMASI PERNIAGAAN',	0,	1,	2,	31,	'2020-10-14 02:28:42',	'2021-02-15 02:55:35',	NULL),
(59,	1,	'M-NPC-RK10',	'MENGURUS-PCD',	'MENGURUS - PCD',	0,	1,	2,	182,	'2020-10-14 02:28:42',	'2021-02-08 03:59:30',	NULL),
(60,	1,	'M-NPC-RM10',	'Mengurus-PCK',	'Mengurus-Pembangunan Prod & Daya Saing',	0,	1,	2,	2,	'2020-10-14 02:28:42',	'2020-10-14 02:28:42',	'2021-02-14 18:45:27'),
(61,	1,	'M-NPC-RP10',	'MENGURUS-PRODUCTIVITY GROWTH',	'MENGURUS - PRODUCTIVITY GROWTH',	0,	1,	2,	182,	'2020-10-14 02:28:42',	'2021-02-08 03:59:00',	'2021-03-18 23:33:03'),
(62,	1,	'M-NPC-SS10',	'Mengurus-MSF',	'Mengurus-Khidmat Pengurusan & Kewangan',	0,	1,	2,	2,	'2020-10-14 02:28:42',	'2020-10-14 02:28:42',	NULL),
(63,	1,	'M-NPC-SS20',	'Mengurus-FIN',	'Mengurus-Unit Kewangan',	0,	1,	2,	2,	'2020-10-14 02:28:42',	'2020-10-14 02:28:42',	NULL),
(64,	1,	'M-NPC-SS30',	'Mengurus-PCT',	'Mengurus-Unit Perolehan',	0,	1,	2,	2,	'2020-10-14 02:28:42',	'2020-10-14 02:28:42',	NULL),
(65,	1,	'M-NPC-SS50',	'Mengurus-HRMD',	'Mengurus-Unit Pengurusan Sumber Manusia',	0,	1,	2,	2,	'2020-10-14 02:28:42',	'2020-10-14 02:28:42',	NULL),
(66,	1,	'M-NPC-SS60',	'Mengurus-MIT',	'Mengurus-Unit Pengurusan Teknologi Maklumat',	0,	1,	2,	2,	'2020-10-14 02:28:42',	'2020-10-14 02:28:42',	NULL),
(67,	1,	'M-NPC-TP02',	'MENGURUS-TKP PCD',	'MENGURUS-TKP PCD',	0,	1,	2,	31,	'2020-10-14 02:28:42',	'2021-04-02 02:56:14',	NULL),
(68,	1,	'M-NPC-UP10',	'Mengurus-CSL/IA',	'Mengurus-Urusetia Perbadanan / Audit Dalam',	0,	1,	2,	2,	'2020-10-14 02:28:42',	'2020-10-14 02:28:42',	NULL),
(69,	1,	'M-NPC-UP20',	'Mengurus-Unit Inovasi',	'Mengurus-Unit Inovasi',	0,	1,	2,	2,	'2020-10-14 02:28:42',	'2020-10-14 02:28:42',	'2021-04-02 02:32:23'),
(70,	1,	'M-NPC-UP20',	'MENGURUS-ITR',	'MENGURUS-UNIT PERHUBUNGAN ANTARABANGSA',	0,	1,	2,	31,	'2020-10-14 02:28:42',	'2021-02-15 02:43:47',	NULL),
(71,	2,	'0022XX11-NPCX',	'SPN',	'SPN',	1,	1,	298,	31,	'2020-10-15 03:18:06',	'2020-10-15 04:20:20',	NULL),
(72,	2,	'0032XX11-NPCX',	'BI',	'BEHAVIORAL INSIGHTS',	1,	1,	31,	31,	'2020-10-15 08:25:26',	'2020-11-17 05:22:57',	NULL),
(73,	2,	'0002XXX7-NPCX',	'HRD',	'PEMBANGUNAN SUMBER MANUSIA',	1,	1,	31,	31,	'2020-11-03 04:29:36',	'2020-11-03 04:29:36',	NULL),
(74,	2,	'0035XX12-NPCX',	'FORE',	'MEMBENTUK EKOSISTEM PERATURAN PERNIAGAAN YANG TEGUH',	1,	1,	298,	298,	'2021-01-17 05:42:06',	'2021-01-17 05:58:50',	NULL),
(75,	2,	'0033XX12-NPCX',	'SPC 2.0',	'MELAKSANAKAN INISIATIF PUSAT PRODUKTIVITI PERINGKAT SEKTOR',	1,	1,	298,	298,	'2021-01-17 07:20:38',	'2021-01-17 07:20:38',	NULL),
(76,	2,	'0034XX12-NPCX',	'TWIP',	'TRANSFORMASI UPAH KE ARAH PENINGKATAN PRODUKTIVITI DAN PAMPASAN PEKERJA',	1,	1,	298,	298,	'2021-01-18 03:30:15',	'2021-01-18 03:30:15',	NULL),
(77,	2,	'0032XX12-NPCX',	'BI 2.0',	'PENERAPAN KAEDAH BEHAVIOURAL INSIGHTS (BI) DALAM POLISI AWAM DAN PERATURAN DI MALAYSIA',	1,	1,	91,	182,	'2021-01-22 00:24:24',	'2021-02-04 01:59:58',	NULL),
(78,	2,	'0009XX12-NPCX',	'SPPE 2.0',	'SKIM PENINGKATAN PRODUKTIVITI ENTERPRISE 2.0',	1,	1,	182,	182,	'2021-02-04 01:58:34',	'2021-02-04 01:59:46',	NULL),
(79,	1,	'M-NPC-RP10',	'MENGURUS-PG',	'MENGURUS - PRODUCTIVITY GROWTH',	0,	1,	31,	31,	'2021-02-15 02:53:59',	'2021-02-15 02:53:59',	NULL),
(80,	1,	'M-NPC-UP10',	'MENGURUS-CSL/IA',	'MENGURUS-CSL/INTERNAL AUDIT',	0,	1,	31,	31,	'2021-03-19 07:35:25',	'2021-03-19 07:35:25',	NULL),
(81,	1,	'M-NPC-PP10',	'MENGURUS-CPD',	'MENGURUS-CPD',	0,	1,	31,	31,	'2021-03-22 08:00:54',	'2021-03-22 08:00:54',	NULL),
(82,	1,	'M-NPC-TP01',	'MENGURUS-TKP OED',	'MENGURUS-TKP OED',	0,	1,	31,	31,	'2021-04-02 02:57:02',	'2021-04-02 02:57:02',	NULL),
(83,	1,	'M-NPC-SS20',	'USAHASAMA-APO',	'APO',	1,	1,	31,	31,	'2021-05-05 08:58:03',	'2021-05-05 08:58:03',	NULL),
(84,	1,	'U60S0000-PP60',	'USAHASAMA- INDUSTRY 4.0 2021',	'PROGRAM-INDUSTRY 4WRD',	1,	1,	31,	31,	'2021-06-11 07:44:00',	'2021-06-11 07:44:00',	NULL),
(85,	1,	'U22S0000-RP40',	'USAHASAMA- KWC0-19',	'KUMPULAN WANG COVID',	1,	1,	31,	31,	'2021-09-24 03:55:44',	'2021-09-24 10:09:21',	NULL);

CREATE TABLE `ref_supplier` (
  `supplier_id` int(11) NOT NULL AUTO_INCREMENT,
  `supplier_code` varchar(50) NOT NULL,
  `supplier_name` varchar(100) NOT NULL,
  `supplier_regno` varchar(20) NOT NULL,
  `supplier_address_1` varchar(100) DEFAULT NULL,
  `supplier_address_2` varchar(100) DEFAULT NULL,
  `supplier_address_3` varchar(100) DEFAULT NULL,
  `supplier_postcode` char(5) DEFAULT NULL,
  `district_id` int(11) DEFAULT NULL,
  `state_id` int(11) DEFAULT NULL,
  `supplier_contact_person` varchar(100) DEFAULT NULL,
  `supplier_office_no` varchar(20) DEFAULT NULL,
  `supplier_mobile_no` varchar(20) DEFAULT NULL,
  `supplier_fax_no` varchar(20) DEFAULT NULL,
  `supplier_email` varchar(100) DEFAULT NULL,
  `supplier_account_no` varchar(50) DEFAULT NULL,
  `bank_id` int(11) DEFAULT NULL,
  `created_by` int(11) DEFAULT NULL,
  `created_at` timestamp NULL DEFAULT NULL,
  `updated_by` int(11) DEFAULT NULL,
  `updated_at` timestamp NOT NULL DEFAULT CURRENT_TIMESTAMP,
  `deleted_by` int(11) DEFAULT NULL,
  `deleted_at` timestamp NULL DEFAULT NULL,
  PRIMARY KEY (`supplier_id`)
) ENGINE=InnoDB DEFAULT CHARSET=latin1;


CREATE TABLE `ref_unit` (
  `unit_id` int(11) NOT NULL AUTO_INCREMENT,
  `unit_desc` varchar(200) NOT NULL,
  `purpose` int(11) NOT NULL COMMENT '1-perkhidmatan',
  `is_active` char(1) NOT NULL DEFAULT '1',
  `created_by` int(11) NOT NULL,
  `updated_by` int(11) NOT NULL,
  `created_at` timestamp NULL DEFAULT NULL,
  `updated_at` timestamp NULL DEFAULT CURRENT_TIMESTAMP,
  `deleted_at` timestamp NULL DEFAULT NULL,
  PRIMARY KEY (`unit_id`)
) ENGINE=InnoDB DEFAULT CHARSET=latin1;

INSERT INTO `ref_unit` (`unit_id`, `unit_desc`, `purpose`, `is_active`, `created_by`, `updated_by`, `created_at`, `updated_at`, `deleted_at`) VALUES
(1,	'JAM',	1,	'1',	2,	2,	'2021-06-20 14:45:25',	'2021-06-20 14:45:25',	NULL),
(2,	'HARI',	1,	'1',	2,	2,	'2021-06-20 14:45:25',	'2021-06-20 14:45:28',	NULL),
(3,	'KM',	1,	'1',	2,	2,	'2021-06-20 14:45:25',	'2021-06-20 14:46:06',	'2021-06-20 18:27:21'),
(4,	'MUKASURAT',	1,	'1',	2,	2,	'2021-06-20 14:45:25',	'2021-06-20 14:46:40',	NULL),
(5,	'ARTIKAL',	1,	'1',	2,	2,	'2021-06-20 14:45:25',	'2021-06-20 14:51:25',	NULL),
(6,	'LAPORAN',	1,	'1',	2,	2,	'2021-06-20 14:45:25',	'2021-06-20 14:52:27',	NULL),
(7,	'MESYUARAT',	1,	'1',	2,	2,	'2021-06-20 14:45:25',	'2021-06-20 14:52:37',	NULL),
(8,	'AKTIVITI',	1,	'1',	2,	2,	'2021-06-20 14:45:25',	'2021-06-20 14:53:37',	NULL),
(9,	'ARTIKAL/LAPORAN',	1,	'1',	2,	2,	'2021-06-20 14:45:25',	'2021-06-20 14:53:37',	NULL),
(10,	'MESYUARAT/AKTIVITI',	1,	'1',	2,	2,	'2021-06-20 18:33:50',	'2021-06-20 18:33:50',	NULL),
(11,	'SESI',	1,	'1',	2,	2,	'2021-06-20 18:38:52',	'2021-06-20 18:38:52',	NULL),
(12,	'KERTAS',	1,	'1',	2,	2,	'2021-06-20 18:42:04',	'2021-06-20 18:42:04',	NULL);

CREATE TABLE `ref_unit_bahagian` (
  `unit_bahagian_id` int(11) NOT NULL AUTO_INCREMENT,
  `parent_id` int(11) DEFAULT NULL,
  `unit_bahagian_desc` varchar(100) NOT NULL,
  `is_cawangan` int(11) NOT NULL DEFAULT '0',
  `prefix_running_no` varchar(20) DEFAULT NULL,
  `running_no` int(11) NOT NULL DEFAULT '0',
  `address_1` varchar(100) DEFAULT NULL,
  `address_2` varchar(100) DEFAULT NULL,
  `address_3` varchar(100) DEFAULT NULL,
  `postcode` char(5) DEFAULT NULL,
  `district_id` int(11) DEFAULT NULL,
  `state_id` int(11) DEFAULT NULL,
  `contact_no` varchar(20) DEFAULT NULL,
  `fax_no` varchar(20) DEFAULT NULL,
  `email` varchar(50) DEFAULT NULL,
  `account_no` varchar(20) DEFAULT NULL,
  `bank_id` int(11) DEFAULT NULL,
  `created_by` int(11) DEFAULT NULL,
  `updated_by` int(11) DEFAULT NULL,
  `created_at` timestamp NULL DEFAULT NULL,
  `updated_at` timestamp NOT NULL DEFAULT CURRENT_TIMESTAMP,
  `deleted_at` timestamp NULL DEFAULT NULL,
  PRIMARY KEY (`unit_bahagian_id`)
) ENGINE=InnoDB DEFAULT CHARSET=latin1;

INSERT INTO `ref_unit_bahagian` (`unit_bahagian_id`, `parent_id`, `unit_bahagian_desc`, `is_cawangan`, `prefix_running_no`, `running_no`, `address_1`, `address_2`, `address_3`, `postcode`, `district_id`, `state_id`, `contact_no`, `fax_no`, `email`, `account_no`, `bank_id`, `created_by`, `updated_by`, `created_at`, `updated_at`, `deleted_at`) VALUES
(0,	NULL,	'HQ',	0,	NULL,	0,	NULL,	NULL,	NULL,	NULL,	NULL,	NULL,	NULL,	NULL,	NULL,	NULL,	NULL,	2,	2,	'2019-03-29 12:32:26',	'2019-03-29 12:32:28',	NULL),
(1,	0,	'CPD',	0,	NULL,	5,	NULL,	NULL,	NULL,	NULL,	NULL,	NULL,	NULL,	NULL,	NULL,	NULL,	NULL,	2,	2,	'2019-03-28 17:14:07',	'2019-03-28 17:14:07',	NULL),
(2,	0,	'PACS',	1,	NULL,	21,	NULL,	NULL,	NULL,	NULL,	NULL,	NULL,	NULL,	NULL,	NULL,	NULL,	NULL,	2,	2,	'2019-03-28 17:14:07',	'2020-10-15 08:55:30',	NULL),
(3,	0,	'DGO',	0,	NULL,	2,	NULL,	NULL,	NULL,	NULL,	NULL,	NULL,	NULL,	NULL,	NULL,	NULL,	NULL,	2,	2,	'2019-03-28 17:14:07',	'2019-03-28 17:14:07',	NULL),
(4,	0,	'DMO',	1,	'',	68,	NULL,	NULL,	NULL,	NULL,	NULL,	NULL,	NULL,	NULL,	NULL,	NULL,	NULL,	2,	2,	'2019-03-28 17:14:07',	'2021-01-05 07:11:26',	NULL),
(5,	0,	'MSF',	0,	NULL,	4,	NULL,	NULL,	NULL,	NULL,	NULL,	NULL,	NULL,	NULL,	NULL,	NULL,	NULL,	2,	2,	'2019-03-28 17:14:07',	'2019-03-28 17:14:07',	NULL),
(6,	0,	'PCD',	0,	NULL,	131,	NULL,	NULL,	NULL,	NULL,	NULL,	NULL,	NULL,	NULL,	NULL,	NULL,	NULL,	2,	2,	'2019-03-28 17:14:07',	'2019-03-28 17:14:07',	NULL),
(7,	0,	'OED',	1,	NULL,	3,	NULL,	NULL,	NULL,	NULL,	NULL,	NULL,	NULL,	NULL,	NULL,	NULL,	NULL,	2,	2,	'2019-03-28 17:14:07',	'2020-10-14 01:48:11',	NULL),
(8,	7,	'ECR',	1,	'K-PT0',	3,	NULL,	NULL,	NULL,	NULL,	NULL,	NULL,	NULL,	NULL,	NULL,	NULL,	NULL,	2,	2,	'2019-03-28 17:14:07',	'2021-01-05 07:12:35',	NULL),
(9,	7,	'NRO',	1,	'K-WU0',	5,	NULL,	NULL,	NULL,	NULL,	NULL,	NULL,	NULL,	NULL,	NULL,	NULL,	NULL,	2,	2,	'2019-03-28 17:14:07',	'2019-03-28 17:14:07',	NULL),
(10,	7,	'SBO',	1,	'K-KK0',	7,	NULL,	NULL,	NULL,	NULL,	NULL,	NULL,	NULL,	NULL,	NULL,	NULL,	NULL,	2,	2,	'2019-03-28 17:14:07',	'2019-03-28 17:14:07',	NULL),
(11,	7,	'SKO',	1,	'K-SW0',	13,	NULL,	NULL,	NULL,	NULL,	NULL,	NULL,	NULL,	NULL,	NULL,	NULL,	NULL,	2,	2,	'2019-03-28 17:14:07',	'2019-03-28 17:14:07',	NULL),
(12,	7,	'SRO',	1,	'K-JB0',	11,	NULL,	NULL,	NULL,	NULL,	NULL,	NULL,	NULL,	NULL,	NULL,	NULL,	NULL,	2,	2,	'2019-03-28 17:14:07',	'2019-03-28 17:14:07',	NULL);

CREATE TABLE `roles` (
  `id` int(10) unsigned NOT NULL AUTO_INCREMENT,
  `name` varchar(255) COLLATE utf8_unicode_ci NOT NULL,
  `description` longtext COLLATE utf8_unicode_ci,
  `is_bigamount_approver` int(1) NOT NULL DEFAULT '0',
  `sort` int(1) NOT NULL DEFAULT '11',
  `created_at` timestamp NULL DEFAULT NULL,
  `updated_at` timestamp NULL DEFAULT NULL,
  `deleted_at` timestamp NULL DEFAULT NULL,
  PRIMARY KEY (`id`),
  UNIQUE KEY `roles_name_unique` (`name`)
) ENGINE=InnoDB DEFAULT CHARSET=utf8 COLLATE=utf8_unicode_ci ROW_FORMAT=DYNAMIC COMMENT='ACL related';

INSERT INTO `roles` (`id`, `name`, `description`, `is_bigamount_approver`, `sort`, `created_at`, `updated_at`, `deleted_at`) VALUES
(1,	'superadmin',	'Super System Administrator',	0,	1,	'2018-04-03 13:56:05',	'2018-04-03 13:56:05',	NULL),
(2,	'admin',	'Pentadbir Sistem',	0,	2,	'2018-04-03 13:56:55',	'2018-04-03 13:56:55',	NULL),
(4,	'deptdirector',	'Pengarah Bahagian',	0,	5,	'2021-10-26 09:55:22',	'2021-10-26 09:55:26',	NULL),
(5,	'vicedirector',	'Timbalan Ketua Pengarah',	0,	14,	'2021-10-26 09:55:24',	'2021-10-26 09:55:26',	NULL),
(6,	'director',	'Ketua Pengarah',	0,	15,	'2021-10-26 09:55:26',	'2021-10-26 09:55:26',	NULL),
(7,	'approver',	'Penyelia',	0,	4,	'2019-03-21 06:20:14',	'2019-03-21 06:20:14',	NULL),
(8,	'officer',	'Pegawai',	0,	3,	'2019-03-21 06:20:14',	'2019-03-21 06:20:14',	NULL),
(12,	'asset',	'Pegawai Aset',	0,	8,	'2021-10-26 09:52:47',	'2021-10-26 09:52:49',	NULL),
(16,	'accountant',	'Ketua Akauntan',	0,	9,	'2021-10-26 10:31:53',	'2021-10-26 10:31:53',	NULL),
(17,	'budget',	'Pemilik Bajet',	0,	10,	'2021-10-26 10:31:53',	'2021-10-26 10:31:53',	NULL),
(18,	'pct',	'Ketua Perolehan (PCT)',	0,	11,	'2021-10-26 10:31:53',	'2021-10-26 10:31:53',	NULL),
(19,	'secretariat',	'Urusetia',	0,	6,	'2021-10-26 10:31:53',	'2021-10-26 10:31:53',	NULL),
(20,	'bti',	'BTI',	0,	7,	'2021-10-26 10:31:53',	'2021-10-26 10:31:53',	NULL),
(21,	'bom',	'Pengarah BOM',	0,	12,	'2021-12-28 14:31:54',	'2021-12-28 14:31:57',	NULL),
(22,	'deptdirectbom',	'Pengarah & Pengarah BOM',	0,	13,	'2021-12-28 16:46:04',	'2021-12-28 16:46:06',	NULL);

