
--
-- Table structure for table `master_gender`
--

CREATE TABLE `master_gender` (
  `gender_id` int(11) NOT NULL AUTO_INCREMENT,
  `gender_desc` varchar(20) NOT NULL,
  `created_at` timestamp NULL DEFAULT NULL,
  `updated_at` timestamp NOT NULL DEFAULT '0000-00-00 00:00:00',
  `deleted_at` timestamp NULL DEFAULT NULL,
  PRIMARY KEY (`gender_id`)
) ENGINE=InnoDB AUTO_INCREMENT=4 DEFAULT CHARSET=latin1;

--
-- Dumping data for table `master_gender`
--

INSERT INTO `master_gender` VALUES (1,'MALE','2018-04-20 07:46:31','2018-04-20 07:46:31',NULL),(2,'FEMALE','2018-04-20 07:46:39','2018-04-20 07:46:39',NULL),(3,'OTHER','2018-04-20 07:46:45','2018-04-20 07:46:45',NULL);

--
-- Table structure for table `master_salutation`
--

CREATE TABLE `master_salutation` (
  `salutation_id` int(11) NOT NULL AUTO_INCREMENT,
  `salutation_desc` varchar(100) NOT NULL,
  `created_at` timestamp NULL DEFAULT NULL,
  `updated_at` timestamp NOT NULL DEFAULT '0000-00-00 00:00:00',
  `deleted_at` timestamp NULL DEFAULT NULL,
  PRIMARY KEY (`salutation_id`)
) ENGINE=InnoDB AUTO_INCREMENT=12 DEFAULT CHARSET=latin1;

--
-- Dumping data for table `master_salutation`
--

INSERT INTO `master_salutation` VALUES (1,'EN.','2018-04-23 06:08:17','2018-04-23 06:08:17',NULL),(2,'PN.','2018-04-23 06:08:22','2018-04-23 06:08:22',NULL),(3,'CIK','2018-04-23 06:08:25','2018-04-23 06:08:25',NULL),(4,'SIR','2018-04-23 06:08:30','2018-04-23 06:08:30',NULL),(5,'DATUK','2018-04-23 06:08:35','2018-04-23 06:08:35',NULL),(6,'DATIN','2018-04-23 06:08:47','2018-04-23 06:08:47',NULL),(7,'DATO\'','2018-04-23 06:08:55','2018-04-23 06:08:55',NULL),(8,'DATO\' SERI','2018-04-23 06:09:31','2018-04-23 06:09:31',NULL),(9,'DATIN SERI','2018-04-23 06:09:56','2018-04-23 06:09:56',NULL),(10,'TUN','2018-04-23 06:10:01','2018-04-23 06:10:01',NULL),(11,'TUAN','2018-04-23 06:10:01','2018-04-23 06:10:01',NULL);

--
-- Table structure for table `master_state`
--

CREATE TABLE `master_state` (
  `state_id` int(10) unsigned NOT NULL AUTO_INCREMENT,
  `state_code` char(3) COLLATE utf8_unicode_ci NOT NULL,
  `state_desc` varchar(255) COLLATE utf8_unicode_ci NOT NULL,
  `area_id` int(11) NOT NULL,
  `created_at` timestamp NULL DEFAULT NULL,
  `updated_at` timestamp NOT NULL DEFAULT '0000-00-00 00:00:00',
  `deleted_at` timestamp NULL DEFAULT NULL,
  PRIMARY KEY (`state_id`)
) ENGINE=InnoDB AUTO_INCREMENT=17 DEFAULT CHARSET=utf8 COLLATE=utf8_unicode_ci;

--
-- Dumping data for table `master_state`
--

INSERT INTO `master_state` VALUES (1,'JHR','JOHOR',1,'2018-05-02 03:57:20','2018-05-02 03:57:20',NULL),(2,'KDH','KEDAH',1,'2018-05-02 03:57:20','2018-05-02 03:57:20',NULL),(3,'KTN','KELANTAN',1,'2018-05-02 03:57:20','2018-05-02 03:57:20',NULL),(4,'KUL','WILAYAH PERSEKUTUAN KUALA LUMPUR',1,'2018-05-02 03:57:20','2018-05-02 03:57:20',NULL),(5,'LBN','WILAYAH PERSEKUTUAN LABUAN',2,'2018-05-02 03:57:20','2018-05-02 03:57:20',NULL),(6,'MLK','MELAKA',1,'2018-05-02 03:57:20','2018-05-02 03:57:20',NULL),(7,'NSN','NEGERI SEMBILAN',1,'2018-05-02 03:57:20','2018-05-02 03:57:20',NULL),(8,'PHG','PAHANG',1,'2018-05-02 03:57:20','2018-05-02 03:57:20',NULL),(9,'PJY','WILAYAH PERSEKUTUAN PUTRA JAYA',1,'2018-05-02 03:57:20','2018-05-02 03:57:20',NULL),(10,'PLS','PERLIS',1,'2018-05-02 03:57:20','2018-05-02 03:57:20',NULL),(11,'PNG','PULAU PINANG',1,'2018-05-02 03:57:20','2018-05-02 03:57:20',NULL),(12,'PRK','PERAK',1,'2018-05-02 03:57:20','2018-05-02 03:57:20',NULL),(13,'SBH','SABAH',2,'2018-05-02 03:57:20','2018-05-02 03:57:20',NULL),(14,'SGR','SELANGOR',1,'2018-05-02 03:57:20','2018-05-02 03:57:20',NULL),(15,'SRW','SARAWAK',2,'2018-05-02 03:57:20','2018-05-02 03:57:20',NULL),(16,'TRG','TERENGGANU',1,'2018-05-02 03:57:20','2018-05-02 03:57:20',NULL);

--
-- Table structure for table `meeting`
--

CREATE TABLE `meeting` (
  `meeting_id` int(11) NOT NULL AUTO_INCREMENT,
  `previous_meeting_id` int(11) DEFAULT NULL,
  `meeting_no` varchar(50) DEFAULT NULL COMMENT 'bil mesyuarat',
  `meeting_date` datetime DEFAULT NULL,
  `meeting_location` varchar(200) DEFAULT NULL,
  `meeting_link` text,
  `meeting_remarks` longtext,
  `status` char(1) NOT NULL DEFAULT 'N' COMMENT 'N-new,B-batal,F-finish',
  `created_by` int(11) DEFAULT NULL,
  `updated_by` int(11) DEFAULT NULL,
  `created_at` timestamp NULL DEFAULT NULL,
  `updated_at` timestamp NOT NULL DEFAULT CURRENT_TIMESTAMP,
  `deleted_at` timestamp NULL DEFAULT NULL,
  PRIMARY KEY (`meeting_id`),
  KEY `idx_meeting_createdby` (`created_by`),
  KEY `idx_meeting_updatedby` (`updated_by`),
  KEY `idx_meeting_bil` (`meeting_no`),
  KEY `idx_meeting_previous_meetingid` (`previous_meeting_id`)
) ENGINE=InnoDB DEFAULT CHARSET=latin1;

--
-- Dumping data for table `meeting`
--


--
-- Table structure for table `meeting_participant`
--

CREATE TABLE `meeting_participant` (
  `meeting_participant_id` int(11) NOT NULL AUTO_INCREMENT,
  `meeting_id` int(11) NOT NULL,
  `user_id` bigint(20) NOT NULL,
  `attend` int(11) NOT NULL DEFAULT '1',
  `created_by` int(11) DEFAULT NULL,
  `updated_by` int(11) DEFAULT NULL,
  `created_at` timestamp NULL DEFAULT NULL,
  `updated_at` timestamp NOT NULL DEFAULT CURRENT_TIMESTAMP,
  `deleted_at` timestamp NULL DEFAULT NULL,
  PRIMARY KEY (`meeting_participant_id`),
  KEY `idx_meetingparticipant_createdby` (`created_by`),
  KEY `idx_meetingparticipant_updatedby` (`updated_by`),
  KEY `idx_meetingparticipant_participantid` (`user_id`),
  KEY `idx_meetingparticipant_meetingid` (`meeting_id`)
) ENGINE=InnoDB DEFAULT CHARSET=latin1;

--
-- Dumping data for table `meeting_participant`
--


--
-- Table structure for table `meeting_permohonan`
--

CREATE TABLE `meeting_permohonan` (
  `meeting_permohonan_id` int(11) NOT NULL AUTO_INCREMENT,
  `meeting_id` int(11) NOT NULL,
  `permohonan_id` bigint(20) NOT NULL,
  `remarks` longtext,
  `status` char(1) DEFAULT NULL COMMENT 'A-approved,R-notapproved,P-postponed',
  `created_by` int(11) DEFAULT NULL,
  `updated_by` int(11) DEFAULT NULL,
  `created_at` timestamp NULL DEFAULT NULL,
  `updated_at` timestamp NOT NULL DEFAULT CURRENT_TIMESTAMP,
  `deleted_at` timestamp NULL DEFAULT NULL,
  PRIMARY KEY (`meeting_permohonan_id`),
  KEY `idx_meetingpermohonan_createdby` (`created_by`),
  KEY `idx_meetingpermohonan_updatedby` (`updated_by`),
  KEY `idx_meetingpermohonan_permohonanid` (`permohonan_id`),
  KEY `idx_meetingpermohonan_meetingid` (`meeting_id`)
) ENGINE=InnoDB DEFAULT CHARSET=latin1;

--
-- Dumping data for table `meeting_permohonan`
--


--
-- Table structure for table `menus`
--

CREATE TABLE `menus` (
  `id` int(10) unsigned NOT NULL AUTO_INCREMENT,
  `parent_id` int(10) unsigned DEFAULT NULL,
  `title` varchar(255) NOT NULL,
  `label` varchar(255) NOT NULL,
  `url` text NOT NULL,
  `order` int(11) NOT NULL,
  `created_at` timestamp NULL DEFAULT NULL,
  `updated_at` timestamp NOT NULL DEFAULT CURRENT_TIMESTAMP ON UPDATE CURRENT_TIMESTAMP,
  `deleted_at` timestamp NULL DEFAULT NULL,
  PRIMARY KEY (`id`)
) ENGINE=InnoDB AUTO_INCREMENT=6 DEFAULT CHARSET=latin1;

--
-- Dumping data for table `menus`
--

INSERT INTO `menus` VALUES (1,NULL,'test','test','google.com',0,NULL,'2018-07-13 04:44:08','2018-07-12 20:44:08'),(2,1,'test','ting','testing.com',0,NULL,'2018-07-13 04:44:05','2018-07-12 20:44:04'),(3,NULL,'test','ting','google.com',0,NULL,'2018-07-16 08:13:47',NULL),(4,NULL,'tang','tang','otoworkz.my',2,NULL,'2018-07-16 08:13:48',NULL),(5,NULL,'tung','tung','web.com',1,NULL,'2018-07-16 08:13:48',NULL);

--
-- Table structure for table `migrations`
--

CREATE TABLE `migrations` (
  `id` int(10) unsigned NOT NULL AUTO_INCREMENT,
  `migration` varchar(255) COLLATE utf8_unicode_ci NOT NULL,
  `batch` int(11) NOT NULL,
  PRIMARY KEY (`id`)
) ENGINE=InnoDB AUTO_INCREMENT=7 DEFAULT CHARSET=utf8 COLLATE=utf8_unicode_ci ROW_FORMAT=DYNAMIC;

--
-- Dumping data for table `migrations`
--

INSERT INTO `migrations` VALUES (1,'2014_10_12_000000_create_users_table',1),(2,'2014_10_12_100000_create_password_resets_table',1),(3,'2017_08_29_064643_create_admins_table',1),(4,'2017_09_07_041931_create_employees_table',1),(5,'2018_04_02_142137_create_permission_tables',2),(6,'2018_04_07_170349_create_audits_table',3);

--
-- Table structure for table `permissions`
--

CREATE TABLE `permissions` (
  `id` int(10) unsigned NOT NULL AUTO_INCREMENT,
  `name` varchar(255) COLLATE utf8_unicode_ci NOT NULL,
  `description` text COLLATE utf8_unicode_ci,
  `namespace` varchar(255) COLLATE utf8_unicode_ci DEFAULT NULL,
  `controller` varchar(100) COLLATE utf8_unicode_ci DEFAULT NULL,
  `function` varchar(100) COLLATE utf8_unicode_ci DEFAULT NULL,
  `parent_menu` int(11) NOT NULL DEFAULT '0',
  `sort` int(11) NOT NULL,
  `created_at` timestamp NULL DEFAULT NULL,
  `updated_at` timestamp NULL DEFAULT NULL,
  PRIMARY KEY (`id`),
  UNIQUE KEY `permissions_name_unique` (`name`)
) ENGINE=InnoDB AUTO_INCREMENT=186 DEFAULT CHARSET=utf8 COLLATE=utf8_unicode_ci ROW_FORMAT=DYNAMIC COMMENT='ACL related';

--
-- Dumping data for table `permissions`
--

INSERT INTO `permissions` VALUES (13,'home','Dashboard Pengguna','App\\Http\\Controllers','HomeController','index',1,0,'2018-12-17 07:02:13','2018-12-17 07:02:13'),(14,'administration','Pengurusan Pentadbiran','administration','AdminController','na',1,2,'2018-12-17 07:02:13','2018-12-17 07:02:13'),(15,'admin.dashboard','Dashboard Pentadbir','App\\Modules\\Admin\\Controllers','AdminController','index',1,1,'2018-12-17 07:02:13','2018-12-17 07:02:13'),(16,'user.index','Pengurusan Pengguna','App\\Http\\Controllers\\Controller','UserController','index',0,3,'2018-12-17 07:02:13','2018-04-25 05:46:50'),(17,'admin.roles','Pengurusan Peranan','App\\Modules\\Admin\\Controllers','RoleController','index',0,7,'2018-12-17 07:02:13','2021-05-23 11:55:02'),(18,'admin.permission','Pengurusan Permission','App\\Http\\Controllers\\Controller','PermissionController','index',0,8,'2018-12-17 07:02:13','2021-05-23 11:55:02'),(19,'admin.menus','Pengurusan Menu','App\\Modules\\Admin\\Controllers','MenuController','index',0,9,'2018-12-17 07:02:13','2021-05-23 11:55:02'),(20,'admin.logs','Log Sistem','Rap2hpoutre\\LaravelLogViewer','LogViewerController','index',0,10,'2018-12-17 07:02:13','2021-05-23 11:55:02'),(21,'admin.config','Konfigurasi Sistem','App\\Modules\\Admin\\Controllers','AdminController','configuration',0,11,'2018-12-17 07:02:13','2021-05-23 11:55:02'),(22,'admin.auditrail','Log Aktiviti Pengguna','App\\Modules\\Admin\\Controllers','AdminController','auditTrail',0,13,'2018-12-17 07:02:13','2021-08-08 09:22:29'),(29,'user.disable','Nyahaktif Pengguna','App\\Modules\\Admin\\Controllers','UserController','disableUser',0,4,'2018-04-29 22:58:17','2021-05-23 11:55:02'),(30,'user.enable','Pengaktifan Pengguna','App\\Modules\\Admin\\Controllers','UserController','enableUser',0,5,'2018-04-29 22:59:02','2021-05-23 11:55:02'),(101,'data','Pengurusan Data Rujukan','App\\Modules\\Admin\\Controllers','DataManagementController','na',1,15,'2018-11-10 05:06:34','2021-08-08 09:22:29'),(104,'data.jawatan.index','Senarai Jawatan','App\\Modules\\Admin\\Controllers','DataManagementController','jawatanindex',0,21,'2018-11-17 06:59:47','2021-10-25 22:41:02'),(108,'proses.permohonan','Pengurusan Permohonan','App\\Modules\\Permohonan\\Controllers','na','na',1,29,'2018-11-25 15:08:46','2021-10-25 22:41:02'),(110,'report.index','Laporan','App\\Modules\\Report\\Controller','ReportController','index',1,49,'2020-10-08 03:17:32','2022-01-07 11:31:46'),(121,'user.changerole','Tukar Peranan Pengguna','na','na','na',0,14,'2018-12-10 17:41:13','2021-08-08 09:22:29'),(123,'data.announcement.index','Pengumuman','App\\Modules\\Admin\\Controllers','DataManagementController','announcementindex',0,26,'2019-02-26 12:34:56','2021-10-25 22:41:02'),(124,'data.gred.index','Senarai Gred','App\\Modules\\Admin\\Controllers','DataManagementController','gredindex',0,18,'2019-03-20 17:14:43','2021-10-25 22:41:02'),(128,'data.unit.index','Senarai Unit Bahagian','App\\Modules\\Admin\\Controllers','DataManagementController','unitbahagianindex',0,20,'2019-03-20 17:21:11','2021-10-25 22:41:02'),(129,'user.limitupdate','Had Kemaskini Profil','na','na','na',0,6,'2019-03-21 16:51:51','2021-05-23 11:55:02'),(130,'proses.permohonan.baru','Permohonan Baru','App\\Modules\\Permohonan\\Controllers','na','na',0,30,'2019-03-21 17:04:46','2021-10-25 22:41:02'),(131,'proses.permohonan.firstapprovelist','Menyokong Permohonan (Pengarah BOM)','App\\Modules\\Permohonan\\Controllers','na','na',0,37,'2019-03-21 17:06:15','2022-01-03 23:30:11'),(132,'proses.permohonan.verify','Mengesah Permohonan','App\\Modules\\Permohonan\\Controllers','na','na',0,33,'2019-03-21 17:15:41','2022-01-03 23:30:11'),(134,'report.expensessummary.index','Laporan Rumusan Perbelanjaan','App\\Modules\\Report\\Controller','ReportController','expensessummary',0,50,'2019-10-07 05:11:45','2022-01-07 11:31:46'),(137,'proses.permohonan.selesai','Permohonan Selesai','App\\Modules\\Permohonan\\Controllers','na','na',0,40,'2020-07-22 16:51:28','2022-01-03 23:30:11'),(138,'proses.permohonan.caridokumen','Carian Dokumen Permohonan','App\\Modules\\Permohonan\\Controllers','na','na',0,42,'2020-07-22 19:05:46','2022-01-03 23:30:11'),(140,'proses.permohonan.secondapprovelist','Menyokong Permohonan (TKP)','App\\Modules\\Permohonan\\Controllers','na','na',0,38,'2020-09-11 11:24:45','2022-01-03 23:30:11'),(141,'proses.permohonan.thirdapprovelist','Melulus Permohonan (KP)','App\\Modules\\Permohonan\\Controllers','na','na',0,39,'2020-09-11 11:25:49','2022-01-03 23:30:11'),(150,'proses.permohonan.searchall','Carian Semua Permohonan','App\\Modules\\Permohonan\\Controllers','na','na',0,43,'2020-10-08 03:17:32','2022-01-03 23:30:11'),(156,'data.bank.index','Senarai Bank','App\\Modules\\Admin\\Controllers','DataManagementController','bankindex',0,19,'2021-01-05 12:06:12','2021-10-25 22:41:02'),(157,'data.projectcategory.index','Senarai Kategori Projek','App\\Modules\\Admin\\Controllers','DataManagementController','projectcategoryindex',0,23,'2021-05-23 17:35:58','2021-10-25 22:41:02'),(162,'data.kpicategory.index','Senarai Kategori KPI','App\\Modules\\Admin\\Controllers','DataManagementController','kpicategoryindex',0,24,'2021-05-25 09:49:03','2021-10-25 22:41:02'),(163,'data.kpi.index','Senarai KPI','App\\Modules\\Admin\\Controllers','DataManagementController','kpiindex',0,25,'2021-05-25 09:50:13','2021-10-25 22:41:02'),(166,'data.suballocation.index','Senarai Peruntukan','App\\Modules\\Admin\\Controllers','DataManagementController','suballocationindex',0,22,'2021-07-28 07:11:37','2021-10-25 22:41:02'),(169,'admin.adminSettings','Tetapan Sistem','App\\Modules\\Admin\\Controllers','AdminController','adminSettings',0,12,'2021-08-08 17:22:29','2021-08-08 17:22:29'),(170,'proses.permohonan.allocationlist','Pengurusan Data Peruntukan Tahunan','App\\Modules\\Permohonan\\Controllers','PermohonanController','allocationlist',1,27,'2021-10-23 04:51:37','2021-10-25 22:41:02'),(171,'proses.permohonan.createallocation','Tambah/Kemaskini Data Peruntukan Tahunan','App\\Modules\\Permohonan\\Controllers','na','na',0,28,'2021-10-23 04:52:42','2021-10-25 22:41:02'),(172,'data.asset.index','Senarai Kategori Aset','App\\Modules\\Admin\\Controllers','DataManagementController','assetindex',0,16,'2021-10-26 06:40:12','2021-10-26 06:40:12'),(173,'data.assettype.index','Senarai Sub Kategori Aset','App\\Modules\\Admin\\Controllers','DataManagementController','assettypeindex',0,17,'2021-10-26 06:41:02','2021-10-26 06:41:02'),(174,'proses.permohonan.sokong','Menyokong Permohonan KA/Pemilik Bajet','App\\Modules\\Permohonan\\Controllers','na','na',0,35,'2021-10-26 20:57:24','2022-01-03 23:30:11'),(175,'proses.permohonan.feedbacklist','Maklumbalas Permohonan (PCT)','App\\Modules\\Permohonan\\Controllers','na','na',0,36,'2021-10-26 20:58:39','2022-01-03 23:30:11'),(176,'proses.permohonan.meetinglist','Pengurusan Maklumat Mesyuarat','App\\Modules\\Permohonan\\Controllers','PermohonanController','meetinglist',1,46,'2021-10-27 17:29:09','2022-01-07 11:31:46'),(177,'proses.permohonan.createmeeting','Tambah/Kemaskini Mesyuarat','App\\Modules\\Permohonan\\Controllers','na','na',0,47,'2021-10-27 17:30:17','2022-01-07 11:31:46'),(178,'proses.permohonan.allmeetinglist','Carian Semua Mesyuarat','App\\Modules\\Permohonan\\Controllers','na','na',0,48,'2021-10-27 17:35:28','2022-01-07 11:31:46'),(179,'proses.permohonan.shared','Permohonan Bersama Staf Lain','App\\Modules\\Permohonan\\Controllers','na','na',0,31,'2021-11-08 17:50:54','2021-11-08 17:50:54'),(180,'report.kpisummary.index','Laporan KPI','App\\Modules\\Report\\Controller','ReportController','kpisummary',0,51,'2021-12-05 19:03:02','2022-01-07 11:31:46'),(181,'proses.permohonan.searchproject','Carian Semua KPI/Projek','App\\Modules\\Permohonan\\Controllers','na','na',0,44,'2021-12-28 10:18:31','2022-01-03 23:30:11'),(182,'proses.permohonan.secondverify','Sokong Permohonan (Pengarah Bhgn)','App\\Modules\\Permohonan\\Controllers','na','na',0,34,'2021-12-28 17:34:57','2022-01-03 23:30:11'),(183,'search','Senarai Carian','App\\Modules\\Admin\\Controllers','PermohonanController','na',1,41,'2021-12-30 15:21:27','2022-01-03 23:30:11'),(184,'proses.permohonan.asetalih','Senarai Permohonan Aset Alih','App\\Modules\\Permohonan\\Controllers','na','na',0,32,'2022-01-04 07:30:11','2022-01-04 07:30:11'),(185,'proses.permohonan.searchcore','Carian Teras','App\\Modules\\Permohonan\\Controllers','na','na',0,45,'2022-01-07 19:31:46','2022-01-07 19:31:46');

--
-- Table structure for table `permohonan`
--

CREATE TABLE `permohonan` (
  `permohonan_id` bigint(11) NOT NULL AUTO_INCREMENT,
  `parent_permohonan_id` bigint(11) DEFAULT NULL,
  `previous_permohonan_id` bigint(11) DEFAULT NULL,
  `bom_no` varchar(30) DEFAULT NULL,
  `sub_bom_no` int(11) DEFAULT NULL,
  `unit_bahagian_id` int(11) DEFAULT NULL,
  `has_cost` int(11) NOT NULL DEFAULT '0',
  `permohonan_title` text,
  `permohonan_desc` text,
  `permohonan_background` text,
  `permohonan_objective` text,
  `permohonan_method` text,
  `permohonan_recommendation` text,
  `permohonan_startdate` date DEFAULT NULL,
  `permohonan_enddate` date DEFAULT NULL,
  `has_option` int(11) DEFAULT '0',
  `total_option` int(11) DEFAULT '0',
  `recommended_option_no` int(11) DEFAULT NULL COMMENT 'recommended option - permohonan_option',
  `final_option_no` int(11) DEFAULT NULL COMMENT 'option chose by KP',
  `has_project` int(11) NOT NULL DEFAULT '0',
  `previous1_totalcost` decimal(10,2) NOT NULL DEFAULT '0.00',
  `applied1_totalcost` decimal(10,2) NOT NULL DEFAULT '0.00',
  `previous2_totalcost` decimal(10,2) NOT NULL DEFAULT '0.00',
  `applied2_totalcost` decimal(10,2) NOT NULL DEFAULT '0.00',
  `previous3_totalcost` decimal(10,2) NOT NULL DEFAULT '0.00',
  `applied3_totalcost` decimal(10,2) NOT NULL DEFAULT '0.00',
  `pemohon_id` int(11) DEFAULT NULL,
  `submitted_date` datetime DEFAULT NULL,
  `permohonan_catatan` text,
  `verified_by` int(11) DEFAULT NULL COMMENT 'supervisor1',
  `verified_date` datetime DEFAULT NULL COMMENT 'supervisor1',
  `verified_remarks` text COMMENT 'Sts: S/T/E pengarah bhgn',
  `secondverified_by` int(11) DEFAULT NULL COMMENT 'pengarah bhgn',
  `secondverified_date` datetime DEFAULT NULL COMMENT 'pengarah bhgn',
  `secondverified_remarks` text COMMENT 'Sts: T/E pengarah bhgn',
  `supported_by` int(11) DEFAULT NULL COMMENT 'KA/Pemilik Bajet',
  `supported_date` datetime DEFAULT NULL COMMENT 'KA/Pemilik Bajet',
  `supported_remarks` text COMMENT 'Sts: M/U/R KA/Pemilik Bajet',
  `feedback_procedure` int(11) DEFAULT '0' COMMENT 'PCT',
  `feedback_perolehanterus` int(11) DEFAULT '0' COMMENT 'PCT',
  `feedback_shb` int(11) DEFAULT '0' COMMENT 'PCT',
  `feedback_sha` int(11) DEFAULT '0' COMMENT 'PCT',
  `feedback_tender` int(11) DEFAULT '0' COMMENT 'PCT',
  `feedback_jpp` int(11) DEFAULT '0' COMMENT 'PCT',
  `feedback_jppk` int(11) DEFAULT '0' COMMENT 'PCT',
  `feedback_jpict` int(11) DEFAULT '0' COMMENT 'PCT',
  `feedback_by` int(11) DEFAULT NULL COMMENT 'PCT',
  `feedback_date` datetime DEFAULT NULL COMMENT 'PCT',
  `feedback_remarks` text COMMENT 'Sts: E PCT',
  `approved_by` int(11) DEFAULT NULL COMMENT 'Pengarah Bhgn',
  `approved_date` datetime DEFAULT NULL COMMENT 'Pengarah Bhgn',
  `approved_remarks` text COMMENT 'Sts: F/J Pengarah Bhgn',
  `approved_meeting` int(11) NOT NULL DEFAULT '0' COMMENT 'Pengarah Bhgn',
  `approved2_by` int(11) DEFAULT NULL COMMENT 'TKP',
  `approved2_date` datetime DEFAULT NULL COMMENT 'TKP',
  `approved2_remarks` text COMMENT 'Sts: G/K TKP',
  `approved2_meeting` int(11) NOT NULL DEFAULT '0' COMMENT 'TKP',
  `approved3_by` int(11) DEFAULT NULL COMMENT 'KP',
  `approved3_date` datetime DEFAULT NULL COMMENT 'KP',
  `approved3_remarks` text COMMENT 'Sts: H/L KP',
  `approved3_meeting` int(11) NOT NULL DEFAULT '0' COMMENT 'KP',
  `approvedmeeting_by` int(11) DEFAULT NULL COMMENT 'Pgrah bhgn after meeting',
  `approvedmeeting_date` datetime DEFAULT NULL COMMENT 'Pgrah bhgn after meeting',
  `approvedmeeting_remarks` text COMMENT 'Pgrah bhgn after meeting',
  `approved3meeting_by` int(11) DEFAULT NULL COMMENT 'KP after meeting',
  `approved3meeting_date` datetime DEFAULT NULL COMMENT 'KP after meeting',
  `approved3meeting_remarks` text COMMENT 'KP after meeting',
  `meetingfeedback_by` int(11) DEFAULT NULL COMMENT 'urusetia',
  `meetingfeedback_date` datetime DEFAULT NULL COMMENT 'urusetia',
  `meetingfeedback_remarks` text COMMENT 'urusetia',
  `finalfeedback_by` int(11) DEFAULT NULL COMMENT 'pemohon',
  `finalfeedback_date` datetime DEFAULT NULL COMMENT 'pemohon',
  `finalfeedback_remarks` text COMMENT 'pemohon',
  `keratan_minit_by` int(11) DEFAULT NULL COMMENT 'final urusetia',
  `keratan_minit` mediumtext COMMENT 'final urusetia',
  `keratan_minit_date` datetime DEFAULT NULL COMMENT 'final urusetia',
  `permohonan_expirydate` date DEFAULT NULL COMMENT 'add 4 months from approved3_date',
  `in_meeting` int(11) NOT NULL DEFAULT '0',
  `previous_status` char(1) DEFAULT NULL,
  `status` char(1) NOT NULL DEFAULT 'N',
  `sent_ero` int(11) NOT NULL DEFAULT '0',
  `sent_eiso` int(11) NOT NULL DEFAULT '0',
  `created_by` int(11) NOT NULL,
  `updated_by` int(11) NOT NULL,
  `created_at` timestamp NULL DEFAULT NULL,
  `updated_at` timestamp NOT NULL DEFAULT CURRENT_TIMESTAMP,
  `deleted_at` timestamp NULL DEFAULT NULL,
  PRIMARY KEY (`permohonan_id`),
  KEY `idx_permohonan_no` (`bom_no`),
  KEY `idx_permohonan_status` (`status`),
  KEY `idx_permohonan_pemohon_id` (`pemohon_id`),
  KEY `idx_permohonan_created_by` (`created_by`),
  KEY `idx_permohonan_unitbhagianid` (`unit_bahagian_id`),
  KEY `idx_permohonan_pemohonid` (`pemohon_id`),
  KEY `idx_permohonan_bahagian_id` (`unit_bahagian_id`),
  KEY `idx_permohonan_parent` (`parent_permohonan_id`),
  KEY `idx_permohonan_hascost` (`has_cost`),
  KEY `idx_permohonan_hasproject` (`has_project`),
  KEY `idx_permohonan_firstoption` (`recommended_option_no`),
  KEY `idx_permohonan_finaloption` (`final_option_no`),
  KEY `idx_permohonan_updated_by` (`updated_by`),
  KEY `idx_permohonan_confirmedby` (`verified_by`),
  KEY `idx_permohonan_approvedby` (`approved_by`),
  KEY `idx_permohonan_approved2by` (`approved2_by`),
  KEY `idx_permohonan_approved3by` (`approved3_by`),
  KEY `idx_permohonan_supportedby` (`supported_by`),
  KEY `idx_permohonan_feedbackby` (`feedback_by`),
  KEY `idx_permohonan_prevstatus` (`previous_permohonan_id`),
  KEY `idx_permohonan_inmeeting` (`in_meeting`),
  KEY `idx_permohonan_optionno` (`recommended_option_no`),
  KEY `idx_permohonan_finaloptionno` (`final_option_no`),
  KEY `idx_permohonan_meetingfeedbackby` (`meetingfeedback_by`),
  KEY `idx_permohonan_approved3meetingby` (`approved3meeting_by`),
  KEY `idx_permohonan_approvedmeetingby` (`approvedmeeting_by`),
  KEY `idx_permohonan_keratanminitby` (`keratan_minit_by`),
  KEY `idx_permohonan_secondverifiedby` (`permohonan_id`,`secondverified_by`)
) ENGINE=InnoDB AUTO_INCREMENT=9 DEFAULT CHARSET=latin1;

--
-- Dumping data for table `permohonan`
--

INSERT INTO `permohonan` VALUES (1,NULL,NULL,'0002',NULL,5,1,'TEST PERMOHON 1',NULL,'test 123','test 222','test 333','Ahli Lembaga Pengurusan dipohon untuk mempertimbangkan cadangan test666','2022-01-20','2022-02-05',0,0,0,0,0,0.00,5310.00,0.00,0.00,0.00,0.00,6,'2022-01-16 02:54:17',NULL,131,'2022-01-16 12:10:51',NULL,131,'2022-01-16 12:10:51',NULL,112,'2022-01-16 12:13:40',NULL,1,0,1,1,0,0,0,0,91,'2022-01-16 12:16:27',NULL,131,'2022-01-16 12:17:20',NULL,0,307,'2022-01-16 12:19:11',NULL,0,9,'2022-01-16 12:31:34',NULL,0,NULL,NULL,NULL,NULL,NULL,NULL,NULL,NULL,NULL,NULL,NULL,NULL,NULL,NULL,NULL,'2022-05-16',0,NULL,'H',0,0,6,9,'2022-01-15 18:54:17','2022-01-18 13:36:21',NULL),(2,NULL,NULL,'0003',NULL,5,1,'TEST PERMOHONAN 2',NULL,'test','test','test','Ahli Lembaga Pengurusan dipohon untuk mempertimbangkan cadanga test','2022-01-21','2022-01-27',0,0,0,0,1,0.00,3420.00,0.00,0.00,0.00,0.00,6,'2022-01-16 12:10:09',NULL,131,'2022-01-16 12:11:00',NULL,131,'2022-01-16 12:11:00',NULL,112,'2022-01-16 12:13:47',NULL,1,0,0,1,0,1,1,1,91,'2022-01-16 12:16:39',NULL,131,'2022-01-16 12:17:29',NULL,0,307,'2022-01-16 12:19:06',NULL,0,9,'2022-01-16 12:45:56',NULL,0,NULL,NULL,NULL,NULL,NULL,NULL,NULL,NULL,NULL,NULL,NULL,NULL,NULL,NULL,NULL,'2022-05-16',0,NULL,'H',0,0,6,9,'2022-01-15 18:55:49','2022-01-16 04:45:56',NULL),(3,2,2,'0003/1',1,5,1,'TEST PERMOHONAN 2 TAMBAHAN 1',NULL,'test','test','test','Ahli Lembaga Pengurusan dipohon untuk mempertimbangkan cadanga test','2022-01-21','2022-01-27',0,0,NULL,NULL,0,0.00,0.00,0.00,0.00,0.00,0.00,6,NULL,NULL,131,NULL,NULL,131,NULL,NULL,NULL,NULL,NULL,0,0,0,0,0,0,0,0,NULL,NULL,NULL,NULL,NULL,NULL,0,NULL,NULL,NULL,0,NULL,NULL,NULL,0,NULL,NULL,NULL,NULL,NULL,NULL,NULL,NULL,NULL,NULL,NULL,NULL,NULL,NULL,NULL,NULL,0,NULL,'D',0,0,6,0,'2022-01-16 17:52:45','2022-01-16 17:52:45',NULL),(4,NULL,NULL,'0006',NULL,5,0,'TEST',NULL,'test','test','test','Ahli Lembaga Pengurusan dipohon untuk mempertimbangkan cadangan …','2022-01-21','2022-02-05',0,0,0,NULL,1,0.00,0.00,0.00,0.00,0.00,0.00,6,'2022-01-18 21:21:48',NULL,131,NULL,NULL,131,NULL,NULL,NULL,NULL,NULL,0,0,0,0,0,0,0,0,NULL,NULL,NULL,NULL,NULL,NULL,0,NULL,NULL,NULL,0,NULL,NULL,NULL,0,NULL,NULL,NULL,NULL,NULL,NULL,NULL,NULL,NULL,NULL,NULL,NULL,NULL,NULL,NULL,NULL,0,NULL,'N',0,0,6,6,'2022-01-16 18:43:16','2022-01-18 13:21:48',NULL),(5,NULL,NULL,NULL,NULL,5,1,NULL,NULL,NULL,NULL,NULL,'Ahli Lembaga Pengurusan dipohon untuk mempertimbangkan cadangan …',NULL,NULL,0,0,0,NULL,0,0.00,0.00,0.00,0.00,0.00,0.00,31,NULL,NULL,131,NULL,NULL,131,NULL,NULL,NULL,NULL,NULL,0,0,0,0,0,0,0,0,NULL,NULL,NULL,NULL,NULL,NULL,0,NULL,NULL,NULL,0,NULL,NULL,NULL,0,NULL,NULL,NULL,NULL,NULL,NULL,NULL,NULL,NULL,NULL,NULL,NULL,NULL,NULL,NULL,NULL,0,NULL,'D',0,0,31,31,'2022-01-17 05:16:27','2022-01-17 05:17:01',NULL),(6,NULL,NULL,'0004',NULL,5,1,'TEST TOLAK BOM',NULL,'test 123','test 456','test 789','Ahli Lembaga Pengurusan dipohon untuk mempertimbangkan cadanga n test 2828282','2022-01-18','2022-01-27',0,0,0,NULL,1,0.00,6600.00,0.00,0.00,0.00,0.00,6,'2022-01-17 18:15:33',NULL,131,'2022-01-17 18:18:16',NULL,131,'2022-01-17 18:18:16',NULL,112,'2022-01-17 18:21:30','Sokong',0,0,0,0,0,1,1,1,91,'2022-01-17 18:24:26','Sokong',131,'2022-01-17 18:37:28','tiada keperluan',2,307,'2022-01-17 19:33:47','tkp taknak sokong',0,NULL,NULL,NULL,0,NULL,NULL,NULL,NULL,NULL,NULL,NULL,NULL,NULL,NULL,NULL,NULL,NULL,NULL,NULL,NULL,0,NULL,'B',0,0,6,307,'2022-01-17 10:15:33','2022-01-18 13:49:39',NULL),(7,NULL,NULL,'0005',NULL,5,1,'TEST SOKONG BOM',NULL,'test','test','test','Ahli Lembaga Pengurusan dipohon untuk mempertimbangkan cadangan …','2022-01-21','2022-02-05',0,0,0,NULL,0,0.00,6710.00,0.00,0.00,0.00,0.00,6,'2022-01-17 18:17:02',NULL,131,'2022-01-17 18:18:21',NULL,131,'2022-01-17 18:18:21',NULL,112,'2022-01-17 18:21:46','Sokong',1,0,1,0,1,0,0,0,91,'2022-01-17 18:24:17','Sokong',131,'2022-01-17 18:36:34','sokong ok',0,307,'2022-01-17 19:32:26','sokong ni ok ni tkp',0,NULL,NULL,NULL,0,NULL,NULL,NULL,NULL,NULL,NULL,NULL,NULL,NULL,NULL,NULL,NULL,NULL,NULL,NULL,NULL,0,NULL,'G',0,0,6,307,'2022-01-17 10:17:02','2022-01-17 11:32:26',NULL),(8,NULL,NULL,'0007',NULL,5,1,'DADSADSA',NULL,'dsadsad','dsadsad','dsadsads','Ahli Lembaga Pengurusan dipohon untuk mempertimbangkan cadangandadsad','2022-01-26','2022-01-27',0,0,0,NULL,1,0.00,1090.00,0.00,0.00,0.00,0.00,6,'2022-01-19 23:15:14',NULL,131,'2022-01-19 23:16:20',NULL,131,'2022-01-19 23:16:20',NULL,112,'2022-01-19 23:39:25','Sokong',0,0,0,0,0,0,0,0,NULL,NULL,NULL,NULL,NULL,NULL,0,NULL,NULL,NULL,0,NULL,NULL,NULL,0,NULL,NULL,NULL,NULL,NULL,NULL,NULL,NULL,NULL,NULL,NULL,NULL,NULL,NULL,NULL,NULL,0,NULL,'S',0,0,6,112,'2022-01-19 11:14:50','2022-01-19 15:39:25',NULL);

--
-- Table structure for table `permohonan_audit_trail`
--

CREATE TABLE `permohonan_audit_trail` (
  `permohonan_audit_trail_id` bigint(20) NOT NULL AUTO_INCREMENT,
  `permohonan_id` bigint(20) NOT NULL,
  `status` char(1) NOT NULL,
  `remarks` text,
  `created_by` int(11) NOT NULL,
  `created_at` timestamp NULL DEFAULT NULL,
  `updated_at` timestamp NOT NULL DEFAULT CURRENT_TIMESTAMP,
  `deleted_at` timestamp NULL DEFAULT NULL,
  PRIMARY KEY (`permohonan_audit_trail_id`),
  KEY `idx_permohonantrail_permohonanid` (`permohonan_id`),
  KEY `idx_permohonantrail_createdby` (`created_by`)
) ENGINE=InnoDB AUTO_INCREMENT=45 DEFAULT CHARSET=latin1;

--
-- Dumping data for table `permohonan_audit_trail`
--

INSERT INTO `permohonan_audit_trail` VALUES (1,1,'N',NULL,6,'2022-01-15 18:54:17','2022-01-15 18:54:18',NULL),(2,2,'D',NULL,6,'2022-01-15 18:55:49','2022-01-15 18:55:49',NULL),(3,2,'N',NULL,6,'2022-01-16 04:10:09','2022-01-16 04:10:10',NULL),(4,1,'T',NULL,131,'2022-01-16 04:10:51','2022-01-16 04:10:51',NULL),(5,2,'T',NULL,131,'2022-01-16 04:11:00','2022-01-16 04:11:00',NULL),(6,1,'M',NULL,112,'2022-01-16 04:13:40','2022-01-16 04:13:40',NULL),(7,2,'M',NULL,112,'2022-01-16 04:13:47','2022-01-16 04:13:47',NULL),(8,1,'E',NULL,91,'2022-01-16 04:16:27','2022-01-16 04:16:27',NULL),(9,2,'E',NULL,91,'2022-01-16 04:16:39','2022-01-16 04:16:39',NULL),(10,1,'F',NULL,131,'2022-01-16 04:17:20','2022-01-16 04:17:20',NULL),(11,2,'F',NULL,131,'2022-01-16 04:17:31','2022-01-16 04:17:31',NULL),(12,1,'G',NULL,304,'2022-01-16 04:18:11','2022-01-16 04:18:11',NULL),(13,2,'G',NULL,304,'2022-01-16 04:18:18','2022-01-16 04:18:18',NULL),(14,2,'G',NULL,307,'2022-01-16 04:19:06','2022-01-16 04:19:06',NULL),(15,1,'G',NULL,307,'2022-01-16 04:19:14','2022-01-16 04:19:14',NULL),(16,1,'H',NULL,9,'2022-01-16 04:21:06','2022-01-16 04:21:07',NULL),(17,2,'H',NULL,9,'2022-01-16 04:21:12','2022-01-16 04:21:12',NULL),(18,1,'H',NULL,9,'2022-01-16 04:27:22','2022-01-16 04:27:22',NULL),(19,1,'H',NULL,9,'2022-01-16 04:31:34','2022-01-16 04:31:34',NULL),(20,2,'H',NULL,9,'2022-01-16 04:45:56','2022-01-16 04:45:56',NULL),(21,4,'D',NULL,6,'2022-01-16 18:43:16','2022-01-16 18:43:16',NULL),(22,5,'D',NULL,31,'2022-01-17 05:16:27','2022-01-17 05:16:27',NULL),(23,6,'N',NULL,6,'2022-01-17 10:15:33','2022-01-17 10:15:33',NULL),(24,7,'N',NULL,6,'2022-01-17 10:17:02','2022-01-17 10:17:03',NULL),(25,6,'T',NULL,131,'2022-01-17 10:18:16','2022-01-17 10:18:16',NULL),(26,7,'T',NULL,131,'2022-01-17 10:18:21','2022-01-17 10:18:21',NULL),(27,6,'M','Sokong',112,'2022-01-17 10:21:30','2022-01-17 10:21:30',NULL),(28,7,'M','Sokong',112,'2022-01-17 10:21:46','2022-01-17 10:21:46',NULL),(29,7,'E','Sokong',91,'2022-01-17 10:24:17','2022-01-17 10:24:17',NULL),(30,6,'E','Sokong',91,'2022-01-17 10:24:26','2022-01-17 10:24:26',NULL),(31,7,'F','sokong ok',131,'2022-01-17 10:36:34','2022-01-17 10:36:34',NULL),(32,6,'J','tiada keperluan',131,'2022-01-17 10:37:28','2022-01-17 10:37:28',NULL),(33,6,'G','sokong tkp ok',304,'2022-01-17 11:23:04','2022-01-17 11:23:04',NULL),(35,7,'K','tidak sokong tkp',304,'2022-01-17 11:28:51','2022-01-17 11:28:51',NULL),(36,7,'G','sokong ni ok ni tkp',307,'2022-01-17 11:32:26','2022-01-17 11:32:26',NULL),(37,6,'K','tkp taknak sokong',307,'2022-01-17 11:33:47','2022-01-17 11:33:47',NULL),(38,4,'N',NULL,6,'2022-01-18 13:21:48','2022-01-18 13:21:49',NULL),(39,1,'B',NULL,31,'2022-01-18 13:36:21','2022-01-18 13:36:21',NULL),(40,6,'B',NULL,6,'2022-01-18 13:49:39','2022-01-18 13:49:39',NULL),(41,8,'D',NULL,6,'2022-01-19 11:14:50','2022-01-19 11:14:50',NULL),(42,8,'N',NULL,6,'2022-01-19 15:15:14','2022-01-19 15:15:15',NULL),(43,8,'T',NULL,131,'2022-01-19 15:16:20','2022-01-19 15:16:20',NULL),(44,8,'M','Sokong',112,'2022-01-19 15:39:25','2022-01-19 15:39:25',NULL);

--
-- Table structure for table `permohonan_cost`
--

CREATE TABLE `permohonan_cost` (
  `permohonan_cost_id` bigint(20) NOT NULL AUTO_INCREMENT,
  `permohonan_id` bigint(20) NOT NULL,
  `option_no` int(11) NOT NULL DEFAULT '1',
  `cost_desc` varchar(255) DEFAULT NULL,
  `is_bom_tambahan` int(11) NOT NULL DEFAULT '0',
  `sub_allocation_id` int(11) NOT NULL,
  `allocation_year_id` int(11) DEFAULT NULL,
  `asset_allocation_year_id` int(11) DEFAULT NULL,
  `allocation_active_type` int(11) NOT NULL DEFAULT '1' COMMENT '1-subperuntukan,2-subkategori',
  `owned_by` int(11) DEFAULT NULL COMMENT 'budget owner',
  `owner_response_status` char(1) NOT NULL DEFAULT 'P' COMMENT 'P-pending response,R-tidak sokong,A-sokong',
  `owner_response_remarks` text,
  `owner_response_date` datetime DEFAULT NULL,
  `previous_cost` decimal(10,2) NOT NULL DEFAULT '0.00',
  `applied_cost` decimal(10,2) NOT NULL DEFAULT '0.00',
  `asset_id` int(11) NOT NULL,
  `asset_type_id` int(11) NOT NULL,
  `expiry_date` date DEFAULT NULL,
  `is_approved` int(11) NOT NULL DEFAULT '0',
  `created_by` int(11) NOT NULL,
  `updated_by` int(11) NOT NULL,
  `created_at` timestamp NULL DEFAULT NULL,
  `updated_at` timestamp NOT NULL DEFAULT CURRENT_TIMESTAMP,
  `deleted_at` timestamp NULL DEFAULT NULL,
  PRIMARY KEY (`permohonan_cost_id`),
  KEY `idx_permohonancost_permohonanid` (`permohonan_id`),
  KEY `idx_permohonancost_suballocation` (`sub_allocation_id`),
  KEY `idx_permohonancost_asset` (`asset_id`),
  KEY `idx_permohonancost_assettype` (`asset_type_id`),
  KEY `idx_permohonancost_createdby` (`created_by`),
  KEY `idx_permohonancost_updatedby` (`updated_by`),
  KEY `idx_permohonancost_allocationyear` (`allocation_year_id`),
  KEY `idx_permohonancost_owner` (`owned_by`),
  KEY `idx_permohonancost_responsestatus` (`owner_response_status`),
  KEY `idx_permohonancost_optionno` (`option_no`),
  KEY `idx_permohonancost_allocationyear_asset` (`asset_allocation_year_id`),
  KEY `idx_permohonancost_active_type` (`allocation_active_type`)
) ENGINE=InnoDB AUTO_INCREMENT=15 DEFAULT CHARSET=latin1;

--
-- Dumping data for table `permohonan_cost`
--

INSERT INTO `permohonan_cost` VALUES (1,1,1,'PERKARA 1',0,13,86,126,1,112,'A',NULL,'2022-01-16 12:13:40',0.00,3210.00,0,27,'2022-05-16',1,6,6,'2022-01-15 18:54:18','2022-01-15 18:54:18',NULL),(2,1,1,'PERKARA 2',0,13,86,126,1,112,'A',NULL,'2022-01-16 12:13:40',0.00,2100.00,0,27,'2022-05-16',1,6,6,'2022-01-15 18:54:18','2022-01-15 18:54:18',NULL),(3,2,1,'PERKARA 1',0,13,86,126,1,112,'P',NULL,NULL,0.00,3420.00,0,27,NULL,0,6,6,'2022-01-15 18:55:49','2022-01-15 18:55:49','2022-01-15 20:10:10'),(4,2,1,'PERKARA 1',0,13,86,126,1,112,'A',NULL,'2022-01-16 12:13:47',0.00,3420.00,0,27,'2022-05-16',1,6,6,'2022-01-16 04:10:10','2022-01-16 04:10:10',NULL),(5,3,1,'PERKARA 1',0,13,86,NULL,1,112,'P',NULL,NULL,3420.00,3420.00,0,27,NULL,0,6,6,'2022-01-16 17:52:45','2022-01-16 17:52:45',NULL),(6,5,1,'TEST',0,21,3,150,1,299,'P',NULL,NULL,0.00,0.00,0,51,NULL,0,31,31,'2022-01-17 05:17:01','2022-01-17 05:17:01',NULL),(7,6,1,'TEST PERKARA 1',0,13,86,126,1,112,'A','Sokong','2022-01-17 18:21:30',0.00,4500.00,0,27,NULL,0,6,6,'2022-01-17 10:15:33','2022-01-17 10:15:33',NULL),(8,6,1,'TEST PERKARA 2',0,13,86,126,1,112,'A','Sokong','2022-01-17 18:21:30',0.00,2100.00,0,27,NULL,0,6,6,'2022-01-17 10:15:33','2022-01-17 10:15:33',NULL),(9,7,1,'TESTPERKARA 1',0,13,86,126,1,112,'A','Sokong','2022-01-17 18:21:46',0.00,4310.00,0,27,NULL,0,6,6,'2022-01-17 10:17:03','2022-01-17 10:17:03',NULL),(10,7,1,'TESTPERKARA 2',0,14,87,126,1,112,'A','Sokong','2022-01-17 18:21:46',0.00,2400.00,0,27,NULL,0,6,6,'2022-01-17 10:17:03','2022-01-17 10:17:03',NULL),(11,8,1,'TEST 1 2 3',0,13,86,126,1,112,'A','Sokong','2022-01-19 23:39:25',0.00,139.00,0,27,NULL,0,6,112,'2022-01-19 15:15:14','2022-01-19 15:39:25',NULL),(12,8,1,'TEST 4 5 6',0,13,86,149,1,112,'A','Sokong','2022-01-19 23:39:25',0.00,150.00,0,50,NULL,0,6,112,'2022-01-19 15:15:15','2022-01-19 15:39:25',NULL),(13,8,1,'TEST 7 8 9',0,33,18,127,2,299,'P',NULL,NULL,0.00,123.00,0,28,NULL,0,6,112,'2022-01-19 15:15:15','2022-01-19 15:39:25',NULL),(14,8,1,'TEST 10 11 12',0,36,21,154,2,299,'P',NULL,NULL,0.00,678.00,0,55,NULL,0,6,112,'2022-01-19 15:15:15','2022-01-19 15:39:25',NULL);

--
-- Table structure for table `permohonan_description`
--

CREATE TABLE `permohonan_description` (
  `permohonan_description_id` bigint(20) NOT NULL AUTO_INCREMENT,
  `permohonan_id` bigint(20) NOT NULL,
  `description_desc` varchar(255) DEFAULT NULL,
  `created_by` int(11) NOT NULL,
  `updated_by` int(11) NOT NULL,
  `created_at` timestamp NULL DEFAULT NULL,
  `updated_at` timestamp NOT NULL DEFAULT CURRENT_TIMESTAMP,
  `deleted_at` timestamp NULL DEFAULT NULL,
  PRIMARY KEY (`permohonan_description_id`),
  KEY `idx_permohonandesc_permohonanid` (`permohonan_id`),
  KEY `idx_permohonandesc_createdby` (`created_by`),
  KEY `idx_permohonandesc_updatedby` (`updated_by`)
) ENGINE=InnoDB DEFAULT CHARSET=latin1;

--
-- Dumping data for table `permohonan_description`
--


--
-- Table structure for table `permohonan_detail`
--

CREATE TABLE `permohonan_detail` (
  `permohonan_detail_id` bigint(11) NOT NULL AUTO_INCREMENT,
  `permohonan_id` bigint(11) NOT NULL,
  `is_main` int(11) NOT NULL DEFAULT '0',
  `main_id` bigint(11) DEFAULT NULL COMMENT 'permohonan_detail_id',
  `is_online` int(11) NOT NULL DEFAULT '0',
  `program_location` varchar(200) DEFAULT NULL,
  `supplier_service_id` int(11) DEFAULT NULL,
  `service_distance_id` int(11) DEFAULT NULL,
  `permohonan_item` text,
  `permohonan_item_extra` text,
  `quantity` decimal(10,2) NOT NULL DEFAULT '0.00',
  `unit_id` int(11) DEFAULT NULL,
  `quantity_unit` varchar(20) DEFAULT NULL,
  `price_perunit` decimal(10,2) NOT NULL DEFAULT '0.00',
  `price_total` decimal(10,2) NOT NULL DEFAULT '0.00',
  `detail_startdate` date DEFAULT NULL,
  `detail_enddate` date DEFAULT NULL,
  `detail_starttime` time DEFAULT NULL,
  `detail_endtime` time DEFAULT NULL,
  `created_at` timestamp NULL DEFAULT NULL,
  `updated_at` timestamp NOT NULL DEFAULT CURRENT_TIMESTAMP,
  `deleted_at` timestamp NULL DEFAULT NULL,
  PRIMARY KEY (`permohonan_detail_id`),
  KEY `idx_permohonandetail_permohonanid` (`permohonan_id`),
  KEY `idx_permohonandetail_ismain` (`is_main`),
  KEY `idx_permohonandetail_mainid` (`main_id`),
  KEY `idx_permohonandetail_serviceid` (`supplier_service_id`),
  KEY `idx_permohonandetail_unitid` (`unit_id`),
  KEY `idx_permohonandetail_distanceid` (`service_distance_id`)
) ENGINE=InnoDB DEFAULT CHARSET=latin1;

--
-- Dumping data for table `permohonan_detail`
--


--
-- Table structure for table `permohonan_email`
--

CREATE TABLE `permohonan_email` (
  `id` bigint(20) NOT NULL AUTO_INCREMENT,
  `permohonan_id` int(11) NOT NULL,
  `email_to` varchar(100) DEFAULT NULL,
  `role_id` int(11) DEFAULT NULL,
  `subject` text CHARACTER SET latin1,
  `message` text,
  `completed` int(11) NOT NULL DEFAULT '0',
  `created_at` timestamp NULL DEFAULT NULL,
  `updated_at` timestamp NOT NULL DEFAULT CURRENT_TIMESTAMP,
  `deleted_at` timestamp NULL DEFAULT NULL,
  PRIMARY KEY (`id`),
  KEY `idx_permohonanemail_id` (`permohonan_id`),
  KEY `idx_permohonanemail_roleid` (`role_id`),
  KEY `idx_permohonanemail_completed` (`completed`)
) ENGINE=InnoDB DEFAULT CHARSET=utf8mb4;

--
-- Dumping data for table `permohonan_email`
--


--
-- Table structure for table `permohonan_objective`
--

CREATE TABLE `permohonan_objective` (
  `permohonan_objective_id` bigint(20) NOT NULL AUTO_INCREMENT,
  `permohonan_id` bigint(20) NOT NULL,
  `objective_desc` varchar(255) DEFAULT NULL,
  `created_by` int(11) NOT NULL,
  `updated_by` int(11) NOT NULL,
  `created_at` timestamp NULL DEFAULT NULL,
  `updated_at` timestamp NOT NULL DEFAULT CURRENT_TIMESTAMP,
  `deleted_at` timestamp NULL DEFAULT NULL,
  PRIMARY KEY (`permohonan_objective_id`),
  KEY `idx_permohonanobjective_permohonanid` (`permohonan_id`),
  KEY `idx_permohonanobjective_createdby` (`created_by`),
  KEY `idx_permohonanobjective_updatedby` (`updated_by`)
) ENGINE=InnoDB DEFAULT CHARSET=latin1;

--
-- Dumping data for table `permohonan_objective`
--


--
-- Table structure for table `permohonan_option`
--

CREATE TABLE `permohonan_option` (
  `permohonan_option_id` bigint(20) NOT NULL AUTO_INCREMENT,
  `permohonan_id` bigint(20) NOT NULL,
  `option_no` int(11) NOT NULL DEFAULT '1',
  `is_main` int(11) NOT NULL DEFAULT '0',
  `main_id` bigint(11) DEFAULT NULL,
  `option_desc` varchar(255) DEFAULT NULL,
  `recommended` int(11) NOT NULL DEFAULT '0',
  `created_by` int(11) NOT NULL,
  `updated_by` int(11) NOT NULL,
  `created_at` timestamp NULL DEFAULT NULL,
  `updated_at` timestamp NOT NULL DEFAULT CURRENT_TIMESTAMP,
  `deleted_at` timestamp NULL DEFAULT NULL,
  PRIMARY KEY (`permohonan_option_id`),
  KEY `idx_permohonanoption_permohonanid` (`permohonan_id`),
  KEY `idx_permohonanoption_recommended` (`recommended`),
  KEY `idx_permohonanoption_createdby` (`created_by`),
  KEY `idx_permohonanoption_updatedby` (`updated_by`),
  KEY `idx_permohonanoption_ismain` (`is_main`),
  KEY `idx_permohonanoption_mainid` (`main_id`),
  KEY `idx_permohonanoption_optionno` (`option_no`)
) ENGINE=InnoDB DEFAULT CHARSET=latin1;

--
-- Dumping data for table `permohonan_option`
--


--
-- Table structure for table `permohonan_project`
--

CREATE TABLE `permohonan_project` (
  `permohonan_project_id` bigint(20) NOT NULL AUTO_INCREMENT,
  `permohonan_id` bigint(20) NOT NULL,
  `is_main` int(11) NOT NULL DEFAULT '0',
  `main_id` bigint(11) DEFAULT NULL,
  `project_desc` varchar(255) DEFAULT NULL,
  `core_id` int(11) DEFAULT NULL,
  `kpi_id` int(11) NOT NULL,
  `targeted_value` decimal(10,2) NOT NULL DEFAULT '0.00',
  `achieved_value` decimal(10,2) NOT NULL DEFAULT '0.00',
  `percentage_value` decimal(10,2) NOT NULL DEFAULT '0.00',
  `project_final_value` decimal(10,2) NOT NULL DEFAULT '0.00',
  `status` char(1) NOT NULL DEFAULT 'N',
  `justification` text,
  `created_by` int(11) NOT NULL,
  `updated_by` int(11) NOT NULL,
  `created_at` timestamp NULL DEFAULT NULL,
  `updated_at` timestamp NOT NULL DEFAULT CURRENT_TIMESTAMP,
  `deleted_at` timestamp NULL DEFAULT NULL,
  PRIMARY KEY (`permohonan_project_id`),
  KEY `idx_permohonanproject_permohonanid` (`permohonan_id`),
  KEY `idx_permohonanproject_createdby` (`created_by`),
  KEY `idx_permohonanproject_updatedby` (`updated_by`),
  KEY `idx_permohonanproject_ismain` (`is_main`),
  KEY `idx_permohonanproject_mainid` (`main_id`),
  KEY `idx_permohonanproject_kpiid` (`kpi_id`),
  KEY `idx_permohonanproject_coreid` (`core_id`)
) ENGINE=InnoDB AUTO_INCREMENT=53 DEFAULT CHARSET=latin1;

--
-- Dumping data for table `permohonan_project`
--

INSERT INTO `permohonan_project` VALUES (1,2,1,NULL,'TEST ADD PROJEK AFTER LULUS',3,0,0.00,0.00,0.00,47.92,'N',NULL,6,6,'2022-01-16 17:44:47','2022-01-16 17:46:22','2022-01-16 11:02:38'),(2,2,0,1,NULL,NULL,22,100.00,50.00,50.00,0.00,'N',NULL,6,6,'2022-01-16 17:44:47','2022-01-16 17:46:22','2022-01-16 11:02:38'),(3,2,0,1,NULL,NULL,23,400.00,200.00,50.00,0.00,'N',NULL,6,6,'2022-01-16 17:44:47','2022-01-16 17:46:22','2022-01-16 11:02:38'),(4,2,0,1,NULL,NULL,5,300.00,50.00,16.67,0.00,'N',NULL,6,6,'2022-01-16 17:44:47','2022-01-16 17:46:22','2022-01-16 11:02:38'),(5,2,0,1,NULL,NULL,19,200.00,150.00,75.00,0.00,'N',NULL,6,6,'2022-01-16 17:44:47','2022-01-16 17:46:22','2022-01-16 11:02:38'),(6,2,0,1,NULL,NULL,10,300.00,210.00,70.00,0.00,'N',NULL,6,6,'2022-01-16 17:49:57','2022-01-16 17:49:57','2022-01-16 11:02:38'),(7,2,1,NULL,'PROJECT TAMBAHN 33',5,0,0.00,0.00,0.00,13.06,'N',NULL,6,6,'2022-01-16 18:03:45','2022-01-16 18:03:45','2022-01-16 11:04:08'),(8,2,0,7,NULL,NULL,8,60.00,10.00,16.67,0.00,'N',NULL,6,6,'2022-01-16 18:03:45','2022-01-16 18:03:45','2022-01-16 11:04:08'),(9,2,0,7,NULL,NULL,5,40.00,5.00,12.50,0.00,'N',NULL,6,6,'2022-01-16 18:03:45','2022-01-16 18:03:45','2022-01-16 11:04:08'),(10,2,0,7,NULL,NULL,24,60.00,6.00,10.00,0.00,'N',NULL,6,6,'2022-01-16 18:03:45','2022-01-16 18:03:45','2022-01-16 11:04:08'),(11,4,1,NULL,'',1,0,0.00,0.00,0.00,0.00,'N',NULL,6,6,'2022-01-16 18:43:16','2022-01-16 18:43:16','2022-01-18 05:21:49'),(12,4,0,11,NULL,NULL,22,0.00,0.00,0.00,0.00,'N',NULL,6,6,'2022-01-16 18:43:16','2022-01-16 18:43:16','2022-01-18 05:21:49'),(13,4,1,NULL,'',1,0,0.00,0.00,0.00,0.00,'N',NULL,6,6,'2022-01-16 18:43:16','2022-01-16 18:43:16','2022-01-18 05:21:49'),(14,4,0,13,NULL,NULL,22,0.00,0.00,0.00,0.00,'N',NULL,6,6,'2022-01-16 18:43:16','2022-01-16 18:43:16','2022-01-18 05:21:49'),(15,2,1,NULL,'DILEMA PINTAKU SEMOGA KAU SEDAR',2,0,0.00,0.00,0.00,44.44,'N',NULL,6,6,'2022-01-16 19:05:21','2022-01-16 19:05:21','2022-01-16 11:05:54'),(16,2,0,15,NULL,NULL,27,100.00,50.00,50.00,0.00,'N',NULL,6,6,'2022-01-16 19:05:21','2022-01-16 19:05:21','2022-01-16 11:05:54'),(17,2,0,15,NULL,NULL,5,340.00,170.00,50.00,0.00,'N',NULL,6,6,'2022-01-16 19:05:21','2022-01-16 19:05:21','2022-01-16 11:05:54'),(18,2,0,15,NULL,NULL,7,300.00,100.00,33.33,0.00,'N',NULL,6,6,'2022-01-16 19:05:21','2022-01-16 19:05:21','2022-01-16 11:05:54'),(19,2,1,NULL,'PERGILAH BERSAMA RINDUKU',1,0,0.00,0.00,0.00,100.00,'V',NULL,6,6,'2022-01-16 19:07:33','2022-01-16 19:52:23',NULL),(20,2,0,19,NULL,NULL,26,200.00,200.00,100.00,0.00,'N',NULL,6,6,'2022-01-16 19:07:33','2022-01-16 19:52:23',NULL),(21,2,0,19,NULL,NULL,5,320.00,60.00,18.75,0.00,'N',NULL,6,6,'2022-01-16 19:07:33','2022-01-16 19:07:33','2022-01-16 11:41:00'),(22,2,0,19,NULL,NULL,24,130.00,120.00,92.31,0.00,'N',NULL,6,6,'2022-01-16 19:07:33','2022-01-16 19:41:52','2022-01-16 11:44:01'),(23,2,0,19,NULL,NULL,7,200.00,190.00,95.00,0.00,'N',NULL,6,6,'2022-01-16 19:07:33','2022-01-16 19:41:52','2022-01-16 11:46:19'),(24,2,0,19,NULL,NULL,5,100.00,20.00,20.00,0.00,'N',NULL,6,6,'2022-01-16 19:42:21','2022-01-16 19:47:19','2022-01-16 11:49:34'),(25,2,0,19,NULL,NULL,5,230.00,230.00,100.00,0.00,'N',NULL,6,6,'2022-01-16 19:46:51','2022-01-16 19:52:23',NULL),(26,2,0,19,NULL,NULL,18,100.00,60.00,60.00,0.00,'N',NULL,6,6,'2022-01-16 19:47:07','2022-01-16 19:47:19','2022-01-16 11:51:06'),(27,2,1,NULL,'TEST ONE MORE',4,0,0.00,0.00,0.00,8.33,'N',NULL,6,6,'2022-01-16 19:54:24','2022-01-19 10:57:21',NULL),(28,2,0,27,NULL,NULL,12,300.00,0.00,0.00,0.00,'N',NULL,6,6,'2022-01-16 19:54:24','2022-01-19 10:57:21',NULL),(29,2,0,27,NULL,NULL,5,210.00,0.00,0.00,0.00,'N',NULL,6,6,'2022-01-16 19:54:24','2022-01-19 10:57:21',NULL),(30,2,0,27,NULL,NULL,7,100.00,0.00,0.00,0.00,'N',NULL,6,6,'2022-01-16 19:54:24','2022-01-19 10:57:21',NULL),(31,6,1,NULL,'PROJEK 123',3,0,0.00,0.00,0.00,0.00,'N',NULL,6,6,'2022-01-17 10:15:33','2022-01-17 10:15:33',NULL),(32,6,0,31,NULL,NULL,22,400.00,0.00,0.00,0.00,'N',NULL,6,6,'2022-01-17 10:15:33','2022-01-17 10:15:33',NULL),(33,6,0,31,NULL,NULL,7,300.00,0.00,0.00,0.00,'N',NULL,6,6,'2022-01-17 10:15:33','2022-01-17 10:15:33',NULL),(34,4,1,NULL,'PROJEK 1',1,0,0.00,0.00,0.00,0.00,'N',NULL,6,6,'2022-01-18 13:21:49','2022-01-18 13:21:49',NULL),(35,4,0,34,NULL,NULL,22,0.00,0.00,0.00,0.00,'N',NULL,6,6,'2022-01-18 13:21:49','2022-01-18 13:21:49',NULL),(36,4,1,NULL,'PROJEK 2',1,0,0.00,0.00,0.00,0.00,'N',NULL,6,6,'2022-01-18 13:21:49','2022-01-18 13:21:49',NULL),(37,4,0,36,NULL,NULL,22,0.00,0.00,0.00,0.00,'N',NULL,6,6,'2022-01-18 13:21:49','2022-01-18 13:21:49',NULL),(38,2,0,27,NULL,NULL,18,120.00,40.00,33.33,0.00,'N',NULL,6,6,'2022-01-19 10:52:16','2022-01-19 10:57:21',NULL),(39,2,1,NULL,'PROJEK TEST',3,0,0.00,0.00,0.00,16.28,'N',NULL,6,6,'2022-01-19 11:10:17','2022-01-19 11:10:17',NULL),(40,2,0,39,NULL,NULL,16,11.00,1.00,9.09,0.00,'N',NULL,6,6,'2022-01-19 11:10:17','2022-01-19 11:10:17',NULL),(41,2,0,39,NULL,NULL,19,12.00,2.00,16.67,0.00,'N',NULL,6,6,'2022-01-19 11:10:17','2022-01-19 11:10:17',NULL),(42,2,0,39,NULL,NULL,18,13.00,3.00,23.08,0.00,'N',NULL,6,6,'2022-01-19 11:10:17','2022-01-19 11:10:17',NULL),(43,8,1,NULL,'DSADSADSA',3,0,0.00,0.00,0.00,0.00,'N',NULL,6,6,'2022-01-19 11:14:50','2022-01-19 11:14:50','2022-01-19 07:15:14'),(44,8,0,43,NULL,NULL,24,0.00,0.00,0.00,0.00,'N',NULL,6,6,'2022-01-19 11:14:50','2022-01-19 11:14:50','2022-01-19 07:15:14'),(45,8,0,43,NULL,NULL,5,0.00,0.00,0.00,0.00,'N',NULL,6,6,'2022-01-19 11:14:50','2022-01-19 11:14:50','2022-01-19 07:15:14'),(46,8,1,NULL,'UYYUYUUYUYU',4,0,0.00,0.00,0.00,0.00,'N',NULL,6,6,'2022-01-19 11:14:50','2022-01-19 11:14:50','2022-01-19 07:15:14'),(47,8,0,46,NULL,NULL,26,0.00,0.00,0.00,0.00,'N',NULL,6,6,'2022-01-19 11:14:50','2022-01-19 11:14:50','2022-01-19 07:15:14'),(48,8,1,NULL,'DSADSADSA',3,0,0.00,0.00,0.00,0.00,'N',NULL,6,6,'2022-01-19 15:15:14','2022-01-19 15:15:14',NULL),(49,8,0,48,NULL,NULL,24,0.00,0.00,0.00,0.00,'N',NULL,6,6,'2022-01-19 15:15:14','2022-01-19 15:15:14',NULL),(50,8,0,48,NULL,NULL,5,0.00,0.00,0.00,0.00,'N',NULL,6,6,'2022-01-19 15:15:14','2022-01-19 15:15:14',NULL),(51,8,1,NULL,'UYYUYUUYUYU',4,0,0.00,0.00,0.00,0.00,'N',NULL,6,6,'2022-01-19 15:15:14','2022-01-19 15:15:14',NULL),(52,8,0,51,NULL,NULL,26,0.00,0.00,0.00,0.00,'N',NULL,6,6,'2022-01-19 15:15:14','2022-01-19 15:15:14',NULL);

--
-- Table structure for table `permohonan_project_audit_trail`
--

CREATE TABLE `permohonan_project_audit_trail` (
  `permohonan_project_audit_trail_id` bigint(20) NOT NULL AUTO_INCREMENT,
  `permohonan_project_id` bigint(20) NOT NULL,
  `status` char(1) NOT NULL,
  `remarks` text,
  `created_by` int(11) NOT NULL,
  `created_at` timestamp NULL DEFAULT NULL,
  `updated_at` timestamp NOT NULL DEFAULT CURRENT_TIMESTAMP,
  `deleted_at` timestamp NULL DEFAULT NULL,
  PRIMARY KEY (`permohonan_project_audit_trail_id`),
  KEY `idx_permohonanprojecttrail_permohonanid` (`permohonan_project_id`),
  KEY `idx_permohonanprojecttrail_createdby` (`created_by`)
) ENGINE=InnoDB AUTO_INCREMENT=14 DEFAULT CHARSET=latin1;

--
-- Dumping data for table `permohonan_project_audit_trail`
--

INSERT INTO `permohonan_project_audit_trail` VALUES (1,1,'Z',NULL,6,'2022-01-16 17:45:10','2022-01-16 17:45:10',NULL),(2,1,'Z',NULL,6,'2022-01-16 17:45:20','2022-01-16 17:45:20',NULL),(3,1,'Z',NULL,6,'2022-01-16 17:46:22','2022-01-16 17:46:22',NULL),(4,1,'Z',NULL,6,'2022-01-16 17:49:57','2022-01-16 17:49:57',NULL),(5,19,'Z',NULL,6,'2022-01-16 19:41:52','2022-01-16 19:41:52',NULL),(6,19,'Z',NULL,6,'2022-01-16 19:42:21','2022-01-16 19:42:21',NULL),(7,19,'Z',NULL,6,'2022-01-16 19:46:51','2022-01-16 19:46:51',NULL),(8,19,'Z',NULL,6,'2022-01-16 19:47:07','2022-01-16 19:47:07',NULL),(9,19,'Z',NULL,6,'2022-01-16 19:47:19','2022-01-16 19:47:19',NULL),(10,19,'Z',NULL,6,'2022-01-16 19:51:54','2022-01-16 19:51:54',NULL),(11,19,'V',NULL,6,'2022-01-16 19:52:23','2022-01-16 19:52:23',NULL),(12,27,'Z',NULL,6,'2022-01-19 10:52:16','2022-01-19 10:52:16',NULL),(13,27,'Z',NULL,6,'2022-01-19 10:57:21','2022-01-19 10:57:21',NULL);

--
-- Table structure for table `permohonan_project_history`
--

CREATE TABLE `permohonan_project_history` (
  `permohonan_project_history_id` bigint(20) NOT NULL AUTO_INCREMENT,
  `permohonan_project_id` bigint(20) NOT NULL,
  `targeted_value` decimal(10,2) NOT NULL DEFAULT '0.00',
  `achieved_value` decimal(10,2) NOT NULL DEFAULT '0.00',
  `percentage_value` decimal(10,2) NOT NULL DEFAULT '0.00',
  `project_final_value` decimal(10,2) NOT NULL DEFAULT '0.00',
  `created_by` int(11) NOT NULL,
  `updated_by` int(11) NOT NULL,
  `created_at` timestamp NULL DEFAULT NULL,
  `updated_at` timestamp NOT NULL DEFAULT CURRENT_TIMESTAMP,
  `deleted_at` timestamp NULL DEFAULT NULL,
  PRIMARY KEY (`permohonan_project_history_id`),
  KEY `idx_permohonanproject_permohonanprojectid` (`permohonan_project_id`),
  KEY `idx_permohonanproject_createdby` (`created_by`),
  KEY `idx_permohonanproject_updatedby` (`updated_by`)
) ENGINE=InnoDB AUTO_INCREMENT=51 DEFAULT CHARSET=latin1;

--
-- Dumping data for table `permohonan_project_history`
--

INSERT INTO `permohonan_project_history` VALUES (1,1,0.00,0.00,0.00,29.17,6,6,'2022-01-16 17:44:47','2022-01-16 17:44:47',NULL),(2,2,100.00,50.00,50.00,0.00,6,6,'2022-01-16 17:44:47','2022-01-16 17:44:47',NULL),(3,3,400.00,0.00,0.00,0.00,6,6,'2022-01-16 17:44:47','2022-01-16 17:44:47',NULL),(4,4,300.00,50.00,16.67,0.00,6,6,'2022-01-16 17:44:47','2022-01-16 17:44:47',NULL),(5,5,200.00,100.00,50.00,0.00,6,6,'2022-01-16 17:44:47','2022-01-16 17:44:47',NULL),(6,3,400.00,400.00,100.00,0.00,6,6,'2022-01-16 17:45:10','2022-01-16 17:45:10',NULL),(7,1,0.00,0.00,0.00,54.17,6,6,'2022-01-16 17:45:10','2022-01-16 17:45:10',NULL),(8,3,400.00,200.00,50.00,0.00,6,6,'2022-01-16 17:45:20','2022-01-16 17:45:20',NULL),(9,1,0.00,0.00,0.00,41.67,6,6,'2022-01-16 17:45:20','2022-01-16 17:45:20',NULL),(10,5,200.00,150.00,75.00,0.00,6,6,'2022-01-16 17:46:22','2022-01-16 17:46:22',NULL),(11,1,0.00,0.00,0.00,47.92,6,6,'2022-01-16 17:46:22','2022-01-16 17:46:22',NULL),(12,6,300.00,210.00,70.00,0.00,6,6,'2022-01-16 17:49:57','2022-01-16 17:49:57',NULL),(13,7,0.00,0.00,0.00,13.06,6,6,'2022-01-16 18:03:45','2022-01-16 18:03:45',NULL),(14,8,60.00,10.00,16.67,0.00,6,6,'2022-01-16 18:03:45','2022-01-16 18:03:45',NULL),(15,9,40.00,5.00,12.50,0.00,6,6,'2022-01-16 18:03:45','2022-01-16 18:03:45',NULL),(16,10,60.00,6.00,10.00,0.00,6,6,'2022-01-16 18:03:45','2022-01-16 18:03:45',NULL),(17,15,0.00,0.00,0.00,44.44,6,6,'2022-01-16 19:05:21','2022-01-16 19:05:21',NULL),(18,16,100.00,50.00,50.00,0.00,6,6,'2022-01-16 19:05:21','2022-01-16 19:05:21',NULL),(19,17,340.00,170.00,50.00,0.00,6,6,'2022-01-16 19:05:21','2022-01-16 19:05:21',NULL),(20,18,300.00,100.00,33.33,0.00,6,6,'2022-01-16 19:05:21','2022-01-16 19:05:21',NULL),(21,19,0.00,0.00,0.00,55.27,6,6,'2022-01-16 19:07:33','2022-01-16 19:07:33',NULL),(22,20,200.00,30.00,15.00,0.00,6,6,'2022-01-16 19:07:33','2022-01-16 19:07:33',NULL),(23,21,320.00,60.00,18.75,0.00,6,6,'2022-01-16 19:07:33','2022-01-16 19:07:33',NULL),(24,22,130.00,120.00,92.31,0.00,6,6,'2022-01-16 19:07:33','2022-01-16 19:07:33',NULL),(25,23,200.00,190.00,95.00,0.00,6,6,'2022-01-16 19:07:33','2022-01-16 19:07:33',NULL),(26,19,0.00,0.00,0.00,67.44,6,6,'2022-01-16 19:41:52','2022-01-16 19:41:52',NULL),(27,24,100.00,20.00,20.00,0.00,6,6,'2022-01-16 19:42:21','2022-01-16 19:42:21',NULL),(29,25,230.00,120.00,52.17,0.00,6,6,'2022-01-16 19:46:51','2022-01-16 19:46:51',NULL),(30,26,100.00,60.00,60.00,0.00,6,6,'2022-01-16 19:47:07','2022-01-16 19:47:07',NULL),(31,20,200.00,100.00,50.00,0.00,6,6,'2022-01-16 19:47:19','2022-01-16 19:47:19',NULL),(32,19,0.00,0.00,0.00,45.54,6,6,'2022-01-16 19:47:19','2022-01-16 19:47:19',NULL),(36,20,200.00,200.00,100.00,0.00,6,6,'2022-01-16 19:51:54','2022-01-16 19:51:54',NULL),(37,25,230.00,230.00,100.00,0.00,6,6,'2022-01-16 19:51:54','2022-01-16 19:51:54',NULL),(38,19,0.00,0.00,0.00,100.00,6,6,'2022-01-16 19:51:54','2022-01-16 19:51:54',NULL),(39,19,0.00,0.00,0.00,100.00,6,6,'2022-01-16 19:52:23','2022-01-16 19:52:23',NULL),(40,27,0.00,0.00,0.00,0.00,6,6,'2022-01-16 19:54:24','2022-01-16 19:54:24',NULL),(41,28,300.00,0.00,0.00,0.00,6,6,'2022-01-16 19:54:24','2022-01-16 19:54:24',NULL),(42,29,210.00,0.00,0.00,0.00,6,6,'2022-01-16 19:54:24','2022-01-16 19:54:24',NULL),(43,30,100.00,0.00,0.00,0.00,6,6,'2022-01-16 19:54:24','2022-01-16 19:54:24',NULL),(44,38,120.00,60.00,50.00,0.00,6,6,'2022-01-19 10:52:16','2022-01-19 10:52:16',NULL),(45,38,120.00,40.00,33.33,0.00,6,6,'2022-01-19 10:57:21','2022-01-19 10:57:21',NULL),(46,27,0.00,0.00,0.00,8.33,6,6,'2022-01-19 10:57:21','2022-01-19 10:57:21',NULL),(47,39,0.00,0.00,0.00,16.28,6,6,'2022-01-19 11:10:17','2022-01-19 11:10:17',NULL),(48,40,11.00,1.00,9.09,0.00,6,6,'2022-01-19 11:10:17','2022-01-19 11:10:17',NULL),(49,41,12.00,2.00,16.67,0.00,6,6,'2022-01-19 11:10:17','2022-01-19 11:10:17',NULL),(50,42,13.00,3.00,23.08,0.00,6,6,'2022-01-19 11:10:17','2022-01-19 11:10:17',NULL);

--
-- Table structure for table `permohonan_scope`
--

CREATE TABLE `permohonan_scope` (
  `permohonan_scope_id` bigint(20) NOT NULL AUTO_INCREMENT,
  `permohonan_id` bigint(20) NOT NULL,
  `scope_desc` varchar(255) DEFAULT NULL,
  `created_by` int(11) NOT NULL,
  `updated_by` int(11) NOT NULL,
  `created_at` timestamp NULL DEFAULT NULL,
  `updated_at` timestamp NOT NULL DEFAULT CURRENT_TIMESTAMP,
  `deleted_at` timestamp NULL DEFAULT NULL,
  PRIMARY KEY (`permohonan_scope_id`),
  KEY `idx_permohonanscope_permohonanid` (`permohonan_id`),
  KEY `idx_permohonanscope_createdby` (`created_by`),
  KEY `idx_permohonanscope_updatedby` (`updated_by`)
) ENGINE=InnoDB DEFAULT CHARSET=latin1;

--
-- Dumping data for table `permohonan_scope`
--


--
-- Table structure for table `permohonan_sharewith`
--

CREATE TABLE `permohonan_sharewith` (
  `permohonan_sharewith_id` bigint(20) NOT NULL AUTO_INCREMENT,
  `permohonan_id` bigint(20) NOT NULL,
  `user_id` int(11) NOT NULL,
  `created_by` int(11) NOT NULL,
  `updated_by` int(11) NOT NULL,
  `created_at` timestamp NULL DEFAULT NULL,
  `updated_at` timestamp NOT NULL DEFAULT CURRENT_TIMESTAMP,
  `deleted_at` timestamp NULL DEFAULT NULL,
  PRIMARY KEY (`permohonan_sharewith_id`),
  KEY `idx_permohonansharewith_permohonanid` (`permohonan_id`),
  KEY `idx_permohonansharewith_userid` (`user_id`),
  KEY `idx_permohonansharewith_createdby` (`created_by`),
  KEY `idx_permohonansharewith_updatedby` (`updated_by`)
) ENGINE=InnoDB AUTO_INCREMENT=4 DEFAULT CHARSET=latin1;

--
-- Dumping data for table `permohonan_sharewith`
--

INSERT INTO `permohonan_sharewith` VALUES (1,1,31,6,6,'2022-01-16 20:30:26','2022-01-16 20:30:26',NULL),(2,2,31,6,6,'2022-01-16 20:30:51','2022-01-16 20:30:51',NULL),(3,3,31,6,6,'2022-01-16 20:30:51','2022-01-16 20:30:51',NULL);

--
-- Table structure for table `permohonan_tkp`
--

CREATE TABLE `permohonan_tkp` (
  `permohonan_tkp_id` bigint(20) NOT NULL AUTO_INCREMENT,
  `permohonan_id` bigint(20) NOT NULL,
  `tkp_id` int(11) DEFAULT NULL COMMENT 'TKP id',
  `tkp_response_status` char(1) NOT NULL DEFAULT 'P' COMMENT 'P-pending response,R-tidak sokong,A-sokong',
  `tkp_need_meeting` int(11) NOT NULL DEFAULT '0',
  `tkp_response_remarks` text,
  `tkp_response_date` datetime DEFAULT NULL,
  `tkp_meeting_remarks` text,
  `tkp_meeting_date` datetime DEFAULT NULL,
  `created_by` int(11) NOT NULL,
  `updated_by` int(11) NOT NULL,
  `created_at` timestamp NULL DEFAULT NULL,
  `updated_at` timestamp NOT NULL DEFAULT CURRENT_TIMESTAMP,
  `deleted_at` timestamp NULL DEFAULT NULL,
  PRIMARY KEY (`permohonan_tkp_id`),
  KEY `idx_permohonantkp_permohonanid` (`permohonan_id`),
  KEY `idx_permohonantkp_tkpid` (`tkp_id`),
  KEY `idx_permohonantkp_createdby` (`created_by`),
  KEY `idx_permohonantkp_updatedby` (`updated_by`),
  KEY `idx_permohonantkp_responsestatus` (`tkp_response_status`)
) ENGINE=InnoDB AUTO_INCREMENT=9 DEFAULT CHARSET=latin1;

--
-- Dumping data for table `permohonan_tkp`
--

INSERT INTO `permohonan_tkp` VALUES (1,1,304,'A',0,NULL,'2022-01-16 12:18:11',NULL,NULL,131,131,'2022-01-16 04:17:20','2022-01-16 04:17:20',NULL),(2,1,307,'A',0,NULL,'2022-01-16 12:19:11',NULL,NULL,131,131,'2022-01-16 04:17:20','2022-01-16 04:17:20',NULL),(3,2,304,'A',0,NULL,'2022-01-16 12:18:18',NULL,NULL,131,131,'2022-01-16 04:17:29','2022-01-16 04:17:29',NULL),(4,2,307,'A',0,NULL,'2022-01-16 12:19:06',NULL,NULL,131,131,'2022-01-16 04:17:31','2022-01-16 04:17:31',NULL),(5,7,304,'R',2,'tidak sokong tkp','2022-01-17 19:28:51',NULL,NULL,131,131,'2022-01-17 10:36:34','2022-01-17 10:36:34',NULL),(6,7,307,'A',0,'sokong ni ok ni tkp','2022-01-17 19:32:26',NULL,NULL,131,131,'2022-01-17 10:36:34','2022-01-17 10:36:34',NULL),(7,6,304,'A',0,'sokong tkp ok','2022-01-17 19:23:04',NULL,NULL,131,131,'2022-01-17 10:37:28','2022-01-17 10:37:28',NULL),(8,6,307,'R',2,'tkp taknak sokong','2022-01-17 19:33:47',NULL,NULL,131,131,'2022-01-17 10:37:28','2022-01-17 10:37:28',NULL);

--
-- Table structure for table `ref_akademik`
--

CREATE TABLE `ref_akademik` (
  `akademik_id` int(11) NOT NULL AUTO_INCREMENT,
  `akademik_desc` varchar(200) NOT NULL,
  `is_active` char(1) NOT NULL DEFAULT '1',
  `created_by` int(11) DEFAULT NULL,
  `updated_by` int(11) DEFAULT NULL,
  `created_at` timestamp NULL DEFAULT NULL,
  `updated_at` timestamp NULL DEFAULT CURRENT_TIMESTAMP,
  `deleted_at` timestamp NULL DEFAULT NULL,
  PRIMARY KEY (`akademik_id`),
  KEY `idx_academic_createdby` (`created_by`),
  KEY `idx_academic_updatedby` (`updated_by`)
) ENGINE=InnoDB AUTO_INCREMENT=7 DEFAULT CHARSET=latin1;

--
-- Dumping data for table `ref_akademik`
--

INSERT INTO `ref_akademik` VALUES (1,'PHD','1',2,2,'2021-03-19 13:35:24','2021-03-19 13:35:24',NULL),(2,'MASTER','1',2,2,'2021-03-19 13:35:24','2021-03-19 13:35:24',NULL),(3,'IJAZAH','1',2,2,'2021-03-19 13:35:24','2021-03-19 13:35:24',NULL),(4,'DIPLOMA','1',2,2,'2021-03-19 13:35:24','2021-03-19 13:35:24',NULL),(5,'SIJIL','1',2,2,'2021-03-19 13:35:24','2021-03-19 13:35:24',NULL),(6,'SPM','1',2,2,'2021-05-31 04:18:32','2021-05-31 04:18:35',NULL);

--
-- Table structure for table `ref_alasan`
--

CREATE TABLE `ref_alasan` (
  `alasan_id` int(11) NOT NULL AUTO_INCREMENT,
  `alasan_desc` varchar(300) NOT NULL,
  `is_active` char(1) NOT NULL DEFAULT '1',
  `created_at` timestamp NULL DEFAULT NULL,
  `updated_at` timestamp NOT NULL DEFAULT CURRENT_TIMESTAMP,
  `deleted_at` timestamp NULL DEFAULT NULL,
  PRIMARY KEY (`alasan_id`)
) ENGINE=InnoDB AUTO_INCREMENT=18 DEFAULT CHARSET=latin1;

--
-- Dumping data for table `ref_alasan`
--

INSERT INTO `ref_alasan` VALUES (1,'Cuti Rehat','0','2018-12-01 00:04:36','2018-12-01 00:04:36','2019-01-13 18:52:31'),(2,'Cuti Sakit','0','2018-12-01 00:04:36','2018-12-01 00:04:36','2019-01-13 18:52:46'),(3,'Menghadiri Mesyuarat','0','2018-12-01 00:04:36','2018-12-01 00:04:36','2019-01-13 18:59:28'),(4,'Kerja Lebih Masa','0','2018-12-01 00:04:36','2018-12-01 00:04:36','2019-01-13 18:54:14'),(5,'Cuti Bersalin','0','2018-12-01 00:04:36','2018-12-01 00:04:36','2019-01-13 18:52:59'),(6,'Menghadiri Kursus','0','2018-12-01 00:04:36','2018-12-01 00:04:36','2019-01-13 18:59:10'),(7,'Tersalah Punch','0','2018-12-01 00:04:36','2018-12-01 00:04:36','2019-01-13 18:58:31'),(8,'Cuti Tanpa Rekod','1','2018-12-01 00:04:37','2018-12-01 00:04:37','2019-01-13 18:55:00'),(9,'Cuti Tanpa Gaji','0','2018-12-01 00:04:37','2018-12-01 00:04:37','2019-01-13 18:53:39'),(10,'Mesy. Sasaran Kerja Tahunan','1','2018-12-01 00:04:37','2018-12-01 00:04:37','2019-01-13 18:53:12'),(11,'Alasan Lewat Diterima','1','2018-12-01 00:04:37','2018-12-01 00:04:37',NULL),(12,'Pelepasan Waktu Bertugas','1','2018-12-01 00:04:37','2018-12-01 00:04:37','2019-01-13 18:59:21'),(13,'Cuti Kecemasan','1','2018-12-01 00:04:37','2018-12-01 00:04:37','2019-01-13 18:53:51'),(14,'Cuti Tahunan','1','2018-12-01 00:04:37','2018-12-01 00:04:37','2019-01-13 18:54:26'),(15,'Cuti Isteri Bersalin','1','2018-12-01 00:04:37','2018-12-01 00:04:37','2019-01-13 18:54:00'),(16,'Alasan Pulang Awal Diterima','1','2018-12-01 00:04:37','2018-12-01 00:04:37',NULL),(17,'Alasan Tidak Lengkap','1','2019-01-14 02:58:50','2019-01-14 02:58:50',NULL);

--
-- Table structure for table `ref_allocation`
--

CREATE TABLE `ref_allocation` (
  `allocation_id` int(11) NOT NULL AUTO_INCREMENT,
  `allocation_code` char(10) DEFAULT NULL,
  `allocation_desc` varchar(255) DEFAULT NULL,
  `running_no` int(11) NOT NULL DEFAULT '0',
  `created_by` int(11) DEFAULT NULL,
  `updated_by` int(11) DEFAULT NULL,
  `created_at` timestamp NULL DEFAULT NULL,
  `updated_at` timestamp NOT NULL DEFAULT CURRENT_TIMESTAMP,
  `deleted_at` timestamp NULL DEFAULT NULL,
  PRIMARY KEY (`allocation_id`)
) ENGINE=InnoDB AUTO_INCREMENT=3 DEFAULT CHARSET=latin1;

--
-- Dumping data for table `ref_allocation`
--

INSERT INTO `ref_allocation` VALUES (1,'M','OPERASI',1,2,46,'2019-03-21 19:41:34','2019-04-11 20:19:11',NULL),(2,'P','PEMBANGUNAN',0,2,46,'2019-03-21 19:41:45','2019-04-11 20:54:00',NULL);

--
-- Table structure for table `ref_asset`
--

CREATE TABLE `ref_asset` (
  `asset_id` int(11) NOT NULL AUTO_INCREMENT,
  `asset_category` int(11) DEFAULT '0' COMMENT '0-bukan alih, 1-alih',
  `asset_code` varchar(20) DEFAULT NULL,
  `asset_desc` varchar(255) DEFAULT NULL,
  `created_by` int(11) DEFAULT NULL,
  `updated_by` int(11) DEFAULT NULL,
  `created_at` timestamp NULL DEFAULT NULL,
  `updated_at` timestamp NOT NULL DEFAULT CURRENT_TIMESTAMP,
  `deleted_at` timestamp NULL DEFAULT NULL,
  PRIMARY KEY (`asset_id`),
  KEY `idx_refasset_createdby` (`created_by`),
  KEY `idx_refasset_updatedby` (`updated_by`)
) ENGINE=InnoDB AUTO_INCREMENT=34 DEFAULT CHARSET=latin1;

--
-- Dumping data for table `ref_asset`
--

INSERT INTO `ref_asset` VALUES (1,1,'A35300','ALAT KELENGKAPAN KOMPUTER DAN LETRONIK',2,31,'2020-10-14 03:36:35','2021-11-08 15:36:34',NULL),(2,1,'A35400','ALAT KELENGKAPAN LETRIK',2,275,'2020-10-14 03:36:35','2021-08-16 04:26:45',NULL),(3,1,'A35200','ALAT KELENGKAPAN MESIN',2,275,'2020-10-14 03:36:35','2021-08-16 04:29:46',NULL),(4,1,'A35100','ALAT KELENGKAPAN PEJABAT,PERABOT DAN LENGKAPAN',2,275,'2020-10-14 03:36:35','2021-08-16 04:28:35',NULL),(5,1,'A35500','ALAT KELENGKAPAN PENYIARAN DAAN PERHUBUNGAN',2,275,'2020-10-14 03:36:35','2021-08-16 04:30:22',NULL),(6,0,'P27600','BAHAN TENUNAN DAN BARANG - BARANG PAKAIAN',2,31,'2020-10-14 03:36:35','2020-12-31 04:34:31',NULL),(7,0,'P27100','BEKALAN PEJABAT',2,275,'2020-10-14 03:36:35','2021-04-05 03:01:49',NULL),(8,0,'L91100','BELANJA AKRU',2,182,'2020-10-14 03:36:35','2021-04-07 01:20:16',NULL),(9,1,'000000','INTANGIBLE ASSET',2,2,'2020-10-14 03:36:35','2020-10-14 03:36:35',NULL),(10,1,'A33100','KEMUDAHAN',2,275,'2020-10-14 03:36:35','2021-08-16 04:33:07',NULL),(11,1,'A34100','KENDERAAN',2,31,'2020-10-14 03:36:35','2020-12-31 04:45:35',NULL),(12,0,'P29400','KERAIAN, HOSPITALITI DAN HONORARIUM',2,31,'2020-10-14 03:36:35','2020-12-31 04:41:49',NULL),(13,0,'P22700','PENGANGKUTAN  BARANG- BARANG PEJABAT',2,31,'2020-10-14 03:36:35','2020-12-31 04:38:36',NULL),(14,0,'P22100','PENGANGKUTAN BARANG-BARANG UNTUK KAKITANGAN AWAM DALAM NEGERI',2,275,'2020-10-14 03:36:35','2021-08-16 04:23:33',NULL),(15,0,'P28500','PENYELENGGARAAN ALAT KELENGKAPAN ELEKTRIK',2,31,'2020-10-14 03:36:35','2020-12-31 04:40:37',NULL),(16,0,'P28400','PENYELENGGARAAN ALAT KELENGKAPAN KOMPUTER DAN LETRONIK',2,31,'2020-10-14 03:36:35','2020-12-31 04:40:14',NULL),(17,0,'P28300','PENYELENGGARAAN ALAT KELENGKAPAN MESIN',2,31,'2020-10-14 03:36:35','2020-12-31 04:39:54',NULL),(18,0,'P28200','PENYELENGGARAAN ALAT KELENGKAPAN PEJABAT, PERABOT DAN LENGKAPAN',2,31,'2020-10-14 03:36:35','2020-12-31 04:35:36',NULL),(19,0,'P28100','PENYELENGGARAAN BANGUNAN',2,31,'2020-10-14 03:36:35','2020-12-31 04:35:07',NULL),(20,0,'P28700','PENYELENGGARAAN KENDERAAN',2,31,'2020-10-14 03:36:35','2020-12-31 04:36:00',NULL),(21,0,'P21200','PERBELANJAAN PERJALANAN DAN SARA HIDUP KAKIKTANGAN DI LUAR NEGARA',2,31,'2020-10-14 03:36:35','2020-12-31 04:32:43',NULL),(22,0,'P21100','PERBELANJAAN PERJALANAN DAN SARA HIDUP KAKITANGAN DALAM NEGERI',2,31,'2020-10-14 03:36:35','2020-12-31 04:32:21',NULL),(23,0,'P23100','PERHUBUNGAN',2,31,'2020-10-14 03:36:35','2020-12-31 04:33:06',NULL),(24,0,'P29200','PERKHIDMATAN PERCETAKAN DAN MENJILID YANG DIBELI',2,31,'2020-10-14 03:36:35','2020-12-31 04:43:01',NULL),(25,0,'P29100','PERKHIDMATAN YANG DIBELI',2,31,'2020-10-14 03:36:35','2020-12-31 04:42:38',NULL),(26,0,'P24500','SEWA ALAT KELENGKAPAN PEJABAT, PERABOT DAN LENGKAPAN',2,31,'2020-10-14 03:36:35','2020-12-31 04:44:17',NULL),(27,0,'P24200','SEWA BANGUNAN',2,31,'2020-10-14 03:36:35','2020-12-31 04:44:39',NULL),(28,1,'A35600','UBAHSUAI',2,31,'2020-10-14 03:36:35','2020-12-31 04:43:40',NULL),(29,0,'P28600','PENYELENGGARAAN ALAT KELENGKAPAN PENYIARAN DAN PERHUBUNGAN',275,275,'2020-11-27 00:11:47','2020-12-03 03:56:18',NULL),(30,0,'L91108','APO',182,182,'2021-04-07 01:24:19','2021-04-07 01:24:19',NULL),(31,0,'L91113','JICA/ CLMV',182,182,'2021-04-07 01:24:50','2021-04-07 01:24:50',NULL),(32,0,'U22S0000','APO DMO',182,182,'2021-08-26 02:13:17','2021-08-26 02:13:39',NULL),(33,0,'P27300','BEKALAN RIADAH',182,182,'2021-09-09 00:36:37','2021-09-09 00:36:37',NULL);

--
-- Table structure for table `ref_asset_type`
--

CREATE TABLE `ref_asset_type` (
  `asset_type_id` int(11) NOT NULL AUTO_INCREMENT,
  `asset_id` int(11) DEFAULT NULL,
  `asset_category` int(11) DEFAULT NULL,
  `asset_desc` varchar(100) DEFAULT NULL,
  `asset_type_code` varchar(50) DEFAULT NULL,
  `asset_type_desc` varchar(255) DEFAULT NULL,
  `created_by` int(11) DEFAULT NULL,
  `updated_by` int(11) DEFAULT NULL,
  `created_at` timestamp NULL DEFAULT NULL,
  `updated_at` timestamp NOT NULL DEFAULT CURRENT_TIMESTAMP,
  `deleted_at` timestamp NULL DEFAULT NULL,
  PRIMARY KEY (`asset_type_id`),
  KEY `idx_refassettype_assetid` (`asset_id`),
  KEY `idx_refassettype_createdby` (`created_by`),
  KEY `idx_refassettype_updatedby` (`updated_by`),
  KEY `idx_refassettype_category` (`asset_category`)
) ENGINE=InnoDB AUTO_INCREMENT=82 DEFAULT CHARSET=latin1;

--
-- Dumping data for table `ref_asset_type`
--

INSERT INTO `ref_asset_type` VALUES (1,10,1,'KEMUDAHAN','A33101','KEMUDAHAN',2,2,'2020-10-14 03:31:11','2020-10-14 03:31:11',NULL),(2,11,1,'KENDERAAN','A34101','KENDERAAN BERMOTOR',2,2,'2020-10-14 03:31:11','2020-10-14 03:31:11',NULL),(3,4,1,'ALAT KELENGKAPAN PEJABAT,PERABOT DAN LENGKAPAN','A35101','PERABOT DAN KELENGKAPAN PEJABAT',2,2,'2020-10-14 03:31:11','2020-10-14 03:31:11',NULL),(4,3,1,'ALAT KELENGKAPAN MESIN','A35201','MESIN DAN ALAT KELENGKAPAN  PEJABAT',2,2,'2020-10-14 03:31:11','2020-10-14 03:31:11',NULL),(5,1,1,'ALAT KELENGKAPAN KOMPUTER DAN LETRONIK','A35301','KOMPUTER DAN ALAT KELENGKAPAN',2,2,'2020-10-14 03:31:11','2020-10-14 03:31:11',NULL),(6,2,1,'ALAT KELENGKAPAN LETRIK','A35401','HAWA DINGIN, PENYEJUK, PEMANAS DAN ALAT KELENGKAPAN',2,2,'2020-10-14 03:31:11','2020-10-14 03:31:11',NULL),(7,5,1,'ALAT KELENGKAPAN PENYIARAN DAAN PERHUBUNGAN','A35501','TELEFON DAN MESIN FAX/PA SYSTEM',2,2,'2020-10-14 03:31:11','2020-10-14 03:31:11',NULL),(8,28,1,'UBAHSUAI','A35601','UBAHSUAI',2,2,'2020-10-14 03:31:11','2020-10-14 03:31:11',NULL),(9,9,1,'INTANGIBLE ASSET','A35701','INTANGIBLE ASSET (SOFTWARE)',2,31,'2020-10-14 03:31:11','2020-10-14 05:28:08',NULL),(10,30,0,'BELANJAN AKRU','L91108','APO',2,182,'2020-10-14 03:31:11','2021-04-07 01:28:15',NULL),(11,31,0,'BELANJAN AKRU','L91113','BEST PRACTICE JICA/ CLMV',2,182,'2020-10-14 03:31:11','2021-04-07 01:26:14',NULL),(12,22,0,'PERBELANJAAN PERJALANAN DAN SARA HIDUP KAKITANGAN DALAM NEGERI','P21101','TAMBANG PERJALANAN, TOP-UP TOUCH N GO',2,2,'2020-10-14 03:31:11','2020-10-14 03:31:11',NULL),(13,22,0,'PERBELANJAAN PERJALANAN DAN SARA HIDUP KAKITANGAN DALAM NEGERI','P21102','HOTEL, LOJING DAN ELAUN MAKAN',2,2,'2020-10-14 03:31:11','2020-10-14 03:31:11',NULL),(14,22,0,'PERBELANJAAN PERJALANAN DAN SARA HIDUP KAKITANGAN DALAM NEGERI','P21199','LAIN - LAIN PERBELANJAAN PERJALANAN',2,2,'2020-10-14 03:31:11','2020-10-14 03:31:11',NULL),(15,21,0,'PERBELANJAAN PERJALANAN DAN SARA HIDUP KAKIKTANGAN DI LUAR NEGARA','P21201','TAMBANG PERJALANAN',2,2,'2020-10-14 03:31:11','2020-10-14 03:31:11',NULL),(16,21,0,'PERBELANJAAN PERJALANAN DAN SARA HIDUP KAKIKTANGAN DI LUAR NEGARA','P21202','HOTEL, LOJING DAN ELAUN MAKAN',2,2,'2020-10-14 03:31:11','2020-10-14 03:31:11',NULL),(17,21,0,'PERBELANJAAN PERJALANAN DAN SARA HIDUP KAKIKTANGAN DI LUAR NEGARA','P22101','PERPINDAHAN BARANG P',2,2,'2020-10-14 03:31:11','2020-10-14 03:31:11',NULL),(18,21,0,'PERBELANJAAN PERJALANAN DAN SARA HIDUP KAKIKTANGAN DI LUAR NEGARA','P22701','PENGANGKUTAN BARANG',2,2,'2020-10-14 03:31:11','2020-10-14 03:31:11',NULL),(19,14,0,'PENGANGKUTAN BARANG-BARANG UNTUK KAKITANGAN AWAM DALAM NEGERI','P22101','PERPINDAHAN BARANG PEGAWAI',2,2,'2020-10-14 03:31:11','2020-10-14 03:31:11',NULL),(20,13,0,'PENGANGKUTAN  BARANG- BARANG PEJABAT','P22701','PENGANGKUTAN BARANG PEJABAT, EXCESS BAGGAGE',2,2,'2020-10-14 03:31:11','2020-10-14 03:31:11',NULL),(21,23,0,'PERHUBUNGAN ','P23104','INTERNET',2,2,'2020-10-14 03:31:11','2020-10-14 03:31:11',NULL),(22,27,0,'SEWA BANGUNAN','P24201','SEWA BANGUNAN PEJABAT',2,2,'2020-10-14 03:31:11','2020-10-14 03:31:11',NULL),(23,27,0,'SEWA BANGUNAN','P24202','SEWA BANGUNAN KEDIAMAN',2,2,'2020-10-14 03:31:11','2020-10-14 03:31:11',NULL),(24,27,0,'SEWA BANGUNAN','P24299','SEWA BANGUNAN LAIN LAIN (BAYARAN PARKING BULANAN)',2,2,'2020-10-14 03:31:11','2020-10-14 03:31:11',NULL),(25,26,0,'SEWA ALAT KELENGKAPAN PEJABAT, PERABOT DAN LENGKAPAN','P24501','SEWA PERABOT ALAT KELENGKAPAN PEJABAT',2,2,'2020-10-14 03:31:11','2020-10-14 03:31:11',NULL),(26,26,0,'SEWA ALAT KELENGKAPAN PEJABAT, PERABOT DAN LENGKAPAN','P24502','SEWA MESIN DAN LENGKAPAN',2,2,'2020-10-14 03:31:11','2020-10-14 03:31:11',NULL),(27,26,0,'SEWA ALAT KELENGKAPAN PEJABAT, PERABOT DAN LENGKAPAN','P24503','SEWA MESIN FOTOSTAT',2,2,'2020-10-14 03:31:11','2020-10-14 03:31:11',NULL),(28,26,0,'SEWA ALAT KELENGKAPAN PEJABAT, PERABOT DAN LENGKAPAN','P24504','SEWA KENDERAAN',2,2,'2020-10-14 03:31:11','2020-10-14 03:31:11',NULL),(29,26,0,'SEWA ALAT KELENGKAPAN PEJABAT, PERABOT DAN LENGKAPAN','P24505','SEWA BILIK SEMINAR/KURSUS - PAMERAN',2,2,'2020-10-14 03:31:11','2020-10-14 03:31:11',NULL),(30,7,0,'BEKALAN PEJABAT','P27101','SURAT KHABAR, DAN MAJALAH',2,2,'2020-10-14 03:31:11','2020-10-14 03:31:11',NULL),(31,7,0,'BEKALAN PEJABAT','P27102','P27102- BEKALAN PEJABAT',2,275,'2020-10-14 03:31:11','2020-11-27 00:18:41',NULL),(32,7,0,'BEKALAN PEJABAT','P27103','P27103 - BEKALAN KOMPUTER',2,275,'2020-10-14 03:31:11','2021-04-05 03:03:06',NULL),(33,7,0,'BEKALAN PEJABAT','P27105','BAHAN KURSUS / SEMINAR (CTH: LANYARD, TRAINING KIT, T-SHIRT, BAG, FLIPCHART)',2,31,'2020-10-14 03:31:11','2020-10-14 05:32:13',NULL),(34,7,0,'BEKALAN PEJABAT','P27106','PERABOT DAN LENGKAPAN PEJABAT < RM 1,000.00 - CARPET, LANGSIR, WHITE BOARD - HAND DRYER',2,2,'2020-10-14 03:31:11','2020-10-14 03:31:11',NULL),(35,7,0,'BEKALAN PEJABAT','P27107','P27107 - BEKALAN DAN ALAT GANTI',2,275,'2020-10-14 03:31:11','2021-04-05 03:02:47',NULL),(36,7,0,'BEKALAN PEJABAT','P27108','BEKAL BAHAN PROMOSI (CTH: BAJU , BUNTING, NOTEBOOK ORGANIZER)',2,31,'2020-10-14 03:31:11','2020-10-14 05:30:05',NULL),(37,6,0,'BAHAN TENUNAN DAN BARANG - BARANG PAKAIAN','P27601','PAKAIAN SERAGAM',2,2,'2020-10-14 03:31:11','2020-10-14 03:31:11',NULL),(38,19,0,'PENYELENGGARAAN BANGUNAN ','P28101','BANGUNAN PEJABAT DAN RUMAH REHAT  - PEST CONTROL, PEMADAM API, TANGKI AIR, CAT , CUCIBANGUNAN',2,2,'2020-10-14 03:31:11','2020-10-14 03:31:11',NULL),(39,19,0,'PENYELENGGARAAN BANGUNAN ','P28102','KAWASAN PEJABAT',2,2,'2020-10-14 03:31:11','2020-10-14 03:31:11',NULL),(40,19,0,'PENYELENGGARAAN BANGUNAN ','P28199','BANGUNAN - BANGUNAN LAIN',2,2,'2020-10-14 03:31:11','2020-10-14 03:31:11',NULL),(41,18,0,'PENYELENGGARAAN ALAT KELENGKAPAN PEJABAT, PERABOT DAN LENGKAPAN','P28201','PERABOT ALAT KELENGKAPAN  PEJABAT',2,2,'2020-10-14 03:31:11','2020-10-14 03:31:11',NULL),(42,18,0,'PENYELENGGARAAN ALAT KELENGKAPAN PEJABAT, PERABOT DAN LENGKAPAN','P28299','PERABOT DAN LENGKAPAN YANG LAIN',2,2,'2020-10-14 03:31:11','2020-10-14 03:31:11',NULL),(43,17,0,'PENYELENGGARAAN ALAT KELENGKAPAN MESIN','P28301','MESIN DAN ALAT KELENGKAPAN PEJABAT',2,2,'2020-10-14 03:31:11','2020-10-14 03:31:11',NULL),(44,17,0,'PENYELENGGARAAN ALAT KELENGKAPAN MESIN','P28399','ALAT -ALAT KELENGKAPAN MESIN YANG LAIN',2,2,'2020-10-14 03:31:11','2020-10-14 03:31:11',NULL),(45,16,0,'PENYELENGGARAAN ALAT KELENGKAPAN KOMPUTER DAN LETRONIK','P28401','KOMPUTER DAN LETRONIK',2,2,'2020-10-14 03:31:11','2020-10-14 03:31:11',NULL),(46,15,0,'PENYELENGGARAAN ALAT KELENGKAPAN ELEKTRIK','P28501','HAWA DINGIN UTAMA',2,2,'2020-10-14 03:31:11','2020-10-14 03:31:11',NULL),(47,15,0,'PENYELENGGARAAN ALAT KELENGKAPAN ELEKTRIK','P28502','HAWA DINGIN INDIVIDU',2,2,'2020-10-14 03:31:11','2020-10-14 03:31:11',NULL),(48,20,0,'PENYELENGGARAAN KENDERAAN','P28701','KENDERAAN',2,2,'2020-10-14 03:31:11','2020-10-14 03:31:11',NULL),(49,25,0,'PERKHIDMATAN YANG DIBELI','P29101','PERKHIDMATAN PERUBATAN',2,2,'2020-10-14 03:31:11','2020-10-14 03:31:11',NULL),(50,25,0,'PERKHIDMATAN YANG DIBELI','P29103','PERKHIDMATAN PERUNDANGAN - STEM HASIL',2,2,'2020-10-14 03:31:11','2020-10-14 03:31:11',NULL),(51,25,0,'PERKHIDMATAN YANG DIBELI','P29104','PERKHIDMATAN LATIHAN KAKITANGAN',2,2,'2020-10-14 03:31:11','2020-10-14 03:31:11',NULL),(52,25,0,'PERKHIDMATAN YANG DIBELI','P29105','PERKHIDMATAN PAKAR RUNDING PERNIAGAAN DAN PENGURUSAN',2,2,'2020-10-14 03:31:11','2020-10-14 03:31:11',NULL),(53,25,0,'PERKHIDMATAN YANG DIBELI','P29106','PERKHIDMATAN PENSYARAH JEMPUTAN',2,2,'2020-10-14 03:31:11','2020-10-14 03:31:11',NULL),(54,25,0,'PERKHIDMATAN YANG DIBELI','P29107','PERKHIDMATAN KOMPUTER DAN PROSESAN DATA',2,2,'2020-10-14 03:31:11','2020-10-14 03:31:11',NULL),(55,25,0,'PERKHIDMATAN YANG DIBELI','P29108','PERKHIDMATAN FOTOGRAFI , BLUE-PRINTING DAN FILEM MIKRO',2,2,'2020-10-14 03:31:11','2020-10-14 03:31:11',NULL),(56,25,0,'PERKHIDMATAN YANG DIBELI','P29109','PERKHIDMATAN PENGELUARAN DAN PENYEBARAN TAYANGAN GAMBAR , PITA VIDEO, RADIO, TV PROD., LAGU, CUCI GAMBAR,  ASTRO',2,2,'2020-10-14 03:31:11','2020-10-14 03:31:11',NULL),(57,25,0,'PERKHIDMATAN YANG DIBELI','P29110','PERKHIDMATAN PENGIKLANAN',2,2,'2020-10-14 03:31:11','2020-10-14 03:31:11',NULL),(58,25,0,'PERKHIDMATAN YANG DIBELI','P29111','PERKHIDMATAN PERLINDUNGAN DAN KESELAMATAN - (RENEW LESEN, JAGA, INSURAN KEBAKARAN/INSURAN PERJALANAN KE LUAR NEGARA)',2,2,'2020-10-14 03:31:11','2020-10-14 03:31:11',NULL),(59,25,0,'PERKHIDMATAN YANG DIBELI','P29112','PERKHIDMATAN PENTERJEMAHAN DAN PENAFSIRAN/PENULISAN',2,2,'2020-10-14 03:31:11','2020-10-14 03:31:11',NULL),(60,25,0,'PERKHIDMATAN YANG DIBELI','P29114','INSURAN & CUKAI JALAN / KENDERAAN PEJABAT (RENEW ROAD TAX) * GUNA UTK INSURAN & CUKAI JALAN/KENDERAAN PEJABAT TERMASUK DI WILAYAH',2,2,'2020-10-14 03:31:11','2020-10-14 03:31:11',NULL),(61,25,0,'PERKHIDMATAN YANG DIBELI','P29117','YURAN LAIN (PERPUSTAKAAN, BENCHMARKING, DLL.)',2,2,'2020-10-14 03:31:11','2020-10-14 03:31:11',NULL),(62,25,0,'PERKHIDMATAN YANG DIBELI','P29199','PERKHIDMATAN YANG LAIN - BANK CHARGE, SONITACT,TENAGA KERJA/PLATE NO.KERETA BARU',2,2,'2020-10-14 03:31:11','2020-10-14 03:31:11',NULL),(63,24,0,'PERKHIDMATAN PERCETAKAN DAN MENJILID YANG DIBELI','P29201','PERCETAKAN PENERBITAN - ARTWORD, APR , BUKU LAPORAN, KERTAS UNTUK BOOKLET, PRINT LAPORAN, GCR',2,275,'2020-10-14 03:31:11','2021-08-30 07:16:59',NULL),(64,24,0,'PERKHIDMATAN PERCETAKAN DAN MENJILID YANG DIBELI','P29202','PERCETAKAN BORANG DAN ALAT TULIS  -  KAD NAMA, COVER SIJIL, STICKER, BROCHURE, PLANNER, POSTER',2,2,'2020-10-14 03:31:11','2020-10-14 03:31:11',NULL),(65,24,0,'PERKHIDMATAN PERCETAKAN DAN MENJILID YANG DIBELI','P29203','BACAAN METER MESIN FOTOSTAT',2,2,'2020-10-14 03:31:11','2020-10-14 03:31:11',NULL),(66,24,0,'PERKHIDMATAN PERCETAKAN DAN MENJILID YANG DIBELI','P29299','BAYARAN - BAYARAN PERKHIDMATAN PERCETAKAN YANG LAIN - JILID, MATEL PLATE, BINDING',2,2,'2020-10-14 03:31:11','2020-10-14 03:31:11',NULL),(67,12,0,'KERAIAN, HOSPITALITI DAN HONORARIUM','P29401','MAKAN DAN MINUM (STOK TEH, GULA, KOPI, KRIMER, BISKUT)',2,31,'2020-10-14 03:31:11','2020-10-14 05:24:45',NULL),(68,12,0,'KERAIAN, HOSPITALITI DAN HONORARIUM','P29402','PENGINAPAN - ORANG JEMPUTAN/PESERTA KURSUS',2,2,'2020-10-14 03:31:11','2020-10-14 03:31:11',NULL),(69,12,0,'KERAIAN, HOSPITALITI DAN HONORARIUM','P29403','PENGANGKUTAN/INSURAN - ORANG JEMPUTAN/PESERTA KURSUS',2,2,'2020-10-14 03:31:11','2020-10-14 03:31:11',NULL),(70,12,0,'KERAIAN, HOSPITALITI DAN HONORARIUM','P29404','HONORARIUM, SAGUHATI DAN HADIAH (CTH: ORANG LUAR, BAYARAN PEMENANG ICC, PIALA, DOORGIFT)',2,31,'2020-10-14 03:31:11','2020-10-14 05:50:24',NULL),(71,12,0,'KERAIAN, HOSPITALITI DAN HONORARIUM','P29406','HONORARIUM, SAGUHATI DAN HADIAH - KAKITANGAN MPC, DINNER, TQ DAUN KELADI, HARI KELUARGA, HARI SUKAN)',2,31,'2020-10-14 03:31:11','2020-10-14 05:51:04',NULL),(72,12,0,'KERAIAN, HOSPITALITI DAN HONORARIUM','P29407','MAKAN DAN MINUM (PESERTA KURSUS, SEMINAR, WORKSHOP, BAND)',2,31,'2020-10-14 03:31:11','2020-10-14 05:25:35',NULL),(73,25,NULL,NULL,'P29102','PERKHIDMATAN PERAKAUNAN DAN AUDITAN',275,275,'2020-11-09 01:01:05','2020-11-09 01:05:43',NULL),(74,29,NULL,NULL,'P28601','P28601-TELEFON DAN MESIN FAX - PABX',275,275,'2020-11-27 00:15:23','2020-12-03 03:57:05',NULL),(75,8,NULL,NULL,'L91100','BELANJA AKRU',182,182,'2021-04-07 01:29:59','2021-04-07 01:29:59',NULL),(76,25,NULL,NULL,'P29113','PERKHIDMATAN DOBI',31,31,'2021-04-30 01:36:55','2021-04-30 01:36:55',NULL),(77,32,NULL,NULL,'U22S0000','WANG COVID-19',182,182,'2021-08-26 02:14:36','2021-08-26 02:14:36',NULL),(78,7,NULL,NULL,'P27300','P27302 - ALAT-ALAT SUKAN DAN OLAHRAGA',210,210,'2021-09-08 09:41:27','2021-09-08 10:26:53','2021-09-08 16:49:44'),(79,33,NULL,NULL,'P27302','ALAT-ALAT SUKAN DAN OLAHRAGA',182,182,'2021-09-09 00:42:22','2021-09-09 00:42:22',NULL),(80,15,NULL,NULL,'P28503','ALAT-ALAT KELENGKAPAN ELEKTRIK YANG LAIN',182,182,'2021-09-28 03:51:59','2021-09-28 03:51:59',NULL),(81,15,NULL,NULL,'P28599','SEWA ELEKTRIK LAIN',182,182,'2021-09-28 03:52:22','2021-09-28 03:52:22',NULL);

--
-- Table structure for table `ref_bank`
--

CREATE TABLE `ref_bank` (
  `bank_id` int(11) NOT NULL AUTO_INCREMENT,
  `bank_desc` varchar(100) NOT NULL,
  `minimum_digit` int(11) NOT NULL DEFAULT '1',
  `maximum_digit` int(11) NOT NULL DEFAULT '1',
  `created_by` int(11) DEFAULT NULL,
  `updated_by` int(11) DEFAULT NULL,
  `created_at` timestamp NULL DEFAULT NULL,
  `updated_at` timestamp NOT NULL DEFAULT CURRENT_TIMESTAMP,
  `deleted_at` timestamp NULL DEFAULT NULL,
  PRIMARY KEY (`bank_id`),
  KEY `idx_bank_createdby` (`created_by`),
  KEY `idx_bank_updatedby` (`updated_by`)
) ENGINE=InnoDB AUTO_INCREMENT=33 DEFAULT CHARSET=latin1;

--
-- Dumping data for table `ref_bank`
--

INSERT INTO `ref_bank` VALUES (1,'AFFIN BANK BERHAD',12,12,2,2,'2021-01-05 06:40:33','2021-01-05 06:40:33',NULL),(2,'ALLIANCE BANK MALAYSIA BERHAD',15,15,2,2,'2021-01-05 06:40:33','2021-01-05 06:40:33',NULL),(3,'AMBANK/AMFINANCE',13,13,2,2,'2021-01-05 06:40:33','2021-01-05 06:40:33',NULL),(4,'AL-RAJHI BANKING & INVESTMENT CORPORATION (MALAYSIA) BERHAD',15,15,2,31,'2021-01-05 06:40:33','2021-05-29 18:43:57',NULL),(5,'BANGKOK BANK BERHAD',10,10,2,2,'2021-01-05 06:40:33','2021-01-05 06:40:33',NULL),(6,'BANK ISLAM MALAYSIA BERHAD',14,14,2,2,'2021-01-05 06:40:33','2021-01-05 06:40:33',NULL),(7,'BANK KERJASAMA RAKYAT MALAYSIA BERHAD',12,12,2,2,'2021-01-05 06:40:33','2021-01-05 06:40:33',NULL),(8,'BANK MUAMALAT MALAYSIA BERHAD',14,14,2,2,'2021-01-05 06:40:33','2021-01-05 06:40:33',NULL),(9,'BANK OF AMERICA',5,17,2,2,'2021-01-05 06:40:33','2021-01-05 06:40:33',NULL),(10,'BANK OF CHINA (MALAYSIA) BERHAD',13,15,2,2,'2021-01-05 06:40:33','2021-01-05 06:40:33',NULL),(11,'BANK PERTANIAN MALAYSIA BERHAD (AGROBANK)',16,16,2,2,'2021-01-05 06:40:33','2021-01-05 06:40:33',NULL),(12,'BANK SIMPANAN NASIONAL BERHAD',16,16,2,2,'2021-01-05 06:40:33','2021-01-05 06:40:33',NULL),(13,'BNP PARIBAS MALAYSIA BERHAD',6,16,2,2,'2021-01-05 06:40:33','2021-01-05 06:40:33',NULL),(14,'CHINA CONSTRUCTION BANK (MALAYSIA) BERHAD',12,12,2,2,'2021-01-05 06:40:33','2021-01-05 06:40:33',NULL),(15,'CIMB BANK BERHAD',10,14,2,2,'2021-01-05 06:40:33','2021-01-05 06:40:33',NULL),(16,'CITIBANK BERHAD',9,16,2,2,'2021-01-05 06:40:33','2021-01-05 06:40:33',NULL),(17,'DEUTSCHE BANK (MALAYSIA) BERHAD',10,14,2,2,'2021-01-05 06:40:33','2021-01-05 06:40:33',NULL),(18,'HONG LEONG BANK',11,13,2,2,'2021-01-05 06:40:33','2021-01-05 06:40:33',NULL),(19,'HSBC BANK MALAYSIA BERHAD',12,12,2,2,'2021-01-05 06:40:33','2021-01-05 06:40:33',NULL),(20,'INDUSTRIAL AND COMMERCIAL BANK OF CHINA (MALAYSIA) BERHAD',17,17,2,2,'2021-01-05 06:40:33','2021-01-05 06:40:33',NULL),(21,'J.P. MORGAN CHASE BANK BHD',10,10,2,2,'2021-01-05 06:40:33','2021-01-05 06:40:33',NULL),(22,'KUWAIT FINANCE HOUSE (MALAYSIA) BERHAD',12,12,2,2,'2021-01-05 06:40:33','2021-01-05 06:40:33',NULL),(23,'MAYBANK',12,12,2,2,'2021-01-05 06:40:33','2021-01-05 06:40:33',NULL),(24,'MBSB BANK BERHAD',16,16,2,2,'2021-01-05 06:40:33','2021-01-05 06:40:33',NULL),(25,'BANK OF TOKYO-MITSUBISHI UFJ (M) BERHAD / MUFG BANK',6,6,2,2,'2021-01-05 06:40:33','2021-01-05 06:40:33',NULL),(26,'MIZUHO CORPORATE BANK MALAYSIA BERHAD',10,10,2,2,'2021-01-05 06:40:33','2021-01-05 06:40:33',NULL),(27,'OCBC BANK (MALAYSIA) BERHAD',10,10,2,2,'2021-01-05 06:40:33','2021-01-05 06:40:33',NULL),(28,'PUBLIC BANK BERHAD/PUBLIC ISLAMIC BANK BERHAD',10,10,2,2,'2021-01-05 06:40:33','2021-01-05 06:40:33',NULL),(29,'RHB BANK',14,14,2,2,'2021-01-05 06:40:33','2021-01-05 06:40:33',NULL),(30,'STANDARD CHARTERED BANK MALAYSIA BERHAD',5,17,2,2,'2021-01-05 06:40:33','2021-01-05 06:40:33',NULL),(31,'SUMITOMO MITSUI BANKING CORPORATION MALAYSIA BERHAD',8,8,2,2,'2021-01-05 06:40:33','2021-01-05 06:40:33',NULL),(32,'UNITED OVERSEAS BANK BERHAD',10,17,2,2,'2021-01-05 06:40:33','2021-01-05 06:40:33',NULL);

--
-- Table structure for table `ref_card`
--

CREATE TABLE `ref_card` (
  `card_id` int(11) NOT NULL AUTO_INCREMENT,
  `card_desc` varchar(20) DEFAULT NULL,
  `card_color` varchar(20) NOT NULL,
  `created_at` timestamp NULL DEFAULT NULL,
  `updated_at` timestamp NOT NULL DEFAULT CURRENT_TIMESTAMP,
  `deleted_at` timestamp NULL DEFAULT NULL,
  PRIMARY KEY (`card_id`)
) ENGINE=InnoDB AUTO_INCREMENT=4 DEFAULT CHARSET=latin1;

--
-- Dumping data for table `ref_card`
--

INSERT INTO `ref_card` VALUES (1,'Kuning','#FFFF00','2018-11-25 17:16:20','2018-11-25 14:50:57',NULL),(2,'Hijau','#00FF00','2018-11-25 17:16:24','2018-11-25 14:51:07',NULL),(3,'Merah','#FF0000','2018-11-25 17:16:28','2018-11-25 14:51:15',NULL);

--
-- Table structure for table `ref_cawangan`
--

CREATE TABLE `ref_cawangan` (
  `cawangan_id` int(11) NOT NULL AUTO_INCREMENT,
  `cawangan_desc` varchar(255) NOT NULL,
  `created_by` int(11) DEFAULT NULL,
  `updated_by` int(11) DEFAULT NULL,
  `created_at` timestamp NULL DEFAULT NULL,
  `updated_at` timestamp NOT NULL DEFAULT CURRENT_TIMESTAMP,
  `deleted_at` timestamp NULL DEFAULT NULL,
  PRIMARY KEY (`cawangan_id`)
) ENGINE=InnoDB DEFAULT CHARSET=latin1;

--
-- Dumping data for table `ref_cawangan`
--


--
-- Table structure for table `ref_charge_gov`
--

CREATE TABLE `ref_charge_gov` (
  `charge_gov_id` int(11) NOT NULL AUTO_INCREMENT,
  `supplier_service_id` int(11) DEFAULT NULL,
  `service_group_id` int(11) DEFAULT NULL,
  `charge_amount` decimal(10,2) NOT NULL DEFAULT '0.00',
  `unit_id` int(11) DEFAULT NULL,
  `created_by` int(11) DEFAULT NULL,
  `updated_by` int(11) DEFAULT NULL,
  `created_at` timestamp NULL DEFAULT NULL,
  `updated_at` timestamp NOT NULL DEFAULT CURRENT_TIMESTAMP,
  `deleted_at` timestamp NULL DEFAULT NULL,
  PRIMARY KEY (`charge_gov_id`),
  KEY `idx_chargegov_service` (`supplier_service_id`),
  KEY `idx_chargegov_createdby` (`created_by`),
  KEY `idx_chargegov_updatedby` (`updated_by`)
) ENGINE=InnoDB AUTO_INCREMENT=16 DEFAULT CHARSET=latin1;

--
-- Dumping data for table `ref_charge_gov`
--

INSERT INTO `ref_charge_gov` VALUES (1,2,1,100.00,1,2,2,'2021-06-20 15:03:42','2021-06-20 15:03:42',NULL),(2,2,2,100.00,1,2,2,'2021-06-20 15:03:42','2021-06-20 15:03:42',NULL),(3,2,3,90.00,1,2,2,'2021-06-20 15:03:42','2021-06-20 15:03:42',NULL),(4,2,4,80.00,1,2,2,'2021-06-20 15:03:42','2021-06-20 15:03:42',NULL),(5,2,5,60.00,1,2,2,'2021-06-20 15:03:42','2021-06-20 15:03:42',NULL),(6,4,1,300.00,1,2,2,'2021-06-20 15:03:42','2021-06-20 15:03:42',NULL),(7,4,2,200.00,1,2,2,'2021-06-20 15:03:42','2021-06-20 15:03:42',NULL),(8,4,3,150.00,1,2,2,'2021-06-20 15:03:42','2021-06-20 15:03:42',NULL),(9,4,4,120.00,1,2,2,'2021-06-20 15:03:42','2021-06-20 15:03:42',NULL),(10,4,5,80.00,1,2,2,'2021-06-20 15:03:42','2021-06-20 15:03:42',NULL),(11,19,1,300.00,1,2,2,'2021-06-20 15:03:42','2021-06-20 15:03:42',NULL),(12,19,2,200.00,1,2,2,'2021-06-20 15:03:42','2021-06-20 15:03:42',NULL),(13,19,3,150.00,1,2,2,'2021-06-20 15:03:42','2021-06-20 15:03:42',NULL),(14,19,4,120.00,1,2,2,'2021-06-20 15:03:42','2021-06-20 15:03:42',NULL),(15,19,5,80.00,1,2,2,'2021-06-20 15:03:42','2021-06-20 15:03:42',NULL);

--
-- Table structure for table `ref_core`
--

CREATE TABLE `ref_core` (
  `core_id` int(11) NOT NULL AUTO_INCREMENT,
  `core_desc` varchar(100) NOT NULL,
  `created_by` int(11) DEFAULT NULL,
  `updated_by` int(11) DEFAULT NULL,
  `created_at` timestamp NULL DEFAULT NULL,
  `updated_at` timestamp NOT NULL DEFAULT CURRENT_TIMESTAMP,
  `deleted_at` timestamp NULL DEFAULT NULL,
  PRIMARY KEY (`core_id`),
  KEY `idx_core_createdby` (`created_by`),
  KEY `idx_core_updatedby` (`updated_by`)
) ENGINE=InnoDB AUTO_INCREMENT=6 DEFAULT CHARSET=latin1;

--
-- Dumping data for table `ref_core`
--

INSERT INTO `ref_core` VALUES (1,'Menghasilkan bakat masa hadapan',2,2,'2022-01-06 17:51:13','2022-01-06 17:51:13',NULL),(2,'Memacu pendigitalan dan inovasi',2,2,'2022-01-06 17:51:39','2022-01-06 17:51:39',NULL),(3,'Memastikan akauntabiliti industri terhadap produktiviti',2,2,'2022-01-06 17:52:12','2022-01-06 17:52:12',NULL),(4,'Membentuk ekosistem yang teguh',2,2,'2022-01-06 17:52:37','2022-01-06 17:52:37',NULL),(5,'Memupuk minda produktif',2,2,'2022-01-06 17:52:57','2022-01-06 17:52:57',NULL);

--
-- Table structure for table `ref_field`
--

CREATE TABLE `ref_field` (
  `field_id` int(11) NOT NULL AUTO_INCREMENT,
  `field_code` char(10) DEFAULT NULL,
  `field_desc` varchar(255) DEFAULT NULL,
  `created_by` int(11) DEFAULT NULL,
  `updated_by` int(11) DEFAULT NULL,
  `created_at` timestamp NULL DEFAULT NULL,
  `updated_at` timestamp NOT NULL DEFAULT CURRENT_TIMESTAMP,
  `deleted_at` timestamp NULL DEFAULT NULL,
  PRIMARY KEY (`field_id`),
  KEY `idx_field_code` (`field_code`),
  KEY `idx_field_createdby` (`created_by`),
  KEY `idx_field_updatedby` (`updated_by`)
) ENGINE=InnoDB AUTO_INCREMENT=4 DEFAULT CHARSET=latin1;

--
-- Dumping data for table `ref_field`
--

INSERT INTO `ref_field` VALUES (1,'221110','Khidmat Latihan, Tenaga Pengajar dan Moderator/Negotiator',2,2,'2021-07-27 18:04:04','2021-07-27 18:04:04',NULL),(2,'222004','Penulisan – Semua Jenis Penulisan',2,2,'2021-07-27 18:04:04','2021-07-27 18:04:10',NULL),(3,'222704','Pensijilan dan Pengiktirafan',2,2,'2021-07-27 18:04:04','2021-07-27 18:04:17',NULL);

--
-- Table structure for table `ref_flight_company`
--

CREATE TABLE `ref_flight_company` (
  `flight_company_id` int(11) NOT NULL AUTO_INCREMENT,
  `flight_company_desc` varchar(100) NOT NULL,
  `flight_company_url` varchar(200) NOT NULL,
  `flight_company_luggage_quota` decimal(10,2) NOT NULL DEFAULT '0.00',
  `created_by` int(11) DEFAULT NULL,
  `updated_by` int(11) DEFAULT NULL,
  `created_at` timestamp NULL DEFAULT NULL,
  `updated_at` timestamp NOT NULL DEFAULT CURRENT_TIMESTAMP,
  `deleted_at` timestamp NULL DEFAULT NULL,
  PRIMARY KEY (`flight_company_id`)
) ENGINE=InnoDB AUTO_INCREMENT=7 DEFAULT CHARSET=latin1;

--
-- Dumping data for table `ref_flight_company`
--

INSERT INTO `ref_flight_company` VALUES (1,'MAS','https://www.malaysiaairlines.com',20.00,2,2,'2019-03-20 13:34:10','2019-03-20 13:31:37',NULL),(2,'AIR ASIA','https://www.airasia.com',15.00,2,2,'2019-03-20 13:34:28','2019-03-20 13:31:42',NULL),(3,'MALINDO AIR','https://www.malindoair.com/',20.00,2,2,'2019-03-20 13:35:09','2019-03-20 13:31:54',NULL),(4,'FIREFLY','https://www.airpaz.com',20.00,2,2,'2019-03-20 13:35:11','2019-03-20 13:32:02',NULL),(5,'LATAM AIRLINES','https://www.latam.com',20.00,71,46,'2019-08-09 16:02:56','2020-02-28 08:33:10',NULL),(6,'FIJI AIRWAYS','https://www.fijiairways.com/',20.00,46,46,'2020-02-28 08:32:56','2020-02-28 08:32:56',NULL);

--
-- Table structure for table `ref_gred`
--

CREATE TABLE `ref_gred` (
  `gred_id` int(11) NOT NULL AUTO_INCREMENT,
  `service_group_id` int(11) DEFAULT NULL,
  `gred_desc` varchar(20) NOT NULL,
  `is_active` char(1) NOT NULL DEFAULT '1',
  `created_by` int(11) DEFAULT NULL,
  `updated_by` int(11) DEFAULT NULL,
  `created_at` timestamp NULL DEFAULT NULL,
  `updated_at` timestamp NULL DEFAULT CURRENT_TIMESTAMP,
  `deleted_at` timestamp NULL DEFAULT NULL,
  PRIMARY KEY (`gred_id`),
  KEY `idx_grade_servicegroup` (`service_group_id`),
  KEY `idx_grade_createdby` (`created_by`),
  KEY `idx_grade_updatedby` (`updated_by`)
) ENGINE=InnoDB AUTO_INCREMENT=33 DEFAULT CHARSET=latin1;

--
-- Dumping data for table `ref_gred`
--

INSERT INTO `ref_gred` VALUES (1,5,'B22','1',2,2,'2019-03-28 07:32:43','2019-03-28 07:32:43',NULL),(2,5,'E29/E32','1',2,2,'2019-03-28 07:32:43','2019-03-28 07:32:43',NULL),(3,4,'E41','1',2,2,'2019-03-28 07:32:43','2019-03-28 07:32:43',NULL),(4,4,'E44','1',2,2,'2019-03-28 07:32:43','2019-03-28 07:32:43',NULL),(5,3,'E48','1',2,2,'2019-03-28 07:32:43','2019-03-28 07:32:43',NULL),(6,3,'E52','1',2,2,'2019-03-28 07:32:43','2019-03-28 07:32:43',NULL),(7,2,'E54','1',2,2,'2019-03-28 07:32:43','2019-03-28 07:32:43',NULL),(8,5,'FA29','1',2,2,'2019-03-28 07:32:43','2019-03-28 07:32:43',NULL),(9,5,'H11','1',2,2,'2019-03-28 07:32:43','2019-03-28 07:32:43',NULL),(10,5,'H19','1',2,2,'2019-03-28 07:32:43','2019-03-28 07:32:43',NULL),(11,5,'J22','1',2,2,'2019-03-28 07:32:43','2019-03-28 07:32:43',NULL),(12,5,'JA29/JA36','1',2,2,'2019-03-28 07:32:43','2019-03-28 07:32:43',NULL),(13,1,'JUSA A/VU5','1',2,2,'2019-03-28 07:32:43','2019-03-28 07:32:43',NULL),(14,1,'JUSA B/VU6','1',2,2,'2019-03-28 07:32:43','2019-03-28 07:32:43',NULL),(15,1,'JUSA C/VU7','1',2,2,'2019-03-28 07:32:43','2019-03-28 07:32:43',NULL),(16,5,'N11','1',2,2,'2019-03-28 07:32:43','2019-03-28 07:32:43',NULL),(17,5,'N14','1',2,2,'2019-03-28 07:32:43','2019-03-28 07:32:43',NULL),(18,5,'N19','1',2,2,'2019-03-28 07:32:43','2019-03-28 07:32:43',NULL),(19,5,'N22','1',2,2,'2019-03-28 07:32:43','2019-03-28 07:32:43',NULL),(20,5,'N26','1',2,2,'2019-03-28 07:32:43','2019-03-28 07:32:43',NULL),(21,5,'N28','1',2,2,'2019-03-28 07:32:43','2019-03-28 07:32:43',NULL),(22,5,'N29','1',2,2,'2019-03-28 07:32:43','2019-03-28 07:32:43',NULL),(23,5,'N30','1',2,2,'2019-03-28 07:32:43','2019-03-28 07:32:43',NULL),(24,5,'N32','1',2,2,'2019-03-28 07:32:43','2019-03-28 07:32:43',NULL),(25,5,'S32','1',2,2,'2019-03-28 07:32:43','2019-03-28 07:32:43',NULL),(26,5,'S41','1',2,2,'2019-03-28 07:32:43','2019-03-28 07:32:43',NULL),(27,5,'W29','1',2,2,'2019-03-28 07:32:43','2019-03-28 07:32:43',NULL),(28,4,'WA41','1',2,2,'2019-03-28 07:32:43','2019-03-28 07:32:43',NULL),(29,4,'WA44','1',2,2,'2019-03-28 07:32:43','2019-03-28 07:32:43',NULL),(30,3,'WA48','1',2,2,'2019-03-28 07:32:43','2019-03-28 07:32:43',NULL),(31,4,'F41','1',2,2,'2019-03-31 12:54:05','2019-03-31 12:54:05',NULL),(32,NULL,'FT19','1',2,2,'2022-01-06 13:55:41','2022-01-06 13:55:41',NULL);

--
-- Table structure for table `ref_jabatan`
--

CREATE TABLE `ref_jabatan` (
  `jabatan_id` int(11) NOT NULL AUTO_INCREMENT,
  `jabatan_desc` varchar(200) NOT NULL,
  `is_active` char(1) NOT NULL DEFAULT '1',
  `created_at` timestamp NULL DEFAULT NULL,
  `updated_at` timestamp NULL DEFAULT CURRENT_TIMESTAMP,
  `deleted_at` timestamp NULL DEFAULT NULL,
  PRIMARY KEY (`jabatan_id`)
) ENGINE=InnoDB AUTO_INCREMENT=36 DEFAULT CHARSET=latin1;

--
-- Dumping data for table `ref_jabatan`
--

INSERT INTO `ref_jabatan` VALUES (2,'JABATAN KHIDMAT PENGURUSAN','1','2019-01-01 07:48:01','2019-01-01 07:48:01',NULL),(3,'JABATAN TEKNOLOGI MAKLUMAT','1','2019-01-01 07:48:01','2019-01-01 07:48:01',NULL),(4,'BAHAGIAN PENGURUSAN HARTA','1','2019-01-01 07:48:01','2019-01-01 07:48:01',NULL),(5,'JABATAN PENILAIAN & PENGURUSAN HARTA','1','2019-01-01 07:48:01','2019-01-01 07:48:01',NULL),(6,'JABATAN PERBENDAHARAAN','1','2019-01-01 07:48:01','2019-01-01 07:48:01',NULL),(7,'JABATAN PERUNDANGAN','1','2019-01-01 07:48:01','2019-01-01 07:48:01',NULL),(8,'JABATAN KORPORAT','1','2019-01-01 07:48:01','2019-01-01 07:48:01',NULL),(9,'JABATAN PERANCANG BANDAR','1','2019-01-01 07:48:01','2019-01-01 07:48:01',NULL),(10,'JABATAN KEJURUTERAAN','1','2019-01-01 07:48:01','2019-01-01 07:48:01',NULL),(11,'JABATAN BANGUNAN','1','2019-01-01 07:48:01','2019-01-01 07:48:01',NULL),(13,'PEJABAT YANG DIPERTUA / TIMBALAN YANG DIPERTUA','1','2019-01-01 07:48:01','2019-01-01 07:48:01',NULL),(14,'BAHAGIAN KEMUDAHAN AWAM','1','2019-01-01 07:48:01','2019-01-01 07:48:01',NULL),(16,'JABATAN LANDSKAP','1','2019-01-01 07:48:01','2019-01-01 07:48:01',NULL),(17,'BAHAGIAN URUSETIA','1','2019-01-01 07:48:01','2019-01-01 07:48:01',NULL),(18,'UNIT NURSERY','1','2019-01-01 07:48:01','2019-01-01 07:48:01',NULL),(19,'JABATAN AUDIT DALAM','1','2019-01-01 07:48:01','2019-01-01 07:48:01',NULL),(20,'UNIT BENGKEL RAWANG','1','2019-01-01 07:48:01','2019-01-01 07:48:01',NULL),(22,'JABATAN PUSAT SETEMPAT (OSC)','1','2019-01-01 07:48:01','2019-01-01 07:48:01',NULL),(23,'JABATAN PENGUATKUASA & KESELAMATAN','1','2019-01-01 07:48:01','2019-01-01 07:48:01',NULL),(24,'JABATAN KONTRAK DAN UKUR BAHAN','1','2019-01-01 07:48:01','2019-01-01 07:48:01',NULL),(25,'JABATAN PELESENAN','1','2019-01-01 07:48:01','2019-01-01 07:48:01',NULL),(26,'BAHAGIAN HASIL','1','2019-01-01 07:48:01','2019-01-01 07:48:01',NULL),(29,'BAHAGIAN KESELAMATAN','1','2019-01-01 07:48:01','2019-01-01 07:48:01',NULL),(32,'UNIT URUS SELENGGARA BANGUNAN','1','2019-01-01 07:48:01','2019-01-01 07:48:01',NULL),(33,'JABATAN PEMBANGUNAN MASYARAKAT','1','2019-01-01 07:48:01','2019-01-01 07:48:01',NULL),(34,'JABATAN PENGURUSAN SISA PEPEJAL & KESIHATAN','1','2019-01-01 07:48:01','2019-01-01 07:48:01',NULL),(35,'JABATAN PESURUHJAYA BANGUNAN (COB)','1','2019-01-01 07:48:01','2019-01-01 07:48:01',NULL);

--
-- Table structure for table `ref_jawatan`
--

CREATE TABLE `ref_jawatan` (
  `jawatan_id` int(11) NOT NULL AUTO_INCREMENT,
  `service_type_id` int(11) DEFAULT NULL COMMENT '1-pengurusan&pro, 2-sokongan',
  `jawatan_desc` varchar(255) NOT NULL,
  `is_active` int(1) NOT NULL DEFAULT '1',
  `created_by` int(11) DEFAULT NULL,
  `updated_by` int(11) DEFAULT NULL,
  `created_at` timestamp NULL DEFAULT NULL,
  `updated_at` timestamp NOT NULL DEFAULT CURRENT_TIMESTAMP,
  `deleted_at` timestamp NULL DEFAULT NULL,
  PRIMARY KEY (`jawatan_id`),
  KEY `idx_jawatan_servicetype` (`service_type_id`),
  KEY `idx_jawatan_createdby` (`created_by`),
  KEY `idx_jawatan_updatedby` (`updated_by`)
) ENGINE=InnoDB AUTO_INCREMENT=35 DEFAULT CHARSET=latin1;

--
-- Dumping data for table `ref_jawatan`
--

INSERT INTO `ref_jawatan` VALUES (1,3,'AHLI FOTOGRAFI',1,2,2,'2019-03-28 07:28:12','2019-03-28 07:28:12',NULL),(2,2,'AKAUNTAN',1,2,2,'2019-03-28 07:28:12','2019-03-28 07:28:12',NULL),(3,2,'AKAUNTAN KANAN',1,2,2,'2019-03-28 07:28:12','2019-03-28 07:28:12',NULL),(4,2,'KETUA AKAUNTAN',1,2,2,'2019-03-28 07:28:12','2019-03-28 07:28:12',NULL),(5,2,'KETUA PENGARAH',1,2,2,'2019-03-28 07:28:12','2019-03-28 07:28:12',NULL),(6,3,'PEGAWAI KHIDMAT PELANGGAN',1,2,2,'2019-03-28 07:28:12','2019-03-29 13:28:28',NULL),(7,3,'PEMANDU KENDERAAN',1,2,2,'2019-03-28 07:28:12','2019-03-28 07:28:12',NULL),(8,3,'PEMBANTU AWAM',1,2,2,'2019-03-28 07:28:12','2019-03-28 07:28:12',NULL),(9,3,'PEMBANTU KEMAHIRAN',1,2,2,'2019-03-28 07:28:12','2019-03-28 07:28:12',NULL),(10,3,'PEMBANTU OPERASI',1,2,2,'2019-03-28 07:28:12','2019-03-28 07:28:12',NULL),(11,3,'PEMBANTU PENERBITAN (KUP)',1,2,2,'2019-03-28 07:28:12','2019-03-28 07:28:12',NULL),(12,3,'PEMBANTU SETIAUSAHA PEJABAT',1,2,2,'2019-03-28 07:28:12','2019-03-28 07:28:12',NULL),(13,3,'PEMBANTU SETIAUSAHA PEJABAT (KUP)',1,2,2,'2019-03-28 07:28:12','2019-03-28 07:28:12',NULL),(14,3,'PEMBANTU TADBIR (P/O)',1,2,2,'2019-03-28 07:28:12','2019-03-28 07:28:12',NULL),(15,3,'PEMBANTU TADBIR (P/O) (KUP)',1,2,2,'2019-03-28 07:28:12','2019-03-28 07:28:12',NULL),(16,3,'PEMBANTU TADBIR (P/O) KUP',1,2,2,'2019-03-28 07:28:12','2019-03-28 07:28:12',NULL),(17,1,'PENGARAH',1,2,2,'2019-03-28 07:28:12','2019-03-28 07:28:12',NULL),(18,2,'PENGURUS',1,2,2,'2019-03-28 07:28:12','2019-03-28 07:28:12',NULL),(19,2,'PENGURUS KANAN',1,2,2,'2019-03-28 07:28:12','2019-03-28 07:28:12',NULL),(20,3,'PENJAGA JENTERA ELETRIK',1,2,2,'2019-03-28 07:28:12','2019-03-28 07:28:12',NULL),(21,3,'PENOLONG AKAUNTAN',1,2,2,'2019-03-28 07:28:12','2019-03-28 07:28:12',NULL),(22,3,'PENOLONG JURUTERA',1,2,2,'2019-03-28 07:28:12','2019-03-28 07:28:12',NULL),(23,3,'PENOLONG JURUTERA (KUP)',1,2,2,'2019-03-28 07:28:12','2019-03-28 07:28:12',NULL),(24,3,'PENOLONG PEGAWAI PERANGKAAN (KUP)',1,2,2,'2019-03-28 07:28:12','2019-03-28 07:28:12',NULL),(25,3,'PENOLONG PEGAWAI TADBIR',1,2,2,'2019-03-28 07:28:12','2019-03-28 07:28:12',NULL),(26,3,'PENOLONG PEGAWAI TEKNOLOGI MAKLUMAT',1,2,2,'2019-03-28 07:28:12','2019-03-28 07:28:12',NULL),(27,2,'PENOLONG PENGURUS',1,2,2,'2019-03-28 07:28:12','2019-03-28 07:28:12',NULL),(28,3,'PENOLONG PUSTAKAWAN (KUP)',1,2,2,'2019-03-28 07:28:12','2019-03-28 07:28:12',NULL),(29,2,'PUSTAKAWAN',1,2,2,'2019-03-28 07:28:12','2019-03-28 07:28:12',NULL),(30,3,'SETIAUSAHA PEJABAT',1,2,2,'2019-03-28 07:28:12','2019-03-28 07:28:12',NULL),(31,3,'SETIAUSAHA PEJABAT (KUP)',1,2,2,'2019-03-28 07:28:12','2019-03-28 07:28:12',NULL),(32,1,'TIMBALAN KETUA PENGARAH',1,2,2,'2019-03-28 07:28:12','2019-03-28 07:28:12',NULL),(33,1,'TIMBALAN PENGARAH',1,2,2,'2019-03-28 07:28:12','2019-03-28 07:28:12',NULL),(34,NULL,'Juruteknik Komputer',1,2,2,'2022-01-06 13:55:41','2022-01-06 13:55:41',NULL);

--
-- Table structure for table `ref_jenis_penerbangan`
--

CREATE TABLE `ref_jenis_penerbangan` (
  `jenis_penerbangan_id` int(11) NOT NULL AUTO_INCREMENT,
  `jenis_penerbangan_desc` varchar(255) NOT NULL,
  `created_at` timestamp NULL DEFAULT NULL,
  `updated_at` timestamp NOT NULL DEFAULT CURRENT_TIMESTAMP,
  `deleted_at` timestamp NULL DEFAULT NULL,
  PRIMARY KEY (`jenis_penerbangan_id`)
) ENGINE=InnoDB AUTO_INCREMENT=4 DEFAULT CHARSET=latin1;

--
-- Dumping data for table `ref_jenis_penerbangan`
--

INSERT INTO `ref_jenis_penerbangan` VALUES (1,'PERGI','2019-03-21 19:57:17','2019-03-21 19:57:17',NULL),(2,'BALIK','2019-03-21 19:57:20','2019-03-21 19:57:20',NULL),(3,'PERGI & BALIK','2019-03-21 19:57:34','2019-03-21 19:57:34',NULL);

--
-- Table structure for table `ref_kalendar`
--

CREATE TABLE `ref_kalendar` (
  `kalendar_id` int(11) NOT NULL AUTO_INCREMENT,
  `kalendar_date` date NOT NULL COMMENT 'simpan event date dlm bentuk yyyy-mm-dd',
  `kalendar_desc` longtext NOT NULL,
  `is_active` char(1) NOT NULL DEFAULT '1',
  `created_at` timestamp NULL DEFAULT NULL,
  `updated_at` timestamp NULL DEFAULT CURRENT_TIMESTAMP,
  `deleted_at` timestamp NULL DEFAULT NULL,
  PRIMARY KEY (`kalendar_id`)
) ENGINE=InnoDB DEFAULT CHARSET=latin1;

--
-- Dumping data for table `ref_kalendar`
--


--
-- Table structure for table `ref_kpi`
--

CREATE TABLE `ref_kpi` (
  `kpi_id` int(11) NOT NULL AUTO_INCREMENT,
  `kpi_category_id` int(11) DEFAULT NULL,
  `kpi_desc` varchar(200) NOT NULL,
  `created_by` int(11) DEFAULT NULL,
  `updated_by` int(11) DEFAULT NULL,
  `created_at` timestamp NULL DEFAULT NULL,
  `updated_at` timestamp NOT NULL DEFAULT CURRENT_TIMESTAMP,
  `deleted_at` timestamp NULL DEFAULT NULL,
  PRIMARY KEY (`kpi_id`),
  KEY `idx_kpi_category` (`kpi_category_id`),
  KEY `idx_kpi_createdby` (`created_by`),
  KEY `idx_kpi_updatedby` (`updated_by`)
) ENGINE=InnoDB AUTO_INCREMENT=29 DEFAULT CHARSET=latin1;

--
-- Dumping data for table `ref_kpi`
--

INSERT INTO `ref_kpi` VALUES (1,3,'GROSS OPERATING REVENUE (RM)',2,2,'2021-10-23 03:06:24','2021-10-23 03:06:24',NULL),(2,2,'VALUE CREATION FROM PRODUCTIVITY & INNOVATION PROGRAM (INNOVATION CREATIVE CIRCLE (ICC))',2,2,'2021-10-23 03:06:24','2021-10-23 03:06:24',NULL),(3,2,'VALUE CREATION FROM PRODUCTIVITY & INNOVATION PROGRAM (QUALITY ENVIRONMENT (QE))',2,2,'2021-10-23 03:06:24','2021-10-23 03:06:24',NULL),(4,2,'VALUE CREATION FROM PRODUCTIVITY & INNOVATION PROGRAM (LEAN MANAGEMENT)',2,2,'2021-10-23 03:06:24','2021-10-23 03:06:24',NULL),(5,2,'EXPECTED COST SAVING',2,2,'2021-10-23 03:06:24','2021-10-23 03:06:24',NULL),(6,2,'PARTNERS IN PRODUCTIVITY (ORGANIZATIONS) - LARGE ORGANIZATIONS',2,2,'2021-10-23 03:06:24','2021-10-23 03:06:24',NULL),(7,2,'PARTNERS IN PRODUCTIVITY (ORGANIZATIONS) - GOVERNMENT',2,2,'2021-10-23 03:06:24','2021-10-23 03:06:24',NULL),(8,2,'PARTNERS IN PRODUCTIVITY (ORGANIZATIONS) - SMES',2,2,'2021-10-23 03:06:24','2021-10-23 03:06:24',NULL),(9,2,'NO. OF PARTICIPANTS - LARGE ORGANIZATIONS',2,2,'2021-10-23 03:06:24','2021-10-23 03:06:24',NULL),(10,2,'NO. OF PARTICIPANTS - GOVERNMENT',2,2,'2021-10-23 03:06:24','2021-10-23 03:06:24',NULL),(11,2,'NO. OF PARTICIPANTS - SMES',2,2,'2021-10-23 03:06:24','2021-10-23 03:06:24',NULL),(12,2,'FACEBOOK REACH',2,2,'2021-10-23 03:06:24','2021-10-23 03:06:24',NULL),(13,2,'FACEBOOK FOLLOWERS',2,2,'2021-10-23 03:06:24','2021-10-23 03:06:24',NULL),(14,2,'TWITTER IMPRESSION',2,2,'2021-10-23 03:06:24','2021-10-23 03:06:24',NULL),(15,2,'TWITTER FOLLOWERS',2,2,'2021-10-23 03:06:24','2021-10-23 03:06:24',NULL),(16,2,'INSTAGRAM FOLLOWERS',2,2,'2021-10-23 03:06:24','2021-10-23 03:06:24',NULL),(17,2,'YOUTUBE SUBSCRIBERS',2,2,'2021-10-23 03:06:24','2021-10-23 03:06:24',NULL),(18,2,'CUSTOMERS SATISFACTION INDEX (CSI)',2,2,'2021-10-23 03:06:24','2021-10-23 03:06:24',NULL),(19,1,'NO. OF NEW PRODUCTS / SERVICES',2,2,'2021-10-23 03:06:24','2021-10-23 03:06:24',NULL),(20,1,'RESEARCH PAPER/REPORT/CASE STUDY/OCCASIONAL/POLICY PAPERS',2,2,'2021-10-23 03:06:24','2021-10-23 03:06:24',NULL),(21,1,'REGULATIONS REVIEWED',2,2,'2021-10-23 03:06:24','2021-10-23 03:06:24',NULL),(22,1,'ADVISORY AND CONSULTANCY SERVICES (ACS)',2,2,'2021-10-23 03:06:24','2021-10-23 03:06:24',NULL),(23,1,'NO. OF PRODUCTIVITY & INNOVATION ENHANCEMENT PROGRAMMES',2,2,'2021-10-23 03:06:24','2021-10-23 03:06:24',NULL),(24,1,'NO. OF PROMOTION ACTIVITIES (SEMINAR/CONFERENCE/RTD/WORKSHOP/TALKS & BRIEFING/ STUDY MISSION/EXHIBITIONS & EXPO/CONVENTION/SUMMIT & VISITS)',2,2,'2021-10-23 03:06:24','2021-10-23 03:06:24',NULL),(25,1,'PR VALUE (MEDIA RELEASE)',2,2,'2021-10-23 03:06:24','2021-10-23 03:06:24',NULL),(26,1,'NO.OF EXPERTS',2,2,'2021-10-23 03:06:24','2021-10-23 03:06:24',NULL),(27,1,'NO. OF PRODUCTIVITY & INNOVATION PUBLICATIONS',2,2,'2021-10-23 03:06:24','2021-10-23 03:06:24',NULL),(28,4,'AVERAGE TRAINING HOURS PER EMPLOYEE (%)',2,2,'2021-10-23 03:06:24','2021-10-23 03:06:24',NULL);

--
-- Table structure for table `ref_kpi_category`
--

CREATE TABLE `ref_kpi_category` (
  `kpi_category_id` int(11) NOT NULL AUTO_INCREMENT,
  `kpi_category_desc` varchar(50) NOT NULL,
  `created_by` int(11) DEFAULT NULL,
  `updated_by` int(11) DEFAULT NULL,
  `created_at` timestamp NULL DEFAULT NULL,
  `updated_at` timestamp NOT NULL DEFAULT CURRENT_TIMESTAMP,
  `deleted_at` timestamp NULL DEFAULT NULL,
  PRIMARY KEY (`kpi_category_id`),
  KEY `idx_kpicategory_createdby` (`created_by`),
  KEY `idx_kpicategory_updatedby` (`updated_by`)
) ENGINE=InnoDB AUTO_INCREMENT=6 DEFAULT CHARSET=latin1;

--
-- Dumping data for table `ref_kpi_category`
--

INSERT INTO `ref_kpi_category` VALUES (1,'BUSINESS PROCESS',31,31,'2021-10-22 04:28:00','2021-10-22 04:28:59',NULL),(2,'CUSTOMER',31,31,'2021-10-22 04:29:23','2021-10-22 04:29:44',NULL),(3,'FINANCIAL',31,31,'2021-10-22 04:29:59','2021-10-22 04:29:59',NULL),(4,'LEARNING & GROWTH',31,31,'2021-10-22 04:30:13','2021-10-22 04:30:13',NULL),(5,'TEST',31,31,'2021-10-22 04:30:24','2021-10-22 04:30:24','2021-10-21 20:30:29');

--
-- Table structure for table `ref_location`
--

CREATE TABLE `ref_location` (
  `location_id` int(11) NOT NULL AUTO_INCREMENT,
  `location_code` varchar(10) DEFAULT NULL,
  `location_desc` varchar(255) DEFAULT NULL,
  `created_by` int(11) DEFAULT NULL,
  `updated_by` int(11) DEFAULT NULL,
  `created_at` timestamp NULL DEFAULT NULL,
  `updated_at` timestamp NOT NULL DEFAULT CURRENT_TIMESTAMP,
  `deleted_at` timestamp NULL DEFAULT NULL,
  PRIMARY KEY (`location_id`)
) ENGINE=InnoDB AUTO_INCREMENT=40 DEFAULT CHARSET=latin1;

--
-- Dumping data for table `ref_location`
--

INSERT INTO `ref_location` VALUES (1,'KUL','KUALA LUMPUR',2,2,'2019-03-20 13:40:51','2019-03-20 13:40:51',NULL),(2,'LGK','LANGKAWI',2,2,'2019-03-20 13:40:51','2019-03-20 13:40:51',NULL),(3,'KCH','KUCHING',2,2,'2019-03-20 13:40:51','2019-03-20 13:40:51',NULL),(4,'PEN','PENANG',2,2,'2019-03-20 13:40:51','2019-03-20 13:40:51',NULL),(5,'BKI','KOTA KINABALU',2,2,'2019-03-20 13:40:51','2019-03-20 13:40:51',NULL),(6,'JHB','JOHOR BAHRU',2,2,'2019-03-20 13:40:51','2019-03-20 13:40:51',NULL),(7,'SZB','SUBANG',2,2,'2019-03-20 13:40:51','2019-03-20 13:40:51',NULL),(8,'AOR','ALOR SETAR',2,2,'2019-03-20 13:40:51','2019-03-20 13:40:51',NULL),(9,'KBR','KOTA BHARU',2,2,'2019-03-20 13:40:51','2019-03-20 13:40:51',NULL),(10,'TGG','KUALA TERENGGANU',2,2,'2019-03-20 13:40:51','2019-03-20 13:40:51',NULL),(11,'IPH','IPOH',2,2,'2019-03-20 13:40:51','2019-03-20 13:40:51',NULL),(12,'KUA','KUANTAN',2,2,'2019-03-20 13:40:51','2019-03-20 13:40:51',NULL),(13,'SBW','SIBU',2,2,'2019-03-20 13:40:51','2019-03-20 13:40:51',NULL),(14,'SDK','SANDAKAN',2,2,'2019-03-20 13:40:51','2019-03-20 13:40:51',NULL),(15,'TWU','TAWAU',2,2,'2019-03-20 13:40:51','2019-03-20 13:40:51',NULL),(16,'MYY','MIRI',2,2,'2019-03-20 13:40:51','2019-03-20 13:40:51',NULL),(17,'LDU','LAHAD DATU',46,46,'2019-05-10 18:39:19','2019-05-10 18:39:19',NULL),(18,'SIN','CANGI, SINGAPORE',46,46,'2019-05-21 13:12:58','2019-06-20 14:13:08',NULL),(19,'XSP','SELETAR, SINGAPORE',46,46,'2019-06-20 14:12:45','2019-06-20 14:13:21',NULL),(20,'MZV','MULU, SARAWAK',46,46,'2019-07-15 16:39:59','2019-07-15 16:39:59',NULL),(21,'LBU','LABUAN',46,46,'2019-07-15 16:40:17','2019-07-15 16:40:17',NULL),(22,'PEK','BEIJING, CHINA',46,46,'2019-08-07 12:26:23','2019-08-07 12:26:23',NULL),(23,'LHR','LONDON, UNITED KINGDOM',46,46,'2019-08-08 12:44:01','2019-08-09 16:09:08',NULL),(24,'SYD','SYDNEY, AU',46,46,'2019-08-09 16:04:43','2019-08-09 16:09:45',NULL),(25,'SCL','SANTIAGO, CHILE',46,46,'2019-08-09 16:17:03','2019-08-09 16:17:03',NULL),(26,'PMC','PUERTO MONTT, CHILE',46,46,'2019-08-09 16:18:58','2019-08-09 16:18:58',NULL),(27,'BTU','BINTULU, SARAWAK',46,46,'2019-08-28 15:45:34','2019-08-28 15:45:34',NULL),(28,'TPE','TAIPEI , TAIWAN CHINA',46,46,'2019-09-30 19:13:36','2019-09-30 19:13:36',NULL),(29,'CTU','CHENGDU, CHINA',46,46,'2019-10-01 12:23:49','2019-10-01 12:23:49',NULL),(30,'LMN','LIMBANG, SARAWAK',53,53,'2019-10-01 14:58:07','2019-10-01 14:58:07',NULL),(31,'MKM','MUKAH, SARAWAK',53,53,'2019-10-01 14:59:14','2019-10-01 14:59:14',NULL),(32,'VTE','VIENTIANE, LAOS',71,71,'2019-10-07 21:09:34','2019-10-07 21:09:34',NULL),(33,'BKK','SURVARNABHUMI AIRPORT, THAILAND',71,71,'2019-10-07 21:14:16','2019-10-07 21:14:16',NULL),(34,'DMK','DON MUEANG INTERNATIONAL AIRPORT, THAILAND',71,71,'2019-10-07 21:15:28','2019-10-07 21:15:28',NULL),(35,'ICN','SEOUL, KOREA',46,46,'2019-11-13 15:16:13','2019-11-13 15:16:13',NULL),(36,'CDG','PARIS, CHARLES DE GAULLE',46,46,'2019-11-20 15:59:01','2019-11-20 15:59:01',NULL),(37,'NRT','TOKYO, JEPUN',46,46,'2020-01-10 21:11:36','2020-01-10 21:11:36',NULL),(38,'MEL','MELBOURNE, AUSTRALIA',46,46,'2020-02-28 08:20:52','2020-02-28 08:20:52',NULL),(39,'NAN','NADI,FIJI',46,46,'2020-02-28 08:21:22','2020-02-28 08:21:22',NULL);

--
-- Table structure for table `ref_meeting_type`
--

CREATE TABLE `ref_meeting_type` (
  `meeting_type_id` int(11) NOT NULL AUTO_INCREMENT,
  `meeting_type_desc` varchar(255) DEFAULT NULL,
  `running_no` int(11) NOT NULL DEFAULT '0',
  `created_by` int(11) DEFAULT NULL,
  `updated_by` int(11) DEFAULT NULL,
  `created_at` timestamp NULL DEFAULT NULL,
  `updated_at` timestamp NOT NULL DEFAULT CURRENT_TIMESTAMP,
  `deleted_at` timestamp NULL DEFAULT NULL,
  PRIMARY KEY (`meeting_type_id`),
  KEY `idx_meetingtype_createdby` (`created_by`),
  KEY `idx_meetingtype_updatedby` (`updated_by`)
) ENGINE=InnoDB AUTO_INCREMENT=3 DEFAULT CHARSET=latin1;

--
-- Dumping data for table `ref_meeting_type`
--

INSERT INTO `ref_meeting_type` VALUES (1,'MESYUARAT SEBUT HARGA A',0,31,31,'2020-10-14 03:12:38','2020-10-14 03:12:38',NULL),(2,'MESYUARAT SEBUT HARGA B',0,31,31,'2020-10-14 03:13:00','2020-10-14 03:13:00',NULL);

--
-- Table structure for table `ref_meeting_year`
--

CREATE TABLE `ref_meeting_year` (
  `meeting_year_id` int(11) NOT NULL AUTO_INCREMENT,
  `meeting_type_id` int(11) NOT NULL,
  `running_no` int(11) NOT NULL DEFAULT '1',
  `meeting_year` char(4) NOT NULL,
  `created_at` timestamp NULL DEFAULT NULL,
  `updated_at` timestamp NOT NULL DEFAULT CURRENT_TIMESTAMP,
  `deleted_at` timestamp NULL DEFAULT NULL,
  PRIMARY KEY (`meeting_year_id`),
  KEY `idx_meetingyear_meetingtypeid_year` (`meeting_type_id`,`meeting_year`)
) ENGINE=InnoDB AUTO_INCREMENT=3 DEFAULT CHARSET=utf8mb4;

--
-- Dumping data for table `ref_meeting_year`
--

INSERT INTO `ref_meeting_year` VALUES (1,2,10,'2020','2020-11-26 06:22:19','2020-11-26 06:22:19',NULL),(2,1,10,'2020','2020-10-14 03:59:36','2020-10-14 03:59:36',NULL);

--
-- Table structure for table `ref_payment_method`
--

CREATE TABLE `ref_payment_method` (
  `payment_method_id` int(11) NOT NULL AUTO_INCREMENT,
  `payment_method_desc` varchar(150) NOT NULL,
  `created_at` timestamp NULL DEFAULT NULL,
  `updated_at` timestamp NOT NULL DEFAULT CURRENT_TIMESTAMP,
  `deleted_at` timestamp NULL DEFAULT NULL,
  PRIMARY KEY (`payment_method_id`)
) ENGINE=InnoDB AUTO_INCREMENT=3 DEFAULT CHARSET=latin1;

--
-- Dumping data for table `ref_payment_method`
--

INSERT INTO `ref_payment_method` VALUES (1,'Kad Kredit','2019-03-23 19:32:36','2019-03-23 19:32:36',NULL),(2,'Waran','2019-03-23 19:32:43','2019-03-23 19:32:43',NULL);

--
-- Table structure for table `ref_pembangunan`
--

CREATE TABLE `ref_pembangunan` (
  `pembangunan_id` int(11) NOT NULL AUTO_INCREMENT,
  `pembangunan_desc` varchar(255) DEFAULT NULL,
  `created_by` int(11) DEFAULT NULL,
  `updated_by` int(11) DEFAULT NULL,
  `created_at` timestamp NULL DEFAULT NULL,
  `updated_at` timestamp NOT NULL DEFAULT CURRENT_TIMESTAMP,
  `deleted_at` timestamp NULL DEFAULT NULL,
  PRIMARY KEY (`pembangunan_id`)
) ENGINE=InnoDB AUTO_INCREMENT=33 DEFAULT CHARSET=latin1;

--
-- Dumping data for table `ref_pembangunan`
--

INSERT INTO `ref_pembangunan` VALUES (1,'NPDIR',2,2,'2019-03-21 19:39:55','2019-03-21 19:39:55',NULL),(2,'PPE',2,2,'2019-03-21 19:40:05','2019-03-21 19:40:05','2019-04-15 07:21:08'),(3,'MBR',2,2,'2019-03-21 19:40:09','2019-03-21 19:40:09',NULL),(4,'PTPS',2,2,'2019-03-21 19:40:22','2019-03-21 19:40:22',NULL),(5,'TEST123 DDDD',355,355,'2019-04-12 23:06:59','2019-04-12 23:07:06','2019-04-12 15:07:10'),(6,'T5-MPB',46,46,'2019-04-15 15:21:35','2019-04-15 15:21:35',NULL),(7,'NTM',46,46,'2019-04-15 15:21:55','2019-04-15 15:21:55',NULL),(8,'PKP',46,46,'2019-04-15 15:22:04','2019-04-15 15:22:04',NULL),(9,'SPN TOURISM',46,46,'2019-04-15 15:22:29','2019-04-15 15:22:29',NULL),(10,'SPN RETAIL',46,46,'2019-04-15 15:24:16','2019-04-15 15:24:16',NULL),(11,'SPN CHEMICAL',46,46,'2019-04-15 15:24:40','2019-04-15 15:24:40',NULL),(12,'SPN E & E',46,46,'2019-04-15 15:24:59','2019-04-15 15:24:59',NULL),(13,'SPN M & E',46,46,'2019-04-15 15:25:15','2019-04-15 15:25:15',NULL),(14,'SPN AGROFOOD',46,46,'2019-04-15 15:25:34','2019-04-15 15:25:34',NULL),(15,'SPN HEALTHCARE',46,46,'2019-04-15 15:25:44','2019-04-15 15:25:44',NULL),(16,'SPN PROF SERV',46,46,'2019-04-15 15:26:01','2019-04-15 15:26:01',NULL),(17,'SPN ICT',46,46,'2019-04-15 15:26:21','2019-04-15 15:26:21',NULL),(18,'SPPE',46,46,'2019-07-26 19:20:19','2019-07-26 19:20:19',NULL),(19,'CCI',46,46,'2019-07-26 20:53:35','2019-07-26 20:53:35',NULL),(20,'KLEMS - TFP',46,46,'2019-07-26 20:53:52','2019-07-26 20:53:52',NULL),(21,'EIIP',46,46,'2019-07-26 20:54:02','2019-07-26 20:54:02',NULL),(22,'MPB-EEPN',46,46,'2019-07-26 20:54:21','2019-07-26 20:54:21',NULL),(23,'MPB-CCPPN',46,46,'2019-07-26 20:56:50','2019-07-26 20:56:50',NULL),(24,'MPB-RFBPN',46,46,'2019-07-26 20:57:08','2019-07-26 20:57:08',NULL),(25,'MPB-TPN',46,46,'2019-07-26 20:57:27','2019-07-26 20:57:27',NULL),(26,'MPB AFPN',46,46,'2019-07-26 20:57:41','2019-07-26 20:57:41',NULL),(27,'MPB MEPN',46,46,'2019-07-26 20:57:54','2019-07-26 20:57:54',NULL),(28,'MPB PS',46,46,'2019-07-26 20:58:05','2019-07-26 20:58:05',NULL),(29,'MPB PH',46,46,'2019-07-26 20:58:16','2019-07-26 20:58:16',NULL),(30,'MPB ICTPN',46,46,'2019-10-30 14:27:13','2019-10-30 14:27:13',NULL),(31,'HRD',46,46,'2019-11-12 14:09:57','2019-11-12 14:09:57',NULL),(32,'BI (BEHAVIORAL INSIGHTS)',46,46,'2020-01-21 15:26:54','2020-01-21 15:26:54',NULL);

--
-- Table structure for table `ref_permohonan_doc`
--

CREATE TABLE `ref_permohonan_doc` (
  `permohonan_doc_id` int(11) NOT NULL AUTO_INCREMENT,
  `permohonan_doc_desc` varchar(200) DEFAULT NULL,
  `sort` int(11) DEFAULT NULL,
  `active_status` int(11) NOT NULL DEFAULT '1',
  `created_at` timestamp NULL DEFAULT NULL,
  `updated_at` timestamp NOT NULL DEFAULT CURRENT_TIMESTAMP,
  `deleted_at` timestamp NULL DEFAULT NULL,
  PRIMARY KEY (`permohonan_doc_id`)
) ENGINE=InnoDB AUTO_INCREMENT=32 DEFAULT CHARSET=latin1;

--
-- Dumping data for table `ref_permohonan_doc`
--

INSERT INTO `ref_permohonan_doc` VALUES (1,'BOM',4,1,'2020-07-23 10:13:10','2020-07-23 10:13:10',NULL),(2,'LPO untuk Pembekal',1,1,'2020-07-23 10:13:19','2020-07-23 10:13:19',NULL),(3,'Sebut Harga',5,1,'2020-07-23 10:13:29','2020-07-23 10:13:29',NULL),(4,'Keratan Minit Kelulusan BOM',6,1,'2020-07-23 10:13:39','2020-07-23 10:13:39',NULL),(5,'Anggaran perbelanjaan BOM yang diluluskan',7,1,'2020-07-23 10:13:48','2020-07-23 10:13:48',NULL),(6,'Sijil GST (Wajib)',8,1,'2020-07-23 10:14:01','2020-07-23 10:14:01',NULL),(7,'Lantikan perunding/ penceramah Tempatan/ Luar Negara (attachmentb)',12,0,'2020-07-23 10:14:44','2020-07-23 10:14:44',NULL),(8,'Kelulusan Kementerian Kewangan (MOF)',13,1,'2020-07-23 10:14:54','2020-07-23 10:14:54',NULL),(9,'PLPS',14,1,'2020-07-23 10:15:27','2020-07-23 10:15:27',NULL),(10,'Surat Setuju Terima (SST) (Wajib)',15,1,'2020-07-23 10:15:36','2020-07-23 10:15:36',NULL),(11,'Surat Lantikan (Wajib)',16,1,'2020-07-23 10:15:47','2020-07-23 10:15:47',NULL),(12,'Jadual Pembayaran',17,1,'2020-07-23 10:15:54','2020-07-23 10:15:54',NULL),(13,'Terms of Reference (TOR)',18,1,'2020-07-23 10:16:02','2020-07-23 10:16:02',NULL),(14,'Borang Lampiran B (sekiranya menggunakan khidmat kakitangan kerajaan)',19,1,'2020-07-23 10:16:09','2020-07-23 10:16:09',NULL),(15,'Invois (bagi bayaran yang dibuat secara telegraphic transfer (TT) kepada pembekal di luar negara)',20,1,'2020-07-23 10:16:20','2020-07-23 10:16:20',NULL),(16,'Perolehan melalui Sebut harga B (> RM20K) / Sebut harga A (> RM50K) / Tender (>RM500K) (attachmentc)',21,0,'2020-07-23 10:16:29','2020-07-23 10:16:29',NULL),(17,'Surat Setuju Terima (SST) (Perolehan melalui Sebut harga B (> RM20K) / Sebut harga A (> RM50K) / Tender (>RM500K))',22,1,'2020-07-23 10:16:41','2020-07-23 10:16:41',NULL),(18,'Keputusan Mesyuarat sebut harga/ Lembaga Perolehan',23,1,'2020-07-23 10:16:50','2020-07-23 10:16:50',NULL),(19,'Surat Lantikan (Perolehan melalui Sebut harga B (> RM20K) / Sebut harga A (> RM50K) / Tender (>RM500K))',24,1,'2020-07-23 10:16:57','2020-07-23 10:16:57',NULL),(20,'Teknikal / Penyelenggaraan (attachmentd)',25,0,'2020-07-23 10:17:03','2020-07-23 10:17:03',NULL),(21,'Laporan penyelenggaraan yang disahkan',26,1,'2020-07-23 10:17:11','2020-07-23 10:17:11',NULL),(22,'Kontrak (Salinan)',27,1,'2020-07-23 10:17:17','2020-07-23 10:17:17',NULL),(23,'Makanan (attachmente)',28,0,'2020-07-23 10:17:24','2020-07-23 10:17:24',NULL),(24,'Senarai nama peserta bengkel/ ceramah/ taklimat',29,1,'2020-07-23 10:17:32','2020-07-23 10:17:32',NULL),(25,'Tentatif program',30,1,'2020-07-23 10:17:40','2020-07-23 10:17:40',NULL),(26,'Penginapan Hotel/Tiket Penerbangan (attachmenta)',9,0,'2020-07-23 10:14:09','2020-07-23 10:14:09',NULL),(27,'Senarai Nama Penginap',10,1,'2020-07-23 10:14:24','2020-07-23 10:14:24',NULL),(28,'Senarai Nama Tiket Kapal Terbang',11,1,'2020-07-23 10:14:40','2020-07-23 10:14:40',NULL),(30,'LPO untuk Bhg Kewangan',2,1,'2020-07-23 10:17:53','2020-07-23 10:17:53',NULL),(31,'Invoice untuk Bhg Kewangan',3,1,'2020-07-23 10:18:06','2020-07-23 10:18:06',NULL);

--
-- Table structure for table `ref_program`
--

CREATE TABLE `ref_program` (
  `program_id` int(11) NOT NULL AUTO_INCREMENT,
  `project_category_id` int(11) NOT NULL,
  `program_code` char(10) DEFAULT NULL,
  `program_desc` varchar(255) DEFAULT NULL,
  `created_by` int(11) DEFAULT NULL,
  `updated_by` int(11) DEFAULT NULL,
  `created_at` timestamp NULL DEFAULT NULL,
  `updated_at` timestamp NOT NULL DEFAULT CURRENT_TIMESTAMP,
  `deleted_at` timestamp NULL DEFAULT NULL,
  PRIMARY KEY (`program_id`),
  KEY `idx_program_main` (`project_category_id`),
  KEY `idx_program_code` (`program_code`),
  KEY `idx_program_createdby` (`created_by`),
  KEY `idx_program_updatedby` (`updated_by`)
) ENGINE=InnoDB AUTO_INCREMENT=454 DEFAULT CHARSET=latin1;

--
-- Dumping data for table `ref_program`
--

INSERT INTO `ref_program` VALUES (1,1,'AG001','AMALAN BAIK PERATURAN (GRP)',2,2,'2021-03-16 15:24:56','2021-03-16 15:24:56',NULL),(2,1,'AG002','REGULATORY PROPOSAL/ NOTIFICATION2',2,2,'2021-03-16 15:24:56','2021-05-29 17:12:06',NULL),(3,1,'AG003','REGULATORY IMPACT ANALYSIS/ STATEMENT',2,2,'2021-03-16 15:24:56','2021-03-16 15:24:56',NULL),(4,1,'AG004','PUBLIC CONSULTATION/ STAKEHOLDER CONSULTATION/ENGAGEMENT',2,2,'2021-03-16 15:24:56','2021-03-16 15:24:56',NULL),(5,1,'AG005','COST BENEFIT ANALYSIS',2,2,'2021-03-16 15:24:56','2021-03-16 15:24:56',NULL),(6,1,'AG006','IMPACT ANALYSIS',2,2,'2021-03-16 15:24:56','2021-03-16 15:24:56',NULL),(7,1,'AG007','STANDARD COST MODEL',2,2,'2021-03-16 15:24:56','2021-03-16 15:24:56',NULL),(8,1,'AG008','MEASURING REGULATORY/ COMPLIANCE COST',2,2,'2021-03-16 15:24:56','2021-03-16 15:24:56',NULL),(9,1,'AG009','POST IMPLEMENTATION REVIEW',2,2,'2021-03-16 15:24:56','2021-03-16 15:24:56',NULL),(10,1,'AG010','PERFORMANCE/ OUTCOME-BASED REGULATION',2,2,'2021-03-16 15:24:56','2021-03-16 15:24:56',NULL),(11,1,'AG011','MANAGEMENT-BASED REGULATIONS',2,2,'2021-03-16 15:24:56','2021-03-16 15:24:56',NULL),(12,1,'AG012','REGULATORY EXPERIMENTS',2,2,'2021-03-16 15:24:56','2021-03-16 15:24:56',NULL),(13,1,'AG013','REGULATORY SANDBOX',2,2,'2021-03-16 15:24:56','2021-03-16 15:24:56',NULL),(14,1,'AG014','ADAPTIVE REGULATION',2,2,'2021-03-16 15:24:56','2021-03-16 15:24:56',NULL),(15,1,'AG015','COMPETITION IMPACT ANALYSIS',2,2,'2021-03-16 15:24:56','2021-03-16 15:24:56',NULL),(16,1,'AG016','SMES IMPACT ANALYSIS',2,2,'2021-03-16 15:24:56','2021-03-16 15:24:56',NULL),(17,1,'AG017','SOCIAL IMPACT ANALYSIS',2,2,'2021-03-16 15:24:56','2021-03-16 15:24:56',NULL),(18,1,'AG018','ENVIRONMENT IMPACT ANALYSIS',2,2,'2021-03-16 15:24:56','2021-03-16 15:24:56',NULL),(19,1,'AG019','POLICY IMPACT ANALYSIS',2,2,'2021-03-16 15:24:56','2021-03-16 15:24:56',NULL),(20,1,'AG020','SELF-REGULATION',2,2,'2021-03-16 15:24:56','2021-03-16 15:24:56',NULL),(21,1,'AG021','CO-REGULATION',2,2,'2021-03-16 15:24:56','2021-03-16 15:24:56',NULL),(22,1,'AG022','RISK-BASED REGULATION',2,2,'2021-03-16 15:24:56','2021-03-16 15:24:56',NULL),(23,1,'AG023','INTERNATIONAL REGULATORY COOPERATION',2,2,'2021-03-16 15:24:56','2021-03-16 15:24:56',NULL),(24,1,'AG024','REGULATORY DELIVERY',2,2,'2021-03-16 15:24:56','2021-03-16 15:24:56',NULL),(25,1,'AG025','AGILE REGULATION',2,2,'2021-03-16 15:24:56','2021-03-16 15:24:56',NULL),(26,1,'AG026','REGULATORY-BASED TECHNOLOGY',2,2,'2021-03-16 15:24:56','2021-03-16 15:24:56',NULL),(27,1,'AG027','REGULATORY POLICY/ SYSTEM MANAGEMENT (GOOD REGULATORY PRACTICE POLICY REGULATORY COORDINATOR ETC.)',2,2,'2021-03-16 15:24:56','2021-03-16 15:24:56',NULL),(28,1,'AG028','MULTI CRITERIA ANALYSIS',2,2,'2021-03-16 15:24:56','2021-03-16 15:24:56',NULL),(29,1,'AG029','COST EFFECTIVE ANALYSIS',2,2,'2021-03-16 15:24:56','2021-03-16 15:24:56',NULL),(30,1,'AG030','REGULATORY GOVERNANCE',2,2,'2021-03-16 15:24:56','2021-03-16 15:24:56',NULL),(31,1,'AG031','RISK-BASED ANALYSIS',2,2,'2021-03-16 15:24:56','2021-03-16 15:24:56',NULL),(32,1,'AG032','INTERNATIONAL REGULATORY MANAGEMENT (EXAMPLE: ASIA-PACIFIC ECONOMIC COOPERATION (APEC) / ASSOCIATION OF SOUTHEAST ASIAN NATIONS (ASEAN) / ORGANISATION FOR ECONOMIC CO-OPERATION AND DEVELOPMENT (OECD)',2,2,'2021-03-16 15:24:56','2021-03-16 15:24:56',NULL),(33,1,'AG033','CUTTING RED TAPE',2,2,'2021-03-16 15:24:56','2021-03-16 15:24:56',NULL),(34,1,'AG034','REGULATORY MAPPING',2,2,'2021-03-16 15:24:56','2021-03-16 15:24:56',NULL),(35,1,'AG035','REGULATORY FRAMEWORK',2,2,'2021-03-16 15:24:56','2021-03-16 15:24:56',NULL),(36,1,'AG036','REGULATORY DESIGN',2,2,'2021-03-16 15:24:56','2021-03-16 15:24:56',NULL),(37,1,'AG037','REVIEW EXISTING REGULATION',2,2,'2021-03-16 15:24:56','2021-03-16 15:24:56',NULL),(38,1,'AG038','REGULATORY REFORM',2,2,'2021-03-16 15:24:56','2021-03-16 15:24:56',NULL),(39,1,'AG039','NON -TARIFF MEASURES (NTM) REFORM',2,2,'2021-03-16 15:24:56','2021-03-16 15:24:56',NULL),(40,1,'AG040','LICENSING REFORM',2,2,'2021-03-16 15:24:57','2021-03-16 15:24:57',NULL),(41,1,'AG041','BUSINESS REGULATION',2,2,'2021-03-16 15:24:57','2021-03-16 15:24:57',NULL),(42,1,'AG042','IMPROVE LICENSING TRANSPARENCY',2,2,'2021-03-16 15:24:57','2021-03-16 15:24:57',NULL),(43,1,'AG043','BUSINESS LICENSING GUIDELINE',2,2,'2021-03-16 15:24:57','2021-03-16 15:24:57',NULL),(44,1,'AG044','REDUCING REGULATORY BURDEN',2,2,'2021-03-16 15:24:57','2021-03-16 15:24:57',NULL),(45,1,'AG045','MONITORING & EVALUATION FRAMEWORK',2,2,'2021-03-16 15:24:57','2021-03-16 15:24:57',NULL),(46,1,'AG046','DEREGULATION',2,2,'2021-03-16 15:24:57','2021-03-16 15:24:57',NULL),(47,1,'AG047','ANALYSIS VERIFICATION',2,2,'2021-03-16 15:24:57','2021-03-16 15:24:57',NULL),(48,1,'AG048','ISSUE PAPER',2,2,'2021-03-16 15:24:57','2021-03-16 15:24:57',NULL),(49,1,'AG049','LAW',2,2,'2021-03-16 15:24:57','2021-03-16 15:24:57',NULL),(50,1,'AG050','ECONOMY',2,2,'2021-03-16 15:24:57','2021-03-16 15:24:57',NULL),(51,1,'AG051','HEALTHCARE',2,2,'2021-03-16 15:24:57','2021-03-16 15:24:57',NULL),(52,1,'AG052','CONSTRUCTION',2,2,'2021-03-16 15:24:57','2021-03-16 15:24:57',NULL),(53,1,'AG053','LABOUR',2,2,'2021-03-16 15:24:57','2021-03-16 15:24:57',NULL),(54,1,'AG054','IMMIGRATION',2,2,'2021-03-16 15:24:57','2021-03-16 15:24:57',NULL),(55,1,'AG055','TOURISM',2,2,'2021-03-16 15:24:57','2021-03-16 15:24:57',NULL),(56,1,'AG056','DIGITAL',2,2,'2021-03-16 15:24:57','2021-03-16 15:24:57',NULL),(57,2,'AB057','BEHAVIOURAL INSIGHTS FRAMEWORK CRITERIA: DEFINE',2,2,'2021-03-16 15:24:57','2021-03-16 15:24:57',NULL),(58,2,'AB058','BEHAVIOURAL INSIGHTS FRAMEWORK CRITERIA: RESEARCH',2,2,'2021-03-16 15:24:57','2021-03-16 15:24:57',NULL),(59,2,'AB059','BEHAVIOURAL INSIGHTS FRAMEWORK CRITERIA: INTERVENTION',2,2,'2021-03-16 15:24:57','2021-03-16 15:24:57',NULL),(60,2,'AB060','BEHAVIOURAL INSIGHTS FRAMEWORK CRITERIA: VALIDATE',2,2,'2021-03-16 15:24:57','2021-03-16 15:24:57',NULL),(61,2,'AB061','BEHAVIOURAL INSIGHTS FRAMEWORK CRITERIA: EXPAND',2,2,'2021-03-16 15:24:57','2021-03-16 15:24:57',NULL),(62,2,'AB062','BEHAVIOURAL INSIGHTS GUIDELINES',2,2,'2021-03-16 15:24:57','2021-03-16 15:24:57',NULL),(63,2,'AB063','BEHAVIOURAL INSIGHTS BENCHMARKING PROJECT',2,2,'2021-03-16 15:24:57','2021-03-16 15:24:57',NULL),(64,2,'AB064','BEHAVIOURAL INSIGHTS BASELINE STUDY',2,2,'2021-03-16 15:24:57','2021-03-16 15:24:57',NULL),(65,2,'AB065','BEHAVIOURAL INSIGHTS CONFERENCE/ WORKSHOP/SEMINAR/ RTD/ FGD',2,2,'2021-03-16 15:24:57','2021-03-16 15:24:57',NULL),(66,2,'AB066','BEHAVIOURAL INSIGHTS TRAINING MODULE - BEGINNER',2,2,'2021-03-16 15:24:57','2021-03-16 15:24:57',NULL),(67,2,'AB067','BEHAVIOURAL INSIGHTS TRAINING MODULE - INTERMEDIATE',2,2,'2021-03-16 15:24:57','2021-03-16 15:24:57',NULL),(68,2,'AB068','BEHAVIOURAL INSIGHTS TRAINING MODULE - ADVANCED',2,2,'2021-03-16 15:24:57','2021-03-16 15:24:57',NULL),(69,2,'AB069','COMPETENCY DEVELOPMENT FOR BEHAVIOURAL - INSIGHTS PRACTITIONERS',2,2,'2021-03-16 15:24:57','2021-03-16 15:24:57',NULL),(70,2,'AB070','COMPETENCY DEVELOPMENT FOR BEHAVIOURAL - INSIGHTS TRAINERS/ CONSULTANTS',2,2,'2021-03-16 15:24:57','2021-03-16 15:24:57',NULL),(71,2,'AB071','BEHAVIOURAL INSIGHTS TOOLKITS',2,2,'2021-03-16 15:24:57','2021-03-16 15:24:57',NULL),(72,2,'AB072','DATA PROFILING DOCUMENTATION FOR BEHAVIOURAL - INSIGHTS',2,2,'2021-03-16 15:24:57','2021-03-16 15:24:57',NULL),(73,2,'AB073','BEHAVIOURAL INSIGHTS DOCUMENTATION FOR GOVERNMENT',2,2,'2021-03-16 15:24:57','2021-03-16 15:24:57',NULL),(74,2,'AB074','BEHAVIOURAL INSIGHTS PROJECT MANAGEMENT',2,2,'2021-03-16 15:24:57','2021-03-16 15:24:57',NULL),(75,2,'AB075','APPLICATION OF NUDGE THEORY',2,2,'2021-03-16 15:24:57','2021-03-16 15:24:57',NULL),(76,3,'AC076','ECONOMIC PERFORMANCE: DOMESTIC ECONOMY',2,2,'2021-03-16 15:24:57','2021-03-16 15:24:57',NULL),(77,3,'AC077','ECONOMIC PERFORMANCE: INTERNATIONAL TRADE',2,2,'2021-03-16 15:24:57','2021-03-16 15:24:57',NULL),(78,3,'AC078','ECONOMIC PERFORMANCE: INTERNATIONAL INVESTMENT',2,2,'2021-03-16 15:24:57','2021-03-16 15:24:57',NULL),(79,3,'AC079','ECONOMIC PERFORMANCE: EMPLOYMENT',2,2,'2021-03-16 15:24:57','2021-03-16 15:24:57',NULL),(80,3,'AC080','ECONOMIC PERFORMANCE: PRICES',2,2,'2021-03-16 15:24:57','2021-03-16 15:24:57',NULL),(81,3,'AC081','GOVERNMENT EFFICIENCY: PUBLIC FINANCE',2,2,'2021-03-16 15:24:57','2021-03-16 15:24:57',NULL),(82,3,'AC082','GOVERNMENT EFFICIENCY: TAX POLICY',2,2,'2021-03-16 15:24:57','2021-03-16 15:24:57',NULL),(83,3,'AC083','GOVERNMENT EFFICIENCY: INSTITUTIONAL FRAMEWORK',2,2,'2021-03-16 15:24:57','2021-03-16 15:24:57',NULL),(84,3,'AC084','GOVERNMENT EFFICIENCY: BUSINESS LEGISLATION',2,2,'2021-03-16 15:24:57','2021-03-16 15:24:57',NULL),(85,3,'AC085','GOVERNMENT EFFICIENCY: SOCIETAL FRAMEWORK',2,2,'2021-03-16 15:24:57','2021-03-16 15:24:57',NULL),(86,3,'AC086','BUSINESS EFFICIENCY: PRODUCTIVITY & EFFICIENCY',2,2,'2021-03-16 15:24:57','2021-03-16 15:24:57',NULL),(87,3,'AC087','BUSINESS EFFICIENCY: LABOR MARKET',2,2,'2021-03-16 15:24:57','2021-03-16 15:24:57',NULL),(88,3,'AC088','BUSINESS EFFICIENCY: FINANCE',2,2,'2021-03-16 15:24:57','2021-03-16 15:24:57',NULL),(89,3,'AC089','BUSINESS EFFICIENCY: MANAGEMENT PRACTICES',2,2,'2021-03-16 15:24:57','2021-03-16 15:24:57',NULL),(90,3,'AC090','BUSINESS EFFICIENCY: ATTITUDES & VALUES',2,2,'2021-03-16 15:24:57','2021-03-16 15:24:57',NULL),(91,3,'AC091','INFRASTRUCTURE: BASIC INFRASTRUCTURE',2,2,'2021-03-16 15:24:57','2021-03-16 15:24:57',NULL),(92,3,'AC092','INFRASTRUCTURE: TECHNOLOGICAL INFRASTRUCTURE',2,2,'2021-03-16 15:24:57','2021-03-16 15:24:57',NULL),(93,3,'AC093','INFRASTRUCTURE: SCIENTIFIC INFRASTRUCTURE',2,2,'2021-03-16 15:24:57','2021-03-16 15:24:57',NULL),(94,3,'AC094','INFRASTRUCTURE: HEALTH & ENVIRONMENT',2,2,'2021-03-16 15:24:57','2021-03-16 15:24:57',NULL),(95,3,'AC095','INFRASTRUCTURE: EDUCATION',2,2,'2021-03-16 15:24:57','2021-03-16 15:24:57',NULL),(96,3,'AC096','ENABLING ENVIRONMENT: INSTITUTIONS',2,2,'2021-03-16 15:24:57','2021-03-16 15:24:57',NULL),(97,3,'AC097','ENABLING ENVIRONMENT: INFRASTRUCTURE',2,2,'2021-03-16 15:24:57','2021-03-16 15:24:57',NULL),(98,3,'AC098','ENABLING ENVIRONMENT: ICT ADOPTION',2,2,'2021-03-16 15:24:57','2021-03-16 15:24:57',NULL),(99,3,'AC099','ENABLING ENVIRONMENT: MACROECONOMIC STABILITY',2,2,'2021-03-16 15:24:57','2021-03-16 15:24:57',NULL),(100,3,'AC100','HUMAN CAPITAL: HEALTH',2,2,'2021-03-16 15:24:57','2021-03-16 15:24:57',NULL),(101,3,'AC101','HUMAN CAPITAL: SKILLS',2,2,'2021-03-16 15:24:57','2021-03-16 15:24:57',NULL),(102,3,'AC102','MARKETS: PRODUCT MARKET',2,2,'2021-03-16 15:24:57','2021-03-16 15:24:57',NULL),(103,3,'AC103','MARKETS: LABOR MARKET',2,2,'2021-03-16 15:24:57','2021-03-16 15:24:57',NULL),(104,3,'AC104','MARKETS: FINANCIAL MARKET',2,2,'2021-03-16 15:24:57','2021-03-16 15:24:57',NULL),(105,3,'AC105','MARKETS: MARKET SIZE',2,2,'2021-03-16 15:24:57','2021-03-16 15:24:57',NULL),(106,3,'AC106','INNOVATION ECOSYSTEM: BUSINESS DYNAMISM',2,2,'2021-03-16 15:24:57','2021-03-16 15:24:57',NULL),(107,3,'AC107','INNOVATION ECOSYSTEM: INNOVATION CAPABILITY',2,2,'2021-03-16 15:24:57','2021-03-16 15:24:57',NULL),(108,3,'AC108','STARTING A BUSINESS',2,2,'2021-03-16 15:24:57','2021-03-16 15:24:57',NULL),(109,3,'AC109','DEALING WITH CONSTRUCTION PERMITS',2,2,'2021-03-16 15:24:57','2021-03-16 15:24:57',NULL),(110,3,'AC110','GETTING ELECTRICITY',2,2,'2021-03-16 15:24:57','2021-03-16 15:24:57',NULL),(111,3,'AC111','REGISTERING PROPERTY',2,2,'2021-03-16 15:24:57','2021-03-16 15:24:57',NULL),(112,3,'AC112','GETTING CREDIT',2,2,'2021-03-16 15:24:57','2021-03-16 15:24:57',NULL),(113,3,'AC113','PROTECTING MINORITY INVESTORS',2,2,'2021-03-16 15:24:57','2021-03-16 15:24:57',NULL),(114,3,'AC114','PAYING TAXES',2,2,'2021-03-16 15:24:57','2021-03-16 15:24:57',NULL),(115,3,'AC115','TRADING ACROSS BORDERS',2,2,'2021-03-16 15:24:57','2021-03-16 15:24:57',NULL),(116,3,'AC116','ENFORCING CONTRACTS',2,2,'2021-03-16 15:24:57','2021-03-16 15:24:57',NULL),(117,3,'AC117','RESOLVING INSOLVENCY',2,2,'2021-03-16 15:24:57','2021-03-16 15:24:57',NULL),(118,3,'AC118','EMPLOYING WORKERS',2,2,'2021-03-16 15:24:57','2021-03-16 15:24:57',NULL),(119,3,'AC119','CONTRACTING WITH THE GOVERNMENT',2,2,'2021-03-16 15:24:57','2021-03-16 15:24:57',NULL),(120,3,'AC120','E-PAYMENT',2,2,'2021-03-16 15:24:57','2021-03-16 15:24:57',NULL),(121,4,'AE121','PRODUCTIVITY-LINKED WAGE SYSTEM ASSESSMENT TOOLS',2,2,'2021-03-16 15:24:57','2021-03-16 15:24:57',NULL),(122,4,'AE122','PRODUCTIVITY-LINKED WAGE SYSTEM TRAINING MODULE – BEGINNER (IMPROVE PRODUCTIVITY THROUGH PRODUCTIVITY – LINKED WAGE SYSTEM (PLWS)',2,2,'2021-03-16 15:24:57','2021-03-16 15:24:57',NULL),(123,4,'AE123','PRODUCTIVITY-LINKED WAGE SYSTEM – INTERMEDIATE (MASTER ON PRODUCTIVITY- LINKED WAGE SYSTEM (PLWS)',2,2,'2021-03-16 15:24:57','2021-03-16 15:24:57',NULL),(124,4,'AE124','PRODUCTIVITY-LINKED WAGE SYSTEM – ADVANCED (CHAMPION ON PRODUCTIVITY-LINKED WAGE SYSTEM (PLWS)',2,2,'2021-03-16 15:24:57','2021-03-16 15:24:57',NULL),(125,4,'AE125','CIRCULAR ECONOMY APPLICATION IN INDUSTRY',2,2,'2021-03-16 15:24:57','2021-03-16 15:24:57',NULL),(126,4,'AE126','CIRCULAR ECONOMY & BUSINESS SUSTAINABILITY ASSESSMENT TOOLS',2,2,'2021-03-16 15:24:57','2021-03-16 15:24:57',NULL),(127,5,'B001','BUSINESS EXCELLENCE CRITERIA: LEADERSHIP',2,2,'2021-03-16 15:26:47','2021-03-16 15:26:47',NULL),(128,5,'B002','BUSINESS EXCELLENCE CRITERIA: PLANNING',2,2,'2021-03-16 15:26:47','2021-03-16 15:26:47',NULL),(129,5,'B003','BUSINESS EXCELLENCE CRITERIA: INFORMATION',2,2,'2021-03-16 15:26:47','2021-03-16 15:26:47',NULL),(130,5,'B004','BUSINESS EXCELLENCE CRITERIA: CUSTOMER',2,2,'2021-03-16 15:26:47','2021-03-16 15:26:47',NULL),(131,5,'B005','BUSINESS EXCELLENCE CRITERIA: PEOPLE',2,2,'2021-03-16 15:26:47','2021-03-16 15:26:47',NULL),(132,5,'B006','BUSINESS EXCELLENCE CRITERIA: PROCESS',2,2,'2021-03-16 15:26:47','2021-03-16 15:26:47',NULL),(133,5,'B007','BENCHMARKING FOR BUSINESS EXCELLENCE',2,2,'2021-03-16 15:26:47','2021-03-16 15:26:47',NULL),(134,5,'B008','AMALAN KAIZEN BAGI MENINGKATKAN KECEKAPAN PROSES',2,2,'2021-03-16 15:26:47','2021-03-16 15:26:47',NULL),(135,5,'B009','ADVANCED KAIZEN',2,2,'2021-03-16 15:26:47','2021-03-16 15:26:47',NULL),(136,5,'B010','CONTINUOUS IMPROVEMENT THROUGH KAIZEN',2,2,'2021-03-16 15:26:47','2021-03-16 15:26:47',NULL),(137,5,'B011','PENGURUSAN LEAN/ LEAN MANUFACTURING',2,2,'2021-03-16 15:26:47','2021-03-16 15:26:47',NULL),(138,5,'B012','LEAN SIX SIGMA',2,2,'2021-03-16 15:26:47','2021-03-16 15:26:47',NULL),(139,5,'B013','VALUE STREAM MAPPING (VSM)',2,2,'2021-03-16 15:26:47','2021-03-16 15:26:47',NULL),(140,5,'B014','MAPPING PROCESS PROBLEM AND SOLUTION',2,2,'2021-03-16 15:26:47','2021-03-16 15:26:47',NULL),(141,5,'B015','STATISTICAL PROCESS CONTROL (SPC)',2,2,'2021-03-16 15:26:47','2021-03-16 15:26:47',NULL),(142,5,'B016','TOTAL QUALITY MANAGEMENT (TQM)',2,2,'2021-03-16 15:26:47','2021-03-16 15:26:47',NULL),(143,5,'B017','BALANCE SCORECARD',2,2,'2021-03-16 15:26:48','2021-03-16 15:26:48',NULL),(144,5,'B018','PENGURUSAN KEWANGAN DAN ANALISIS PRODUKTIVITI',2,2,'2021-03-16 15:26:48','2021-03-16 15:26:48',NULL),(145,5,'B019','AMALAN PERSEKITARAN BERKUALITI (5S/QE) YANG EFEKTIF',2,2,'2021-03-16 15:26:48','2021-03-16 15:26:48',NULL),(146,5,'B020','AUDIT DALAMAN PERSEKITARAN BERKUALITI (5S/QE)',2,2,'2021-03-16 15:26:48','2021-03-16 15:26:48',NULL),(147,5,'B021','KRITERIA AUDIT PERSEKITARAN BERKUALITI (5S/QE)',2,2,'2021-03-16 15:26:48','2021-03-16 15:26:48',NULL),(148,5,'B022','5S SPECIALIST',2,2,'2021-03-16 15:26:48','2021-03-16 15:26:48',NULL),(149,5,'B023','PENYEDIAAN DOKUMENTASI MANUAL 5S/QE',2,2,'2021-03-16 15:26:48','2021-03-16 15:26:48',NULL),(150,5,'B024','DOKUMENTASI UNTUK PENGAUDITAN AMALAN 5S',2,2,'2021-03-16 15:26:48','2021-03-16 15:26:48',NULL),(151,5,'B025','PENGURUSAN FAIL DAN REKOD MELALUI SISTEM 5S',2,2,'2021-03-16 15:26:48','2021-03-16 15:26:48',NULL),(152,5,'B026','PENGURUSAN STOR & STOK MELALUI SISTEM 5S',2,2,'2021-03-16 15:26:48','2021-03-16 15:26:48',NULL),(153,5,'B027','PENGURUSAN STOR & STOK YANG EFEKTIF',2,2,'2021-03-16 15:26:48','2021-03-16 15:26:48',NULL),(154,5,'B028','PENGURUSAN PELUPUSAN FAIL DAN REKOD YANG TIDAK AKTIF',2,2,'2021-03-16 15:26:48','2021-03-16 15:26:48',NULL),(155,5,'B029','BUSINESS EXCELLENCE FOR PRACTITIONER',2,2,'2021-03-16 15:26:48','2021-03-16 15:26:48',NULL),(156,5,'B030','BUSINESS EXCELLENCE FOR ASSESSOR',2,2,'2021-03-16 15:26:48','2021-03-16 15:26:48',NULL),(157,5,'B031','BUSINESS EXCELLENCE FOR CONSULTANT',2,2,'2021-03-16 15:26:48','2021-03-16 15:26:48',NULL),(158,5,'B032','ORGANISATIONAL PROFILE FOR BUSINESS EXCELLENCE',2,2,'2021-03-16 15:26:48','2021-03-16 15:26:48',NULL),(159,5,'B033','BUSINESS EXCELLENCE ASSESSMENT REPORT WRITING FOR ASSESSOR',2,2,'2021-03-16 15:26:48','2021-03-16 15:26:48',NULL),(160,5,'B034','BUSINESS EXCELLENCE DOCUMENTATION FOR ORGANISATION',2,2,'2021-03-16 15:26:48','2021-03-16 15:26:48',NULL),(161,5,'B035','BUSINESS EXCELLENCE DOCUMENTATION FOR AWARD APPLICANTS',2,2,'2021-03-16 15:26:48','2021-03-16 15:26:48',NULL),(162,5,'B036','EFFECTIVE 5S AND LEAN MANAGEMENT IMPLEMENTATION FOR I4.0 ADOPTION',2,2,'2021-03-16 15:26:48','2021-03-16 15:26:48',NULL),(163,5,'B037','KEY PERFORMANCE INDICATOR (KPI/KRA)',2,2,'2021-03-16 15:26:48','2021-03-16 15:26:48',NULL),(164,5,'B038','PENGUKURAN PRODUKTIVITI (COMPASS)',2,2,'2021-03-16 15:26:48','2021-03-16 15:26:48',NULL),(165,5,'B039','PRODUCTIVITY LINKED-WAGE SYSTEM (PLWS)',2,2,'2021-03-16 15:26:48','2021-03-16 15:26:48',NULL),(166,5,'B040','TOTAL PREVENTIVE MAINTENANCE (TPM)',2,2,'2021-03-16 15:26:48','2021-03-16 15:26:48',NULL),(167,5,'B041','MATERIAL FLOW COST ACCOUNTING (MFCA)',2,2,'2021-03-16 15:26:48','2021-03-16 15:26:48',NULL),(168,5,'B042','FAILURE MODE & EFFECT ANALYSIS (FMEA)',2,2,'2021-03-16 15:26:48','2021-03-16 15:26:48',NULL),(169,5,'B043','SUPPLY CHAIN SUSTAINABILITY',2,2,'2021-03-16 15:26:48','2021-03-16 15:26:48',NULL),(170,5,'B044','SUSTAINABILITY IN BUSINESS PROCESS MANAGEMENT',2,2,'2021-03-16 15:26:48','2021-03-16 15:26:48',NULL),(171,5,'B045','INDUSTRIAL SUSTAINABILITY',2,2,'2021-03-16 15:26:48','2021-03-16 15:26:48',NULL),(172,5,'B046','EFFECTIVE COMMUNICATION FOR BUSINESS EXCELLENCE',2,2,'2021-03-16 15:26:48','2021-03-16 15:26:48',NULL),(173,5,'B047','WORKSHOP ON REDUCING ORGANISATIONAL RISK THROUGH EFFECTIVE, RELIABLE DATA AND INFORMATION',2,2,'2021-03-16 15:26:48','2021-03-16 15:26:48',NULL),(174,5,'B048','PROCESS IMPROVEMENT THROUGH LEAN TECHNIQUES',2,2,'2021-03-16 15:26:48','2021-03-16 15:26:48',NULL),(175,5,'B049','ELIMINATING WASTES THROUGH LEAN PRACTICES',2,2,'2021-03-16 15:26:48','2021-03-16 15:26:48',NULL),(176,5,'B050','IMPROVING QUALITY AND PRODUCTIVITY THROUGH LEAN PRODUCTION',2,2,'2021-03-16 15:26:48','2021-03-16 15:26:48',NULL),(177,5,'B051','CERTIFIED PRODUCTIVITY SPECIALIST',2,2,'2021-03-16 15:26:48','2021-03-16 15:26:48',NULL),(178,5,'B052','PRODUCTIVITY GAIN MEASUREMENT',2,2,'2021-03-16 15:26:48','2021-03-16 15:26:48',NULL),(179,5,'B053','MASTERING “DESIGN THINKING” FOR HIGHER RESULT',2,2,'2021-03-16 15:26:48','2021-03-16 15:26:48',NULL),(180,5,'B054','EFFECTIVE TOTAL PRODUCTIVE MAINTENANCE (TPM) FOR SMART MANUFACTURING',2,2,'2021-03-16 15:26:48','2021-03-16 15:26:48',NULL),(181,5,'B055','RISK MANAGEMENT PROFILE AND CHANGE MANAGEMENT FOR BETTER GOVERNANCE',2,2,'2021-03-16 15:26:48','2021-03-16 15:26:48',NULL),(182,5,'B056','WASTE & ROOT CAUSE ANALYSIS FOR LEAN MANAGEMENT IMPLEMENTATION',2,2,'2021-03-16 15:26:48','2021-03-16 15:26:48',NULL),(183,5,'B057','ELIMINATING WASTES THROUGH PRODUCTIVITY TOOLS & TECHNIQUES',2,2,'2021-03-16 15:26:48','2021-03-16 15:26:48',NULL),(184,5,'B058','ANALISA KOS DAN DASAR PENENTUAN HARGA',2,2,'2021-03-16 15:26:48','2021-03-16 15:26:48',NULL),(185,5,'B059','STRATEGI MEMULAKAN PERNIAGAAN',2,2,'2021-03-16 15:26:48','2021-03-16 15:26:48',NULL),(186,5,'B060','PEMBANGUNAN KEUSAHAWANAN',2,2,'2021-03-16 15:26:48','2021-03-16 15:26:48',NULL),(187,5,'B061','STRATEGIC MARKETING',2,2,'2021-03-16 15:26:48','2021-03-16 15:26:48',NULL),(188,5,'B062','LEARN MARKETING SKILLS',2,2,'2021-03-16 15:26:48','2021-03-16 15:26:48',NULL),(189,5,'B063','MARKETING COMMUNICATION AND CONSUMER BEHAVIOUR',2,2,'2021-03-16 15:26:48','2021-03-16 15:26:48',NULL),(190,5,'B064','STRATEGIC BRAND MANAGEMENT',2,2,'2021-03-16 15:26:48','2021-03-16 15:26:48',NULL),(191,5,'B065','BRAND BUILDING STRATEGIES',2,2,'2021-03-16 15:26:48','2021-03-16 15:26:48',NULL),(192,5,'B066','HOW TO BUILD YOUR PERSONAL BRAND',2,2,'2021-03-16 15:26:48','2021-03-16 15:26:48',NULL),(193,5,'B067','AWARENESS ON CREATIVITY AND INNOVATION',2,2,'2021-03-16 15:26:48','2021-03-16 15:26:48',NULL),(194,5,'B068','INNOVATION AND DESIGN THINKING',2,2,'2021-03-16 15:26:48','2021-03-16 15:26:48',NULL),(195,5,'B069','STRATEGIC AND INNOVATION',2,2,'2021-03-16 15:26:48','2021-03-16 15:26:48',NULL),(196,5,'B070','ENTREPRENEURSHIP AND INNOVATION',2,2,'2021-03-16 15:26:48','2021-03-16 15:26:48',NULL),(197,5,'B071','PROBLEM SOLVING TECHNIQUE THROUGH ICC',2,2,'2021-03-16 15:26:48','2021-03-16 15:26:48',NULL),(198,5,'B072','CREATIVE SOLUTION THROUGH ICC',2,2,'2021-03-16 15:26:48','2021-03-16 15:26:48',NULL),(199,5,'B073','KEM ICC',2,2,'2021-03-16 15:26:48','2021-03-16 15:26:48',NULL),(200,5,'B074','PROCESS IMPROVEMENT THROUGH ICC TOOLS',2,2,'2021-03-16 15:26:48','2021-03-16 15:26:48',NULL),(201,5,'B075','ICC DOCUMENTATION',2,2,'2021-03-16 15:26:48','2021-03-16 15:26:48',NULL),(202,5,'B076','JUDGING CRITERIA FOR ICC',2,2,'2021-03-16 15:26:48','2021-03-16 15:26:48',NULL),(203,5,'B077','BENGKEL PENULISAN LAPORAN ICC',2,2,'2021-03-16 15:26:48','2021-03-16 15:26:48',NULL),(204,5,'B078','INNOVATION IN SERVICES SECTOR',2,2,'2021-03-16 15:26:48','2021-03-16 15:26:48',NULL),(205,5,'B079','TRIZ – THE THEORY OF INVENTING PROBLEM SOLVING',2,2,'2021-03-16 15:26:48','2021-03-16 15:26:48',NULL),(206,5,'B080','OVERVIEW OF TRIZ TOOLS',2,2,'2021-03-16 15:26:48','2021-03-16 15:26:48',NULL),(207,5,'B081','CREATIVE PROBLEM SOLVING AND INNOVATIVE THINKING THROUGH TRIZ',2,2,'2021-03-16 15:26:48','2021-03-16 15:26:48',NULL),(208,5,'B082','PRODUCT INNOVATION AND MANAGEMENT',2,2,'2021-03-16 15:26:48','2021-03-16 15:26:48',NULL),(209,5,'B083','LEADERSHIP SUSTAINABILITY',2,2,'2021-03-16 15:26:48','2021-03-16 15:26:48',NULL),(210,5,'B084','SUSTAINABILITY CORPORATE RESPONSIBILITY TRAINING PROGRAM',2,2,'2021-03-16 15:26:48','2021-03-16 15:26:48',NULL),(211,5,'B085','LEADERSHIP DEVELOPMENT TRAINING',2,2,'2021-03-16 15:26:48','2021-03-16 15:26:48',NULL),(212,5,'B086','CHANGE MANAGEMENT TRAINING',2,2,'2021-03-16 15:26:48','2021-03-16 15:26:48',NULL),(213,5,'B087','DEVELOPING LEADERSHIP SKILLS FOR WORKPLACE OF TOMORROW',2,2,'2021-03-16 15:26:48','2021-03-16 15:26:48',NULL),(214,5,'B088','KEMAHIRAN PENGURUSAN BEKERJA DARI RUMAH (WFH)',2,2,'2021-03-16 15:26:48','2021-03-16 15:26:48',NULL),(215,5,'B089','PENGURUSAN PENGAMBILAN MINIT MESYUARAT, PENULISAN SURAT DAN MEMO RASMI',2,2,'2021-03-16 15:26:48','2021-03-16 15:26:48',NULL),(216,5,'B090','IMEJ DAN KETERAMPILAN',2,2,'2021-03-16 15:26:48','2021-03-16 15:26:48',NULL),(217,5,'B091','PENGURUSAN PERKHIDMATAN PELANGGAN BERKUALITI DAN CEMERLANG DI KAUNTER',2,2,'2021-03-16 15:26:48','2021-03-16 15:26:48',NULL),(218,5,'B092','LEADERSHIP WORKSHOP FOR SENIOR MANAGEMENT',2,2,'2021-03-16 15:26:48','2021-03-16 15:26:48',NULL),(219,5,'B093','PSYCHOLOGICAL WELLBEING IN HANDLING STRESS AND WORKPLACE DEPRESSION',2,2,'2021-03-16 15:26:48','2021-03-16 15:26:48',NULL),(220,5,'B094','PSYCHOLOGICAL WELLBEING IN DIGITAL ERA FOR ORGANISATIONAL EXCELLENCE',2,2,'2021-03-16 15:26:48','2021-03-16 15:26:48',NULL),(221,5,'B095','POWER UP FOR LEADERS USING NLP',2,2,'2021-03-16 15:26:48','2021-03-16 15:26:48',NULL),(222,5,'B096','BALANCING WORK AND LIFE WITH OPTIMUM PRODUCTIVITY',2,2,'2021-03-16 15:26:48','2021-03-16 15:26:48',NULL),(223,5,'B097','NLP FOR EFFECTIVE COMMUNICATION IN ORGANISATION',2,2,'2021-03-16 15:26:48','2021-03-16 15:26:48',NULL),(224,5,'B098','DIGITAL MARKETING/ PEMASARAN SECARA DIGITAL',2,2,'2021-03-16 15:26:48','2021-03-16 15:26:48',NULL),(225,5,'B099','IMPROVING PROCESS AND QUALITY THROUGH IOT TECHNOLOGY',2,2,'2021-03-16 15:26:48','2021-03-16 15:26:48',NULL),(226,5,'B100','INDUSTRIAL IOT TECHNOLOGY (IIOT)',2,2,'2021-03-16 15:26:48','2021-03-16 15:26:48',NULL),(227,5,'B101','DIGITIZE YOUR BUSINESS',2,2,'2021-03-16 15:26:48','2021-03-16 15:26:48',NULL),(228,5,'B102','DIGITIZE YOUR BUSINESS PROCESS',2,2,'2021-03-16 15:26:48','2021-03-16 15:26:48',NULL),(229,5,'B103','DIGITIZE YOUR WORKPLACE FOR BETTER EMPLOYEE ENGAGEMENT',2,2,'2021-03-16 15:26:48','2021-03-16 15:26:48',NULL),(230,5,'B104','DIGITAL WORKPLACE STRATEGY',2,2,'2021-03-16 15:26:48','2021-03-16 15:26:48',NULL),(231,5,'B105','DIGITIZING YOUR WORK FOR MAXIMUM PRODUCTIVITY',2,2,'2021-03-16 15:26:48','2021-03-16 15:26:48',NULL),(232,5,'B106','START YOUR E-COMMERCE BUSINESS',2,2,'2021-03-16 15:26:48','2021-03-16 15:26:48',NULL),(233,5,'B107','DEVELOP EFFECTIVE STRATEGIES FOR A DIGITAL AGE',2,2,'2021-03-16 15:26:48','2021-03-16 15:26:48',NULL),(234,5,'B108','DIGITAL TRANSFORMATION INITIATIVES IN THE ORGANISATION',2,2,'2021-03-16 15:26:48','2021-03-16 15:26:48',NULL),(235,5,'B109','INCORPORATE CLOUD BASED TECHNOLOGY',2,2,'2021-03-16 15:26:48','2021-03-16 15:26:48',NULL),(236,5,'B110','SIMULATION & AUGMENTED REALITY',2,2,'2021-03-16 15:26:48','2021-03-16 15:26:48',NULL),(237,5,'B111','UNDERSTANDING I4.0 AS NEW BUSINESS MODELS & SYSTEM INTEGRATION',2,2,'2021-03-16 15:26:48','2021-03-16 15:26:48',NULL),(238,5,'B112','3D PRINTING',2,2,'2021-03-16 15:26:48','2021-03-16 15:26:48',NULL),(239,5,'B113','CYBER SECURITY MANAGEMENT',2,2,'2021-03-16 15:26:48','2021-03-16 15:26:48',NULL),(240,5,'B114','AUTONOMOUS ROBOTS',2,2,'2021-03-16 15:26:48','2021-03-16 15:26:48',NULL),(241,5,'B115','ADDITIVE MANUFACTURING & SUPPLY CHAIN',2,2,'2021-03-16 15:26:48','2021-03-16 15:26:48',NULL),(242,5,'B116','EFFECTIVE APPLICATION OF INTERNET OF THINGS (IOT) FOR GREATER PERFORMANCE',2,2,'2021-03-16 15:26:48','2021-03-16 15:26:48',NULL),(243,5,'B117','EFFECTIVE IMPLEMENTATION OF SMART MANUFACTURING FOR SMES',2,2,'2021-03-16 15:26:48','2021-03-16 15:26:48',NULL),(244,5,'B118','ENHANCING SMES’ DIGITALISATION FOR BETTER BUSINESS PERFORMANCE',2,2,'2021-03-16 15:26:48','2021-03-16 15:26:48',NULL),(245,5,'B119','STRENGTHENING SME PERFORMANCE THROUGH BETTER DATA COLLECTION AND ANALYSIS',2,2,'2021-03-16 15:26:48','2021-03-16 15:26:48',NULL),(246,5,'B120','ARTIFICIAL INTELLIGENCE',2,2,'2021-03-16 15:26:48','2021-03-16 15:26:48',NULL),(247,5,'B121','BIG DATA ANALYTICS FOR BETTER BUSINESS RESULTS',2,2,'2021-03-16 15:26:48','2021-03-16 15:26:48',NULL),(248,5,'B122','SMART MANUFACTURING THROUGH I4.0',2,2,'2021-03-16 15:26:48','2021-03-16 15:26:48',NULL),(249,5,'B123','ENHANCING WORKFORCE PRODUCTIVITY FOR I4.0',2,2,'2021-03-16 15:26:48','2021-03-16 15:26:48',NULL),(250,5,'B124','ORGANISATION TRANSFORMATION TOWARDS I4.0',2,2,'2021-03-16 15:26:48','2021-03-16 15:26:48',NULL),(251,5,'B125','RISK MANAGEMENT',2,2,'2021-03-16 15:26:48','2021-03-16 15:26:48',NULL),(252,5,'B126','MANAGE RISKS WITH NEW OPPORTUNITIES',2,2,'2021-03-16 15:26:48','2021-03-16 15:26:48',NULL),(253,5,'B127','SISTEM PENGURUSAN DOKUMENTASI DAN AUDIT ISO 9001:2008',2,2,'2021-03-16 15:26:48','2021-03-16 15:26:48',NULL),(254,5,'B128','INTERNAL AUDITOR TRAINING ISO 9001:2008',2,2,'2021-03-16 15:26:48','2021-03-16 15:26:48',NULL),(255,5,'B129','SISTEM PENGURUSAN KESELAMATAN MAKANAN ISO 22000:2005',2,2,'2021-03-16 15:26:48','2021-03-16 15:26:48',NULL),(256,5,'B130','SISTEM PENGURUSAN KUALITI INDUSTRI AUTOMOTIF ISO/TS 16949:2002',2,2,'2021-03-16 15:26:48','2021-03-16 15:26:48',NULL),(257,5,'B131','SISTEM PENGURUSAN KUALITI MAKMAL MS ISO/IEC 17025',2,2,'2021-03-16 15:26:48','2021-03-16 15:26:48',NULL),(258,5,'B132','SISTEM PENGURUSAN PERSEKITARAN ISO 14001:2004',2,2,'2021-03-16 15:26:48','2021-03-16 15:26:48',NULL),(259,5,'B133','HAZARD ANALYSIS AND CRITICAL CONTROL POINT (HACCP)',2,2,'2021-03-16 15:26:48','2021-03-16 15:26:48',NULL),(260,5,'B134','KESIHATAN DAN KESELAMATAN DALAM PEKERJAAN (OSHA)',2,2,'2021-03-16 15:26:48','2021-03-16 15:26:48',NULL),(261,5,'B135','AMALAN KEBERSIHAN DAN PERKILANGAN YANG BAIK (GMP)',2,2,'2021-03-16 15:26:48','2021-03-16 15:26:48',NULL),(262,5,'B136','INDUSTRY 4.0 READINESS ASSESSMENT FOR ASSESSOR',2,2,'2021-03-16 15:26:48','2021-03-16 15:26:48',NULL),(263,5,'B137','SISTEM PENGURUSAN KESIHATAN DAN KESELAMATAN PEKERJAAN ISO 45001:2018 (OHSMS)',2,2,'2021-03-16 15:26:48','2021-03-16 15:26:48',NULL),(264,5,'B138','SISTEM PENGURUSAN KESELAMATAN MAKANAN ISO 22000:2018',2,2,'2021-03-16 15:26:48','2021-03-16 15:26:48',NULL),(265,5,'B139','KURSUS PENSIJILAN MINYAK KELAPA SAWIT MAMPAN (MSPO) MS 2530:2013',2,2,'2021-03-16 15:26:48','2021-03-16 15:26:48',NULL),(266,6,'BB140','SPPE - LEAN',2,2,'2021-03-16 15:26:48','2021-03-16 15:26:48',NULL),(267,6,'BB141','SPPE - DIGITALISASI',2,2,'2021-03-16 15:26:48','2021-03-16 15:26:48',NULL),(268,6,'BB142','SPPE – KAIZEN',2,2,'2021-03-16 15:26:48','2021-03-16 15:26:48',NULL),(269,6,'BB143','SPPE – QE/5S (AMALAN PERSEKITARAN BERKUALITI)',2,2,'2021-03-16 15:26:48','2021-03-16 15:26:48',NULL),(270,6,'BB144','SPPE – SISTEM PENGURUSAN KUALITI',2,2,'2021-03-16 15:26:48','2021-03-16 15:26:48',NULL),(271,6,'BB145','SPPE – SISTEM KESELAMATAN MAKANAN',2,2,'2021-03-16 15:26:48','2021-03-16 15:26:48',NULL),(272,6,'BB146','SPPE – BUSINESS EXCELLENCE FRAMEWORK',2,2,'2021-03-16 15:26:48','2021-03-16 15:26:48',NULL),(273,6,'BB147','SPPE – TOTAL PRODUCTIVE MANITENANCE (TPM)',2,2,'2021-03-16 15:26:48','2021-03-16 15:26:48',NULL),(274,6,'BC148','PPKV – MEDAC (LEAN)',2,2,'2021-03-16 15:26:48','2021-03-16 15:26:48',NULL),(275,6,'BC149','PPKV-MEDAC (INDUSTRY 4.0/DIGITALISASI)',2,2,'2021-03-16 15:26:48','2021-03-16 15:26:48',NULL),(276,6,'BC150','PPKV-MEDAC (KAIZEN)',2,2,'2021-03-16 15:26:48','2021-03-16 15:26:48',NULL),(277,6,'BC151','ADVISORY & CONSULTANCY SERVICES (PRODUCTIVITY)',2,2,'2021-03-16 15:26:48','2021-03-16 15:26:48',NULL),(278,8,'C001','POLISI DAN PERATURAN: AGROFOOD PRODUCTIVITY NEXUS',2,2,'2021-03-16 15:27:45','2021-03-16 15:27:45',NULL),(279,8,'C002','POLISI DAN PERATURAN: TOURISM PRODUCTIVITY NEXUS',2,2,'2021-03-16 15:27:45','2021-03-16 15:27:45',NULL),(280,8,'C003','POLISI DAN PERATURAN: RETAIL AND FOOD & BEVERAGE PRODUCTIVITY NEXUS',2,2,'2021-03-16 15:27:45','2021-03-16 15:27:45',NULL),(281,8,'C004','POLISI DAN PERATURAN: CHEMICALS AND CHEMICAL PRODUCTS PRODUCTIVITY NEXUS',2,2,'2021-03-16 15:27:45','2021-03-16 15:27:45',NULL),(282,8,'C005','POLISI DAN PERATURAN: DIGITAL PRODUCTIVITY NEXUS',2,2,'2021-03-16 15:27:45','2021-03-16 15:27:45',NULL),(283,8,'C006','POLISI DAN PERATURAN: PROFESSIONAL SERVICES PRODUCTIVITY NEXUS',2,2,'2021-03-16 15:27:45','2021-03-16 15:27:45',NULL),(284,8,'C007','POLISI DAN PERATURAN: PRIVATE HEALTHCARE PRODUCTIVITY NEXUS',2,2,'2021-03-16 15:27:45','2021-03-16 15:27:45',NULL),(285,8,'C008','POLISI DAN PERATURAN: MACHINERY AND EQUIPMENT PRODUCTIVITY NEXUS',2,2,'2021-03-16 15:27:45','2021-03-16 15:27:45',NULL),(286,8,'C009','POLISI DAN PERATURAN: ELECTRICAL AND ELECTRONICS PRODUCTIVITY NEXUS',2,2,'2021-03-16 15:27:45','2021-03-16 15:27:45',NULL),(287,8,'C010','PRODUCTIVITY IMPROVEMENT',2,2,'2021-03-16 15:27:45','2021-03-16 15:27:45',NULL),(288,8,'C011','STRUKTUR INDUSTRI: AGROFOOD PRODUCTIVITY NEXUS',2,2,'2021-03-16 15:27:45','2021-03-16 15:27:45',NULL),(289,8,'C012','STRUKTUR INDUSTRI: TOURISM PRODUCTIVITY NEXUS',2,2,'2021-03-16 15:27:45','2021-03-16 15:27:45',NULL),(290,8,'C013','STRUKTUR INDUSTRI: RETAIL AND FOOD & BEVERAGE PRODUCTIVITY NEXUS',2,2,'2021-03-16 15:27:45','2021-03-16 15:27:45',NULL),(291,8,'C014','STRUKTUR INDUSTRI: CHEMICALS AND CHEMICAL PRODUCTS PRODUCTIVITY NEXUS',2,2,'2021-03-16 15:27:45','2021-03-16 15:27:45',NULL),(292,8,'C015','STRUKTUR INDUSTRI: DIGITAL PRODUCTIVITY NEXUS',2,2,'2021-03-16 15:27:45','2021-03-16 15:27:45',NULL),(293,8,'C016','STRUKTUR INDUSTRI: PROFESSIONAL SERVICES PRODUCTIVITY NEXUS',2,2,'2021-03-16 15:27:45','2021-03-16 15:27:45',NULL),(294,8,'C017','STRUKTUR INDUSTRI: PRIVATE HEALTHCARE PRODUCTIVITY NEXUS',2,2,'2021-03-16 15:27:45','2021-03-16 15:27:45',NULL),(295,8,'C018','STRUKTUR INDUSTRI: MACHINERY AND EQUIPMENT PRODUCTIVITY NEXUS',2,2,'2021-03-16 15:27:45','2021-03-16 15:27:45',NULL),(296,8,'C019','STRUKTUR INDUSTRI: ELECTRICAL AND ELECTRONICS PRODUCTIVITY NEXUS',2,2,'2021-03-16 15:27:45','2021-03-16 15:27:45',NULL),(297,8,'C020','INSENTIF: AGROFOOD PRODUCTIVITY NEXUS',2,2,'2021-03-16 15:27:45','2021-03-16 15:27:45',NULL),(298,8,'C021','INSENTIF: TOURISM PRODUCTIVITY NEXUS',2,2,'2021-03-16 15:27:45','2021-03-16 15:27:45',NULL),(299,8,'C022','INSENTIF: RETAIL AND FOOD & BEVERAGE PRODUCTIVITY NEXUS',2,2,'2021-03-16 15:27:45','2021-03-16 15:27:45',NULL),(300,8,'C023','INSENTIF: CHEMICALS AND CHEMICAL PRODUCTS PRODUCTIVITY NEXUS',2,2,'2021-03-16 15:27:45','2021-03-16 15:27:45',NULL),(301,8,'C024','INSENTIF: DIGITAL PRODUCTIVITY NEXUS',2,2,'2021-03-16 15:27:45','2021-03-16 15:27:45',NULL),(302,8,'C025','INSENTIF: PROFESSIONAL SERVICES PRODUCTIVITY NEXUS',2,2,'2021-03-16 15:27:45','2021-03-16 15:27:45',NULL),(303,8,'C026','INSENTIF: PRIVATE HEALTHCARE PRODUCTIVITY NEXUS',2,2,'2021-03-16 15:27:45','2021-03-16 15:27:45',NULL),(304,8,'C027','INSENTIF: MACHINERY AND EQUIPMENT PRODUCTIVITY NEXUS',2,2,'2021-03-16 15:27:45','2021-03-16 15:27:45',NULL),(305,8,'C028','INSENTIF: ELECTRICAL AND ELECTRONICS PRODUCTIVITY NEXUS',2,2,'2021-03-16 15:27:45','2021-03-16 15:27:45',NULL),(306,8,'C029','AGROFOOD PRODUCTIVITY NEXUS: TENAGA KERJA (WORKFORCE)',2,2,'2021-03-16 15:27:45','2021-03-16 15:27:45',NULL),(307,8,'C030','AGROFOOD PRODUCTIVITY NEXUS: TEKNOLOGI (TECHNOLOGY)',2,2,'2021-03-16 15:27:45','2021-03-16 15:27:45',NULL),(308,8,'C031','AGROFOOD PRODUCTIVITY NEXUS: DIGITAL',2,2,'2021-03-16 15:27:45','2021-03-16 15:27:45',NULL),(309,8,'C032','AGROFOOD PRODUCTIVITY NEXUS: POLISI & PERATURAN (REGULATION)',2,2,'2021-03-16 15:27:45','2021-03-16 15:27:45',NULL),(310,8,'C033','AGROFOOD PRODUCTIVITY NEXUS: INSENTIF (INCENTIVE)',2,2,'2021-03-16 15:27:45','2021-03-16 15:27:45',NULL),(311,8,'C034','AGROFOOD PRODUCTIVITY NEXUS: INDUSTRY STRUCTURE',2,2,'2021-03-16 15:27:45','2021-03-16 15:27:45',NULL),(312,8,'C035','AGROFOOD PRODUCTIVITY NEXUS: MARKETING STRATEGY',2,2,'2021-03-16 15:27:45','2021-03-16 15:27:45',NULL),(313,8,'C036','AGROFOOD PRODUCTIVITY NEXUS: STANDARD & PENSIJILAN (MYGAP, HALAL, HACCP, GMP, MESTI DAN LAIN-LAIN YANG BERKAITAN)',2,2,'2021-03-16 15:27:45','2021-03-16 15:27:45',NULL),(314,8,'C037','AGROFOOD PRODUCTIVITY NEXUS: FINANCIAL MANAGEMENT',2,2,'2021-03-16 15:27:45','2021-03-16 15:27:45',NULL),(315,8,'C038','AGROFOOD PRODUCTIVITY NEXUS: OPERATION MANAGEMENT',2,2,'2021-03-16 15:27:45','2021-03-16 15:27:45',NULL),(316,8,'C039','AGROFOOD PRODUCTIVITY NEXUS: BUSINESS MANAGEMENT',2,2,'2021-03-16 15:27:45','2021-03-16 15:27:45',NULL),(317,8,'C040','AGROFOOD PRODUCTIVITY NEXUS: PRODUCT DEVELOPMENT',2,2,'2021-03-16 15:27:45','2021-03-16 15:27:45',NULL),(318,8,'C041','AGROFOOD PRODUCTIVITY NEXUS: SYSTEM DEVELOPMENT',2,2,'2021-03-16 15:27:45','2021-03-16 15:27:45',NULL),(319,8,'C042','AGROFOOD PRODUCTIVITY NEXUS: PROFESSIONAL SERVICES',2,2,'2021-03-16 15:27:45','2021-03-16 15:27:45',NULL),(320,8,'C043','AGROFOOD PRODUCTIVITY NEXUS: IMPORT & EXPORT',2,2,'2021-03-16 15:27:45','2021-03-16 15:27:45',NULL),(321,8,'C044','TOURISM PRODUCTIVITY NEXUS: WORKFORCE & TALENT DEVELOPMENT',2,2,'2021-03-16 15:27:45','2021-03-16 15:27:45',NULL),(322,8,'C045','TOURISM PRODUCTIVITY NEXUS: INCENTIVE',2,2,'2021-03-16 15:27:45','2021-03-16 15:27:45',NULL),(323,8,'C046','TOURISM PRODUCTIVITY NEXUS: INDUSTRY STRUCTURE',2,2,'2021-03-16 15:27:45','2021-03-16 15:27:45',NULL),(324,8,'C047','TOURISM PRODUCTIVITY NEXUS: PROMOTION & MARKETING STRATEGY',2,2,'2021-03-16 15:27:45','2021-03-16 15:27:45',NULL),(325,8,'C048','TOURISM PRODUCTIVITY NEXUS: PROGRAM PENSIJILAN PERNIAGAAN MALAYSIA TOURISM EXCELLENCE (MATEX)',2,2,'2021-03-16 15:27:45','2021-03-16 15:27:45',NULL),(326,8,'C049','GARIS PANDUAN PATUH DAN AMAL COVID-19',2,2,'2021-03-16 15:27:45','2021-03-16 15:27:45',NULL),(327,8,'C050','TOURISM PRODUCTIVITY NEXUS: STANDARD & PENSIJILAN INDUSTRY LEVEL (SUB-SECTOR SPECIFIC / ACROSS VALUE CHAIN) STANDARD AND CERTIFICATION',2,2,'2021-03-16 15:27:45','2021-03-16 15:27:45',NULL),(328,8,'C051','TOURISM PRODUCTIVITY NEXUS: STANDARD & PENSIJILAN MALAYSIA TOURISM QUALITY ASSURANCE (MYTQA)',2,2,'2021-03-16 15:27:45','2021-03-16 15:27:45',NULL),(329,8,'C052','TOURISM PRODUCTIVITY NEXUS: STANDARD & PENSIJILAN MALAYSIAN STANDARD / NATIONAL LEVEL / ISO',2,2,'2021-03-16 15:27:45','2021-03-16 15:27:45',NULL),(330,8,'C053','TOURISM PRODUCTIVITY NEXUS: STANDARD & PENSIJILAN UN-WTO / INTERNATIONAL LEVEL / REGIONAL LEVEL / ASEAN LEVEL STANDARD AND CERTIFICATION',2,2,'2021-03-16 15:27:45','2021-03-16 15:27:45',NULL),(331,8,'C054','TOURISM PRODUCTIVITY NEXUS: MANAGEMENT (FINANCIAL, OPERATION, BUSINESS)',2,2,'2021-03-16 15:27:45','2021-03-16 15:27:45',NULL),(332,8,'C055','TOURISM PRODUCTIVITY NEXUS: PRODUCT DEVELOPMENT',2,2,'2021-03-16 15:27:45','2021-03-16 15:27:45',NULL),(333,8,'C056','TOURISM PRODUCTIVITY NEXUS: SYSTEM DEVELOPMENT',2,2,'2021-03-16 15:27:45','2021-03-16 15:27:45',NULL),(334,8,'C057','TOURISM PRODUCTIVITY NEXUS: PROFESSIONAL SERVICES',2,2,'2021-03-16 15:27:45','2021-03-16 15:27:45',NULL),(335,8,'C058','TOURISM PRODUCTIVITY NEXUS: IMPORT & EXPORT',2,2,'2021-03-16 15:27:45','2021-03-16 15:27:45',NULL),(336,8,'C059','TOURISM PRODUCTIVITY NEXUS: CONTENT DEVELOPMENT',2,2,'2021-03-16 15:27:45','2021-03-16 15:27:45',NULL),(337,8,'C060','TOURISM PRODUCTIVITY NEXUS: ECONOMICS',2,2,'2021-03-16 15:27:45','2021-03-16 15:27:45',NULL),(338,8,'C061','TOURISM PRODUCTIVITY NEXUS: SPECIFIC / CURRENT INDUSTRY ISSUES',2,2,'2021-03-16 15:27:45','2021-03-16 15:27:45',NULL),(339,8,'C062','TOURISM PRODUCTIVITY NEXUS: INBOUND TOURISM BOOTCAMP (ITB)',2,2,'2021-03-16 15:27:45','2021-03-16 15:27:45',NULL),(340,8,'C063','TOURISM PRODUCTIVITY NEXUS: INBOUND DESTINATION EXPERTS (IDEX)',2,2,'2021-03-16 15:27:45','2021-03-16 15:27:45',NULL),(341,8,'C064','TOURISM PRODUCTIVITY NEXUS: MALAYSIA VIRTUAL EXPERIENCE (MYVXP)',2,2,'2021-03-16 15:27:45','2021-03-16 15:27:45',NULL),(342,8,'C065','TOURISM PRODUCTIVITY NEXUS: INBOUND TOURISM BUSINESS EXCHANGE (IBEX)',2,2,'2021-03-16 15:27:45','2021-03-16 15:27:45',NULL),(343,8,'C066','TOURISM PRODUCTIVITY NEXUS: SHOWCASING TOURISM PRODUCTS (STP)',2,2,'2021-03-16 15:27:45','2021-03-16 15:27:45',NULL),(344,8,'C067','TOURISM PRODUCTIVITY NEXUS: TPN VIRTUAL ADVISORY CLINICS (T-VAC)',2,2,'2021-03-16 15:27:45','2021-03-16 15:27:45',NULL),(345,8,'C068','TOURISM PRODUCTIVITY NEXUS: INBOUND TOURISM EXCHANGE (INTEX)',2,2,'2021-03-16 15:27:45','2021-03-16 15:27:45',NULL),(346,8,'C069','RETAIL AND FOOD & BEVERAGE PRODUCTIVITY NEXUS: BUSINESS DIGITALISATION',2,2,'2021-03-16 15:27:45','2021-03-16 15:27:45',NULL),(347,8,'C070','RETAIL AND FOOD & BEVERAGE PRODUCTIVITY NEXUS: BRANDING & MARKETING',2,2,'2021-03-16 15:27:45','2021-03-16 15:27:45',NULL),(348,8,'C071','RETAIL AND FOOD & BEVERAGE PRODUCTIVITY NEXUS: SUPPLY CHAIN MANAGEMENT',2,2,'2021-03-16 15:27:45','2021-03-16 15:27:45',NULL),(349,8,'C072','RETAIL AND FOOD & BEVERAGE PRODUCTIVITY NEXUS: BUSINESS OPERATION/ SOP',2,2,'2021-03-16 15:27:45','2021-03-16 15:27:45',NULL),(350,8,'C073','RETAIL AND FOOD & BEVERAGE PRODUCTIVITY NEXUS: HUMAN RESOURCE MANAGEMENT',2,2,'2021-03-16 15:27:45','2021-03-16 15:27:45',NULL),(351,8,'C074','RETAIL AND FOOD & BEVERAGE PRODUCTIVITY NEXUS: BUSINESS FINANCE & FUNDING',2,2,'2021-03-16 15:27:45','2021-03-16 15:27:45',NULL),(352,8,'C075','RETAIL AND FOOD & BEVERAGE PRODUCTIVITY NEXUS: DIGITAL MARKETING AND E-COMMERCE',2,2,'2021-03-16 15:27:45','2021-03-16 15:27:45',NULL),(353,8,'C076','RETAIL AND FOOD & BEVERAGE PRODUCTIVITY NEXUS: DIGITAL BUSINESS OPERATION SYSTEM (ERP)',2,2,'2021-03-16 15:27:45','2021-03-16 15:27:45',NULL),(354,8,'C077','RETAIL AND FOOD & BEVERAGE PRODUCTIVITY NEXUS: RESTAURANT MANAGEMENT',2,2,'2021-03-16 15:27:45','2021-03-16 15:27:45',NULL),(355,8,'C078','RETAIL AND FOOD & BEVERAGE PRODUCTIVITY NEXUS: PERANCANG STRATEGIK ICT (ISP)',2,2,'2021-03-16 15:27:45','2021-03-16 15:27:45',NULL),(356,8,'C079','RETAIL AND FOOD & BEVERAGE PRODUCTIVITY NEXUS: PENGURUSAN MAKLUMAT ICT',2,2,'2021-03-16 15:27:45','2021-03-16 15:27:45',NULL),(357,8,'C080','RETAIL AND FOOD & BEVERAGE PRODUCTIVITY NEXUS: PENGURUSAN NILAI BUKAN FIZIKAL',2,2,'2021-03-16 15:27:45','2021-03-16 15:27:45',NULL),(358,8,'C081','RETAIL AND FOOD & BEVERAGE PRODUCTIVITY NEXUS: PENGURUSAN TELEKOMUNIKASI',2,2,'2021-03-16 15:27:45','2021-03-16 15:27:45',NULL),(359,8,'C082','RETAIL AND FOOD & BEVERAGE PRODUCTIVITY NEXUS: PENSIJILAN DAN PENGIKTIRAFAN UJIAN',2,2,'2021-03-16 15:27:45','2021-03-16 15:27:45',NULL),(360,8,'C083','RETAIL AND FOOD & BEVERAGE PRODUCTIVITY NEXUS: BAHAN BACAAN',2,2,'2021-03-16 15:27:45','2021-03-16 15:27:45',NULL),(361,8,'C084','RETAIL AND FOOD & BEVERAGE PRODUCTIVITY NEXUS: PENERBITAN ELEKTRONIK ATAS TALIAN',2,2,'2021-03-16 15:27:45','2021-03-16 15:27:45',NULL),(362,8,'C085','RETAIL AND FOOD & BEVERAGE PRODUCTIVITY NEXUS: CERTIFICATION OF RETAIL AND F&B WORKFORCE WITH SIJIL KEMAHIRAN MALAYSIA (SKM)',2,2,'2021-03-16 15:27:45','2021-03-16 15:27:45',NULL),(363,8,'C086','RETAIL AND FOOD & BEVERAGE PRODUCTIVITY NEXUS: CERTIFICATE IN F&B OPERATIONS (SERVICE EXCELLENCE)',2,2,'2021-03-16 15:27:45','2021-03-16 15:27:45',NULL),(364,8,'C087','RETAIL AND FOOD & BEVERAGE PRODUCTIVITY NEXUS: RETAIL AND F&B VIRTUAL ADVISORY CLINIC (RFB-VAC)',2,2,'2021-03-16 15:27:45','2021-03-16 15:27:45',NULL),(365,8,'C088','RETAIL AND FOOD & BEVERAGE PRODUCTIVITY NEXUS: PRODUCT DEVELOPMENT',2,2,'2021-03-16 15:27:45','2021-03-16 15:27:45',NULL),(366,8,'C089','CHEMICALS AND CHEMICAL PRODUCTS PRODUCTIVITY NEXUS: BASIC CHEMICALS',2,2,'2021-03-16 15:27:45','2021-03-16 15:27:45',NULL),(367,8,'C090','CHEMICALS AND CHEMICAL PRODUCTS PRODUCTIVITY NEXUS: FERTILIZERS AND NITROGEN COMPOUNDS',2,2,'2021-03-16 15:27:45','2021-03-16 15:27:45',NULL),(368,8,'C091','CHEMICALS AND CHEMICAL PRODUCTS PRODUCTIVITY NEXUS: PLASTICS AND SYNTHETIC RUBBER IN PRIMARY FORMS',2,2,'2021-03-16 15:27:45','2021-03-16 15:27:45',NULL),(369,8,'C092','CHEMICALS AND CHEMICAL PRODUCTS PRODUCTIVITY NEXUS: PESTICIDES AND OTHER AGROCHEMICAL PRODUCTS',2,2,'2021-03-16 15:27:45','2021-03-16 15:27:45',NULL),(370,8,'C093','CHEMICALS AND CHEMICAL PRODUCTS PRODUCTIVITY NEXUS: PAINTS, VARNISHES AND SIMILAR COATINGS, PRINTING INK AND MASTICS',2,2,'2021-03-16 15:27:45','2021-03-16 15:27:45',NULL),(371,8,'C094','CHEMICALS AND CHEMICAL PRODUCTS PRODUCTIVITY NEXUS: SOAP AND DETERGENTS, CLEANING AND POLISHING PREPARATIONS, PERFUMES AND TOILET PREPARATIONS',2,2,'2021-03-16 15:27:45','2021-03-16 15:27:45',NULL),(372,8,'C095','CHEMICALS AND CHEMICAL PRODUCTS PRODUCTIVITY NEXUS: CHEMICAL ENGINEERING',2,2,'2021-03-16 15:27:45','2021-03-16 15:27:45',NULL),(373,8,'C096','CHEMICALS AND CHEMICAL PRODUCTS PRODUCTIVITY NEXUS: PROCESS ENGINEERING',2,2,'2021-03-16 15:27:45','2021-03-16 15:27:45',NULL),(374,8,'C097','CHEMICALS AND CHEMICAL PRODUCTS PRODUCTIVITY NEXUS: CHEMICAL SAFETY',2,2,'2021-03-16 15:27:45','2021-03-16 15:27:45',NULL),(375,8,'C098','CHEMICALS AND CHEMICAL PRODUCTS PRODUCTIVITY NEXUS: REGULATORY COMPLIANCE',2,2,'2021-03-16 15:27:45','2021-03-16 15:27:45',NULL),(376,8,'C099','CHEMICALS AND CHEMICAL PRODUCTS PRODUCTIVITY NEXUS: PHARMACEUTICALS, MEDICINAL CHEMICAL AND',2,2,'2021-03-16 15:27:45','2021-03-16 15:27:45',NULL),(377,8,'','CHEMICALS AND CHEMICAL PRODUCTS PRODUCTIVITY NEXUS: BOTANICAL PRODUCTS',2,2,'2021-03-16 15:27:45','2021-03-16 15:27:45',NULL),(378,8,'C100','CHEMICALS AND CHEMICAL PRODUCTS PRODUCTIVITY NEXUS: MAN-MADE FIBRES',2,2,'2021-03-16 15:27:45','2021-03-16 15:27:45',NULL),(379,8,'C101','CHEMICALS AND CHEMICAL PRODUCTS PRODUCTIVITY NEXUS: HAZARDOUS CHEMICAL',2,2,'2021-03-16 15:27:45','2021-03-16 15:27:45',NULL),(380,8,'C102','CHEMICALS AND CHEMICAL PRODUCTS PRODUCTIVITY NEXUS: INNOVATION BUSINESS OPERATIONS',2,2,'2021-03-16 15:27:45','2021-03-16 15:27:45',NULL),(381,8,'C103','CHEMICALS AND CHEMICAL PRODUCTS PRODUCTIVITY NEXUS: INTELLIGENCE MANUFACTURING SOLUTION',2,2,'2021-03-16 15:27:45','2021-03-16 15:27:45',NULL),(382,8,'C104','CHEMICALS AND CHEMICAL PRODUCTS PRODUCTIVITY NEXUS: FINANCIAL CONSULTATION',2,2,'2021-03-16 15:27:45','2021-03-16 15:27:45',NULL),(383,8,'C105','CHEMICALS AND CHEMICAL PRODUCTS PRODUCTIVITY NEXUS: SUPPLY CHAIN OPERATIONS',2,2,'2021-03-16 15:27:45','2021-03-16 15:27:45',NULL),(384,8,'C106','CHEMICALS AND CHEMICAL PRODUCTS PRODUCTIVITY NEXUS: INFORMATION TECHNOLOGY',2,2,'2021-03-16 15:27:45','2021-03-16 15:27:45',NULL),(385,8,'C107','DIGITAL PRODUCTIVITY NEXUS: TENAGA KERJA (WORKFORCE)',2,2,'2021-03-16 15:27:45','2021-03-16 15:27:45',NULL),(386,8,'C108','DIGITAL PRODUCTIVITY NEXUS: TEKNOLOGI (TECHNOLOGY) & DIGITAL',2,2,'2021-03-16 15:27:45','2021-03-16 15:27:45',NULL),(387,8,'C109','DIGITAL PRODUCTIVITY NEXUS: POLISI & PERATURAN (REGULATION)',2,2,'2021-03-16 15:27:45','2021-03-16 15:27:45',NULL),(388,8,'C110','DIGITAL PRODUCTIVITY NEXUS: INSENTIF (INCENTIVE)',2,2,'2021-03-16 15:27:45','2021-03-16 15:27:45',NULL),(389,8,'C111','DIGITAL PRODUCTIVITY NEXUS: INDUSTRY STRUCTURE',2,2,'2021-03-16 15:27:45','2021-03-16 15:27:45',NULL),(390,8,'C112','DIGITAL PRODUCTIVITY NEXUS: MARKETING STRATEGY',2,2,'2021-03-16 15:27:45','2021-03-16 15:27:45',NULL),(391,8,'C113','DIGITAL PRODUCTIVITY NEXUS: STANDARD & PENSIJILAN',2,2,'2021-03-16 15:27:45','2021-03-16 15:27:45',NULL),(392,8,'C114','DIGITAL PRODUCTIVITY NEXUS: MANAGEMENT',2,2,'2021-03-16 15:27:45','2021-03-16 15:27:45',NULL),(393,8,'C115','PROFESSIONAL SERVICES PRODUCTIVITY NEXUS: WORKFORCE & TALENT DEVELOPMENT',2,2,'2021-03-16 15:27:45','2021-03-16 15:27:45',NULL),(394,8,'C116','PROFESSIONAL SERVICES PRODUCTIVITY NEXUS: TECHNOLOGY & DIGITAL (INTELLIGENT SERVICES SOLUTIONS)',2,2,'2021-03-16 15:27:45','2021-03-16 15:27:45',NULL),(395,8,'C117','PROFESSIONAL SERVICES PRODUCTIVITY NEXUS: INDUSTRY STRUCTURE (INNOVATIVE BUSINESS OPERATION)',2,2,'2021-03-16 15:27:45','2021-03-16 15:27:45',NULL),(396,8,'C118','PROFESSIONAL SERVICES PRODUCTIVITY NEXUS: POLICY & REGULATIONS',2,2,'2021-03-16 15:27:45','2021-03-16 15:27:45',NULL),(397,8,'C119','PROFESSIONAL SERVICES PRODUCTIVITY NEXUS: FINANCIAL CONSULTATION',2,2,'2021-03-16 15:27:45','2021-03-16 15:27:45',NULL),(398,8,'C120','ELECTRICAL AND ELECTRONICS PRODUCTIVITY NEXUS: HACKATHON',2,2,'2021-03-16 15:27:45','2021-03-16 15:27:45',NULL),(399,8,'C121','ELECTRICAL AND ELECTRONICS PRODUCTIVITY NEXUS: PLUGFEST 1.0 (IOT)',2,2,'2021-03-16 15:27:45','2021-03-16 15:27:45',NULL),(400,8,'C122','ELECTRICAL AND ELECTRONICS PRODUCTIVITY NEXUS: PLUGFEST 2.0',2,2,'2021-03-16 15:27:45','2021-03-16 15:27:45',NULL),(401,8,'C123','ELECTRICAL AND ELECTRONICS PRODUCTIVITY NEXUS:  VIRTUAL ADVISORY CLINIC (EEVAC)',2,2,'2021-03-16 15:27:45','2021-03-16 15:27:45',NULL),(402,8,'C124','ELECTRICAL AND ELECTRONICS PRODUCTIVITY NEXUS:  MENTORING FOR INDUSTRY 4.0 (EEMI4.0)',2,2,'2021-03-16 15:27:45','2021-03-16 15:27:45',NULL),(403,8,'C125','ELECTRICAL AND ELECTRONICS PRODUCTIVITY NEXUS: EMBEDDED SYSTEM DESIGN',2,2,'2021-03-16 15:27:45','2021-03-16 15:27:45',NULL),(404,8,'C126','ELECTRICAL AND ELECTRONICS PRODUCTIVITY NEXUS: E TESTING AND ACCREDITATIONS',2,2,'2021-03-16 15:27:45','2021-03-16 15:27:45',NULL),(405,8,'C127','ELECTRICAL AND ELECTRONICS PRODUCTIVITY NEXUS: IC DESIGN & DEVELOPMENT',2,2,'2021-03-16 15:27:45','2021-03-16 15:27:45',NULL),(406,8,'C128','ELECTRICAL AND ELECTRONICS PRODUCTIVITY NEXUS:  AUTOMATION',2,2,'2021-03-16 15:27:45','2021-03-16 15:27:45',NULL),(407,8,'C129','ELECTRICAL AND ELECTRONICS PRODUCTIVITY NEXUS: MCAD',2,2,'2021-03-16 15:27:45','2021-03-16 15:27:45',NULL),(408,8,'C130','ELECTRICAL AND ELECTRONICS PRODUCTIVITY NEXUS: OPERATING SYSTEM (OS) DEVELOPMENT',2,2,'2021-03-16 15:27:45','2021-03-16 15:27:45',NULL),(409,8,'C131','ELECTRICAL AND ELECTRONICS PRODUCTIVITY NEXUS: LED',2,2,'2021-03-16 15:27:45','2021-03-16 15:27:45',NULL),(410,8,'C132','ELECTRICAL AND ELECTRONICS PRODUCTIVITY NEXUS: SOLAR PHOTOVOLTAIC (PV)',2,2,'2021-03-16 15:27:45','2021-03-16 15:27:45',NULL),(411,8,'C133','ELECTRICAL AND ELECTRONICS PRODUCTIVITY NEXUS:  TESTING AND ACCREDITATIONS',2,2,'2021-03-16 15:27:45','2021-03-16 15:27:45',NULL),(412,8,'C134','MACHINERY AND EQUIPMENT PRODUCTIVITY NEXUS: TENAGA KERJA (WORKFORCE)',2,2,'2021-03-16 15:27:45','2021-03-16 15:27:45',NULL),(413,8,'C135','MACHINERY AND EQUIPMENT PRODUCTIVITY NEXUS: PERKHIDMATAN SOKONGAN KEJURUTERAAN TEKNOLOGI I4.0',2,2,'2021-03-16 15:27:45','2021-03-16 15:27:45',NULL),(414,8,'C136','MACHINERY AND EQUIPMENT PRODUCTIVITY NEXUS: POLISI & PERATURAN (REGULATION)',2,2,'2021-03-16 15:27:45','2021-03-16 15:27:45',NULL),(415,8,'C137','MACHINERY AND EQUIPMENT PRODUCTIVITY NEXUS: INSENTIF (INCENTIVE)',2,2,'2021-03-16 15:27:45','2021-03-16 15:27:45',NULL),(416,8,'C138','MACHINERY AND EQUIPMENT PRODUCTIVITY NEXUS: INDUSTRY STRUCTURE, VALUE CHAIN DAN CLUSTER',2,2,'2021-03-16 15:27:45','2021-03-16 15:27:45',NULL),(417,8,'C139','MACHINERY AND EQUIPMENT PRODUCTIVITY NEXUS: STANDARD, PENSIJILAN (LOCAL & INTERNATIONAL) DAN PENILAIAN/PEMERIKSAAN',2,2,'2021-03-16 15:27:45','2021-03-16 15:27:45',NULL),(418,8,'C140','MACHINERY AND EQUIPMENT PRODUCTIVITY NEXUS: MANAGEMENT (FINANCIAL, OPERATION, BUSINESS DEVELOPMENT, SALES, MARKETING, WAREHOUSE, PLANT)',2,2,'2021-03-16 15:27:45','2021-03-16 15:27:45',NULL),(419,8,'C141','PRODUCT DESIGN AND DEVELOPMENT AND R&D',2,2,'2021-03-16 15:27:45','2021-03-16 15:27:45',NULL),(420,8,'C142','MACHINERY AND EQUIPMENT PRODUCTIVITY NEXUS: SYSTEM DEVELOPMENT, INTEGRATION AND TOTAL SOLUTION',2,2,'2021-03-16 15:27:45','2021-03-16 15:27:45',NULL),(421,8,'C143','MACHINERY AND EQUIPMENT PRODUCTIVITY NEXUS: PROFESSIONAL SERVICES IN ENGINEERING RELATED (ELECTRICAL, ELECTRONIC, MECHANICAL & MECHATRONIC)',2,2,'2021-03-16 15:27:45','2021-03-16 15:27:45',NULL),(422,8,'C144','MACHINERY AND EQUIPMENT PRODUCTIVITY NEXUS: IMPORT & EXPORT',2,2,'2021-03-16 15:27:45','2021-03-16 15:27:45',NULL),(423,8,'C145','MACHINERY AND EQUIPMENT PRODUCTIVITY NEXUS: PRODUCTIVITY ANALYSIS',2,2,'2021-03-16 15:27:45','2021-03-16 15:27:45',NULL),(424,8,'C146','MACHINERY AND EQUIPMENT PRODUCTIVITY NEXUS: PRODUCTIVITY TOOLS (LEAN, 5S, KANBAN, KAIZEN, SIX SIGMA, PROBLEM SOLVING, TPM, TQM)',2,2,'2021-03-16 15:27:45','2021-03-16 15:27:45',NULL),(425,8,'C147','MACHINERY AND EQUIPMENT PRODUCTIVITY NEXUS: INDUSTRY SPECIFIC ISSUES, CHALLANGES AND RECOMENDARTION (SOCIO-ECONOMICS)',2,2,'2021-03-16 15:27:45','2021-03-16 15:27:45',NULL),(426,8,'C148','MACHINERY AND EQUIPMENT PRODUCTIVITY NEXUS: AUTOMATION AND DIGITALISATION',2,2,'2021-03-16 15:27:45','2021-03-16 15:27:45',NULL),(427,8,'C149','MACHINERY AND EQUIPMENT PRODUCTIVITY NEXUS: PRODUCTIVITY LINKED TRAINING COURSE FOR TVET INSTITUTIONS IN M&E SECTOR',2,2,'2021-03-16 15:27:45','2021-03-16 15:27:45',NULL),(428,8,'C150','MACHINERY AND EQUIPMENT PRODUCTIVITY NEXUS: OVERALL EQUIPMENT EFFECTIVENESS (OEE)',2,2,'2021-03-16 15:27:45','2021-03-16 15:27:45',NULL),(429,8,'C151','MACHINERY AND EQUIPMENT PRODUCTIVITY NEXUS: EMPOWERMENT OF EXISTING CENTRE OF EXCELLENCE (COE)',2,2,'2021-03-16 15:27:45','2021-03-16 15:27:45',NULL),(430,8,'C152','MACHINERY AND EQUIPMENT PRODUCTIVITY NEXUS: M&E VIRTUAL ADVISORY CLINIC (MEVAC)',2,2,'2021-03-16 15:27:45','2021-03-16 15:27:45',NULL),(431,8,'C153','MACHINERY AND EQUIPMENT PRODUCTIVITY NEXUS: PRODUCTIVITY1010 (PRODUCTIVITY THROUGH DIGITISATION)',2,2,'2021-03-16 15:27:45','2021-03-16 15:27:45',NULL),(432,8,'C154','MACHINERY AND EQUIPMENT PRODUCTIVITY NEXUS: PRODUCTIVITY IMPROVEMENT PROGRAM',2,2,'2021-03-16 15:27:45','2021-03-16 15:27:45',NULL),(433,8,'C155','MACHINERY AND EQUIPMENT PRODUCTIVITY NEXUS: M&E COORDINATION PROGRAM',2,2,'2021-03-16 15:27:45','2021-03-16 15:27:45',NULL),(434,8,'C156','MACHINERY AND EQUIPMENT PRODUCTIVITY NEXUS: M&E CLUSTERING INITIATIVE',2,2,'2021-03-16 15:27:45','2021-03-16 15:27:45',NULL),(435,8,'C157','PRIVATE HEALTHCARE PRODUCTIVITY NEXUS: TENAGA KERJA (WORKFORCE)',2,2,'2021-03-16 15:27:45','2021-03-16 15:27:45',NULL),(436,8,'C158','PRIVATE HEALTHCARE PRODUCTIVITY NEXUS:TEKNOLOGI (TECHNOLOGY) & DIGITAL',2,2,'2021-03-16 15:27:45','2021-03-16 15:27:45',NULL),(437,8,'C159','PRIVATE HEALTHCARE PRODUCTIVITY NEXUS:POLISI & PERATURAN (REGULATION)',2,2,'2021-03-16 15:27:45','2021-03-16 15:27:45',NULL),(438,8,'C160','PRIVATE HEALTHCARE PRODUCTIVITY NEXUS:INSENTIF (INCENTIVE)',2,2,'2021-03-16 15:27:45','2021-03-16 15:27:45',NULL),(439,8,'C161','PRIVATE HEALTHCARE PRODUCTIVITY NEXUS:EKONOMI (ECONOMICS)',2,2,'2021-03-16 15:27:45','2021-03-16 15:27:45',NULL),(440,8,'C162','PRIVATE HEALTHCARE PRODUCTIVITY NEXUS:INDUSTRY STRUCTURE',2,2,'2021-03-16 15:27:45','2021-03-16 15:27:45',NULL),(441,8,'C163','PRIVATE HEALTHCARE PRODUCTIVITY NEXUS:MARKETING STRATEGY',2,2,'2021-03-16 15:27:45','2021-03-16 15:27:45',NULL),(442,8,'C164','PRIVATE HEALTHCARE PRODUCTIVITY NEXUS:STANDARD & PENSIJILAN',2,2,'2021-03-16 15:27:45','2021-03-16 15:27:45',NULL),(443,8,'C165','PRIVATE HEALTHCARE PRODUCTIVITY NEXUS:MANAGEMENT (FINANCIAL, OPERATION, BUSINESS)',2,2,'2021-03-16 15:27:45','2021-03-16 15:27:45',NULL),(444,8,'C166','PRIVATE HEALTHCARE PRODUCTIVITY NEXUS:PRODUCT DEVELOPMENT',2,2,'2021-03-16 15:27:45','2021-03-16 15:27:45',NULL),(445,8,'C167','PRIVATE HEALTHCARE PRODUCTIVITY NEXUS:SYSTEM DEVELOPMENT',2,2,'2021-03-16 15:27:45','2021-03-16 15:27:45',NULL),(446,8,'C168','PRIVATE HEALTHCARE PRODUCTIVITY NEXUS:PROFESSIONAL SERVICES',2,2,'2021-03-16 15:27:45','2021-03-16 15:27:45',NULL),(447,8,'C169','PRIVATE HEALTHCARE PRODUCTIVITY NEXUS:PRIVATE HEALTHCARE – VIRTUAL ADVISORY SERVICES',2,2,'2021-03-16 15:27:45','2021-03-16 15:27:45',NULL),(448,9,'D001','MYRESKILL IOT',210,210,'2021-09-22 06:58:44','2021-09-22 06:58:44',NULL),(449,9,'D002','MYRESKILL WORKFORCE (INDUSTRIAL UPSKILLING) FOR FRESH ENGINEERS',210,210,'2021-09-22 06:59:24','2021-09-22 06:59:24',NULL),(450,9,'D003','MYRESKILL WORKFORCE (INDUSTRIAL UPSKILLING) FOR RETRENCHED ENGINEERS',210,210,'2021-09-22 07:00:54','2021-09-22 07:00:54',NULL),(451,9,'D004','MYRESKILL WORKFORCE (INDUSTRIAL UPSKILLING) FOR TECHNICIANS',210,210,'2021-09-22 07:01:28','2021-09-22 07:01:28',NULL),(452,9,'D005','MYRESKILL WORKFORCE (INDUSTRIAL UPSKILLING) FOR SUPPLY CHAIN PERSONNEL',210,210,'2021-09-22 07:02:03','2021-09-22 07:02:03',NULL),(453,9,'D006','MYRESKILL WORKFORCE (INDUSTRIAL UPSKILLING) FOR SUPPORT FUNCTION PERSONNEL',210,210,'2021-09-22 07:02:35','2021-09-22 07:02:35',NULL);

--
-- Table structure for table `ref_project_category`
--

CREATE TABLE `ref_project_category` (
  `project_category_id` int(11) NOT NULL AUTO_INCREMENT,
  `project_category_code` char(10) DEFAULT NULL,
  `project_category_desc` varchar(100) DEFAULT NULL,
  `created_by` int(11) DEFAULT NULL,
  `updated_by` int(11) DEFAULT NULL,
  `created_at` timestamp NULL DEFAULT NULL,
  `updated_at` timestamp NOT NULL DEFAULT CURRENT_TIMESTAMP,
  `deleted_at` timestamp NULL DEFAULT NULL,
  PRIMARY KEY (`project_category_id`),
  KEY `idx_projcat_code` (`project_category_code`),
  KEY `idx_projcat_createdby` (`created_by`),
  KEY `idx_projcat_updatedby` (`updated_by`)
) ENGINE=InnoDB AUTO_INCREMENT=10 DEFAULT CHARSET=latin1;

--
-- Dumping data for table `ref_project_category`
--

INSERT INTO `ref_project_category` VALUES (1,'AG','GOOD REGULATORY PRACTICE (GRP)',2,2,'2021-03-16 15:08:57','2021-03-16 15:08:57',NULL),(2,'AB','BEHAVIOURAL INSIGHTS',2,2,'2021-03-16 15:08:57','2021-05-29 17:13:57',NULL),(3,'AC','COMPETITIVENESS',2,2,'2021-03-16 15:08:57','2021-03-16 15:08:57',NULL),(4,'AE','PRODUCTIVITY-LINKED WAGE SYSTEM (PLWS)',2,2,'2021-03-16 15:08:57','2021-03-16 15:08:57',NULL),(5,'B','ORGANISATIONAL EXCELLENCE DEVELOPMENT (OED)',2,2,'2021-03-16 15:08:57','2021-03-16 15:08:57',NULL),(6,'BB','SKIM PENINGKATAN PRODUKTIVITI ENTERPRIS (SPPE)',2,2,'2021-03-16 15:08:57','2021-03-16 15:08:57',NULL),(7,'BC','PROGRAM PEMBANGUNAN KAPASITI VENDOR (PPKV)',2,2,'2021-03-16 15:08:57','2021-03-16 15:08:57',NULL),(8,'C','PRODUCTIVITY GROWTH',2,2,'2021-03-16 15:08:57','2021-03-16 15:08:57',NULL),(9,'D','MYRESKILL',210,210,'2021-09-22 06:57:26','2021-09-22 06:57:26',NULL);

--
-- Table structure for table `ref_race`
--

CREATE TABLE `ref_race` (
  `race_id` int(11) NOT NULL AUTO_INCREMENT,
  `race_desc` varchar(50) NOT NULL,
  `created_at` timestamp NULL DEFAULT NULL,
  `updated_at` timestamp NOT NULL DEFAULT CURRENT_TIMESTAMP,
  `deleted_at` timestamp NULL DEFAULT NULL,
  PRIMARY KEY (`race_id`,`updated_at`)
) ENGINE=InnoDB AUTO_INCREMENT=5 DEFAULT CHARSET=latin1;

--
-- Dumping data for table `ref_race`
--

INSERT INTO `ref_race` VALUES (1,'Melayu','2018-12-04 13:29:28','2018-12-04 13:29:07',NULL),(2,'Cina','2018-12-04 13:29:31','2018-12-04 13:29:09',NULL),(3,'India','2018-12-04 13:29:36','2018-12-04 13:29:13',NULL),(4,'Lain-lain','2018-12-04 13:29:39','2018-12-04 13:29:18',NULL);

--
-- Table structure for table `ref_reference_sst`
--

CREATE TABLE `ref_reference_sst` (
  `reference_sst_id` int(11) NOT NULL AUTO_INCREMENT,
  `reference_sst_desc` varchar(100) NOT NULL,
  `startdate` date NOT NULL,
  `enddate` date NOT NULL,
  `created_by` int(11) DEFAULT NULL,
  `updated_by` int(11) DEFAULT NULL,
  `created_at` timestamp NULL DEFAULT NULL,
  `updated_at` timestamp NOT NULL DEFAULT CURRENT_TIMESTAMP,
  `deleted_at` timestamp NULL DEFAULT NULL,
  PRIMARY KEY (`reference_sst_id`,`updated_at`),
  KEY `idx_refsst_createdby` (`created_by`),
  KEY `idx_refsst_updatedby` (`updated_by`)
) ENGINE=InnoDB AUTO_INCREMENT=3 DEFAULT CHARSET=latin1;

--
-- Dumping data for table `ref_reference_sst`
--

INSERT INTO `ref_reference_sst` VALUES (1,'MPC(PCT)499/5/1','2020-01-01','2020-12-31',2,2,'2021-06-07 18:37:30','2021-06-07 18:37:30',NULL),(2,'MPC.100-14/1/21','2021-01-01','2022-12-31',2,390,'2021-06-07 18:38:05','2021-08-11 00:41:44',NULL);

--
-- Table structure for table `ref_religion`
--

CREATE TABLE `ref_religion` (
  `religion_id` int(11) NOT NULL AUTO_INCREMENT,
  `religion_desc` varchar(50) NOT NULL,
  `created_at` timestamp NULL DEFAULT NULL,
  `updated_at` timestamp NOT NULL DEFAULT CURRENT_TIMESTAMP,
  `deleted_at` timestamp NULL DEFAULT NULL,
  PRIMARY KEY (`religion_id`,`updated_at`)
) ENGINE=InnoDB AUTO_INCREMENT=6 DEFAULT CHARSET=latin1;

--
-- Dumping data for table `ref_religion`
--

INSERT INTO `ref_religion` VALUES (1,'Islam','2018-12-04 13:28:12','2018-12-04 13:28:12',NULL),(2,'Kristian','2018-12-04 13:28:12','2018-12-04 13:28:19',NULL),(3,'Buddha','2018-12-04 13:28:12','2018-12-04 13:28:22',NULL),(4,'Hindu','2018-12-04 13:28:12','2018-12-04 13:28:26',NULL),(5,'Lain-lain','2018-12-04 13:28:12','2018-12-04 13:28:43',NULL);

--
-- Table structure for table `ref_service_distance`
--

CREATE TABLE `ref_service_distance` (
  `service_distance_id` int(11) NOT NULL AUTO_INCREMENT,
  `service_distance_desc` varchar(255) DEFAULT NULL,
  `created_by` int(11) DEFAULT NULL,
  `updated_by` int(11) DEFAULT NULL,
  `created_at` timestamp NULL DEFAULT NULL,
  `updated_at` timestamp NOT NULL DEFAULT CURRENT_TIMESTAMP,
  `deleted_at` timestamp NULL DEFAULT NULL,
  PRIMARY KEY (`service_distance_id`),
  KEY `idx_servicedistance_createdby` (`created_by`),
  KEY `idx_servicedistance_updatedby` (`updated_by`)
) ENGINE=InnoDB AUTO_INCREMENT=4 DEFAULT CHARSET=latin1;

--
-- Dumping data for table `ref_service_distance`
--

INSERT INTO `ref_service_distance` VALUES (1,'Kadar Jarak [<100 km]\r\n',2,2,'2021-06-21 16:15:33','2021-06-21 16:15:33',NULL),(2,'Kadar Jarak [>100 km]',2,2,'2021-06-21 16:15:33','2021-06-21 16:15:33',NULL),(3,'Kadar Jarak ke Sabah/Sarawak',2,2,'2021-06-21 16:15:33','2021-06-21 16:15:33',NULL);

--
-- Table structure for table `ref_service_group`
--

CREATE TABLE `ref_service_group` (
  `service_group_id` int(11) NOT NULL AUTO_INCREMENT,
  `service_group_code` varchar(20) DEFAULT NULL,
  `service_group_desc` varchar(50) NOT NULL,
  `created_by` int(11) DEFAULT NULL,
  `updated_by` int(11) DEFAULT NULL,
  `created_at` timestamp NULL DEFAULT NULL,
  `updated_at` timestamp NOT NULL DEFAULT CURRENT_TIMESTAMP,
  `deleted_at` timestamp NULL DEFAULT NULL,
  PRIMARY KEY (`service_group_id`),
  KEY `idx_servicegroup_code` (`service_group_code`),
  KEY `idx_servicegroup_createdby` (`created_by`),
  KEY `idx_servicegroup_updatedby` (`updated_by`)
) ENGINE=InnoDB AUTO_INCREMENT=6 DEFAULT CHARSET=latin1;

--
-- Dumping data for table `ref_service_group`
--

INSERT INTO `ref_service_group` VALUES (1,NULL,'Pengurusan Tertinggi',2,2,'2021-01-13 13:38:37','2021-01-13 13:38:37',NULL),(2,NULL,'Pengurusan & Professional Gred 53 & 54',2,2,'2021-01-13 13:38:37','2021-01-13 13:38:37',NULL),(3,NULL,'Pengurusan & Professional Gred 45 – 52',2,2,'2021-01-13 13:38:37','2021-01-13 13:38:37',NULL),(4,NULL,'Pengurusan & Professional Gred 41 – 44',2,2,'2021-03-19 13:12:21','2021-03-19 13:12:27',NULL),(5,NULL,'Sokongan',2,2,'2021-03-19 13:12:24','2021-03-19 13:12:29',NULL);

--
-- Table structure for table `ref_service_type`
--

CREATE TABLE `ref_service_type` (
  `service_type_id` int(11) NOT NULL AUTO_INCREMENT,
  `service_type_code` varchar(20) DEFAULT NULL,
  `service_type_desc` varchar(50) NOT NULL,
  `created_by` int(11) DEFAULT NULL,
  `updated_by` int(11) DEFAULT NULL,
  `created_at` timestamp NULL DEFAULT NULL,
  `updated_at` timestamp NOT NULL DEFAULT CURRENT_TIMESTAMP,
  `deleted_at` timestamp NULL DEFAULT NULL,
  PRIMARY KEY (`service_type_id`),
  KEY `idx_servicetype_code` (`service_type_code`),
  KEY `idx_servicetype_createdby` (`created_by`),
  KEY `idx_servicetype_updatedby` (`updated_by`)
) ENGINE=InnoDB AUTO_INCREMENT=4 DEFAULT CHARSET=latin1;

--
-- Dumping data for table `ref_service_type`
--

INSERT INTO `ref_service_type` VALUES (1,'P&P','Pengurusan Tertinggi',2,2,'2021-01-13 13:38:37','2021-01-13 13:38:37',NULL),(2,'P&P','Pengurusan & Profesional',2,2,'2021-01-13 13:38:37','2021-01-13 13:38:37',NULL),(3,'Sokongan','Khidmat Sokongan',2,2,'2021-01-13 13:38:37','2021-01-13 13:38:37',NULL);

--
-- Table structure for table `ref_sub_allocation`
--

CREATE TABLE `ref_sub_allocation` (
  `sub_allocation_id` int(11) NOT NULL AUTO_INCREMENT,
  `allocation_id` int(11) NOT NULL,
  `allocation_code` varchar(50) DEFAULT NULL,
  `sub_allocation_code` varchar(50) DEFAULT NULL,
  `sub_allocation_desc` varchar(255) DEFAULT NULL,
  `has_budget` int(11) NOT NULL DEFAULT '0',
  `status` int(11) NOT NULL DEFAULT '1',
  `created_by` int(11) DEFAULT NULL,
  `updated_by` int(11) DEFAULT NULL,
  `created_at` timestamp NULL DEFAULT NULL,
  `updated_at` timestamp NOT NULL DEFAULT CURRENT_TIMESTAMP,
  `deleted_at` timestamp NULL DEFAULT NULL,
  PRIMARY KEY (`sub_allocation_id`),
  KEY `idx_refsuballocation_allocationid` (`allocation_id`),
  KEY `idx_refsuballocation_createdby` (`created_by`),
  KEY `idx_refsuballocation_updatedby` (`updated_by`),
  KEY `idx_refsuballocation_allocation` (`has_budget`),
  KEY `idx_refsuballocation_allocationcode` (`allocation_code`),
  KEY `idx_refsuballocation_suballocationcode` (`sub_allocation_code`),
  KEY `idx_refsuballocation_budget` (`has_budget`)
) ENGINE=InnoDB AUTO_INCREMENT=86 DEFAULT CHARSET=latin1;

--
-- Dumping data for table `ref_sub_allocation`
--

INSERT INTO `ref_sub_allocation` VALUES (1,2,'0005XX10-NPCX','KLEMS-TFP','Capital, Labor, Energy, Material And Services - Total Factor Productivity',1,1,2,2,'2020-10-14 02:28:42','2020-10-14 02:28:42',NULL),(2,2,'0007XX11-NPCX','MBR','Modern Business Regulation',1,1,2,2,'2020-10-14 02:28:42','2020-10-14 02:28:42',NULL),(3,2,'0008XX11-NPCX','NPDIR','Pelaksanaan NPDIR bagi Kerajaan Negeri dan Kerajaan Tempatan',1,1,2,2,'2020-10-14 02:28:42','2020-10-14 02:28:42',NULL),(4,2,'0006XX10-NPCX','EIIP','Enterprise Innovation Intervention Programmed',1,1,2,2,'2020-10-14 02:28:42','2020-10-14 02:28:42','2021-02-03 16:55:07'),(5,2,'0009XX11-NPCX','SPPE-MPB','Skim Peningkatan Produktiviti Entepris Selaras Dengan Malaysia Prod Blueprint',1,1,2,31,'2020-10-14 02:28:42','2021-11-06 07:29:03',NULL),(6,2,'0010XX11-NPCX','MPB-EEPN','Malaysia Productivity Blueprint - Electrical & Electronic',1,1,2,2,'2020-10-14 02:28:42','2020-10-14 02:28:42',NULL),(7,2,'0011XX11-NPCX','MPB-CCPPN','Malaysia Productivity Blueprint - Chemicals & Chemical Products',1,1,2,2,'2020-10-14 02:28:42','2020-10-14 02:28:42',NULL),(8,2,'0012XX11-NPCX','MPB-RFBPN','Malaysia Productivity Blueprint - Retail and F&B',1,1,2,2,'2020-10-14 02:28:42','2020-10-14 02:28:42',NULL),(9,2,'0013XX11-NPCX','MPB-TPN','Malaysia Productivity Blueprint - Tourism Productivity Nexus',1,1,2,2,'2020-10-14 02:28:42','2020-10-14 02:28:42',NULL),(10,2,'0014XX11-NPCX','MPB-AFPN','Malaysia Productivity Blueprint - Agrofood Productivity Nexus',1,1,2,2,'2020-10-14 02:28:42','2020-10-14 02:28:42',NULL),(11,2,'0015XX11-NPCX','MPB-MEPN','Malaysia Productivity Blueprint - Machinery & Equipment Productivity Nexus',1,1,2,2,'2020-10-14 02:28:42','2020-10-14 02:28:42',NULL),(12,2,'0016XX11-NPCX','MPB-PSPN','MALAYSIA PRODUCTIVITY BLUEPRINT - PROFESSIONAL SERVICES PRODUCTIVITY NEXUS',1,1,2,31,'2020-10-14 02:28:42','2020-10-14 02:35:29',NULL),(13,2,'0017XX11-NPCX','MPB-ICT','Malaysia Productivity Blueprint -ICT Productivity Nexus',1,1,2,2,'2020-10-14 02:28:42','2020-10-14 02:28:42',NULL),(14,2,'0018XX11-NPCX','MPB-PHPN','MALAYSIA PRODUCTIVITY BLUEPRINT - PRIVATE HEALTHCARE PRODUCTIVITY NEXUS',1,1,2,31,'2020-10-14 02:28:42','2020-10-14 02:36:14',NULL),(15,2,'0019XX11-NPCX','T5 - MPB','Membentuk Mekanisme Pelaksanaan Yang Padu Selaras Dengan MPB-DMO',1,1,2,2,'2020-10-14 02:28:42','2020-10-14 02:28:42',NULL),(16,2,'0020XX11-NPCX','PTPS','PROGRAM TRANSFORMASI PERATURAN SEDIA ADA',1,1,2,2,'2020-10-14 02:28:42','2020-10-14 02:28:42',NULL),(17,2,'0021XX11-NPCX','NTM','Memudahkan Peraturan Perniagaan Perdagangan Antarabangsa',1,1,2,2,'2020-10-14 02:28:42','2020-10-14 02:28:42',NULL),(18,2,'0023XX11-NPCX','PKP','Peningkatan Kualiti Peraturan',1,1,2,2,'2020-10-14 02:28:42','2020-10-14 02:28:42',NULL),(19,1,'M-NPC-SS20','Usahasama- MTCP/TCTP/JICA','MTCP/TCTP/JICA',1,1,2,2,'2020-10-14 02:28:42','2020-10-14 02:28:42',NULL),(20,1,'U60S0000-PP60','USAHASAMA- INDUSTRY 4.0 2020','PROGRAM-INDUSTRY 4WRD',1,1,2,31,'2020-10-14 02:28:42','2021-06-11 07:43:00',NULL),(21,1,'U70S0000-PP70','Usahasama- PPRN','Kajian Impak Pelaksanaan Inisiatif Public -Private Research Network (PPRN)',1,1,2,2,'2020-10-14 02:28:42','2020-10-14 02:28:42',NULL),(22,1,'U80S0000-PP80','Usahasama- HICoE','Kajian Impak Pelaksanaan Higher - Institutions Centre Of Excellence (HICOE)',1,1,2,2,'2020-10-14 02:28:42','2020-10-14 02:28:42',NULL),(23,1,'U90S0000-PP90','Usahasama- AKI','Anugerah Kecemerlangan Industri (AKI)',1,1,2,2,'2020-10-14 02:28:42','2020-10-14 02:28:42',NULL),(24,1,'M-NPC-SS20','Usahasama- PPV-MED','PPV-MED',1,1,2,2,'2020-10-14 02:28:42','2020-10-14 02:28:42',NULL),(25,1,'U11S0000-RP10','Usahasama- JPA','Kajian Pengukuran Produktiviti Perkhidmatan Awam (JPA)',1,1,2,2,'2020-10-14 02:28:42','2020-10-14 02:28:42',NULL),(26,1,'U12S0000-PP10','Usahasama- MEDAC 2020-LEAN','Kemudahan Latihan Prog Pembangunan Kapasiti Vendor 2019-2020',1,1,2,2,'2020-10-14 02:28:42','2020-10-14 02:28:42',NULL),(27,1,'U13S0000-RM10','Usahasama- HICoE (KEUSAHAWANAN)','Kajian Impak Perlaksanaan Prog Keusahawanan Institusi Pendidikan Tinggi',1,1,2,2,'2020-10-14 02:28:42','2020-10-14 02:28:42',NULL),(28,1,'M-NPC-SS20','Usahasama- DBKL','Kajian Pengukuran Prestasi (DBKL)',1,1,2,2,'2020-10-14 02:28:42','2020-10-14 02:28:42',NULL),(29,1,'U14S0000-LP10','Usahasama- MEDAC 2020-KAIZEN','Kemudahan Latihan Prog Pembangunan Kapasiti Vendor 2019-2020',1,1,2,2,'2020-10-14 02:28:42','2020-10-14 02:28:42',NULL),(30,1,'U15S0000-LP20','Usahasama- MEDAC 2020-I4.0','Kemudahan Latihan Prog Pembangunan Kapasiti Vendor 2019-2020',1,1,2,2,'2020-10-14 02:28:42','2020-10-14 02:28:42',NULL),(31,1,'K001N016-NPCX','Program Khas- NTEx','Konvensyen Team Excellence Kebangsaan',0,1,2,2,'2020-10-14 02:28:42','2020-10-14 02:28:42',NULL),(32,1,'K002N016-NPCX','Program Khas- RTEx (CRO)','Konvensyen Wilayah Tengah',0,1,2,2,'2020-10-14 02:28:42','2020-10-14 02:28:42',NULL),(33,1,'K003N016-NPCX','Program Khas- MTEx (CRO)','Mini Konvensyen Wilayah Tengah',0,1,2,2,'2020-10-14 02:28:42','2020-10-14 02:28:42',NULL),(34,1,'K004N016-WU0X','Program Khas- RTEx (NRO)','Konvensyen Team Excellence Wilayah Utara ',0,1,2,2,'2020-10-14 02:28:42','2020-10-14 02:28:42',NULL),(35,1,'K005N016-JB0X','Program Khas- RTEx (SRO)','Konvensyen Team Excellence Wilayah Selatan',0,1,2,2,'2020-10-14 02:28:42','2020-10-14 02:28:42',NULL),(36,1,'K015N016-KK0X','Program Khas- MTEx (SBO)','Mini Konvensyen Wilayah Sabah',0,1,2,2,'2020-10-14 02:28:42','2020-10-14 02:28:42',NULL),(37,1,'K006N016-PT0X','Program Khas- RTEx (ECR)','Konvensyen Team Excellence Wilayah P. Timur',0,1,2,2,'2020-10-14 02:28:42','2020-10-14 02:28:42',NULL),(38,1,'K007N016-KK0X','Program Khas- RTEx (SBO)','Konvensyen Team Excellence Sabah ',0,1,2,2,'2020-10-14 02:28:42','2020-10-14 02:28:42',NULL),(39,1,'K008N016-SW0X','Program Khas- RTEx (SKO)','Konvensyen Team Excellence Sarawak',0,1,2,2,'2020-10-14 02:28:42','2020-10-14 02:28:42',NULL),(40,1,'K011N016-JB0X','Program Khas- MTEx (SRO)','Mini Konvensyen Wilayah Selatan',0,1,2,2,'2020-10-14 02:28:42','2020-10-14 02:28:42',NULL),(41,1,'K012N016-PT0X','Program Khas- MTEx (ECR)','Mini Konvensyen Wilayah Pantai Timur',0,1,2,2,'2020-10-14 02:28:42','2020-10-14 02:28:42',NULL),(42,1,'K013N016-WU0X','Program Khas- MTEx (NRO)','Mini Konvensyen Wilayah Utara',0,1,2,2,'2020-10-14 02:28:42','2020-10-14 02:28:42',NULL),(43,1,'K014N016-SW0X','Program Khas- MTEx (SKO)','Mini Konvensyen Wilayah Sarawak',0,1,2,2,'2020-10-14 02:28:42','2020-10-14 02:28:42',NULL),(44,1,'K016N016-NPCX','Program Khas- PC','Productivity Conference',0,1,2,2,'2020-10-14 02:28:42','2020-10-14 02:28:42',NULL),(45,1,'K017N016-NPCX','Program Khas- APIC','Annual Productivity & Innovation Conference',0,1,2,2,'2020-10-14 02:28:42','2020-10-14 02:28:42',NULL),(46,1,'K018N016-NPCX','Program Khas- APQC','Asia Pacific Quality Conference',0,1,2,2,'2020-10-14 02:28:42','2020-10-14 02:28:42',NULL),(47,1,'S001N016-NPCX','ICQCC','International Convention on Quality Control Circles',0,1,2,2,'2020-10-14 02:28:42','2020-10-14 02:28:42',NULL),(48,1,'S003N009-NPCX','Seminar/Study Mission Luar Negara','Seminar/Study Mission Luar Negara',0,1,2,2,'2020-10-14 02:28:42','2020-10-14 02:28:42',NULL),(49,1,'S005N016-NPCX','IQPC','International Quality and Productivity Convention',0,1,2,2,'2020-10-14 02:28:42','2020-10-14 02:28:42',NULL),(50,1,'M-NPC-JB0','Mengurus-MPC SRO','Mengurus-MPC Wilayah Selatan',0,1,2,2,'2020-10-14 02:28:42','2020-10-14 02:28:42',NULL),(51,1,'M-NPC-WU0','Mengurus-MPC NRO','Mengurus-MPC Wilayah Utara',0,1,2,2,'2020-10-14 02:28:42','2020-10-14 02:28:42',NULL),(52,1,'M-NPC-SW0','Mengurus-MPC SKO','Mengurus-MPC Sarawak',0,1,2,2,'2020-10-14 02:28:42','2020-10-14 02:28:42',NULL),(53,1,'M-NPC-PT0','Mengurus-MPC ECR','Mengurus-MPC Wilayah Pantai Timur',0,1,2,2,'2020-10-14 02:28:42','2020-10-14 02:28:42',NULL),(54,1,'M-NPC-KK0','Mengurus-MPC SBO','Mengurus-MPC Sabah',0,1,2,2,'2020-10-14 02:28:42','2020-10-14 02:28:42',NULL),(55,1,'M-CR0-LP10','MENGURUS-PACS','MENGURUS-PACS',0,1,2,31,'2020-10-14 02:28:42','2021-04-06 06:17:40',NULL),(56,1,'M-NPC-KP01','MENGURUS-KP','MENGURUS - PEJABAT KETUA PENGARAH',0,1,2,31,'2020-10-14 02:28:42','2021-02-15 02:56:24',NULL),(57,1,'M-NPC-LB10','MENGURUS-OED','MENGURUS - OED',0,1,2,31,'2020-10-14 02:28:42','2021-02-15 02:46:43',NULL),(58,1,'M-NPC-UP30','MENGURUS-BTI','MENGURUS - INOVASI & TRANSFORMASI PERNIAGAAN',0,1,2,31,'2020-10-14 02:28:42','2021-02-15 02:55:35',NULL),(59,1,'M-NPC-RK10','MENGURUS-PCD','MENGURUS - PCD',0,1,2,182,'2020-10-14 02:28:42','2021-02-08 03:59:30',NULL),(60,1,'M-NPC-RM10','Mengurus-PCK','Mengurus-Pembangunan Prod & Daya Saing',0,1,2,2,'2020-10-14 02:28:42','2020-10-14 02:28:42','2021-02-14 18:45:27'),(61,1,'M-NPC-RP10','MENGURUS-PRODUCTIVITY GROWTH','MENGURUS - PRODUCTIVITY GROWTH',0,1,2,182,'2020-10-14 02:28:42','2021-02-08 03:59:00','2021-03-18 23:33:03'),(62,1,'M-NPC-SS10','Mengurus-MSF','Mengurus-Khidmat Pengurusan & Kewangan',0,1,2,2,'2020-10-14 02:28:42','2020-10-14 02:28:42',NULL),(63,1,'M-NPC-SS20','Mengurus-FIN','Mengurus-Unit Kewangan',0,1,2,2,'2020-10-14 02:28:42','2020-10-14 02:28:42',NULL),(64,1,'M-NPC-SS30','Mengurus-PCT','Mengurus-Unit Perolehan',0,1,2,2,'2020-10-14 02:28:42','2020-10-14 02:28:42',NULL),(65,1,'M-NPC-SS50','Mengurus-HRMD','Mengurus-Unit Pengurusan Sumber Manusia',0,1,2,2,'2020-10-14 02:28:42','2020-10-14 02:28:42',NULL),(66,1,'M-NPC-SS60','Mengurus-MIT','Mengurus-Unit Pengurusan Teknologi Maklumat',0,1,2,2,'2020-10-14 02:28:42','2020-10-14 02:28:42',NULL),(67,1,'M-NPC-TP02','MENGURUS-TKP PCD','MENGURUS-TKP PCD',0,1,2,31,'2020-10-14 02:28:42','2021-04-02 02:56:14',NULL),(68,1,'M-NPC-UP10','Mengurus-CSL/IA','Mengurus-Urusetia Perbadanan / Audit Dalam',0,1,2,2,'2020-10-14 02:28:42','2020-10-14 02:28:42',NULL),(69,1,'M-NPC-UP20','Mengurus-Unit Inovasi','Mengurus-Unit Inovasi',0,1,2,2,'2020-10-14 02:28:42','2020-10-14 02:28:42','2021-04-02 02:32:23'),(70,1,'M-NPC-UP20','MENGURUS-ITR','MENGURUS-UNIT PERHUBUNGAN ANTARABANGSA',0,1,2,31,'2020-10-14 02:28:42','2021-02-15 02:43:47',NULL),(71,2,'0022XX11-NPCX','SPN','SPN',1,1,298,31,'2020-10-15 03:18:06','2020-10-15 04:20:20',NULL),(72,2,'0032XX11-NPCX','BI','BEHAVIORAL INSIGHTS',1,1,31,31,'2020-10-15 08:25:26','2020-11-17 05:22:57',NULL),(73,2,'0002XXX7-NPCX','HRD','PEMBANGUNAN SUMBER MANUSIA',1,1,31,31,'2020-11-03 04:29:36','2020-11-03 04:29:36',NULL),(74,2,'0035XX12-NPCX','FORE','MEMBENTUK EKOSISTEM PERATURAN PERNIAGAAN YANG TEGUH',1,1,298,298,'2021-01-17 05:42:06','2021-01-17 05:58:50',NULL),(75,2,'0033XX12-NPCX','SPC 2.0','MELAKSANAKAN INISIATIF PUSAT PRODUKTIVITI PERINGKAT SEKTOR',1,1,298,298,'2021-01-17 07:20:38','2021-01-17 07:20:38',NULL),(76,2,'0034XX12-NPCX','TWIP','TRANSFORMASI UPAH KE ARAH PENINGKATAN PRODUKTIVITI DAN PAMPASAN PEKERJA',1,1,298,298,'2021-01-18 03:30:15','2021-01-18 03:30:15',NULL),(77,2,'0032XX12-NPCX','BI 2.0','PENERAPAN KAEDAH BEHAVIOURAL INSIGHTS (BI) DALAM POLISI AWAM DAN PERATURAN DI MALAYSIA',1,1,91,182,'2021-01-22 00:24:24','2021-02-04 01:59:58',NULL),(78,2,'0009XX12-NPCX','SPPE 2.0','SKIM PENINGKATAN PRODUKTIVITI ENTERPRISE 2.0',1,1,182,182,'2021-02-04 01:58:34','2021-02-04 01:59:46',NULL),(79,1,'M-NPC-RP10','MENGURUS-PG','MENGURUS - PRODUCTIVITY GROWTH',0,1,31,31,'2021-02-15 02:53:59','2021-02-15 02:53:59',NULL),(80,1,'M-NPC-UP10','MENGURUS-CSL/IA','MENGURUS-CSL/INTERNAL AUDIT',0,1,31,31,'2021-03-19 07:35:25','2021-03-19 07:35:25',NULL),(81,1,'M-NPC-PP10','MENGURUS-CPD','MENGURUS-CPD',0,1,31,31,'2021-03-22 08:00:54','2021-03-22 08:00:54',NULL),(82,1,'M-NPC-TP01','MENGURUS-TKP OED','MENGURUS-TKP OED',0,1,31,31,'2021-04-02 02:57:02','2021-04-02 02:57:02',NULL),(83,1,'M-NPC-SS20','USAHASAMA-APO','APO',1,1,31,31,'2021-05-05 08:58:03','2021-05-05 08:58:03',NULL),(84,1,'U60S0000-PP60','USAHASAMA- INDUSTRY 4.0 2021','PROGRAM-INDUSTRY 4WRD',1,1,31,31,'2021-06-11 07:44:00','2021-06-11 07:44:00',NULL),(85,1,'U22S0000-RP40','USAHASAMA- KWC0-19','KUMPULAN WANG COVID',1,1,31,31,'2021-09-24 03:55:44','2021-09-24 10:09:21',NULL);

--
-- Table structure for table `ref_supplier`
--

CREATE TABLE `ref_supplier` (
  `supplier_id` int(11) NOT NULL AUTO_INCREMENT,
  `supplier_code` varchar(50) NOT NULL,
  `supplier_name` varchar(100) NOT NULL,
  `supplier_regno` varchar(20) NOT NULL,
  `supplier_address_1` varchar(100) DEFAULT NULL,
  `supplier_address_2` varchar(100) DEFAULT NULL,
  `supplier_address_3` varchar(100) DEFAULT NULL,
  `supplier_postcode` char(5) DEFAULT NULL,
  `district_id` int(11) DEFAULT NULL,
  `state_id` int(11) DEFAULT NULL,
  `supplier_contact_person` varchar(100) DEFAULT NULL,
  `supplier_office_no` varchar(20) DEFAULT NULL,
  `supplier_mobile_no` varchar(20) DEFAULT NULL,
  `supplier_fax_no` varchar(20) DEFAULT NULL,
  `supplier_email` varchar(100) DEFAULT NULL,
  `supplier_account_no` varchar(50) DEFAULT NULL,
  `bank_id` int(11) DEFAULT NULL,
  `created_by` int(11) DEFAULT NULL,
  `created_at` timestamp NULL DEFAULT NULL,
  `updated_by` int(11) DEFAULT NULL,
  `updated_at` timestamp NOT NULL DEFAULT CURRENT_TIMESTAMP,
  `deleted_by` int(11) DEFAULT NULL,
  `deleted_at` timestamp NULL DEFAULT NULL,
  PRIMARY KEY (`supplier_id`)
) ENGINE=InnoDB DEFAULT CHARSET=latin1;

--
-- Dumping data for table `ref_supplier`
--


--
-- Table structure for table `ref_unit`
--

CREATE TABLE `ref_unit` (
  `unit_id` int(11) NOT NULL AUTO_INCREMENT,
  `unit_desc` varchar(200) NOT NULL,
  `purpose` int(11) NOT NULL COMMENT '1-perkhidmatan',
  `is_active` char(1) NOT NULL DEFAULT '1',
  `created_by` int(11) NOT NULL,
  `updated_by` int(11) NOT NULL,
  `created_at` timestamp NULL DEFAULT NULL,
  `updated_at` timestamp NULL DEFAULT CURRENT_TIMESTAMP,
  `deleted_at` timestamp NULL DEFAULT NULL,
  PRIMARY KEY (`unit_id`)
) ENGINE=InnoDB AUTO_INCREMENT=13 DEFAULT CHARSET=latin1;

--
-- Dumping data for table `ref_unit`
--

INSERT INTO `ref_unit` VALUES (1,'JAM',1,'1',2,2,'2021-06-20 14:45:25','2021-06-20 14:45:25',NULL),(2,'HARI',1,'1',2,2,'2021-06-20 14:45:25','2021-06-20 14:45:28',NULL),(3,'KM',1,'1',2,2,'2021-06-20 14:45:25','2021-06-20 14:46:06','2021-06-20 18:27:21'),(4,'MUKASURAT',1,'1',2,2,'2021-06-20 14:45:25','2021-06-20 14:46:40',NULL),(5,'ARTIKAL',1,'1',2,2,'2021-06-20 14:45:25','2021-06-20 14:51:25',NULL),(6,'LAPORAN',1,'1',2,2,'2021-06-20 14:45:25','2021-06-20 14:52:27',NULL),(7,'MESYUARAT',1,'1',2,2,'2021-06-20 14:45:25','2021-06-20 14:52:37',NULL),(8,'AKTIVITI',1,'1',2,2,'2021-06-20 14:45:25','2021-06-20 14:53:37',NULL),(9,'ARTIKAL/LAPORAN',1,'1',2,2,'2021-06-20 14:45:25','2021-06-20 14:53:37',NULL),(10,'MESYUARAT/AKTIVITI',1,'1',2,2,'2021-06-20 18:33:50','2021-06-20 18:33:50',NULL),(11,'SESI',1,'1',2,2,'2021-06-20 18:38:52','2021-06-20 18:38:52',NULL),(12,'KERTAS',1,'1',2,2,'2021-06-20 18:42:04','2021-06-20 18:42:04',NULL);

--
-- Table structure for table `ref_unit_bahagian`
--

CREATE TABLE `ref_unit_bahagian` (
  `unit_bahagian_id` int(11) NOT NULL AUTO_INCREMENT,
  `parent_id` int(11) DEFAULT NULL,
  `unit_bahagian_desc` varchar(100) NOT NULL,
  `is_cawangan` int(11) NOT NULL DEFAULT '0',
  `prefix_running_no` varchar(20) DEFAULT NULL,
  `running_no` int(11) NOT NULL DEFAULT '0',
  `address_1` varchar(100) DEFAULT NULL,
  `address_2` varchar(100) DEFAULT NULL,
  `address_3` varchar(100) DEFAULT NULL,
  `postcode` char(5) DEFAULT NULL,
  `district_id` int(11) DEFAULT NULL,
  `state_id` int(11) DEFAULT NULL,
  `contact_no` varchar(20) DEFAULT NULL,
  `fax_no` varchar(20) DEFAULT NULL,
  `email` varchar(50) DEFAULT NULL,
  `account_no` varchar(20) DEFAULT NULL,
  `bank_id` int(11) DEFAULT NULL,
  `created_by` int(11) DEFAULT NULL,
  `updated_by` int(11) DEFAULT NULL,
  `created_at` timestamp NULL DEFAULT NULL,
  `updated_at` timestamp NOT NULL DEFAULT CURRENT_TIMESTAMP,
  `deleted_at` timestamp NULL DEFAULT NULL,
  PRIMARY KEY (`unit_bahagian_id`)
) ENGINE=InnoDB AUTO_INCREMENT=13 DEFAULT CHARSET=latin1;

--
-- Dumping data for table `ref_unit_bahagian`
--

INSERT INTO `ref_unit_bahagian` VALUES (0,NULL,'HQ',0,NULL,0,NULL,NULL,NULL,NULL,NULL,NULL,NULL,NULL,NULL,NULL,NULL,2,2,'2019-03-29 12:32:26','2019-03-29 12:32:28',NULL),(1,0,'CPD',0,NULL,5,NULL,NULL,NULL,NULL,NULL,NULL,NULL,NULL,NULL,NULL,NULL,2,2,'2019-03-28 17:14:07','2019-03-28 17:14:07',NULL),(2,0,'PACS',1,NULL,21,NULL,NULL,NULL,NULL,NULL,NULL,NULL,NULL,NULL,NULL,NULL,2,2,'2019-03-28 17:14:07','2020-10-15 08:55:30',NULL),(3,0,'DGO',0,NULL,2,NULL,NULL,NULL,NULL,NULL,NULL,NULL,NULL,NULL,NULL,NULL,2,2,'2019-03-28 17:14:07','2019-03-28 17:14:07',NULL),(4,0,'DMO',1,'',68,NULL,NULL,NULL,NULL,NULL,NULL,NULL,NULL,NULL,NULL,NULL,2,2,'2019-03-28 17:14:07','2021-01-05 07:11:26',NULL),(5,0,'MSF',0,NULL,4,NULL,NULL,NULL,NULL,NULL,NULL,NULL,NULL,NULL,NULL,NULL,2,2,'2019-03-28 17:14:07','2019-03-28 17:14:07',NULL),(6,0,'PCD',0,NULL,131,NULL,NULL,NULL,NULL,NULL,NULL,NULL,NULL,NULL,NULL,NULL,2,2,'2019-03-28 17:14:07','2019-03-28 17:14:07',NULL),(7,0,'OED',1,NULL,3,NULL,NULL,NULL,NULL,NULL,NULL,NULL,NULL,NULL,NULL,NULL,2,2,'2019-03-28 17:14:07','2020-10-14 01:48:11',NULL),(8,7,'ECR',1,'K-PT0',3,NULL,NULL,NULL,NULL,NULL,NULL,NULL,NULL,NULL,NULL,NULL,2,2,'2019-03-28 17:14:07','2021-01-05 07:12:35',NULL),(9,7,'NRO',1,'K-WU0',5,NULL,NULL,NULL,NULL,NULL,NULL,NULL,NULL,NULL,NULL,NULL,2,2,'2019-03-28 17:14:07','2019-03-28 17:14:07',NULL),(10,7,'SBO',1,'K-KK0',7,NULL,NULL,NULL,NULL,NULL,NULL,NULL,NULL,NULL,NULL,NULL,2,2,'2019-03-28 17:14:07','2019-03-28 17:14:07',NULL),(11,7,'SKO',1,'K-SW0',13,NULL,NULL,NULL,NULL,NULL,NULL,NULL,NULL,NULL,NULL,NULL,2,2,'2019-03-28 17:14:07','2019-03-28 17:14:07',NULL),(12,7,'SRO',1,'K-JB0',11,NULL,NULL,NULL,NULL,NULL,NULL,NULL,NULL,NULL,NULL,NULL,2,2,'2019-03-28 17:14:07','2019-03-28 17:14:07',NULL);

--
-- Table structure for table `role_has_permissions`
--

CREATE TABLE `role_has_permissions` (
  `permission_id` int(10) unsigned NOT NULL,
  `role_id` int(10) unsigned NOT NULL,
  PRIMARY KEY (`permission_id`,`role_id`),
  KEY `role_has_permissions_role_id_foreign` (`role_id`),
  CONSTRAINT `role_has_permissions_permission_id_foreign` FOREIGN KEY (`permission_id`) REFERENCES `permissions` (`id`) ON DELETE CASCADE,
  CONSTRAINT `role_has_permissions_role_id_foreign` FOREIGN KEY (`role_id`) REFERENCES `roles` (`id`) ON DELETE CASCADE
) ENGINE=InnoDB DEFAULT CHARSET=utf8 COLLATE=utf8_unicode_ci ROW_FORMAT=DYNAMIC COMMENT='ACL related';

--
-- Dumping data for table `role_has_permissions`
--

INSERT INTO `role_has_permissions` VALUES (13,1),(13,2),(13,4),(13,5),(13,6),(13,7),(13,8),(13,12),(13,16),(13,17),(13,18),(13,19),(13,20),(13,21),(13,22),(14,1),(14,2),(14,19),(15,1),(15,2),(15,19),(16,1),(16,2),(16,4),(16,5),(16,6),(16,7),(16,8),(16,12),(16,16),(16,17),(16,18),(16,19),(16,20),(16,21),(16,22),(17,1),(18,1),(19,1),(20,1),(21,1),(22,1),(22,2),(22,19),(29,1),(29,2),(29,19),(30,1),(30,2),(30,19),(101,1),(101,2),(101,12),(101,19),(101,20),(104,1),(104,2),(104,19),(108,2),(108,7),(108,8),(108,12),(108,16),(108,17),(108,18),(108,19),(108,20),(110,1),(110,2),(110,4),(110,5),(110,6),(110,16),(110,17),(110,19),(110,21),(110,22),(121,1),(121,2),(121,19),(123,1),(123,2),(123,12),(123,19),(124,1),(124,2),(124,19),(128,1),(128,2),(128,19),(129,4),(129,5),(129,6),(129,7),(129,8),(129,12),(129,16),(129,17),(129,18),(129,20),(129,21),(129,22),(130,2),(130,4),(130,5),(130,6),(130,7),(130,8),(130,12),(130,16),(130,17),(130,18),(130,19),(130,20),(130,21),(130,22),(131,21),(131,22),(132,2),(132,4),(132,7),(132,12),(132,16),(132,17),(132,18),(132,19),(132,20),(132,21),(132,22),(134,1),(134,2),(134,4),(134,5),(134,6),(134,16),(134,17),(134,19),(134,21),(134,22),(138,1),(138,2),(138,16),(138,17),(138,18),(138,19),(140,5),(141,6),(150,1),(150,2),(150,4),(150,5),(150,6),(150,12),(150,16),(150,17),(150,18),(150,19),(150,21),(150,22),(156,1),(156,2),(156,19),(157,1),(157,2),(157,12),(157,19),(162,1),(162,2),(162,12),(162,19),(162,20),(163,1),(163,2),(163,12),(163,19),(163,20),(166,1),(166,2),(166,19),(169,1),(169,2),(170,1),(170,2),(170,16),(170,17),(170,18),(170,19),(171,1),(171,2),(171,16),(171,17),(171,18),(171,19),(172,1),(172,2),(172,12),(172,19),(173,1),(173,2),(173,12),(173,19),(174,4),(174,16),(174,17),(174,22),(175,18),(176,1),(176,2),(176,19),(177,1),(177,2),(177,19),(178,1),(178,4),(178,5),(178,6),(178,21),(178,22),(179,2),(179,7),(179,8),(179,12),(179,16),(179,17),(179,18),(179,19),(179,20),(180,1),(180,2),(180,4),(180,5),(180,6),(180,16),(180,17),(180,19),(180,21),(180,22),(181,1),(181,2),(181,19),(181,20),(182,4),(182,22),(183,1),(183,2),(183,4),(183,5),(183,6),(183,12),(183,16),(183,17),(183,18),(183,19),(183,20),(183,21),(183,22),(184,2),(184,12),(184,19),(185,1),(185,2),(185,20);

--
-- Table structure for table `roles`
--

CREATE TABLE `roles` (
  `id` int(10) unsigned NOT NULL AUTO_INCREMENT,
  `name` varchar(255) COLLATE utf8_unicode_ci NOT NULL,
  `description` longtext COLLATE utf8_unicode_ci,
  `is_bigamount_approver` int(1) NOT NULL DEFAULT '0',
  `sort` int(1) NOT NULL DEFAULT '11',
  `created_at` timestamp NULL DEFAULT NULL,
  `updated_at` timestamp NULL DEFAULT NULL,
  `deleted_at` timestamp NULL DEFAULT NULL,
  PRIMARY KEY (`id`),
  UNIQUE KEY `roles_name_unique` (`name`)
) ENGINE=InnoDB AUTO_INCREMENT=23 DEFAULT CHARSET=utf8 COLLATE=utf8_unicode_ci ROW_FORMAT=DYNAMIC COMMENT='ACL related';

--
-- Dumping data for table `roles`
--

INSERT INTO `roles` VALUES (1,'superadmin','Super System Administrator',0,1,'2018-04-03 13:56:05','2018-04-03 13:56:05',NULL),(2,'admin','Pentadbir Sistem',0,2,'2018-04-03 13:56:55','2018-04-03 13:56:55',NULL),(4,'deptdirector','Pengarah Bahagian',0,5,'2021-10-26 09:55:22','2021-10-26 09:55:26',NULL),(5,'vicedirector','Timbalan Ketua Pengarah',0,14,'2021-10-26 09:55:24','2021-10-26 09:55:26',NULL),(6,'director','Ketua Pengarah',0,15,'2021-10-26 09:55:26','2021-10-26 09:55:26',NULL),(7,'approver','Penyelia',0,4,'2019-03-21 06:20:14','2019-03-21 06:20:14',NULL),(8,'officer','Pegawai',0,3,'2019-03-21 06:20:14','2019-03-21 06:20:14',NULL),(12,'asset','Pegawai Aset',0,8,'2021-10-26 09:52:47','2021-10-26 09:52:49',NULL),(16,'accountant','Ketua Akauntan',0,9,'2021-10-26 10:31:53','2021-10-26 10:31:53',NULL),(17,'budget','Pemilik Bajet',0,10,'2021-10-26 10:31:53','2021-10-26 10:31:53',NULL),(18,'pct','Ketua Perolehan (PCT)',0,11,'2021-10-26 10:31:53','2021-10-26 10:31:53',NULL),(19,'secretariat','Urusetia',0,6,'2021-10-26 10:31:53','2021-10-26 10:31:53',NULL),(20,'bti','BTI',0,7,'2021-10-26 10:31:53','2021-10-26 10:31:53',NULL),(21,'bom','Pengarah BOM',0,12,'2021-12-28 14:31:54','2021-12-28 14:31:57',NULL),(22,'deptdirectbom','Pengarah & Pengarah BOM',0,13,'2021-12-28 16:46:04','2021-12-28 16:46:06',NULL);

--
-- Table structure for table `scripts`
--

CREATE TABLE `scripts` (
  `content` text
) ENGINE=InnoDB DEFAULT CHARSET=latin1;

--
-- Dumping data for table `scripts`
--

INSERT INTO `scripts` VALUES ('w');

--
-- Table structure for table `upload`
--

CREATE TABLE `upload` (
  `upload_id` int(11) NOT NULL AUTO_INCREMENT,
  `upload_model` varchar(50) DEFAULT NULL COMMENT '1-fromcomplaint,2-fromemergency',
  `upload_model_id` int(11) DEFAULT NULL,
  `upload_desc` varchar(255) DEFAULT NULL,
  `upload_path` varchar(50) NOT NULL,
  `upload_filename` varchar(200) NOT NULL,
  `upload_type` char(2) DEFAULT NULL,
  `upload_imagetype` varchar(20) DEFAULT NULL COMMENT 'thumbnail, feature, original',
  `upload_model_runningno` int(11) DEFAULT NULL,
  `upload_imageid` longtext COMMENT 'this will be used during delete action. this id generate based on encrypt filename',
  `upload_file_date` date DEFAULT NULL,
  `created_by` int(11) NOT NULL,
  `updated_by` int(11) DEFAULT NULL,
  `created_at` timestamp NULL DEFAULT NULL,
  `updated_at` timestamp NOT NULL DEFAULT CURRENT_TIMESTAMP,
  `deleted_at` timestamp NULL DEFAULT NULL,
  PRIMARY KEY (`upload_id`),
  KEY `idx_upload_upload_model` (`upload_model`),
  KEY `idx_upload_upload_model_id` (`upload_model_id`),
  KEY `idx_upload_upload_type` (`upload_type`),
  KEY `idx_upload_createdby` (`created_by`),
  KEY `idx_upload_updatedby` (`updated_by`)
) ENGINE=InnoDB AUTO_INCREMENT=5 DEFAULT CHARSET=latin1;

--
-- Dumping data for table `upload`
--

INSERT INTO `upload` VALUES (1,'PermohonanModel',2,'Kertas Cadangan','/uploads/permohonan/2/sokongan/','sokongan_20220110031248_2_1.docx','1',NULL,NULL,NULL,NULL,15,NULL,'2022-01-10 03:12:48','2022-01-10 03:12:48',NULL),(2,'PermohonanModel',2,'Surat Setuju Kursus Permintaan','/uploads/permohonan/2/sokongan/','sokongan_20220110031248_2_2.pdf','1',NULL,NULL,NULL,NULL,15,NULL,'2022-01-10 03:12:48','2022-01-10 03:12:48',NULL),(3,'PermohonanModel',2,'Email Komunikasi','/uploads/permohonan/2/sokongan/','sokongan_20220110031248_2_3.pdf','1',NULL,NULL,NULL,NULL,15,NULL,'2022-01-10 03:12:48','2022-01-10 03:12:48',NULL),(4,'PermohonanModel',6,'KPDRM-MIGRATIONREPORT-1.0','/uploads/permohonan/6/sokongan/','sokongan_20220117101533_6_1.pdf','1',NULL,NULL,NULL,NULL,6,NULL,'2022-01-17 10:15:33','2022-01-17 10:15:33',NULL);

--
-- Table structure for table `user_has_permissions`
--

CREATE TABLE `user_has_permissions` (
  `user_id` int(10) unsigned NOT NULL,
  `permission_id` int(10) unsigned NOT NULL,
  PRIMARY KEY (`user_id`,`permission_id`),
  KEY `user_has_permissions_permission_id_foreign` (`permission_id`),
  CONSTRAINT `user_has_permissions_permission_id_foreign` FOREIGN KEY (`permission_id`) REFERENCES `permissions` (`id`) ON DELETE CASCADE,
  CONSTRAINT `user_has_permissions_user_id_foreign` FOREIGN KEY (`user_id`) REFERENCES `users` (`id`) ON DELETE CASCADE
) ENGINE=InnoDB DEFAULT CHARSET=utf8 COLLATE=utf8_unicode_ci ROW_FORMAT=DYNAMIC COMMENT='ACL related';

--
-- Dumping data for table `user_has_permissions`
--


--
-- Table structure for table `user_has_roles`
--

CREATE TABLE `user_has_roles` (
  `role_id` int(10) unsigned NOT NULL,
  `user_id` int(10) unsigned NOT NULL,
  PRIMARY KEY (`role_id`,`user_id`),
  KEY `user_has_roles_user_id_foreign` (`user_id`),
  CONSTRAINT `user_has_roles_role_id_foreign` FOREIGN KEY (`role_id`) REFERENCES `roles` (`id`) ON DELETE CASCADE,
  CONSTRAINT `user_has_roles_user_id_foreign` FOREIGN KEY (`user_id`) REFERENCES `users` (`id`) ON DELETE CASCADE
) ENGINE=InnoDB DEFAULT CHARSET=utf8 COLLATE=utf8_unicode_ci ROW_FORMAT=DYNAMIC COMMENT='ACL related';

--
-- Dumping data for table `user_has_roles`
--

INSERT INTO `user_has_roles` VALUES (1,1),(2,1),(2,2),(2,31),(2,182),(2,355),(2,356),(4,99),(4,108),(4,110),(4,112),(4,120),(4,143),(4,183),(4,184),(4,252),(4,263),(4,264),(4,297),(4,303),(4,308),(5,304),(5,307),(6,9),(7,36),(7,49),(7,66),(7,79),(7,124),(7,141),(7,216),(7,255),(7,270),(7,284),(7,285),(7,288),(7,295),(7,314),(8,3),(8,4),(8,5),(8,6),(8,7),(8,8),(8,10),(8,11),(8,12),(8,13),(8,14),(8,15),(8,16),(8,17),(8,18),(8,20),(8,22),(8,23),(8,24),(8,25),(8,26),(8,27),(8,28),(8,29),(8,30),(8,32),(8,34),(8,37),(8,38),(8,40),(8,41),(8,42),(8,43),(8,44),(8,45),(8,46),(8,47),(8,48),(8,51),(8,53),(8,54),(8,55),(8,56),(8,57),(8,58),(8,59),(8,60),(8,61),(8,62),(8,63),(8,65),(8,68),(8,69),(8,70),(8,71),(8,72),(8,73),(8,74),(8,75),(8,76),(8,77),(8,80),(8,81),(8,82),(8,83),(8,84),(8,85),(8,86),(8,87),(8,88),(8,89),(8,90),(8,92),(8,93),(8,95),(8,96),(8,97),(8,98),(8,100),(8,101),(8,103),(8,104),(8,105),(8,106),(8,107),(8,109),(8,111),(8,113),(8,114),(8,115),(8,116),(8,117),(8,118),(8,119),(8,121),(8,122),(8,123),(8,125),(8,126),(8,128),(8,130),(8,132),(8,133),(8,134),(8,135),(8,136),(8,137),(8,138),(8,139),(8,140),(8,142),(8,144),(8,145),(8,146),(8,147),(8,148),(8,149),(8,150),(8,151),(8,152),(8,153),(8,154),(8,155),(8,156),(8,157),(8,158),(8,159),(8,160),(8,161),(8,162),(8,163),(8,164),(8,166),(8,167),(8,168),(8,170),(8,172),(8,173),(8,174),(8,175),(8,176),(8,177),(8,179),(8,180),(8,181),(8,185),(8,186),(8,187),(8,188),(8,190),(8,191),(8,192),(8,193),(8,194),(8,195),(8,196),(8,197),(8,198),(8,199),(8,200),(8,202),(8,203),(8,204),(8,206),(8,207),(8,208),(8,209),(8,210),(8,211),(8,212),(8,213),(8,214),(8,215),(8,217),(8,218),(8,219),(8,220),(8,221),(8,222),(8,223),(8,224),(8,225),(8,226),(8,227),(8,228),(8,229),(8,230),(8,231),(8,232),(8,233),(8,234),(8,236),(8,237),(8,238),(8,239),(8,240),(8,241),(8,243),(8,246),(8,247),(8,249),(8,250),(8,253),(8,254),(8,256),(8,257),(8,258),(8,259),(8,260),(8,261),(8,262),(8,265),(8,266),(8,267),(8,268),(8,269),(8,271),(8,272),(8,274),(8,275),(8,278),(8,280),(8,282),(8,283),(8,286),(8,287),(8,289),(8,290),(8,291),(8,292),(8,293),(8,294),(8,296),(8,298),(8,300),(8,301),(8,302),(8,305),(8,306),(8,309),(8,310),(8,311),(8,313),(8,317),(8,318),(8,319),(8,320),(8,321),(8,322),(8,323),(8,324),(8,325),(8,326),(8,327),(8,328),(8,329),(8,330),(8,331),(8,332),(8,333),(8,334),(8,335),(8,336),(8,337),(8,338),(8,339),(8,341),(8,342),(8,343),(8,344),(8,345),(8,346),(8,348),(8,349),(8,350),(8,351),(8,354),(8,359),(8,367),(8,370),(8,371),(8,372),(8,373),(8,374),(8,375),(8,376),(8,377),(8,378),(8,379),(8,380),(8,381),(8,382),(8,383),(8,384),(8,385),(8,386),(8,387),(8,388),(8,390),(8,391),(8,985),(8,986),(8,987),(8,988),(8,989),(8,1176),(8,1177),(8,1178),(8,1179),(8,1180),(8,1181),(8,1182),(8,1183),(8,1184),(8,1185),(8,1186),(8,1187),(8,1188),(8,1189),(8,1190),(8,1191),(8,1192),(8,1193),(8,1194),(12,19),(17,21),(17,50),(17,52),(17,64),(17,67),(17,169),(17,171),(17,201),(17,235),(17,245),(17,273),(17,276),(17,277),(17,279),(17,299),(17,312),(17,315),(17,340),(17,389),(18,91),(18,127),(19,178),(19,251),(19,281),(20,244),(20,316),(20,392),(22,131);

--
-- Table structure for table `users_company`
--

CREATE TABLE `users_company` (
  `users_company_id` bigint(20) NOT NULL AUTO_INCREMENT,
  `user_company_id` int(11) NOT NULL COMMENT 'user_id - user_type-3',
  `user_id` int(11) NOT NULL,
  `active_status` int(11) NOT NULL DEFAULT '1',
  `created_at` timestamp NULL DEFAULT NULL,
  `updated_at` timestamp NOT NULL DEFAULT CURRENT_TIMESTAMP,
  `deleted_at` timestamp NULL DEFAULT NULL,
  PRIMARY KEY (`users_company_id`),
  KEY `idx_usercompany_companyid` (`user_company_id`),
  KEY `idx_usercompany_userid` (`user_id`)
) ENGINE=InnoDB DEFAULT CHARSET=latin1;

--
-- Dumping data for table `users_company`
--


--
-- Table structure for table `users_detail`
--

CREATE TABLE `users_detail` (
  `users_detail_id` int(11) NOT NULL AUTO_INCREMENT,
  `user_id` int(11) NOT NULL,
  `user_type` int(11) NOT NULL DEFAULT '1' COMMENT '1-mpcuser,2-pembekal individu,3-pembekal syarikat',
  `salutation_id` int(11) DEFAULT NULL,
  `gender_id` int(11) DEFAULT '1',
  `users_detail_name` varchar(100) DEFAULT NULL COMMENT 'individual,companyname',
  `users_detail_staffno` varchar(20) DEFAULT NULL,
  `users_detail_fileno` varchar(20) DEFAULT NULL COMMENT 'enrich no',
  `users_detail_idno` varchar(50) DEFAULT NULL COMMENT 'icno,companyno',
  `users_detail_passport` varchar(20) DEFAULT NULL,
  `users_detail_address1` varchar(100) DEFAULT NULL,
  `users_detail_address2` varchar(100) DEFAULT NULL,
  `users_detail_address3` varchar(100) DEFAULT NULL,
  `users_detail_postcode` char(5) DEFAULT NULL,
  `district_id` int(11) DEFAULT NULL,
  `state_id` int(11) DEFAULT NULL,
  `users_detail_mobileno` varchar(12) DEFAULT NULL,
  `users_detail_homeno` varchar(12) DEFAULT NULL,
  `users_detail_workno` varchar(12) DEFAULT NULL,
  `users_detail_email` varchar(100) DEFAULT NULL,
  `users_detail_isinternal` char(1) NOT NULL DEFAULT '0',
  `cawangan_id` int(11) DEFAULT NULL,
  `unit_bahagian_id` int(11) DEFAULT NULL,
  `jawatan_id` int(11) DEFAULT NULL,
  `gred_id` int(11) DEFAULT NULL,
  `service_group_id` int(11) DEFAULT NULL,
  `manager_id` int(11) DEFAULT NULL COMMENT 'user_id',
  `director_id` int(11) DEFAULT NULL COMMENT 'user_id',
  `race_id` int(11) DEFAULT '1',
  `religion_id` int(11) DEFAULT '1',
  `is_government` int(11) DEFAULT '0' COMMENT 'for supplier purpose',
  `company_owner` varchar(200) DEFAULT NULL,
  `registration_no_mpc` varchar(100) DEFAULT NULL,
  `mpc_register_startdate` date DEFAULT NULL,
  `mpc_register_enddate` date DEFAULT NULL,
  `registration_no_mof` varchar(100) DEFAULT NULL,
  `mof_enddate` date DEFAULT NULL,
  `akademik_id` int(11) DEFAULT NULL,
  `bank_owner_name` varchar(200) DEFAULT NULL,
  `bank_id` int(11) DEFAULT NULL,
  `bank_accountno` varchar(50) DEFAULT NULL,
  `salary_amount` decimal(10,2) DEFAULT NULL,
  `allow_rotation` int(11) NOT NULL DEFAULT '0',
  `pct_main` int(11) NOT NULL DEFAULT '0' COMMENT 'penguruskanan pct',
  `not_response` int(11) NOT NULL DEFAULT '0',
  `choose_as_supplier` int(11) NOT NULL DEFAULT '0',
  `created_at` timestamp NULL DEFAULT NULL,
  `updated_at` timestamp NOT NULL DEFAULT CURRENT_TIMESTAMP,
  `deleted_at` timestamp NULL DEFAULT NULL,
  PRIMARY KEY (`users_detail_id`),
  KEY `idx_userdetail_user_id` (`user_id`),
  KEY `idx_userdetail_unit_bahagian_id` (`unit_bahagian_id`),
  KEY `idx_userdetail_jawatan_id` (`jawatan_id`),
  KEY `idx_userdetail_gred_id` (`gred_id`),
  KEY `idx_userdetail_manager_id` (`manager_id`),
  KEY `idx_userdetail_stateid` (`state_id`),
  KEY `idx_userdetail_districtid` (`district_id`),
  KEY `idx_userdetail_staffno` (`users_detail_staffno`),
  KEY `idx_userdetail_religionid` (`religion_id`),
  KEY `idx_userdetail_bankid` (`bank_id`),
  KEY `idx_userdetail_raceid` (`race_id`),
  KEY `idx_userdetail_usertype` (`user_type`),
  KEY `idx_userdetail_akademikid` (`akademik_id`),
  KEY `idx_userdetail_mpcregister` (`registration_no_mpc`),
  KEY `idx_userdetail_mofregister` (`registration_no_mof`),
  KEY `idx_userdetail_isgov` (`is_government`),
  KEY `idx_userdetail_idno` (`users_detail_idno`),
  KEY `idx_userdetail_servicegroup` (`service_group_id`),
  KEY `idx_userdetail_directorid` (`director_id`)
) ENGINE=InnoDB AUTO_INCREMENT=1356 DEFAULT CHARSET=latin1;

--
-- Dumping data for table `users_detail`
--

INSERT INTO `users_detail` VALUES (3,3,1,1,1,'AB. RAZAK SALLEH','2112',NULL,'620310035231',NULL,NULL,NULL,NULL,NULL,NULL,NULL,'0122218385',NULL,NULL,'razaksalleh@mpc.gov.my','0',NULL,5,23,12,NULL,131,131,1,1,0,NULL,NULL,NULL,NULL,NULL,NULL,NULL,NULL,NULL,NULL,NULL,0,0,0,0,'2021-06-25 05:03:24','2022-01-06 13:48:43',NULL),(4,4,1,1,1,'ABANG NURFADLI ABANG YUSUF','1602','','881113136047','','','','',NULL,NULL,NULL,NULL,NULL,NULL,'nurfadli@mpc.gov.my','0',NULL,11,27,3,NULL,264,NULL,1,1,0,NULL,NULL,NULL,NULL,NULL,NULL,NULL,NULL,NULL,NULL,NULL,0,0,0,0,'2021-10-26 07:55:09','2021-10-26 07:55:09',NULL),(5,5,1,1,1,'ABDOLLAH TALIB','2113','','641129055193','','','','',NULL,NULL,NULL,NULL,NULL,NULL,'dollah@mpc.gov.my','0',NULL,3,14,21,NULL,39,NULL,1,1,0,NULL,NULL,NULL,NULL,NULL,NULL,NULL,NULL,NULL,NULL,NULL,0,0,0,0,'2020-07-22 16:55:54','2020-07-22 16:55:54',NULL),(6,6,1,1,1,'ABDUL HADI ISHAK','2971',NULL,'810825045057',NULL,NULL,NULL,NULL,NULL,NULL,NULL,NULL,NULL,NULL,'hadi@mpc.gov.my','0',NULL,5,15,19,NULL,131,131,1,1,0,NULL,NULL,NULL,NULL,NULL,NULL,NULL,NULL,NULL,NULL,NULL,0,0,0,0,'2021-06-25 05:03:46','2022-01-06 13:48:46',NULL),(7,7,1,1,1,'ABDUL HAKIM BIN MOHAMAD SHARIF','3043',NULL,'840515145893',NULL,NULL,NULL,NULL,NULL,NULL,NULL,NULL,NULL,NULL,'hakim@mpc.gov.my','0',NULL,5,8,9,NULL,131,131,1,1,0,NULL,NULL,NULL,NULL,NULL,NULL,NULL,NULL,NULL,NULL,NULL,0,0,0,0,'2021-06-28 04:32:48','2022-01-06 13:48:47',NULL),(8,8,1,1,1,'ABDUL KARIM ABDUL HALIM','2970',NULL,'810328145225',NULL,NULL,NULL,NULL,NULL,NULL,NULL,NULL,NULL,NULL,'karim@mpc.gov.my','0',NULL,5,10,16,NULL,131,131,1,1,0,NULL,NULL,NULL,NULL,NULL,NULL,NULL,NULL,NULL,NULL,NULL,0,0,0,0,'2021-06-25 08:26:38','2022-01-06 13:48:48',NULL),(9,9,1,1,1,'DATO\' ABDUL LATIF BIN HAJI ABU SEMAN','1179','069136863','610529065073','A38040968',NULL,NULL,NULL,NULL,NULL,NULL,'0192817473',NULL,NULL,'abdullatif@mpc.gov.my','0',NULL,3,5,14,NULL,NULL,NULL,1,1,0,NULL,NULL,NULL,NULL,NULL,NULL,NULL,NULL,NULL,NULL,NULL,0,0,0,0,'2021-10-29 05:59:29','2022-01-06 13:48:49',NULL),(10,10,1,1,1,'ABDUL LATIF HUSSEIN','2061','','600723135435','','','','',NULL,NULL,NULL,NULL,NULL,NULL,'abdullatifh@mpc.gov.my','0',NULL,11,23,12,NULL,36,NULL,1,1,0,NULL,NULL,NULL,NULL,NULL,NULL,NULL,NULL,NULL,NULL,NULL,0,0,0,0,'2019-09-10 13:19:34','2019-09-10 13:19:34',NULL),(11,11,1,1,1,'ABDUL MALEK MOHAMAD ARIPIN','1407',NULL,'690206045185',NULL,NULL,NULL,NULL,NULL,NULL,NULL,'0193589844',NULL,NULL,'malek@mpc.gov.my','0',NULL,9,19,5,NULL,NULL,NULL,1,1,0,NULL,NULL,NULL,NULL,NULL,NULL,NULL,NULL,NULL,NULL,NULL,0,0,0,0,'2021-06-25 07:58:58','2022-01-06 13:48:51',NULL),(12,12,1,1,1,'ABDUL QUYUN MANSOR','3114',NULL,'850207065305',NULL,NULL,NULL,NULL,NULL,NULL,NULL,NULL,NULL,NULL,'quyun@mpc.gov.my','0',NULL,5,10,16,NULL,NULL,NULL,1,1,0,NULL,NULL,NULL,NULL,NULL,NULL,NULL,NULL,NULL,NULL,NULL,0,0,0,0,'2021-06-25 08:27:45','2022-01-06 13:48:52',NULL),(13,13,1,1,1,'ABIGAIL SUBATRA A/P ANBALAKAN','1589','325625075','850106055140','A37752301','Mpc',NULL,NULL,NULL,NULL,NULL,'0125396594',NULL,NULL,'abigail@mpc.gov.my','0',NULL,1,27,3,NULL,NULL,NULL,1,1,0,NULL,NULL,NULL,NULL,NULL,NULL,NULL,NULL,NULL,NULL,NULL,0,0,0,0,'2021-06-28 04:41:01','2022-01-06 13:48:53',NULL),(14,14,1,1,1,'ADLINA SNAWI','1434',NULL,'781031075342',NULL,NULL,NULL,NULL,NULL,NULL,NULL,NULL,NULL,NULL,'adlina@mpc.gov.my','0',NULL,3,18,4,NULL,NULL,NULL,1,1,0,NULL,NULL,NULL,NULL,NULL,NULL,NULL,NULL,NULL,NULL,NULL,0,0,0,0,'2021-06-28 06:45:49','2022-01-06 13:48:54',NULL),(15,15,1,1,1,'AHMAD FATHAN ABDUL RAHIM','1652',NULL,'860818355343',NULL,NULL,NULL,NULL,NULL,NULL,NULL,NULL,NULL,NULL,'fathan@mpc.gov.my','0',NULL,9,27,3,NULL,NULL,NULL,1,1,0,NULL,NULL,NULL,NULL,NULL,NULL,NULL,NULL,NULL,NULL,NULL,0,0,0,0,'2019-03-29 10:11:45','2022-01-06 13:48:55',NULL),(16,16,1,1,1,'AHMAD HARRIS ABDULLAH','1495','307206491','790805115235',NULL,NULL,NULL,NULL,NULL,NULL,NULL,'0123155978',NULL,NULL,'harris@mpc.gov.my','0',NULL,6,18,4,NULL,NULL,NULL,1,1,0,NULL,NULL,NULL,NULL,NULL,NULL,NULL,NULL,NULL,NULL,NULL,0,0,0,0,'2021-06-24 07:37:37','2022-01-06 13:48:56',NULL),(17,17,1,1,1,'AIMAN ZAKWAN ZAHARI','1594',NULL,'891020015691',NULL,NULL,NULL,NULL,NULL,NULL,NULL,'0142700260',NULL,NULL,'aiman@mpc.gov.my','0',NULL,6,18,4,NULL,NULL,NULL,1,1,0,NULL,NULL,NULL,NULL,NULL,NULL,NULL,NULL,NULL,NULL,NULL,0,0,0,0,'2021-06-28 08:08:29','2022-01-06 13:48:57',NULL),(18,18,1,1,1,'AIZULHISHAM MAT MENAN','3013',NULL,'801211105313',NULL,NULL,NULL,NULL,NULL,NULL,NULL,NULL,NULL,NULL,'aizul@mpc.gov.my','0',NULL,5,25,22,NULL,131,131,1,1,0,NULL,NULL,NULL,NULL,NULL,NULL,NULL,NULL,NULL,NULL,NULL,0,0,0,0,'2021-06-25 08:21:11','2022-01-06 13:48:58',NULL),(19,19,1,1,1,'AKMAR ASHAARI','2990',NULL,'790723075671',NULL,NULL,NULL,NULL,NULL,NULL,NULL,'0129155171',NULL,NULL,'akmar@mpc.gov.my','0',NULL,5,14,20,NULL,131,131,1,1,0,NULL,NULL,NULL,NULL,NULL,NULL,NULL,NULL,NULL,NULL,NULL,0,0,0,0,'2022-01-04 01:42:12','2022-01-06 13:48:59',NULL),(20,20,1,1,1,'AL HISYAM ABDUL HALIM','1565',NULL,'780407145421',NULL,NULL,NULL,NULL,NULL,NULL,NULL,NULL,NULL,NULL,'alhisyam@mpc.gov.my','0',NULL,1,27,3,NULL,NULL,NULL,1,1,0,NULL,NULL,NULL,NULL,NULL,NULL,NULL,NULL,NULL,NULL,NULL,0,0,0,0,'2020-11-05 04:05:09','2022-01-06 13:49:00',NULL),(21,21,1,1,1,'ALUYAH SUHAILI','2123',NULL,'630805135268',NULL,NULL,NULL,NULL,NULL,NULL,NULL,'0198265863',NULL,NULL,'alluyah@mpc.gov.my','0',NULL,11,16,20,NULL,184,184,1,1,0,NULL,NULL,NULL,NULL,NULL,NULL,NULL,NULL,NULL,NULL,NULL,0,0,0,0,'2021-06-25 08:09:49','2022-01-06 13:49:01',NULL),(22,22,1,1,1,'AMIRUL QAMAR ZAKARIA','3113',NULL,'870118086399',NULL,NULL,NULL,NULL,NULL,NULL,NULL,'0182505685',NULL,NULL,'amirulqamar@mpc.gov.my','0',NULL,5,22,12,NULL,131,131,1,1,0,NULL,NULL,NULL,NULL,NULL,NULL,NULL,NULL,NULL,NULL,NULL,0,0,0,0,'2021-06-25 08:32:43','2022-01-06 13:49:02',NULL),(23,23,1,1,1,'ANIS MARINA ABD. WAHAB','1591',NULL,'850708145936',NULL,NULL,NULL,NULL,NULL,NULL,NULL,NULL,NULL,NULL,'anis@mpc.gov.my','0',NULL,6,27,3,NULL,NULL,NULL,1,1,0,NULL,NULL,NULL,NULL,NULL,NULL,NULL,NULL,NULL,NULL,NULL,0,0,0,0,'2021-06-25 03:18:16','2022-01-06 13:49:03',NULL),(24,24,1,1,1,'ASMAHAN OTHMAN','1429',NULL,'730601715226',NULL,NULL,NULL,NULL,NULL,NULL,NULL,'0133633353',NULL,NULL,'asmahan@mpc.gov.my','0',NULL,1,19,5,NULL,NULL,NULL,1,1,0,NULL,NULL,NULL,NULL,NULL,NULL,NULL,NULL,NULL,NULL,NULL,0,0,0,0,'2021-06-28 04:46:41','2022-01-06 13:49:04',NULL),(25,25,1,1,1,'ASMAWADI MOHAMED','1501','329308125','800318035293',NULL,NULL,NULL,NULL,NULL,NULL,NULL,'0192726733',NULL,NULL,'asmawadi@mpc.gov.my','0',NULL,7,19,5,NULL,NULL,NULL,1,1,0,NULL,NULL,NULL,NULL,NULL,NULL,NULL,NULL,NULL,NULL,NULL,0,0,0,0,'2021-06-24 07:39:21','2022-01-06 13:49:05',NULL),(26,26,1,1,1,'ATHIRAH ISHAK','1657','MH32599788','890925035094',NULL,'No 22, Jalan Pjs 1/2b,','Taman Perangsang',NULL,'46000',1235,14,'0193331371',NULL,NULL,'athirah@mpc.gov.my','0',NULL,1,27,3,NULL,NULL,NULL,1,1,0,NULL,NULL,NULL,NULL,NULL,NULL,NULL,NULL,NULL,NULL,NULL,0,0,0,0,'2021-06-28 04:47:05','2022-01-06 13:49:06',NULL),(27,27,1,1,1,'ATI DJAM SERI MONTOI','1433',NULL,'721110125470',NULL,NULL,NULL,NULL,NULL,NULL,NULL,NULL,NULL,NULL,'atidjam@mpc.gov.my','0',NULL,6,19,5,NULL,NULL,NULL,1,1,0,NULL,NULL,NULL,NULL,NULL,NULL,NULL,NULL,NULL,NULL,NULL,0,0,0,0,'2021-06-25 03:16:21','2022-01-06 13:49:07',NULL),(28,28,1,1,1,'AWANG UDIN KANDA','2124',NULL,'620807125523',NULL,NULL,NULL,NULL,NULL,NULL,NULL,NULL,NULL,NULL,'awangudin@mpc.gov.my','0',NULL,10,10,17,NULL,143,143,1,1,0,NULL,NULL,NULL,NULL,NULL,NULL,NULL,NULL,NULL,NULL,NULL,0,0,0,0,'2021-06-28 02:25:24','2022-01-06 13:49:08',NULL),(29,29,1,1,1,'AZHANI ISMAIL','1424','MH01467911','740621715142','A40088429','No. 32a, Jalan Flora 3f/5','Periwinkle','Bandar Rimbayu','42500',1187,14,'0163549115',NULL,NULL,'azhani@mpc.gov.my','0',NULL,6,18,4,NULL,NULL,NULL,1,1,0,NULL,NULL,NULL,NULL,NULL,NULL,NULL,NULL,NULL,NULL,NULL,0,0,0,0,'2021-06-28 08:11:46','2022-01-06 13:49:09',NULL),(30,30,1,1,1,'AZIMAH ADNAN','1531',NULL,'820910105084',NULL,NULL,NULL,NULL,NULL,NULL,NULL,NULL,NULL,NULL,'azimah@mpc.gov.my','0',NULL,6,18,4,NULL,NULL,NULL,1,1,0,NULL,NULL,NULL,NULL,NULL,NULL,NULL,NULL,NULL,NULL,NULL,0,0,0,0,'2021-06-24 07:40:37','2022-01-06 13:49:10',NULL),(31,31,1,1,1,'AZIRA MOHAMED HODZAI','1580',NULL,'871121295452',NULL,'1167, Kubang Lebur',NULL,NULL,'18000',489,3,'0179841606',NULL,NULL,'azira@mpc.gov.my','0',NULL,5,27,3,NULL,131,131,1,1,0,NULL,NULL,NULL,NULL,NULL,NULL,NULL,NULL,NULL,NULL,NULL,0,0,0,0,'2021-06-28 04:08:09','2022-01-06 13:49:11',NULL),(32,32,1,1,1,'AZIZAN OMAR','2069',NULL,'590613055315',NULL,NULL,NULL,NULL,NULL,NULL,NULL,NULL,NULL,NULL,'azizan@mpc.gov.my','0',NULL,5,10,17,NULL,36,NULL,1,1,0,NULL,NULL,NULL,NULL,NULL,NULL,NULL,NULL,NULL,NULL,NULL,0,0,0,0,'2019-03-29 10:11:45','2019-03-29 10:11:45',NULL),(33,33,1,1,1,'AZLAN KASSIM','1197','','600518106299','','','','',NULL,NULL,NULL,NULL,NULL,NULL,'azk@mpc.gov.my','0',NULL,8,33,6,NULL,304,NULL,1,1,0,NULL,NULL,NULL,NULL,NULL,NULL,NULL,NULL,NULL,NULL,NULL,0,0,0,0,'2020-01-06 15:58:08','2020-01-06 15:58:08',NULL),(34,34,1,1,1,'AZLIN MOHD ALIAS','1462',NULL,'771102145856',NULL,NULL,NULL,NULL,NULL,NULL,NULL,NULL,NULL,NULL,'azlin@mpc.gov.my','0',NULL,6,19,5,NULL,NULL,NULL,1,1,0,NULL,NULL,NULL,NULL,NULL,NULL,NULL,NULL,NULL,NULL,NULL,0,0,0,0,'2021-06-25 03:04:20','2022-01-06 13:49:14',NULL),(35,35,1,1,1,'BAHAR MUSA','2051',NULL,'591116055239',NULL,NULL,NULL,NULL,NULL,NULL,NULL,NULL,NULL,NULL,'bahar@mpc.gov.my','0',NULL,2,10,16,NULL,242,NULL,1,1,0,NULL,NULL,NULL,NULL,NULL,NULL,NULL,NULL,NULL,NULL,NULL,0,0,0,0,'2019-03-29 10:11:45','2019-03-29 10:11:45',NULL),(36,36,1,1,1,'BURHANUDDIN SAIDIN','1199','016599273','601103085419','A51979098','No. 8, Jln Pjs 1/2b','Tmn Perangsang','','46000',1235,14,'0192381199','0192381199',NULL,'bob@mpc.gov.my','0',NULL,6,17,7,NULL,304,NULL,1,1,0,NULL,NULL,NULL,NULL,NULL,NULL,NULL,NULL,NULL,NULL,NULL,0,0,0,0,'2020-02-21 08:18:20','2020-02-21 08:18:20',NULL),(37,37,1,1,1,'CHAM YIN HWA','1572','305455813','850809045416','A51536464',NULL,NULL,NULL,'47800',1328,14,'0176813528',NULL,NULL,'cham@mpc.gov.my','0',NULL,6,27,3,NULL,NULL,NULL,1,1,0,NULL,NULL,NULL,NULL,NULL,NULL,NULL,NULL,NULL,NULL,NULL,0,0,0,0,'2021-06-25 03:04:46','2022-01-06 13:49:17',NULL),(38,38,1,1,1,'DARUL ADIZUL ISHAK','1556',NULL,'821110105937',NULL,NULL,NULL,NULL,NULL,NULL,NULL,NULL,NULL,NULL,'daruladizul@mpc.gov.my','0',NULL,6,18,4,NULL,297,297,1,1,0,NULL,NULL,NULL,NULL,NULL,NULL,NULL,NULL,NULL,NULL,NULL,0,0,0,0,'2021-06-25 03:06:08','2022-01-06 13:49:18',NULL),(39,39,1,1,1,'DR. DAUD TALIB','1277','251150664','650523015733','','Lot 36203, Jalan Angsana, Kampung Sg. Ramal Dalam 43000 Kajang Selangor Darul Ehsan','','','43000',1197,14,'0196583266','0196583266',NULL,'daud@mpc.gov.my','0',NULL,6,17,7,NULL,9,NULL,1,1,0,NULL,NULL,NULL,NULL,NULL,NULL,NULL,NULL,NULL,NULL,NULL,0,0,0,0,'2019-04-18 13:19:15','2019-04-18 13:19:15',NULL),(40,40,1,1,1,'EAMIZAN HASIM','1340',NULL,'671215106089',NULL,NULL,NULL,NULL,NULL,NULL,NULL,NULL,NULL,NULL,'eamizan@mpc.gov.my','0',NULL,3,33,6,NULL,NULL,NULL,1,1,0,NULL,NULL,NULL,NULL,NULL,NULL,NULL,NULL,NULL,NULL,NULL,0,0,0,0,'2021-06-24 07:55:57','2022-01-06 13:49:20',NULL),(41,41,1,1,1,'EDWARD BINTY','1435','MH06400394','750707125521',NULL,NULL,NULL,NULL,NULL,NULL,NULL,'0138793417',NULL,NULL,'edward@mpc.gov.my','0',NULL,6,19,5,NULL,NULL,NULL,1,1,0,NULL,NULL,NULL,NULL,NULL,NULL,NULL,NULL,NULL,NULL,NULL,0,0,0,0,'2021-06-25 02:58:58','2022-01-06 13:49:21',NULL),(42,42,1,1,1,'ELLMA EDDIAHWATI MUSA','3067',NULL,'760622145362',NULL,NULL,NULL,NULL,NULL,NULL,NULL,'0193971270',NULL,NULL,'ellma@mpc.gov.my','0',NULL,3,27,3,NULL,NULL,NULL,1,1,0,NULL,NULL,NULL,NULL,NULL,NULL,NULL,NULL,NULL,NULL,NULL,0,0,0,0,'2021-06-25 06:58:24','2022-01-06 13:49:22',NULL),(43,43,1,1,1,'FAIZUL MOHAMED','2995',NULL,'730506015053',NULL,NULL,NULL,NULL,NULL,NULL,NULL,NULL,NULL,NULL,'faizul@mpc.gov.my','0',NULL,12,7,9,NULL,NULL,NULL,1,1,0,NULL,NULL,NULL,NULL,NULL,NULL,NULL,NULL,NULL,NULL,NULL,0,0,0,0,'2021-06-25 07:58:21','2022-01-06 13:49:23',NULL),(44,44,1,1,1,'FARA SALINDA AYU HALIM','3072',NULL,'790904085772',NULL,NULL,NULL,NULL,NULL,NULL,NULL,NULL,NULL,NULL,'farasalinda@mpc.gov.my','0',NULL,3,15,18,NULL,NULL,NULL,1,1,0,NULL,NULL,NULL,NULL,NULL,NULL,NULL,NULL,NULL,NULL,NULL,0,0,0,0,'2021-06-28 06:46:58','2022-01-06 13:49:24',NULL),(45,45,1,1,1,'FARA SURAYA HANI BINTI HALIM','3014',NULL,'780714085668',NULL,'Perbadanan Produktiviti Malaysia (mpc)','Lorong Produktiviti, Off Jalan Sultan',NULL,'46200',1239,14,'+60196790070',NULL,NULL,'fara@mpc.gov.my','0',NULL,6,13,19,NULL,NULL,NULL,1,1,0,NULL,NULL,NULL,NULL,NULL,NULL,NULL,NULL,NULL,NULL,NULL,0,0,0,0,'2021-06-25 03:25:52','2022-01-06 13:49:25',NULL),(46,46,1,1,1,'FARAH DIYANA DERMA DEWA','3115',NULL,'820812105056',NULL,NULL,NULL,NULL,NULL,NULL,NULL,'0173969800',NULL,NULL,'diyana@mpc.gov.my','0',NULL,3,14,19,NULL,NULL,NULL,1,1,0,NULL,NULL,NULL,NULL,NULL,NULL,NULL,NULL,NULL,NULL,NULL,0,0,0,0,'2021-06-28 07:16:45','2022-01-06 13:49:26',NULL),(47,47,1,1,1,'FARAH SAZARINA OTHMAN','2964',NULL,'811203015456',NULL,NULL,NULL,NULL,NULL,NULL,NULL,NULL,NULL,NULL,'farah@mpc.gov.my','0',NULL,6,15,19,NULL,NULL,NULL,1,1,0,NULL,NULL,NULL,NULL,NULL,NULL,NULL,NULL,NULL,NULL,NULL,0,0,0,0,'2021-06-25 02:56:56','2022-01-06 13:49:27',NULL),(48,48,1,1,1,'FARHAN ABDULLAH','3044',NULL,'730617105449',NULL,NULL,NULL,NULL,NULL,NULL,NULL,NULL,NULL,NULL,'farhan@mpc.gov.my','0',NULL,5,7,9,NULL,131,131,1,1,0,NULL,NULL,NULL,NULL,NULL,NULL,NULL,NULL,NULL,NULL,NULL,0,0,0,0,'2021-06-25 08:29:03','2022-01-06 13:49:28',NULL),(49,49,1,1,1,'DR. FARIDAH TAJU RAHIM','1451','','760308065380','','','','',NULL,NULL,NULL,NULL,NULL,NULL,'faridah_tr@mpc.gov.my','0',NULL,5,19,5,NULL,131,131,1,1,0,NULL,NULL,NULL,NULL,NULL,NULL,NULL,NULL,NULL,NULL,NULL,0,0,0,0,'2022-01-07 07:58:49','2022-01-07 07:58:49',NULL),(50,50,1,1,1,'FAUZIAH AHMAD NAWAWI','2973',NULL,'790625105398',NULL,NULL,NULL,NULL,NULL,NULL,NULL,'0183917820',NULL,NULL,'fauziahnawawi@mpc.gov.my','0',NULL,5,14,19,NULL,131,131,1,1,0,NULL,NULL,NULL,NULL,NULL,NULL,NULL,NULL,NULL,NULL,NULL,0,0,0,0,'2021-06-25 08:43:10','2022-01-06 13:49:30',NULL),(51,51,1,1,1,'FAUZIAH MANAF','2563',NULL,'660107065028',NULL,NULL,NULL,NULL,NULL,NULL,NULL,'0132258779',NULL,NULL,'fauziah@mpc.gov.my','0',NULL,6,12,19,NULL,NULL,NULL,1,1,0,NULL,NULL,NULL,NULL,NULL,NULL,NULL,NULL,NULL,NULL,NULL,0,0,0,0,'2021-06-25 03:25:21','2022-01-06 13:49:31',NULL),(52,52,1,1,1,'FAUZIAH SAKIMAN','2659',NULL,'720323015326',NULL,NULL,NULL,NULL,NULL,NULL,NULL,NULL,NULL,NULL,'fauziahsakiman@mpc.gov.my','0',NULL,12,14,19,NULL,NULL,NULL,1,1,0,NULL,NULL,NULL,NULL,NULL,NULL,NULL,NULL,NULL,NULL,NULL,0,0,0,0,'2021-06-25 07:55:15','2022-01-06 13:49:32',NULL),(53,53,1,1,1,'FIZALAWATI AMIN','3078','310841860','810813135258','K53743648','Lot 894, Lorong Demak Laut 3a,','Jalan Bako, Taman Perindustrian Demak Laut',NULL,'93050',2538,15,'012-8722756',NULL,NULL,'fizalawati@mpc.gov.my','0',NULL,11,12,18,NULL,NULL,NULL,1,1,0,NULL,NULL,NULL,NULL,NULL,NULL,NULL,NULL,NULL,NULL,NULL,0,0,0,0,'2021-06-25 08:11:30','2022-01-06 13:49:33',NULL),(54,54,1,1,1,'HAFIZA ATHA AHMAD','1496',NULL,'811010105092',NULL,NULL,NULL,NULL,NULL,NULL,NULL,'0189544092',NULL,NULL,'hafiza@mpc.gov.my','0',NULL,11,18,4,NULL,NULL,NULL,1,1,0,NULL,NULL,NULL,NULL,NULL,NULL,NULL,NULL,NULL,NULL,NULL,0,0,0,0,'2021-06-25 08:07:10','2022-01-06 13:49:34',NULL),(55,55,1,1,1,'HAFIZAH SITH','1418',NULL,'790329016120',NULL,NULL,NULL,NULL,NULL,NULL,NULL,NULL,NULL,NULL,'hafizahsith@mpc.gov.my','0',NULL,4,18,4,NULL,NULL,NULL,1,1,0,NULL,NULL,NULL,NULL,NULL,NULL,NULL,NULL,NULL,NULL,NULL,0,0,0,0,'2019-04-18 13:40:40','2022-01-06 13:49:35',NULL),(56,56,1,1,1,'HAFIZOH MD. ARIS','1497',NULL,'780402025746',NULL,NULL,NULL,NULL,NULL,NULL,NULL,'0122572545',NULL,NULL,'hafizoh@mpc.gov.my','0',NULL,6,18,4,NULL,NULL,NULL,1,1,0,NULL,NULL,NULL,NULL,NULL,NULL,NULL,NULL,NULL,NULL,NULL,0,0,0,0,'2021-06-25 03:03:54','2022-01-06 13:49:36',NULL),(57,57,1,1,1,'HAIRUL MIZAN HAMDAN','2997',NULL,'770222015947',NULL,NULL,NULL,NULL,NULL,NULL,NULL,NULL,NULL,NULL,'hairul@mpc.gov.my','0',NULL,12,20,11,NULL,NULL,NULL,1,1,0,NULL,NULL,NULL,NULL,NULL,NULL,NULL,NULL,NULL,NULL,NULL,0,0,0,0,'2021-06-25 07:57:22','2022-01-06 13:49:37',NULL),(58,58,1,1,1,'DR. HALIMAHTON SA\'DIAH LET','1409',NULL,'730930085368',NULL,'No. 5, Jalan 6/19','Bandar Tasik Puteri',NULL,'48020',1334,14,'0135302171',NULL,NULL,'halimahton@mpc.gov.my','0',NULL,6,33,6,NULL,NULL,NULL,1,1,0,NULL,NULL,NULL,NULL,NULL,NULL,NULL,NULL,NULL,NULL,NULL,0,0,0,0,'2021-06-24 07:43:30','2022-01-06 13:49:38',NULL),(59,59,1,1,1,'HAMZALY ZAKARIA','2998',NULL,'680617105825',NULL,NULL,NULL,NULL,NULL,NULL,NULL,NULL,NULL,NULL,'hamzaly@mpc.gov.my','0',NULL,5,8,9,NULL,131,131,1,1,0,NULL,NULL,NULL,NULL,NULL,NULL,NULL,NULL,NULL,NULL,NULL,0,0,0,0,'2021-06-28 04:30:18','2022-01-06 13:49:39',NULL),(60,60,1,1,1,'HANISAH RAMLI','1529','316250896','840523105736','A34970132','No 5, Jalan Tanjung Agas 30/189','Taman Sri Murni, Jalan Kebun',NULL,'40460',1084,14,'0126554909',NULL,NULL,'hanisah@mpc.gov.my','0',NULL,6,18,4,NULL,NULL,NULL,1,1,0,NULL,NULL,NULL,NULL,NULL,NULL,NULL,NULL,NULL,NULL,NULL,0,0,0,0,'2021-06-28 08:00:20','2022-01-06 13:49:40',NULL),(61,61,1,1,1,'HASBULLAH ABDUL HAMID','3083',NULL,'800114025253',NULL,NULL,NULL,NULL,NULL,NULL,NULL,NULL,NULL,NULL,'hasbullah@mpc.gov.my','0',NULL,3,23,12,NULL,NULL,NULL,1,1,0,NULL,NULL,NULL,NULL,NULL,NULL,NULL,NULL,NULL,NULL,NULL,0,0,0,0,'2021-06-25 08:33:50','2022-01-06 13:49:41',NULL),(62,62,1,1,1,'HASLIZAYANTI OTHMAN','1526',NULL,'810117065348',NULL,NULL,NULL,NULL,NULL,NULL,NULL,'0193764858',NULL,NULL,'haslizayanti@mpc.gov.my','0',NULL,6,18,4,NULL,NULL,NULL,1,1,0,NULL,NULL,NULL,NULL,NULL,NULL,NULL,NULL,NULL,NULL,NULL,0,0,0,0,'2021-06-25 03:11:25','2022-01-06 13:49:42',NULL),(63,63,1,1,1,'HAZWANI NADIAH ISMAIL','1525',NULL,'820913035624',NULL,NULL,NULL,NULL,NULL,NULL,NULL,'0126638911',NULL,NULL,'hazwani@mpc.gov.my','0',NULL,8,18,4,NULL,NULL,NULL,1,1,0,NULL,NULL,NULL,NULL,NULL,NULL,NULL,NULL,NULL,NULL,NULL,0,0,0,0,'2021-06-28 01:34:53','2022-01-06 13:49:43',NULL),(64,64,1,1,1,'HILLINA ABDUL KARIM','1457',NULL,'760325105284',NULL,NULL,NULL,NULL,NULL,NULL,NULL,'0192582276',NULL,NULL,'hillina@mpc.gov.my','0',NULL,5,3,29,NULL,131,131,1,1,0,NULL,NULL,NULL,NULL,NULL,NULL,NULL,NULL,NULL,NULL,NULL,0,0,0,0,'2021-06-28 04:12:59','2022-01-06 13:49:44',NULL),(65,65,1,1,1,'HISHAMUDDIN HASSAN','3037',NULL,'811203025531',NULL,NULL,NULL,NULL,NULL,NULL,NULL,NULL,NULL,NULL,'hishammudin@mpc.gov.my','0',NULL,9,10,16,NULL,NULL,NULL,1,1,0,NULL,NULL,NULL,NULL,NULL,NULL,NULL,NULL,NULL,NULL,NULL,0,0,0,0,'2019-03-29 10:11:45','2022-01-06 13:49:45',NULL),(66,66,1,1,1,'AB. RAHIM YUSOFF','1192','','601217035145','','','','',NULL,NULL,NULL,'0192342212',NULL,NULL,'abrahim@mpc.gov.my','0',NULL,7,32,15,NULL,9,NULL,1,1,0,NULL,NULL,NULL,NULL,NULL,NULL,NULL,NULL,NULL,NULL,NULL,0,0,0,0,'2020-11-04 10:28:05','2020-11-04 10:28:05',NULL),(67,67,1,1,1,'AB. RASHID OMAR','1331',NULL,'660801045393',NULL,NULL,NULL,NULL,NULL,NULL,NULL,NULL,NULL,NULL,'abrash@mpc.gov.my','0',NULL,6,19,5,NULL,183,183,1,1,0,NULL,NULL,NULL,NULL,NULL,NULL,NULL,NULL,NULL,NULL,NULL,0,0,0,0,'2021-11-09 15:08:41','2022-01-06 13:49:47',NULL),(68,68,1,1,1,'HUDA ATIQAH SAMSIR','1644','MH31346842','881028015128',NULL,NULL,NULL,NULL,NULL,NULL,NULL,'0137261950',NULL,NULL,'atiqah@mpc.gov.my','0',NULL,1,27,3,NULL,NULL,NULL,1,1,0,NULL,NULL,NULL,NULL,NULL,NULL,NULL,NULL,NULL,NULL,NULL,0,0,0,0,'2021-06-28 04:43:04','2022-01-06 13:49:48',NULL),(69,69,1,1,1,'ILYANA NORSAIDAH AB RAHMAN','1638',NULL,'910911035478',NULL,NULL,NULL,NULL,NULL,NULL,NULL,NULL,NULL,NULL,'ilyana@mpc.gov.my','0',NULL,6,27,3,NULL,NULL,NULL,1,1,0,NULL,NULL,NULL,NULL,NULL,NULL,NULL,NULL,NULL,NULL,NULL,0,0,0,0,'2021-06-25 03:12:02','2022-01-06 13:49:49',NULL),(70,70,1,1,1,'INGRID NG EDY','1609',NULL,'871121495040',NULL,NULL,NULL,NULL,NULL,NULL,NULL,NULL,NULL,NULL,'ingrid@mpc.gov.my','0',NULL,10,27,3,NULL,NULL,NULL,1,1,0,NULL,NULL,NULL,NULL,NULL,NULL,NULL,NULL,NULL,NULL,NULL,0,0,0,0,'2021-06-28 02:21:19','2022-01-06 13:49:50',NULL),(71,71,1,1,1,'ISRAM AZHAR','3047',NULL,'820324105479',NULL,'Lot 325a Jalan Simpang Balak, Kg. Simpang Balak,',NULL,NULL,'43000',1197,14,'0163900444',NULL,NULL,'isram@mpc.gov.my','0',NULL,5,25,24,NULL,131,131,1,1,0,NULL,NULL,NULL,NULL,NULL,NULL,NULL,NULL,NULL,NULL,NULL,0,0,0,0,'2021-06-25 08:20:49','2022-01-06 13:49:51',NULL),(72,72,1,1,1,'IZANI ISHAK','1275',NULL,'630610035689',NULL,'No. 10, Jalan 7/5a','Seksyen 7','Bandar Baru Bangi','43650',1208,14,'0192309196',NULL,NULL,'izani@mpc.gov.my','0',NULL,7,33,6,NULL,NULL,NULL,1,1,0,NULL,NULL,NULL,NULL,NULL,NULL,NULL,NULL,NULL,NULL,NULL,0,0,0,0,'2021-06-24 07:52:06','2022-01-06 13:49:52',NULL),(73,73,1,1,1,'IZZUL IKHWAN ISHAK','1659',NULL,'910610105989',NULL,'Unit 13-06, Blok F','Ppa Pudina, No.2 Jalan Kasturi P17','Presint 17','62150',1621,9,'01114387240',NULL,NULL,'izzulikhwan18@yahoo.com','0',NULL,6,27,3,NULL,NULL,NULL,1,1,0,NULL,NULL,NULL,NULL,NULL,NULL,NULL,NULL,NULL,NULL,NULL,0,0,0,0,'2021-06-25 03:12:26','2022-01-06 13:49:53',NULL),(74,74,1,1,1,'JAUZA JUHAIRAH JIMMY ABDULLAH','3141',NULL,'920127126324',NULL,NULL,NULL,NULL,NULL,NULL,NULL,'01114157271',NULL,NULL,'jauza@mpc.gov.my','0',NULL,3,14,18,NULL,NULL,NULL,1,1,0,NULL,NULL,NULL,NULL,NULL,NULL,NULL,NULL,NULL,NULL,NULL,0,0,0,0,'2021-06-28 07:18:27','2022-01-06 13:49:54',NULL),(75,75,1,1,1,'JAYALETCHUMI KRISHNAN','1488',NULL,'780507025152',NULL,NULL,NULL,NULL,NULL,NULL,NULL,NULL,NULL,NULL,'jaya@mpc.gov.my','0',NULL,7,18,4,NULL,NULL,NULL,1,1,0,NULL,NULL,NULL,NULL,NULL,NULL,NULL,NULL,NULL,NULL,NULL,0,0,0,0,'2021-09-22 03:58:18','2022-01-06 13:49:55',NULL),(76,76,1,1,1,'JERRY SHAHNIZAL AB AZIZ','1503','276928083','830808146065',NULL,NULL,NULL,NULL,NULL,NULL,NULL,NULL,NULL,NULL,'jerry@mpc.gov.my','0',NULL,6,18,4,NULL,NULL,NULL,1,1,0,NULL,NULL,NULL,NULL,NULL,NULL,NULL,NULL,NULL,NULL,NULL,0,0,0,0,'2021-06-25 03:00:43','2022-01-06 13:49:56',NULL),(77,77,1,1,1,'JOSFFA ISMAIL','1408',NULL,'780215075975',NULL,NULL,NULL,NULL,NULL,NULL,NULL,'0133563732',NULL,NULL,'josffa@mpc.gov.my','0',NULL,3,33,6,NULL,NULL,NULL,1,1,0,NULL,NULL,NULL,NULL,NULL,NULL,NULL,NULL,NULL,NULL,NULL,0,0,0,0,'2021-06-28 07:14:25','2022-01-06 13:49:57',NULL),(78,78,1,1,1,'KABIR AHMAD MOHD JAMIL','1170','','600101025303','','','','',NULL,NULL,NULL,NULL,NULL,NULL,'kabir@mpc.gov.my','0',NULL,6,17,7,NULL,356,NULL,1,1,0,NULL,NULL,NULL,NULL,NULL,NULL,2,NULL,23,NULL,NULL,0,0,0,0,'2020-01-06 14:48:26','2020-01-06 14:48:26',NULL),(79,79,1,1,1,'KAMARUDDIN MOHAMAD','1183','','610718115105','','','','',NULL,NULL,NULL,NULL,NULL,NULL,'dinmohd@mpc.gov.my','0',NULL,1,17,7,NULL,9,NULL,1,1,0,NULL,NULL,NULL,NULL,NULL,NULL,NULL,NULL,NULL,NULL,NULL,0,0,0,0,'2021-06-24 07:55:04','2021-06-24 07:55:04',NULL),(80,80,1,1,1,'KAMARUZAMAN RAMLI','3103',NULL,'830308115035',NULL,NULL,NULL,NULL,NULL,NULL,NULL,NULL,NULL,NULL,'kamaruzamanr@mpc.gov.my','0',NULL,8,23,12,NULL,NULL,NULL,1,1,0,NULL,NULL,NULL,NULL,NULL,NULL,NULL,NULL,NULL,NULL,NULL,0,0,0,0,'2021-06-28 01:38:36','2022-01-06 13:50:00',NULL),(81,81,1,1,1,'KARTIN HASLINDA CHE MAT','1450','MH31599211','760304035264',NULL,NULL,NULL,NULL,'15538',392,3,'0126621555','097416261',NULL,'haslinda@mpc.gov.my','0',NULL,7,18,4,NULL,NULL,NULL,1,1,0,NULL,NULL,NULL,NULL,NULL,NULL,NULL,NULL,NULL,NULL,NULL,0,0,0,0,'2021-07-29 03:06:40','2022-01-06 13:50:01',NULL),(82,82,1,1,1,'KASTURI DEVI A/P APPANNA','1546',NULL,'810525085890',NULL,NULL,NULL,NULL,NULL,NULL,NULL,'0125157255',NULL,NULL,'kasturi@mpc.gov.my','0',NULL,9,18,4,NULL,NULL,NULL,1,1,0,NULL,NULL,NULL,NULL,NULL,NULL,NULL,NULL,NULL,NULL,NULL,0,0,0,0,'2019-03-29 10:11:45','2022-01-06 13:50:02',NULL),(83,83,1,1,1,'KHAIRIL AFI ADNAN','3156',NULL,'871003065189',NULL,NULL,NULL,NULL,NULL,NULL,NULL,'0136372477',NULL,NULL,'khairilafi@mpc.gov.my','0',NULL,3,14,18,NULL,NULL,NULL,1,1,0,NULL,NULL,NULL,NULL,NULL,NULL,NULL,NULL,NULL,NULL,NULL,0,0,0,0,'2021-06-28 07:17:05','2022-01-06 13:50:03',NULL),(84,84,1,1,1,'KHALIDATUL ASRIN ABDUL AZIZ','1483',NULL,'800112025794','A523688804','A501 Sd Apartment 2','Persiaran Meranti','Bandar Sri Damansara','52200',1562,4,'0125525439',NULL,NULL,'asrin@mpc.gov.my','0',NULL,6,18,4,NULL,NULL,NULL,1,1,0,NULL,NULL,NULL,NULL,NULL,NULL,NULL,NULL,NULL,NULL,NULL,0,0,0,0,'2020-10-15 08:08:55','2022-01-06 13:50:04',NULL),(85,85,1,1,1,'KHATIJAH RAHMAT','1606','311739713','840710135404',NULL,NULL,NULL,NULL,NULL,NULL,NULL,NULL,NULL,NULL,'khatijah@mpc.gov.my','0',NULL,11,27,3,NULL,NULL,NULL,1,1,0,NULL,NULL,NULL,NULL,NULL,NULL,NULL,NULL,NULL,NULL,NULL,0,0,0,0,'2021-06-25 08:08:01','2022-01-06 13:50:05',NULL),(86,86,1,1,1,'KHIDZIR BIN AHMAD','1534','308311662','780830105611','A51848727','No. 30 Jalan Ss5d/3','Kelana Jaya',NULL,'47301',1315,14,'0126641144',NULL,NULL,'khidzir@mpc.gov.my','0',NULL,6,18,4,NULL,NULL,NULL,1,1,0,NULL,NULL,NULL,NULL,NULL,NULL,NULL,NULL,NULL,NULL,NULL,0,0,0,0,'2021-06-24 07:57:36','2022-01-06 13:50:06',NULL),(87,87,1,1,1,'DATIN LATCHUMY PRABHA','1316',NULL,'620517015246',NULL,NULL,NULL,NULL,NULL,NULL,NULL,NULL,NULL,NULL,'prabha@mpc.gov.my','0',NULL,1,33,6,NULL,NULL,NULL,1,1,0,NULL,NULL,NULL,NULL,NULL,NULL,NULL,NULL,NULL,NULL,NULL,0,0,0,0,'2021-06-28 04:39:20','2022-01-06 13:50:07',NULL),(88,88,1,1,1,'LEE WAN SWANEE','1573','310671955','850915035756',NULL,NULL,NULL,NULL,NULL,NULL,NULL,'0129630567',NULL,NULL,'swanee@mpc.gov.my','0',NULL,10,18,4,NULL,NULL,NULL,1,1,0,NULL,NULL,NULL,NULL,NULL,NULL,NULL,NULL,NULL,NULL,NULL,0,0,0,0,'2021-06-28 02:21:37','2022-01-06 13:50:08',NULL),(89,89,1,1,1,'LEE WAN WEI','1585','MH30971191','860814595008','A52758340',NULL,NULL,NULL,NULL,NULL,NULL,NULL,NULL,NULL,'wanwei@mpc.gov.my','0',NULL,6,18,4,NULL,NULL,NULL,1,1,0,NULL,NULL,NULL,NULL,NULL,NULL,NULL,NULL,NULL,NULL,NULL,0,0,0,0,'2021-06-28 08:08:09','2022-01-06 13:50:09',NULL),(90,90,1,1,1,'LIYANA OTHMAN','1656','300167162','900703137438',NULL,NULL,NULL,NULL,NULL,NULL,NULL,'0109668895',NULL,NULL,'liyana@mpc.gov.my','0',NULL,11,27,3,NULL,NULL,NULL,1,1,0,NULL,NULL,NULL,NULL,NULL,NULL,NULL,NULL,NULL,NULL,NULL,0,0,0,0,'2021-06-25 08:08:28','2022-01-06 13:50:10',NULL),(91,91,1,1,1,'MAHADI HASBULLAH','1486','','760815035303','','','','',NULL,NULL,NULL,'0133782642',NULL,NULL,'mahadi@mpc.gov.my','0',NULL,5,19,5,NULL,297,304,1,1,0,NULL,NULL,NULL,NULL,NULL,NULL,NULL,NULL,NULL,NULL,NULL,0,1,0,0,'2022-01-16 04:15:44','2022-01-16 04:15:44',NULL),(92,92,1,1,1,'MARIATUL AF-IDA BT MOHD TAJUL ARIFFIN','1390','0153985','750712085034',NULL,'B10-01, Apartment Kinrara Mas,','Jalan Mas 1','Bukit Jalil','58200',1607,4,'0169975254',NULL,NULL,'mariatul@mpc.gov.my','0',NULL,6,19,5,NULL,NULL,NULL,1,1,0,NULL,NULL,NULL,NULL,NULL,NULL,NULL,NULL,NULL,NULL,NULL,0,0,0,0,'2021-06-25 03:10:52','2022-01-06 13:50:12',NULL),(93,93,1,1,1,'MARINA MAULAD ISMAIL','3074',NULL,'860329145038',NULL,NULL,NULL,NULL,NULL,NULL,NULL,NULL,NULL,NULL,'marina@mpc.gov.my','0',NULL,5,15,18,NULL,131,131,1,1,0,NULL,NULL,NULL,NULL,NULL,NULL,NULL,NULL,NULL,NULL,NULL,0,0,0,0,'2021-06-25 08:23:56','2022-01-06 13:50:13',NULL),(94,94,1,1,1,'MARZIAH AHMAD','1349',NULL,'650411065218',NULL,NULL,NULL,NULL,NULL,NULL,NULL,NULL,NULL,NULL,'marziahahmad@mpc.gov.my','0',NULL,7,27,3,NULL,141,NULL,1,1,0,NULL,NULL,NULL,NULL,NULL,NULL,NULL,NULL,NULL,NULL,NULL,0,0,0,0,'2019-03-29 10:11:45','2019-03-29 10:11:45',NULL),(95,95,1,1,1,'MASHITANOR ZAINUDIN','3087',NULL,'761019055308',NULL,NULL,NULL,NULL,NULL,NULL,NULL,'0123348413',NULL,NULL,'mashitanor@mpc.gov.my','0',NULL,5,6,18,NULL,131,131,1,1,0,NULL,NULL,NULL,NULL,NULL,NULL,NULL,NULL,NULL,NULL,NULL,0,0,0,0,'2021-06-25 08:24:22','2022-01-06 13:50:15',NULL),(96,96,1,1,1,'MASWANI ISMAIL','3095',NULL,'810316035600',NULL,NULL,NULL,NULL,NULL,NULL,NULL,NULL,NULL,NULL,'maswani@mpc.gov.my','0',NULL,8,15,18,NULL,NULL,NULL,1,1,0,NULL,NULL,NULL,NULL,NULL,NULL,NULL,NULL,NULL,NULL,NULL,0,0,0,0,'2021-06-28 01:41:10','2022-01-06 13:50:16',NULL),(97,97,1,1,1,'DR. MAZLINA SHAFII','1373',NULL,'720731086000',NULL,NULL,NULL,NULL,NULL,NULL,NULL,NULL,NULL,NULL,'eyna@mpc.gov.my','0',NULL,6,33,6,NULL,NULL,NULL,1,1,0,NULL,NULL,NULL,NULL,NULL,NULL,NULL,NULL,NULL,NULL,NULL,0,0,0,0,'2021-06-28 08:08:57','2022-01-06 13:50:17',NULL),(98,98,1,1,1,'MAZNEE ABD. HALIM','1318',NULL,'661204115036',NULL,NULL,NULL,NULL,NULL,NULL,NULL,NULL,NULL,NULL,'maznee@mpc.gov.my','0',NULL,7,19,5,NULL,NULL,NULL,1,1,0,NULL,NULL,NULL,NULL,NULL,NULL,NULL,NULL,NULL,NULL,NULL,0,0,0,0,'2021-06-24 08:03:10','2021-09-30 06:31:08',NULL),(99,99,1,1,1,'DR. MAZRINA MOHD. IBRAMSAH','1393',NULL,'741207075594',NULL,NULL,NULL,NULL,NULL,NULL,NULL,NULL,NULL,NULL,'mazrina@mpc.gov.my','0',NULL,9,17,7,NULL,NULL,NULL,1,1,0,NULL,NULL,NULL,NULL,NULL,NULL,NULL,NULL,NULL,NULL,NULL,0,0,0,0,'2021-10-29 06:01:15','2022-01-06 13:50:19',NULL),(100,100,1,1,1,'MAZUAN SALLEH','1512',NULL,'810105125067',NULL,NULL,NULL,NULL,NULL,NULL,NULL,NULL,NULL,NULL,'mazuan@mpc.gov.my','0',NULL,6,27,3,NULL,NULL,NULL,1,1,0,NULL,NULL,NULL,NULL,NULL,NULL,NULL,NULL,NULL,NULL,NULL,0,0,0,0,'2021-06-24 08:03:38','2022-01-06 13:50:20',NULL),(101,101,1,1,1,'MAZUIN DAHLAN','1445',NULL,'790417145328',NULL,'E-4-12 Pangsapuri Mayang, Jln Puj 8,',NULL,NULL,'43300',1203,14,'0123006444',NULL,NULL,'mazuin@mpc.gov.my','0',NULL,6,19,5,NULL,NULL,NULL,1,1,0,NULL,NULL,NULL,NULL,NULL,NULL,NULL,NULL,NULL,NULL,NULL,0,0,0,0,'2021-08-12 02:05:47','2022-01-06 13:50:21',NULL),(102,102,1,1,1,'MD SHUBRI ISMAIL','1175','','591223075331','','','','',NULL,NULL,NULL,NULL,NULL,NULL,'shubri@mpc.gov.my','0',NULL,2,33,6,NULL,242,NULL,1,1,0,NULL,NULL,NULL,NULL,NULL,NULL,NULL,NULL,NULL,NULL,NULL,0,0,0,0,'2019-04-22 20:03:36','2019-04-22 20:03:36',NULL),(103,103,1,1,1,'MD ZAINURI JURI','1404','','741122017053','','','','',NULL,NULL,NULL,NULL,NULL,NULL,'zainuri@mpc.gov.my','0',NULL,7,18,4,NULL,9,NULL,1,1,0,NULL,NULL,NULL,NULL,NULL,NULL,NULL,NULL,NULL,NULL,NULL,0,0,0,0,'2021-06-24 08:09:54','2021-06-24 08:09:54',NULL),(104,104,1,1,1,'MEGAT AMIRUL SAIFULNIZAM MEGAT KAMARUL BAHRIN','1504',NULL,'820702115739',NULL,NULL,NULL,NULL,NULL,NULL,NULL,NULL,NULL,NULL,'megatamirul@mpc.gov.my','0',NULL,12,18,4,NULL,NULL,NULL,1,1,0,NULL,NULL,NULL,NULL,NULL,NULL,NULL,NULL,NULL,NULL,NULL,0,0,0,0,'2021-06-24 08:05:01','2022-01-06 13:50:24',NULL),(105,105,1,1,1,'MELISSA AHMAD ARSHAD','1411',NULL,'761210105270',NULL,NULL,NULL,NULL,NULL,NULL,NULL,'0123347131',NULL,NULL,'melissa@mpc.gov.my','0',NULL,3,18,4,NULL,NULL,NULL,1,1,0,NULL,NULL,NULL,NULL,NULL,NULL,NULL,NULL,NULL,NULL,NULL,0,0,0,0,'2021-06-28 06:47:50','2022-01-06 13:50:25',NULL),(106,106,1,1,1,'MIMI HASNITA AHMAD','2994',NULL,'761108065348',NULL,NULL,NULL,NULL,NULL,NULL,NULL,NULL,NULL,NULL,'mimi@mpc.gov.my','0',NULL,8,30,22,NULL,NULL,NULL,1,1,0,NULL,NULL,NULL,NULL,NULL,NULL,NULL,NULL,NULL,NULL,NULL,0,0,0,0,'2021-06-28 01:37:51','2022-01-06 13:50:26',NULL),(107,107,1,1,1,'MINHANA YAHAYA','3016',NULL,'790514145178',NULL,NULL,NULL,NULL,NULL,NULL,NULL,NULL,NULL,NULL,'minhana@mpc.gov.my','0',NULL,5,30,22,NULL,36,NULL,1,1,0,NULL,NULL,NULL,NULL,NULL,NULL,NULL,NULL,NULL,NULL,NULL,0,0,0,0,'2019-03-29 10:11:45','2019-03-29 10:11:45',NULL),(108,108,1,1,1,'MOHAMAD AZROL MOHAMAD DALI','1423','251086850','750930015683',NULL,'No.41, Jalan Bidara 7,','Saujana Utama 3,',NULL,'47000',1302,14,'+60197712132',NULL,NULL,'mdazrol@mpc.gov.my','0',NULL,6,33,6,NULL,NULL,304,1,1,0,NULL,NULL,NULL,NULL,NULL,NULL,NULL,NULL,NULL,NULL,NULL,0,0,0,0,'2022-01-04 02:15:05','2022-01-06 13:50:28',NULL),(109,109,1,1,1,'MOHAMAD HAFIZI ABD RASHID','3093',NULL,'880905025009',NULL,NULL,NULL,NULL,NULL,NULL,NULL,'0133733267',NULL,NULL,'hafizi@mpc.gov.my','0',NULL,5,26,8,NULL,131,131,1,1,0,NULL,NULL,NULL,NULL,NULL,NULL,NULL,NULL,NULL,NULL,NULL,0,0,0,0,'2021-06-24 08:05:55','2022-01-06 13:50:29',NULL),(110,110,1,1,1,'MOHAMAD MUZAFFAR ABDUL HAMID','1391',NULL,'740919017603',NULL,NULL,NULL,NULL,NULL,NULL,NULL,'0165410641',NULL,NULL,'muzaffar@mpc.gov.my','0',NULL,6,17,7,NULL,NULL,NULL,1,1,0,NULL,NULL,NULL,NULL,NULL,NULL,NULL,NULL,NULL,NULL,NULL,0,0,0,0,'2021-12-30 00:44:38','2022-01-06 13:50:30',NULL),(111,111,1,1,1,'MOHAMAD NOR BOLHI','1507',NULL,'790607135681',NULL,NULL,NULL,NULL,NULL,NULL,NULL,NULL,NULL,NULL,'mohamadnor@mpc.gov.my','0',NULL,9,18,4,NULL,NULL,NULL,1,1,0,NULL,NULL,NULL,NULL,NULL,NULL,NULL,NULL,NULL,NULL,NULL,0,0,0,0,'2021-08-06 04:16:06','2022-01-06 13:50:31',NULL),(112,112,1,1,1,'DR. MOHAMAD NORJAYADI TAMAM','1421','067073112','741205135725',NULL,'No.6, Lorong Semariang 7a, Taman Seri Sena',NULL,NULL,'93050',2538,15,'0168602156',NULL,NULL,'norjayadi@mpc.gov.my','0',NULL,6,17,7,NULL,NULL,304,1,1,0,NULL,NULL,NULL,NULL,NULL,NULL,NULL,NULL,NULL,NULL,NULL,0,0,0,0,'2022-01-04 02:17:21','2022-01-06 13:50:32',NULL),(113,113,1,1,1,'MOHAMAD SAHRIL AHMAD PUZI','1505',NULL,'821115085445',NULL,NULL,NULL,NULL,NULL,NULL,NULL,'0193007289',NULL,NULL,'sahril@mpc.gov.my','0',NULL,6,19,5,NULL,NULL,NULL,1,1,0,NULL,NULL,NULL,NULL,NULL,NULL,NULL,NULL,NULL,NULL,NULL,0,0,0,0,'2021-06-24 08:06:30','2022-01-06 13:50:33',NULL),(114,114,1,1,1,'MOHAMMAD AFDHAN FAUZI','3118',NULL,'860427565669',NULL,NULL,NULL,NULL,NULL,NULL,NULL,NULL,NULL,NULL,'afdhan@mpc.gov.my','0',NULL,5,22,12,NULL,NULL,NULL,1,1,0,NULL,NULL,NULL,NULL,NULL,NULL,NULL,NULL,NULL,NULL,NULL,0,0,0,0,'2021-06-25 08:33:04','2022-01-06 13:50:34',NULL),(115,115,1,1,1,'MOHAMMAD KHAIRUL HAKIMIN ZAINOOR','1516',NULL,'830111015487',NULL,'No 22 Jalan Kebun Nenas, Bandar Putera 2',NULL,NULL,'41200',1159,14,'0192183483',NULL,NULL,'mkhairul@mpc.gov.my','0',NULL,6,19,5,NULL,NULL,NULL,1,1,0,NULL,NULL,NULL,NULL,NULL,NULL,NULL,NULL,NULL,NULL,NULL,0,0,0,0,'2021-06-24 08:06:55','2022-01-06 13:50:35',NULL),(116,116,1,1,1,'MOHAMMED ALAMIN REHAN','1454',NULL,'790113065169',NULL,NULL,NULL,NULL,NULL,NULL,NULL,NULL,NULL,NULL,'alamin@mpc.gov.my','0',NULL,6,33,6,NULL,NULL,NULL,1,1,0,NULL,NULL,NULL,NULL,NULL,NULL,NULL,NULL,NULL,NULL,NULL,0,0,0,0,'2021-06-25 03:03:20','2022-01-06 13:50:36',NULL),(117,117,1,1,1,'MOHD AMIROL MD. KHAIR','1648',NULL,'900309026107',NULL,NULL,NULL,NULL,NULL,NULL,NULL,NULL,NULL,NULL,'amirol@mpc.gov.my','0',NULL,3,27,3,NULL,NULL,NULL,1,1,0,NULL,NULL,NULL,NULL,NULL,NULL,NULL,NULL,NULL,NULL,NULL,0,0,0,0,'2021-06-24 08:07:40','2022-01-06 13:50:37',NULL),(118,118,1,1,1,'MOHD AZHAR ZAINUDDIN','1542',NULL,'810110105773',NULL,NULL,NULL,NULL,NULL,NULL,NULL,NULL,NULL,NULL,'mohdazhar@mpc.gov.my','0',NULL,8,27,3,NULL,NULL,NULL,1,1,0,NULL,NULL,NULL,NULL,NULL,NULL,NULL,NULL,NULL,NULL,NULL,0,0,0,0,'2021-06-28 01:35:15','2022-01-06 13:50:38',NULL),(119,119,1,1,1,'MOHD. AZRUL KAMIS','2782',NULL,'770526025423',NULL,NULL,NULL,NULL,NULL,NULL,NULL,NULL,NULL,NULL,'mohdazrul@mpc.gov.my','0',NULL,5,10,16,NULL,NULL,NULL,1,1,0,NULL,NULL,NULL,NULL,NULL,NULL,NULL,NULL,NULL,NULL,NULL,0,0,0,0,'2021-06-25 08:25:43','2022-01-06 13:50:39',NULL),(120,120,1,1,1,'MOHD. AZWAN MOHD. SALLEH','1453',NULL,'730926075271',NULL,NULL,NULL,NULL,NULL,NULL,NULL,NULL,NULL,NULL,'azwan@mpc.gov.my','0',NULL,8,33,6,NULL,NULL,NULL,1,1,0,NULL,NULL,NULL,NULL,NULL,NULL,NULL,NULL,NULL,NULL,NULL,0,0,0,0,'2021-10-29 06:02:27','2022-01-06 13:50:40',NULL),(121,121,1,1,1,'MOHD FAIZOL ABD. RAHMAN','1593','312942954','841110115033',NULL,'Unit D-5-4, Blk D, Apt Ruby,','Jln Matahari U5/102, Bdr Pinggiran Subang,',NULL,'40150',1077,14,'0137118134',NULL,NULL,'mohdfaizol@mpc.gov.my','0',NULL,7,27,3,NULL,NULL,NULL,1,1,0,NULL,NULL,NULL,NULL,NULL,NULL,NULL,NULL,NULL,NULL,NULL,0,0,0,0,'2020-10-15 02:28:55','2022-01-06 13:50:41',NULL),(122,122,1,1,1,'MOHD FAIZZUL SHAHIR','3110',NULL,'860917436181',NULL,NULL,NULL,NULL,NULL,NULL,NULL,NULL,NULL,NULL,'faizzul@mpc.gov.my','0',NULL,5,23,12,NULL,NULL,NULL,1,1,0,NULL,NULL,NULL,NULL,NULL,NULL,NULL,NULL,NULL,NULL,NULL,0,0,0,0,'2021-06-25 08:34:13','2022-01-06 13:50:42',NULL),(123,123,1,1,1,'MOHD HILMI BIN MOHD IDRIS','1489',NULL,'790308105095',NULL,'C-6-12, Pangsapuri Anggun','Jalan 4/1','Seksyen 4','43650',1208,14,'0192882539',NULL,NULL,'hilmi@mpc.gov.my','0',NULL,6,18,4,NULL,NULL,NULL,1,1,0,NULL,NULL,NULL,NULL,NULL,NULL,NULL,NULL,NULL,NULL,NULL,0,0,0,0,'2021-06-24 08:08:08','2022-01-06 13:50:43',NULL),(124,124,1,1,1,'MOHD HISYAM HATIMTAI','1406','MH32392020','780321105277','A38670517','Perbadanan Produktiviti Malaysia','Pejabat Wilayah Selatan',NULL,'46200',1239,14,'+60164454097',NULL,NULL,'mohdhisyam.hatimtai@gmail.com','0',NULL,5,19,5,NULL,NULL,131,1,1,0,NULL,NULL,NULL,NULL,NULL,NULL,NULL,NULL,NULL,NULL,NULL,0,0,0,0,'2022-01-05 09:49:25','2022-01-06 13:50:44',NULL),(125,125,1,1,1,'MOHD. KHAIRIL ANUAR AMIR HAMZAH','1513',NULL,'840225025017',NULL,NULL,NULL,NULL,NULL,NULL,NULL,NULL,NULL,NULL,'khairil@mpc.gov.my','0',NULL,9,18,4,NULL,NULL,NULL,1,1,0,NULL,NULL,NULL,NULL,NULL,NULL,NULL,NULL,NULL,NULL,NULL,0,0,0,0,'2021-06-25 02:46:52','2022-01-06 13:50:45',NULL),(126,126,1,1,1,'MOHD. KHAIRIZAL KHAHIDIR','1508',NULL,'830405055353',NULL,NULL,NULL,NULL,NULL,NULL,NULL,NULL,NULL,NULL,'khairizal@mpc.gov.my','0',NULL,7,18,4,NULL,NULL,NULL,1,1,0,NULL,NULL,NULL,NULL,NULL,NULL,NULL,NULL,NULL,NULL,NULL,0,0,0,0,'2021-06-25 03:26:56','2022-01-06 13:50:46',NULL),(127,127,1,1,1,'MOHD. KHAIRUL NAZIR NAWI','1456','','770220025957','','','','',NULL,NULL,NULL,NULL,NULL,NULL,'khairul@mpc.gov.my','0',NULL,7,18,4,NULL,131,131,1,1,0,NULL,NULL,NULL,NULL,NULL,NULL,NULL,NULL,NULL,NULL,NULL,0,0,0,0,'2022-01-07 07:05:51','2022-01-07 07:05:51',NULL),(128,128,1,1,1,'MOHD NIZAM ALI','3056',NULL,'791128145297',NULL,NULL,NULL,NULL,NULL,NULL,NULL,NULL,NULL,NULL,'nizam@mpc.gov.my','0',NULL,3,14,18,NULL,NULL,NULL,1,1,0,NULL,NULL,NULL,NULL,NULL,NULL,NULL,NULL,NULL,NULL,NULL,0,0,0,0,'2021-06-28 07:16:13','2022-01-06 13:50:48',NULL),(129,129,1,1,1,'DATO\' MOHD RAZALI HUSSAIN','1176',NULL,'590826115385',NULL,NULL,NULL,NULL,NULL,NULL,NULL,NULL,NULL,NULL,'mrazali@mpc.gov.my','0',NULL,3,5,13,NULL,36,NULL,1,1,0,NULL,NULL,NULL,NULL,NULL,NULL,NULL,NULL,NULL,NULL,NULL,0,0,0,0,'2019-03-31 18:45:27','2019-03-29 10:11:45',NULL),(130,130,1,1,1,'MOHD. WAFI ARIP','1473',NULL,'770212105551',NULL,NULL,NULL,NULL,NULL,NULL,NULL,NULL,NULL,NULL,'wafi@mpc.gov.my','0',NULL,5,27,3,NULL,NULL,NULL,1,1,0,NULL,NULL,NULL,NULL,NULL,NULL,NULL,NULL,NULL,NULL,NULL,0,0,0,0,'2020-11-20 03:59:55','2022-01-06 13:50:50',NULL),(131,131,1,1,1,'MOHD YAZID ABDUL MAJID','1455','307097276','790310105537',NULL,'28, Jalan Alam Suria 16/23',NULL,NULL,'42300',1185,14,'0123041478',NULL,NULL,'yazidmajid@mpc.gov.my','0',NULL,5,17,7,NULL,NULL,NULL,1,1,0,NULL,NULL,NULL,NULL,NULL,NULL,NULL,NULL,NULL,NULL,NULL,0,0,0,0,'2021-12-28 17:48:03','2022-01-06 13:50:51',NULL),(132,132,1,1,1,'MOHD ZULKIFLY CHE MOHD RAWAWI','1613','313666931','830910035265','A40874881','No 114 Jalan Dm 3/3,','Taman Desa Mas,','Bandar Country Homes','48000',1332,14,'+60199876723','+60199876723',NULL,'mohdzulkifly@mpc.gov.my','0',NULL,6,18,4,NULL,NULL,NULL,1,1,0,NULL,NULL,NULL,NULL,NULL,NULL,NULL,NULL,NULL,NULL,NULL,0,0,0,0,'2021-06-25 03:06:31','2022-01-06 13:50:52',NULL),(133,133,1,1,1,'MOHD. AZUAR MD. SIDEK','2989',NULL,'750514105065',NULL,NULL,NULL,NULL,NULL,NULL,NULL,NULL,NULL,NULL,'azuar@mpc.gov.my','0',NULL,5,7,9,NULL,NULL,NULL,1,1,0,NULL,NULL,NULL,NULL,NULL,NULL,NULL,NULL,NULL,NULL,NULL,0,0,0,0,'2021-06-25 08:28:32','2022-01-06 13:50:53',NULL),(134,134,1,1,1,'MOHD. HOSNI MAMAT @ ARIFFIN','1577',NULL,'840528115511',NULL,NULL,NULL,NULL,NULL,NULL,NULL,NULL,NULL,NULL,'hosni@mpc.gov.my','0',NULL,8,27,3,NULL,NULL,NULL,1,1,0,NULL,NULL,NULL,NULL,NULL,NULL,NULL,NULL,NULL,NULL,NULL,0,0,0,0,'2021-06-28 02:17:54','2022-01-06 13:50:54',NULL),(135,135,1,1,1,'MOHD. HYKAL MOHD. HALIM','3071',NULL,'840415015223',NULL,NULL,NULL,NULL,NULL,NULL,NULL,NULL,NULL,NULL,'hykal@mpc.gov.my','0',NULL,12,25,22,NULL,NULL,NULL,1,1,0,NULL,NULL,NULL,NULL,NULL,NULL,NULL,NULL,NULL,NULL,NULL,0,0,0,0,'2021-06-25 07:54:50','2022-01-06 13:50:55',NULL),(136,136,1,1,1,'MOHD. RIDUAN DAUD','3007',NULL,'830906045057',NULL,NULL,NULL,NULL,NULL,NULL,NULL,NULL,NULL,NULL,'riduan@mpc.gov.my','0',NULL,5,10,16,NULL,NULL,NULL,1,1,0,NULL,NULL,NULL,NULL,NULL,NULL,NULL,NULL,NULL,NULL,NULL,0,0,0,0,'2021-06-25 08:27:04','2022-01-06 13:50:56',NULL),(137,137,1,1,1,'MOHD. ROSDI MOHD KAUZI','3046',NULL,'750423035989',NULL,NULL,NULL,NULL,NULL,NULL,NULL,NULL,NULL,NULL,'rosdi@mpc.gov.my','0',NULL,5,7,9,NULL,NULL,NULL,1,1,0,NULL,NULL,NULL,NULL,NULL,NULL,NULL,NULL,NULL,NULL,NULL,0,0,0,0,'2021-06-25 08:29:24','2022-01-06 13:50:57',NULL),(138,138,1,1,1,'MOHD. SHAPRI ISMAIL','2054',NULL,'600813085945',NULL,NULL,NULL,NULL,NULL,NULL,NULL,NULL,NULL,NULL,'shapri@mpc.gov.my','0',NULL,5,11,19,NULL,36,NULL,1,1,0,NULL,NULL,NULL,NULL,NULL,NULL,NULL,NULL,NULL,NULL,NULL,0,0,0,0,'2019-03-29 10:11:45','2019-03-29 10:11:45',NULL),(139,139,1,1,1,'MOHD SUZLEZAN SUPU','1443','MH60214548','781219125145',NULL,'C8-03, Blok C, Appartment Bayu Suria, Off Jalan Meranti,','Taman Impian Ehsan,',NULL,'43300',1203,14,'+60193168136',NULL,NULL,'suzlezan@mpc.gov.my','0',NULL,7,19,5,NULL,NULL,NULL,1,1,0,NULL,NULL,NULL,NULL,NULL,NULL,NULL,NULL,NULL,NULL,NULL,0,0,0,0,'2021-06-24 08:08:39','2022-01-06 13:50:59',NULL),(140,140,1,1,1,'MOHD. SYARIF SAMSUDIN','2967',NULL,'800305075173',NULL,NULL,NULL,NULL,NULL,NULL,NULL,NULL,NULL,NULL,'syarif@mpc.gov.my','0',NULL,9,7,9,NULL,NULL,NULL,1,1,0,NULL,NULL,NULL,NULL,NULL,NULL,NULL,NULL,NULL,NULL,NULL,0,0,0,0,'2019-03-29 10:11:45','2022-01-06 13:51:00',NULL),(141,141,1,1,1,'MOHD. ZAKI BIN IBRAHIM','1319','','610119035197','','','','',NULL,NULL,NULL,'0192200822',NULL,NULL,'zaki@mpc.gov.my','0',NULL,7,17,7,NULL,66,NULL,1,1,0,NULL,NULL,NULL,NULL,NULL,NULL,NULL,NULL,NULL,NULL,NULL,0,0,0,0,'2020-01-07 23:13:26','2020-01-07 23:13:26',NULL),(142,142,1,1,1,'MOHD. ZAMROS YUSOF','2132',NULL,'670705055347',NULL,NULL,NULL,NULL,NULL,NULL,NULL,NULL,NULL,NULL,'zamros@mpc.gov.my','0',NULL,11,10,16,NULL,NULL,NULL,1,1,0,NULL,NULL,NULL,NULL,NULL,NULL,NULL,NULL,NULL,NULL,NULL,0,0,0,0,'2021-06-25 08:11:54','2022-01-06 13:51:02',NULL),(143,143,1,1,1,'MOKHZANI ARIS MOHD. YUSOFF','1397',NULL,'730308105015',NULL,'Malaysia Productivity Corporation','Level 2, Maa Tower','No. 6, Lorong Api-api 1','88000',2139,13,'0132722406',NULL,NULL,'mokhzani@mpc.gov.my','0',NULL,10,33,6,NULL,NULL,NULL,1,1,0,NULL,NULL,NULL,NULL,NULL,NULL,NULL,NULL,NULL,NULL,NULL,0,0,0,0,'2021-10-29 06:02:56','2022-01-06 13:51:03',NULL),(144,144,1,1,1,'MUHAMAD AFIQ PIRAMLI','1653',NULL,'901211036379',NULL,NULL,NULL,NULL,NULL,NULL,NULL,NULL,NULL,NULL,'afiq@mpc.gov.my','0',NULL,7,27,3,NULL,NULL,NULL,1,1,0,NULL,NULL,NULL,NULL,NULL,NULL,NULL,NULL,NULL,NULL,NULL,0,0,0,0,'2021-06-25 07:08:09','2022-01-06 13:51:04',NULL),(145,145,1,1,1,'MUHAMAD RIZUWAN ABU BAKAR','3132',NULL,'860512465355',NULL,NULL,NULL,NULL,NULL,NULL,NULL,'0199296015',NULL,NULL,'muhamadrizuwan@mpc.gov.my','0',NULL,1,14,18,NULL,264,264,1,1,0,NULL,NULL,NULL,NULL,NULL,NULL,NULL,NULL,NULL,NULL,NULL,0,0,0,0,'2021-06-28 04:47:29','2022-01-06 13:51:05',NULL),(146,146,1,1,1,'MOHAMMAD SHAHAIZAL ABU TALIB','3004',NULL,'780218025869',NULL,NULL,NULL,NULL,NULL,NULL,NULL,'0133715123',NULL,NULL,'shahaizal@mpc.gov.my','0',NULL,5,10,16,NULL,131,131,1,1,0,NULL,NULL,NULL,NULL,NULL,NULL,NULL,NULL,NULL,NULL,NULL,0,0,0,0,'2021-06-28 04:49:27','2022-01-06 13:51:06',NULL),(147,147,1,1,1,'MUHAMAD ZAIN MUSA','2068',NULL,'611224055477',NULL,NULL,NULL,NULL,NULL,NULL,NULL,NULL,NULL,NULL,'zain@mpc.gov.my','0',NULL,1,1,1,NULL,264,264,1,1,0,NULL,NULL,NULL,NULL,NULL,NULL,NULL,NULL,NULL,NULL,NULL,0,0,0,0,'2021-06-28 04:43:50','2022-01-06 13:51:07',NULL),(148,148,1,1,1,'MUHAMAD ZAMRI ZAINOL','2991',NULL,'690427075433',NULL,NULL,NULL,NULL,NULL,NULL,NULL,NULL,NULL,NULL,'zamri@mpc.gov.my','0',NULL,9,9,10,NULL,NULL,NULL,1,1,0,NULL,NULL,NULL,NULL,NULL,NULL,NULL,NULL,NULL,NULL,NULL,0,0,0,0,'2019-03-29 10:11:45','2022-01-06 13:51:08',NULL),(149,149,1,1,1,'MUHAMMAD AFZANI AHMAD','3003',NULL,'811125145705',NULL,NULL,NULL,NULL,NULL,NULL,NULL,'0133494943',NULL,NULL,'afzani@mpc.gov.my','0',NULL,5,23,12,NULL,NULL,NULL,1,1,0,NULL,NULL,NULL,NULL,NULL,NULL,NULL,NULL,NULL,NULL,NULL,0,0,0,0,'2021-06-25 08:33:29','2022-01-06 13:51:09',NULL),(150,150,1,1,1,'MUHAMMAD AIDIL RAZAK','3159',NULL,'910418035597',NULL,NULL,NULL,NULL,NULL,NULL,NULL,NULL,NULL,NULL,'aidil@mpc.gov.my','0',NULL,5,10,16,NULL,NULL,NULL,1,1,0,NULL,NULL,NULL,NULL,NULL,NULL,NULL,NULL,NULL,NULL,NULL,0,0,0,0,'2021-06-25 08:28:06','2022-01-06 13:51:10',NULL),(151,151,1,1,1,'MUHAMMAD FAZRE ZULHELMI FIZWAN','1595',NULL,'881014566439',NULL,'No 2, Jalan Cemara','3/9 Bandar Sri Damansara',NULL,'52200',1562,4,'0176249121',NULL,NULL,'fazre@mpc.gov.my','0',NULL,10,27,3,NULL,NULL,NULL,1,1,0,NULL,NULL,NULL,NULL,NULL,NULL,NULL,NULL,NULL,NULL,NULL,0,0,0,0,'2021-06-28 02:22:23','2022-01-06 13:51:11',NULL),(152,152,1,1,1,'MOHAMMAD HAFIZ SABARUDDIN','1517',NULL,'830408065477',NULL,NULL,NULL,NULL,NULL,NULL,NULL,NULL,NULL,NULL,'hafiz@mpc.gov.my','0',NULL,7,19,4,NULL,NULL,NULL,1,1,0,NULL,NULL,NULL,NULL,NULL,NULL,NULL,NULL,NULL,NULL,NULL,0,0,0,0,'2021-06-25 03:27:45','2022-01-06 13:51:12',NULL),(153,153,1,1,1,'MUHAMMAD HISHAM NORDIN','1598','317000202','881113565247',NULL,'Malaysia Productivity Corporation','Lorong Produktiviti','Jalan Sultan','46200',1239,14,'0133943802',NULL,NULL,'mhisham@mpc.gov.my','0',NULL,6,27,3,NULL,NULL,NULL,1,1,0,NULL,NULL,NULL,NULL,NULL,NULL,NULL,NULL,NULL,NULL,NULL,0,0,0,0,'2021-06-25 03:20:29','2022-01-06 13:51:13',NULL),(154,154,1,1,1,'MUHAMMAD IDHAM MOHD ZAIN','1405',NULL,'731006035511',NULL,NULL,NULL,NULL,NULL,NULL,NULL,NULL,NULL,NULL,'idham@mpc.gov.my','0',NULL,8,19,4,NULL,NULL,NULL,1,1,0,NULL,NULL,NULL,NULL,NULL,NULL,NULL,NULL,NULL,NULL,NULL,0,0,0,0,'2021-06-28 02:17:06','2022-01-06 13:51:14',NULL),(155,155,1,1,1,'MUHAMMAD MUIZZUDDIN MUHAMAD','3157',NULL,'910330036237',NULL,NULL,NULL,NULL,NULL,NULL,NULL,NULL,NULL,NULL,'muiz@mpc.gov.my','0',NULL,5,9,10,NULL,NULL,NULL,1,1,0,NULL,NULL,NULL,NULL,NULL,NULL,NULL,NULL,NULL,NULL,NULL,0,0,0,0,'2021-06-25 08:34:38','2022-01-06 13:51:15',NULL),(156,156,1,1,1,'MUHAMMAD SUFFIAN AHMAD','1447','311148596','790617145859',NULL,NULL,NULL,NULL,NULL,NULL,NULL,'0173617611',NULL,NULL,'suffian@mpc.gov.my','0',NULL,7,18,4,NULL,NULL,NULL,1,1,0,NULL,NULL,NULL,NULL,NULL,NULL,NULL,NULL,NULL,NULL,NULL,0,0,0,0,'2021-06-25 02:48:53','2022-01-06 13:51:16',NULL),(157,157,1,1,1,'MUHASLIZAWATI MOHD BAKRI','1547',NULL,'820619035746',NULL,NULL,NULL,NULL,NULL,NULL,NULL,NULL,NULL,NULL,'muhaslizawati@mpc.gov.my','0',NULL,8,27,3,NULL,NULL,NULL,1,1,0,NULL,NULL,NULL,NULL,NULL,NULL,NULL,NULL,NULL,NULL,NULL,0,0,0,0,'2021-06-28 02:17:29','2022-01-06 13:51:17',NULL),(158,158,1,1,1,'MUHD. ADHA ABD. HAMID','1523',NULL,'830918105555',NULL,NULL,NULL,NULL,NULL,NULL,NULL,NULL,NULL,NULL,'adha@mpc.gov.my','0',NULL,6,18,4,NULL,NULL,NULL,1,1,0,NULL,NULL,NULL,NULL,NULL,NULL,NULL,NULL,NULL,NULL,NULL,0,0,0,0,'2021-06-25 02:49:19','2022-01-06 13:51:18',NULL),(159,159,1,1,1,'NAHDATUL FAEIZIN NORMAN','1631',NULL,'901028015094',NULL,NULL,NULL,NULL,NULL,NULL,NULL,NULL,NULL,NULL,'nahdatul@mpc.gov.my','0',NULL,12,27,3,NULL,NULL,NULL,1,1,0,NULL,NULL,NULL,NULL,NULL,NULL,NULL,NULL,NULL,NULL,NULL,0,0,0,0,'2021-06-25 07:17:49','2022-01-06 13:51:19',NULL),(160,160,1,1,1,'NAZAHIAH MOHAMAD','1475',NULL,'790525075056',NULL,'33, Taman Jati Indah,','Jalan Nagasari 3','Seksyen 32','40460',1084,14,'0183757451',NULL,NULL,'nazahiah@mpc.gov.my','0',NULL,6,18,4,NULL,NULL,NULL,1,1,0,NULL,NULL,NULL,NULL,NULL,NULL,NULL,NULL,NULL,NULL,NULL,0,0,0,0,'2021-06-28 08:16:42','2022-01-06 13:51:20',NULL),(161,161,1,1,1,'NAZERI ARIFFIN MADON','1633',NULL,'860804235965',NULL,NULL,NULL,NULL,NULL,NULL,NULL,NULL,NULL,NULL,'nazeri@mpc.gov.my','0',NULL,12,27,3,NULL,NULL,NULL,1,1,0,NULL,NULL,NULL,NULL,NULL,NULL,NULL,NULL,NULL,NULL,NULL,0,0,0,0,'2021-06-25 07:17:26','2022-01-06 13:51:21',NULL),(162,162,1,1,1,'NAZILAH AHMAD','1530',NULL,'830710016190',NULL,NULL,NULL,NULL,NULL,NULL,NULL,NULL,NULL,NULL,'nazilah@mpc.gov.my','0',NULL,12,27,3,NULL,NULL,NULL,1,1,0,NULL,NULL,NULL,NULL,NULL,NULL,NULL,NULL,NULL,NULL,NULL,0,0,0,0,'2021-06-25 07:16:57','2022-01-06 13:51:22',NULL),(163,163,1,1,1,'NIK FAIZAL NIK AHMAD','1414',NULL,'690320035423',NULL,NULL,NULL,NULL,NULL,NULL,NULL,NULL,NULL,NULL,'nikfaizal@mpc.gov.my','0',NULL,6,33,6,NULL,NULL,NULL,1,1,0,NULL,NULL,NULL,NULL,NULL,NULL,NULL,NULL,NULL,NULL,NULL,0,0,0,0,'2021-06-25 03:28:35','2022-01-06 13:51:23',NULL),(164,164,1,1,1,'NIK NAZARINA BINTI NEK MOHAMED','1651',NULL,'891121146332',NULL,'46, Jalan Bs 2/2, Bukit Saujana','Bandar Saujana Utama',NULL,'47000',1302,14,'0173477669',NULL,NULL,'nazarina@mpc.gov.my','0',NULL,6,18,4,NULL,NULL,NULL,1,1,0,NULL,NULL,NULL,NULL,NULL,NULL,NULL,NULL,NULL,NULL,NULL,0,0,0,0,'2021-06-28 08:17:49','2022-01-06 13:51:24',NULL),(165,165,1,1,1,'NIK ROSDI NIK YUSOFF','1165','062960914','591022035333','','B-4-1 Apartment Fairville','Usj 21 Subang Jaya','','47200',1313,14,'0139278088','097441001',NULL,'nikrosdi@mpc.gov.my','0',NULL,7,33,6,NULL,216,NULL,1,1,0,NULL,NULL,NULL,NULL,NULL,NULL,2,NULL,23,NULL,NULL,0,0,0,0,'2019-05-02 01:28:10','2019-05-02 01:28:10',NULL),(166,166,1,1,1,'DR. NOOR AISHAH HASSAN','1461',NULL,'781121145260',NULL,NULL,NULL,NULL,NULL,NULL,NULL,NULL,NULL,NULL,'noor_aishah@mpc.gov.my','0',NULL,6,19,5,NULL,NULL,NULL,1,1,0,NULL,NULL,NULL,NULL,NULL,NULL,NULL,NULL,NULL,NULL,NULL,0,0,0,0,'2021-12-31 03:42:50','2022-01-06 13:51:26',NULL),(167,167,1,1,1,'NOOR ANARIZA HASSAN','2968',NULL,'760121075060',NULL,NULL,NULL,NULL,NULL,NULL,NULL,'0132882101',NULL,NULL,'anariza@mpc.gov.my','0',NULL,6,28,25,NULL,NULL,NULL,1,1,0,NULL,NULL,NULL,NULL,NULL,NULL,NULL,NULL,NULL,NULL,NULL,0,0,0,0,'2021-06-28 08:19:28','2022-01-06 13:51:27',NULL),(168,168,1,1,1,'NOOR ASMAWATI HUSSIN','3041',NULL,'820725085480',NULL,NULL,NULL,NULL,NULL,NULL,NULL,NULL,NULL,NULL,'asmawati@mpc.gov.my','0',NULL,7,12,18,NULL,NULL,NULL,1,1,0,NULL,NULL,NULL,NULL,NULL,NULL,NULL,NULL,NULL,NULL,NULL,0,0,0,0,'2021-06-25 07:01:37','2022-01-06 13:51:28',NULL),(169,169,1,1,1,'NOOR AZIAH OTHMAN','2945',NULL,'790928075448',NULL,NULL,NULL,NULL,NULL,NULL,NULL,'0134075625',NULL,NULL,'noraziah@mpc.gov.my','0',NULL,5,15,20,NULL,NULL,NULL,1,1,0,NULL,NULL,NULL,NULL,NULL,NULL,NULL,NULL,NULL,NULL,NULL,0,0,0,0,'2021-06-25 08:41:33','2022-01-06 13:51:29',NULL),(170,170,1,1,1,'NOOR AZMAN HASSAN','2957',NULL,'770211036515',NULL,NULL,NULL,NULL,NULL,NULL,NULL,'0132689899',NULL,NULL,'azman@mpc.gov.my','0',NULL,5,26,8,NULL,131,131,1,1,0,NULL,NULL,NULL,NULL,NULL,NULL,NULL,NULL,NULL,NULL,NULL,0,0,0,0,'2022-01-04 02:39:50','2022-01-06 13:51:30',NULL),(171,171,1,1,1,'NOOR HAZILAH ABDULLAH','3069',NULL,'820318035814',NULL,NULL,NULL,NULL,NULL,NULL,NULL,NULL,NULL,NULL,'hazilah@mpc.gov.my','0',NULL,8,14,19,NULL,NULL,NULL,1,1,0,NULL,NULL,NULL,NULL,NULL,NULL,NULL,NULL,NULL,NULL,NULL,0,0,0,0,'2021-06-28 01:35:44','2022-01-06 13:51:31',NULL),(172,172,1,1,1,'NOOR IZZATI KAMIS','1620',NULL,'900629145658',NULL,NULL,NULL,NULL,NULL,NULL,NULL,'0122867346',NULL,NULL,'noorizzati@mpc.gov.my','0',NULL,1,27,3,NULL,NULL,NULL,1,1,0,NULL,NULL,NULL,NULL,NULL,NULL,NULL,NULL,NULL,NULL,NULL,0,0,0,0,'2021-06-28 04:42:39','2022-01-06 13:51:32',NULL),(173,173,1,1,1,'NOOR MOHAMMAD FARHAN NOR AZMAN','3124',NULL,'881216566111',NULL,NULL,NULL,NULL,NULL,NULL,NULL,NULL,NULL,NULL,'mfarhan@mpc.gov.my','0',NULL,5,18,4,NULL,NULL,NULL,1,1,0,NULL,NULL,NULL,NULL,NULL,NULL,NULL,NULL,NULL,NULL,NULL,0,0,0,0,'2021-06-25 08:35:38','2022-01-06 13:51:33',NULL),(174,174,1,1,1,'NOOR RAHIDAH ABDUL RAZAK','3057',NULL,'830505045048',NULL,NULL,NULL,NULL,NULL,NULL,NULL,NULL,NULL,NULL,'rahidah@mpc.gov.my','0',NULL,5,15,18,NULL,NULL,NULL,1,1,0,NULL,NULL,NULL,NULL,NULL,NULL,NULL,NULL,NULL,NULL,NULL,0,0,0,0,'2021-06-28 04:29:33','2022-01-06 13:51:34',NULL),(175,175,1,1,1,'NOOR SALFARINA JAMALUDIN','1532','','830202045278','','','','',NULL,NULL,NULL,NULL,NULL,NULL,'salfarina@mpc.gov.my','0',NULL,3,18,4,NULL,113,110,1,1,0,NULL,NULL,NULL,NULL,NULL,NULL,NULL,NULL,NULL,NULL,NULL,0,0,0,0,'2022-01-10 15:13:06','2022-01-10 15:13:06',NULL),(176,176,1,1,1,'NOORSAMSINAR SUM ABDULLAH','2075',NULL,'610608105088',NULL,NULL,NULL,NULL,NULL,NULL,NULL,NULL,NULL,NULL,'noorsamsi@mpc.gov.my','0',NULL,2,25,24,NULL,242,NULL,1,1,0,NULL,NULL,NULL,NULL,NULL,NULL,NULL,NULL,NULL,NULL,NULL,0,0,0,0,'2019-03-29 10:11:45','2019-03-29 10:11:45',NULL),(177,177,1,1,1,'NOR ADIRA ADNAN','1627','MH31570559','870504295260',NULL,NULL,NULL,NULL,NULL,NULL,NULL,'0179860758',NULL,NULL,'noradira@mpc.gov.my','0',NULL,6,27,3,NULL,NULL,NULL,1,1,0,NULL,NULL,NULL,NULL,NULL,NULL,NULL,NULL,NULL,NULL,NULL,0,0,0,0,'2021-06-28 08:06:33','2022-01-06 13:51:37',NULL),(178,178,1,1,1,'DR. NOR AISHAH HASSAN','1399','','740928085894','','','','',NULL,NULL,NULL,NULL,NULL,NULL,'shah@mpc.gov.my','0',NULL,3,19,5,NULL,9,9,1,1,0,NULL,NULL,NULL,NULL,NULL,NULL,NULL,NULL,NULL,NULL,NULL,0,0,0,0,'2022-01-07 03:33:44','2022-01-07 03:33:44',NULL),(179,179,1,1,1,'NOR AKMA CHE WAN NAMAN','1645',NULL,'890101035104',NULL,NULL,NULL,NULL,NULL,NULL,NULL,NULL,NULL,NULL,'norakma@mpc.gov.my','0',NULL,6,27,3,NULL,183,183,1,1,0,NULL,NULL,NULL,NULL,NULL,NULL,NULL,NULL,NULL,NULL,NULL,0,0,0,0,'2021-06-25 03:16:45','2022-01-06 13:51:39',NULL),(180,180,1,1,1,'NOR AZMI YAHAYA','2139',NULL,'600102065139',NULL,NULL,NULL,NULL,NULL,NULL,NULL,NULL,NULL,NULL,'norazmi@mpc.gov.my','0',NULL,5,14,20,NULL,36,NULL,1,1,0,NULL,NULL,NULL,NULL,NULL,NULL,NULL,NULL,NULL,NULL,NULL,0,0,0,0,'2019-03-29 10:11:45','2019-03-29 10:11:45',NULL),(181,181,1,1,1,'NOR ESHAH ABD. RAMAN','2134',NULL,'620113065052',NULL,NULL,NULL,NULL,NULL,NULL,NULL,NULL,NULL,NULL,'noreshah@mpc.gov.my','0',NULL,3,15,18,NULL,129,NULL,1,1,0,NULL,NULL,NULL,NULL,NULL,NULL,NULL,NULL,NULL,NULL,NULL,0,0,0,0,'2019-03-29 10:11:45','2019-03-29 10:11:45',NULL),(182,182,1,1,1,'NOR FADILAH ZULKIFLI MUHAMAD','3158',NULL,'941219036070',NULL,NULL,NULL,NULL,NULL,NULL,NULL,'0132796569',NULL,NULL,'norfadilah@mpc.gov.my','0',NULL,5,14,18,NULL,131,131,1,1,0,NULL,NULL,NULL,NULL,NULL,NULL,NULL,NULL,NULL,NULL,NULL,0,0,0,0,'2021-06-23 06:35:53','2022-01-06 13:51:42',NULL),(183,183,1,1,1,'NOR FAZILA HASHIM','1351',NULL,'660129086196',NULL,NULL,NULL,NULL,NULL,NULL,NULL,NULL,NULL,NULL,'ila@mpc.gov.my','0',NULL,6,17,7,NULL,NULL,304,1,1,0,NULL,NULL,NULL,NULL,NULL,NULL,NULL,NULL,NULL,NULL,NULL,0,0,0,0,'2022-01-04 02:18:42','2022-01-06 13:51:43',NULL),(184,184,1,1,1,'NOR HAFIZAH MOHD AROP','1329',NULL,'681203105352',NULL,NULL,NULL,NULL,NULL,NULL,NULL,NULL,NULL,NULL,'hafizah@mpc.gov.my','0',NULL,11,17,7,NULL,NULL,NULL,1,1,0,NULL,NULL,NULL,NULL,NULL,NULL,NULL,NULL,NULL,NULL,NULL,0,0,0,0,'2021-10-29 06:03:37','2022-01-06 13:51:44',NULL),(185,185,1,1,1,'NOR HALISA MOHAMAD HALIL','1386',NULL,'730228125374',NULL,NULL,NULL,NULL,NULL,NULL,NULL,'0133517073',NULL,NULL,'halisa@mpc.gov.my','0',NULL,6,19,5,NULL,NULL,NULL,1,1,0,NULL,NULL,NULL,NULL,NULL,NULL,NULL,NULL,NULL,NULL,NULL,0,0,0,0,'2021-06-25 03:33:37','2022-01-06 13:51:45',NULL),(186,186,1,1,1,'NOR HASIMAH AB. RAHMAN','2074','','610823105654','','','','',NULL,NULL,NULL,NULL,NULL,NULL,'hasimah@mpc.gov.my','0',NULL,5,14,19,NULL,131,NULL,1,1,0,NULL,NULL,NULL,NULL,NULL,NULL,NULL,NULL,NULL,NULL,NULL,0,0,0,0,'2021-06-25 08:42:38','2021-06-25 08:42:38',NULL),(187,187,1,1,1,'NOR IDAYUNIZA RAHMAT','1419',NULL,'781012145720',NULL,NULL,NULL,NULL,NULL,NULL,NULL,NULL,NULL,NULL,'ayu@mpc.gov.my','0',NULL,7,19,5,NULL,NULL,NULL,1,1,0,NULL,NULL,NULL,NULL,NULL,NULL,NULL,NULL,NULL,NULL,NULL,0,0,0,0,'2021-06-25 07:03:10','2022-01-06 13:51:47',NULL),(188,188,1,1,1,'NOR IZZATI NORHISAM','1538','MH30846478','850514105100',NULL,'Taman Wira Permai',NULL,NULL,'40460',1084,14,'0126688724','0351665496',NULL,'izzati@mpc.gov.my','0',NULL,5,18,4,NULL,NULL,NULL,1,1,0,NULL,NULL,NULL,NULL,NULL,NULL,NULL,NULL,NULL,NULL,NULL,0,0,0,0,'2021-06-28 04:25:54','2022-01-06 13:51:48',NULL),(189,189,1,1,1,'NOR ROBAAYAH MOHD. NOOR','1290','','660915085430','','','','',NULL,NULL,NULL,NULL,NULL,NULL,'nrmn@mpc.gov.my','0',NULL,4,33,6,NULL,304,NULL,1,1,0,NULL,NULL,NULL,NULL,NULL,NULL,NULL,NULL,NULL,NULL,NULL,0,0,0,0,'2019-04-16 20:44:02','2019-04-16 20:44:02',NULL),(190,190,1,1,1,'Nor Surayya Abd. Samad','1385',NULL,'751119145758',NULL,NULL,NULL,NULL,NULL,NULL,NULL,NULL,NULL,NULL,'surayya@mpc.gov.my','0',NULL,6,18,4,NULL,NULL,NULL,1,1,0,NULL,NULL,NULL,NULL,NULL,NULL,NULL,NULL,NULL,NULL,NULL,0,0,0,0,'2019-03-29 10:11:45','2022-01-06 13:51:50',NULL),(191,191,1,1,1,'NOR ZAIRISHAM ZAKARIA','2668',NULL,'681118015811',NULL,NULL,NULL,NULL,NULL,NULL,NULL,'0166032495',NULL,NULL,'norzairisham@mpc.gov.my','0',NULL,5,10,17,NULL,NULL,NULL,1,1,0,NULL,NULL,NULL,NULL,NULL,NULL,NULL,NULL,NULL,NULL,NULL,0,0,0,0,'2021-06-25 08:25:10','2022-01-06 13:51:51',NULL),(192,192,1,1,1,'NORA\'IN AHMAD KAMIL','1367',NULL,'690916016290',NULL,NULL,NULL,NULL,NULL,NULL,NULL,'0196328140','0333242248',NULL,'norain@mpc.gov.my','0',NULL,12,19,5,NULL,NULL,NULL,1,1,0,NULL,NULL,NULL,NULL,NULL,NULL,NULL,NULL,NULL,NULL,NULL,0,0,0,0,'2021-06-25 03:35:24','2022-01-06 13:51:52',NULL),(193,193,1,1,1,'NORAFIDAH RAMLI','2951',NULL,'770815016494',NULL,NULL,NULL,NULL,NULL,NULL,NULL,'0173655589',NULL,NULL,'norafidah@mpc.gov.my','0',NULL,7,14,19,NULL,NULL,NULL,1,1,0,NULL,NULL,NULL,NULL,NULL,NULL,NULL,NULL,NULL,NULL,NULL,0,0,0,0,'2021-06-25 06:56:26','2022-01-06 13:51:53',NULL),(194,194,1,1,1,'NORANIZA DAUD','2987',NULL,'821008065262',NULL,NULL,NULL,NULL,NULL,NULL,NULL,'0133312865',NULL,NULL,'noraniza@mpc.gov.my','0',NULL,3,15,19,NULL,NULL,NULL,1,1,0,NULL,NULL,NULL,NULL,NULL,NULL,NULL,NULL,NULL,NULL,NULL,0,0,0,0,'2021-06-28 07:15:47','2022-01-06 13:51:54',NULL),(195,195,1,1,1,'NORASHIKIN ABDUL SHUKOR','3051',NULL,'820722086154',NULL,'Perbadanan Produktiviti Malaysia (mpc)','Tingkat 2, Menara Maa','No. 6, Lorong Api-api 1','88000',2139,13,'+60125843044',NULL,NULL,'shikin@mpc.gov.my','0',NULL,1,12,18,NULL,NULL,NULL,1,1,0,NULL,NULL,NULL,NULL,NULL,NULL,NULL,NULL,NULL,NULL,NULL,0,0,0,0,'2021-06-28 04:38:42','2022-01-06 13:51:55',NULL),(196,196,1,1,1,'NORASHIMA HAMZAH','1533',NULL,'771210115582',NULL,NULL,NULL,NULL,NULL,NULL,NULL,'0192679988',NULL,NULL,'norashima@mpc.gov.my','0',NULL,5,27,3,NULL,NULL,NULL,1,1,0,NULL,NULL,NULL,NULL,NULL,NULL,NULL,NULL,NULL,NULL,NULL,0,0,0,0,'2021-06-25 08:20:24','2022-01-06 13:51:56',NULL),(197,197,1,1,1,'NORAZLINA TUN IBRAHIM','1518',NULL,'800222145850',NULL,NULL,NULL,NULL,NULL,NULL,NULL,'0172463686',NULL,NULL,'norazlina@mpc.gov.my','0',NULL,5,18,4,NULL,NULL,NULL,1,1,0,NULL,NULL,NULL,NULL,NULL,NULL,NULL,NULL,NULL,NULL,NULL,0,0,0,0,'2021-06-25 03:35:46','2022-01-06 13:51:57',NULL),(198,198,1,1,1,'NORDIEANA NORDIN','2955',NULL,'790206105078',NULL,NULL,NULL,NULL,NULL,NULL,NULL,'01112882755',NULL,NULL,'deana@mpc.gov.my','0',NULL,5,12,18,NULL,NULL,NULL,1,1,0,NULL,NULL,NULL,NULL,NULL,NULL,NULL,NULL,NULL,NULL,NULL,0,0,0,0,'2021-06-28 04:03:00','2022-01-06 13:51:58',NULL),(199,199,1,1,1,'NORFAIZAH ABDUL RAHMAN','1358',NULL,'720531065416',NULL,NULL,NULL,NULL,NULL,NULL,NULL,'0133321984',NULL,NULL,'faizah@mpc.gov.my','0',NULL,7,18,4,NULL,NULL,NULL,1,1,0,NULL,NULL,NULL,NULL,NULL,NULL,NULL,NULL,NULL,NULL,NULL,0,0,0,0,'2021-06-25 06:59:17','2022-01-06 13:51:59',NULL),(200,200,1,1,1,'NORHAIDA ROSLAN','3094',NULL,'830513035616',NULL,NULL,NULL,NULL,NULL,NULL,NULL,NULL,NULL,NULL,'norhaida@mpc.gov.my','0',NULL,8,15,18,NULL,NULL,NULL,1,1,0,NULL,NULL,NULL,NULL,NULL,NULL,NULL,NULL,NULL,NULL,NULL,0,0,0,0,'2021-06-28 02:18:17','2022-01-06 13:52:00',NULL),(201,201,1,1,1,'NORHANIDA AHMAD PUAD','2954',NULL,'800929085038',NULL,NULL,NULL,NULL,NULL,NULL,NULL,'0133100877',NULL,NULL,'norhanida@mpc.gov.my','0',NULL,5,25,22,NULL,NULL,NULL,1,1,0,NULL,NULL,NULL,NULL,NULL,NULL,NULL,NULL,NULL,NULL,NULL,0,0,0,0,'2021-06-25 08:41:01','2022-01-06 13:52:01',NULL),(202,202,1,1,1,'NORHANIZA HAMIR','1436',NULL,'790131086326',NULL,NULL,NULL,NULL,NULL,NULL,NULL,NULL,NULL,NULL,'norhaniza@mpc.gov.my','0',NULL,6,19,5,NULL,NULL,NULL,1,1,0,NULL,NULL,NULL,NULL,NULL,NULL,NULL,NULL,NULL,NULL,NULL,0,0,0,0,'2021-06-25 03:07:42','2022-01-06 13:52:02',NULL),(203,203,1,1,1,'NORHASIMAH IBRAHIM','1422','MH01484100','750420105494','A 38583195','Lot 11 Jalan 7','Kampung Melayu',NULL,'68100',1688,14,'0173910849','0361884793',NULL,'norhasimah@mpc.gov.my','0',NULL,6,33,6,NULL,NULL,NULL,1,1,0,NULL,NULL,NULL,NULL,NULL,NULL,NULL,NULL,NULL,NULL,NULL,0,0,0,0,'2021-06-28 04:49:57','2022-01-06 13:52:03',NULL),(204,204,1,1,1,'NORHAYATI HARUN','2823',NULL,'741211025426',NULL,NULL,NULL,NULL,NULL,NULL,NULL,NULL,NULL,NULL,'norhayatiharun@mpc.gov.my','0',NULL,9,23,12,NULL,NULL,NULL,1,1,0,NULL,NULL,NULL,NULL,NULL,NULL,NULL,NULL,NULL,NULL,NULL,0,0,0,0,'2019-03-29 10:11:45','2022-01-06 13:52:04',NULL),(205,205,1,1,1,'NORHISAM AHMAD','2066',NULL,'590121085147',NULL,NULL,NULL,NULL,NULL,NULL,NULL,NULL,NULL,NULL,'norhisam@mpc.gov.my','0',NULL,5,23,12,NULL,36,NULL,1,1,0,NULL,NULL,NULL,NULL,NULL,NULL,NULL,NULL,NULL,NULL,NULL,0,0,0,0,'2019-03-29 10:11:45','2019-03-29 10:11:45',NULL),(206,206,1,1,1,'NORHUDA ABDULLAH','3000',NULL,'810924075016',NULL,NULL,NULL,NULL,NULL,NULL,NULL,NULL,NULL,NULL,'norhuda@mpc.gov.my','0',NULL,9,14,19,NULL,NULL,NULL,1,1,0,NULL,NULL,NULL,NULL,NULL,NULL,NULL,NULL,NULL,NULL,NULL,0,0,0,0,'2020-11-18 04:24:38','2022-01-06 13:52:06',NULL),(207,207,1,1,1,'NORIJAH JUEN','3009','MH20372678','760715135972',NULL,'Blok 3, C3-3-6','Hartana Apartment,','Jalan Demak Laut','93050',2538,15,'0138140335',NULL,NULL,'norijah@mpc.gov.my','0',NULL,11,6,19,NULL,NULL,NULL,1,1,0,NULL,NULL,NULL,NULL,NULL,NULL,NULL,NULL,NULL,NULL,NULL,0,0,0,0,'2021-06-25 08:10:52','2022-01-06 13:52:07',NULL),(208,208,1,1,1,'NORKAMILA SHAHRUDIN','3018',NULL,'810301106066',NULL,NULL,NULL,NULL,NULL,NULL,NULL,NULL,NULL,NULL,'norkamila@mpc.gov.my','0',NULL,12,6,18,NULL,NULL,NULL,1,1,0,NULL,NULL,NULL,NULL,NULL,NULL,NULL,NULL,NULL,NULL,NULL,0,0,0,0,'2021-06-25 07:56:15','2022-01-06 13:52:08',NULL),(209,209,1,1,1,'NORLIANA MAHMUD','1466',NULL,'770521075034',NULL,NULL,NULL,NULL,NULL,NULL,NULL,NULL,NULL,NULL,'norliana@mpc.gov.my','0',NULL,7,18,4,NULL,NULL,NULL,1,1,0,NULL,NULL,NULL,NULL,NULL,NULL,NULL,NULL,NULL,NULL,NULL,0,0,0,0,'2021-06-25 07:05:25','2022-01-06 13:52:09',NULL),(210,210,1,1,1,'NORLIZA AHMAD','1460',NULL,'761213035482',NULL,NULL,NULL,NULL,NULL,NULL,NULL,NULL,NULL,NULL,'norliza@mpc.gov.my','0',NULL,5,18,4,NULL,NULL,NULL,1,1,0,NULL,NULL,NULL,NULL,NULL,NULL,NULL,NULL,NULL,NULL,NULL,0,0,0,0,'2021-06-23 05:28:44','2022-01-06 13:52:10',NULL),(211,211,1,1,1,'NORLIZA ROSLI','3075',NULL,'850306055196',NULL,NULL,NULL,NULL,NULL,NULL,NULL,'0123509867',NULL,NULL,'norlizar@mpc.gov.my','0',NULL,5,15,18,NULL,NULL,NULL,1,1,0,NULL,NULL,NULL,NULL,NULL,NULL,NULL,NULL,NULL,NULL,NULL,0,0,0,0,'2021-06-25 08:22:52','2022-01-06 13:52:11',NULL),(212,212,1,1,1,'NORUL HASILA ABDULLAH','1548',NULL,'830714065344',NULL,NULL,NULL,NULL,NULL,NULL,NULL,NULL,NULL,NULL,'norulhasila@mpc.gov.my','0',NULL,1,27,3,NULL,NULL,NULL,1,1,0,NULL,NULL,NULL,NULL,NULL,NULL,NULL,NULL,NULL,NULL,NULL,0,0,0,0,'2021-06-28 04:51:03','2022-01-06 13:52:12',NULL),(213,213,1,1,1,'NORWAHIDAH ABDULLAH','3006',NULL,'800603035364',NULL,NULL,NULL,NULL,NULL,NULL,NULL,NULL,NULL,NULL,'norwahidah@mpc.gov.my','0',NULL,12,12,18,NULL,NULL,NULL,1,1,0,NULL,NULL,NULL,NULL,NULL,NULL,NULL,NULL,NULL,NULL,NULL,0,0,0,0,'2021-06-25 07:55:51','2022-01-06 13:52:13',NULL),(214,214,1,1,1,'NORWAHIZAN BT MOHAMED','3008',NULL,'781117035608',NULL,NULL,NULL,NULL,NULL,NULL,NULL,NULL,NULL,NULL,'norwahizan@mpc.gov.my','0',NULL,5,8,9,NULL,NULL,NULL,1,1,0,NULL,NULL,NULL,NULL,NULL,NULL,NULL,NULL,NULL,NULL,NULL,0,0,0,0,'2021-06-28 04:32:18','2022-01-06 13:52:14',NULL),(215,215,1,1,1,'NORZIAH KABIL','3022','203715223','741111135206','K50871162','Lot 894, Lorong Demak Laut 3a','Taman Perindustrian Demak Laut','Jalan Bako, Petra Jaya','93050',2538,15,'0198442393',NULL,NULL,'norziah@mpc.gov.my','0',NULL,11,14,18,NULL,NULL,NULL,1,1,0,NULL,NULL,NULL,NULL,NULL,NULL,NULL,NULL,NULL,NULL,NULL,0,0,0,0,'2021-06-25 08:10:16','2022-01-06 13:52:15',NULL),(216,216,1,1,1,'NORZIRIN ARIFFIN','1291','','640927075362','','','','',NULL,NULL,NULL,NULL,NULL,NULL,'zirin@mpc.gov.my','0',NULL,7,17,7,NULL,129,NULL,1,1,0,NULL,NULL,NULL,NULL,NULL,NULL,NULL,NULL,NULL,NULL,NULL,0,0,0,0,'2019-04-16 21:05:53','2019-04-16 21:05:53',NULL),(217,217,1,1,1,'Nur Jihan Ramli','3024',NULL,'820215065332',NULL,NULL,NULL,NULL,NULL,NULL,NULL,NULL,NULL,NULL,'nurjihan@mpc.gov.my','0',NULL,7,6,18,NULL,NULL,NULL,1,1,0,NULL,NULL,NULL,NULL,NULL,NULL,NULL,NULL,NULL,NULL,NULL,0,0,0,0,'2021-06-28 01:37:14','2022-01-06 13:52:17',NULL),(218,218,1,1,1,'NUR \'AMIRAH SHAABAN','3146',NULL,'911229075316',NULL,NULL,NULL,NULL,NULL,NULL,NULL,'0134119986',NULL,NULL,'nuramirah@mpc.gov.my','0',NULL,3,14,18,NULL,NULL,NULL,1,1,0,NULL,NULL,NULL,NULL,NULL,NULL,NULL,NULL,NULL,NULL,NULL,0,0,0,0,'2021-06-28 07:17:25','2022-01-06 13:52:18',NULL),(219,219,1,1,1,'NUR FAIZAH TASMAN','1554',NULL,'820719015320',NULL,NULL,NULL,NULL,NULL,NULL,NULL,'0133759729',NULL,NULL,'nurfaizah@mpc.gov.my','0',NULL,3,27,3,NULL,NULL,NULL,1,1,0,NULL,NULL,NULL,NULL,NULL,NULL,NULL,NULL,NULL,NULL,NULL,0,0,0,0,'2021-06-28 06:46:26','2022-01-06 13:52:19',NULL),(220,220,1,1,1,'NUR FATIMAH MOHD ZAKI','1588',NULL,'890703085766',NULL,'B-28-11','Ppam Metropolitan','Jalan Lingkaran Tengah Mrr2','52100',1561,4,'01110190313',NULL,NULL,'nurfatimah@mpc.gov.my','0',NULL,4,27,3,NULL,NULL,NULL,1,1,0,NULL,NULL,NULL,NULL,NULL,NULL,NULL,NULL,NULL,NULL,NULL,0,0,0,0,'2021-06-28 08:12:51','2022-01-06 13:52:20',NULL),(221,221,1,1,1,'NUR HAFIZAH HALIMUDDIN','3038',NULL,'830829145870',NULL,NULL,NULL,NULL,NULL,NULL,NULL,NULL,NULL,NULL,'nurhafizah@mpc.gov.my','0',NULL,7,12,18,NULL,NULL,NULL,1,1,0,NULL,NULL,NULL,NULL,NULL,NULL,NULL,NULL,NULL,NULL,NULL,0,0,0,0,'2021-06-25 07:56:42','2022-01-06 13:52:21',NULL),(222,222,1,1,1,'NUR HANIM ABD GHANI','1463',NULL,'760301145732',NULL,NULL,NULL,NULL,NULL,NULL,NULL,NULL,NULL,NULL,'hanim@mpc.gov.my','0',NULL,5,19,5,NULL,NULL,NULL,1,1,0,NULL,NULL,NULL,NULL,NULL,NULL,NULL,NULL,NULL,NULL,NULL,0,0,0,0,'2021-06-25 03:37:20','2022-01-06 13:52:22',NULL),(223,223,1,1,1,'Nur Rafidah Zulkifl','1615',NULL,'880707086492',NULL,NULL,NULL,NULL,NULL,NULL,NULL,NULL,NULL,NULL,'nurrafidah@mpc.gov.my','0',NULL,7,27,3,NULL,NULL,NULL,1,1,0,NULL,NULL,NULL,NULL,NULL,NULL,NULL,NULL,NULL,NULL,NULL,0,0,0,0,'2021-09-17 03:17:58','2022-01-06 13:52:23',NULL),(224,224,1,1,1,'NUR SULIA SAARI','1502',NULL,'830512145776',NULL,NULL,NULL,NULL,NULL,NULL,NULL,NULL,NULL,NULL,'sulia@mpc.gov.my','0',NULL,3,18,4,NULL,9,9,1,1,0,NULL,NULL,NULL,NULL,NULL,NULL,NULL,NULL,NULL,NULL,NULL,0,0,0,0,'2021-06-25 03:37:48','2022-01-06 13:52:24',NULL),(225,225,1,1,1,'NUR SYAFINA ANUAR','1522',NULL,'830628105688',NULL,NULL,NULL,NULL,NULL,NULL,NULL,NULL,NULL,NULL,'syafina@mpc.gov.my','0',NULL,4,27,3,NULL,NULL,NULL,1,1,0,NULL,NULL,NULL,NULL,NULL,NULL,NULL,NULL,NULL,NULL,NULL,0,0,0,0,'2021-06-25 03:38:24','2022-01-06 13:52:25',NULL),(226,226,1,1,1,'Nur Syahrina Muhamad Nor','1557',NULL,'830726146360',NULL,NULL,NULL,NULL,NULL,NULL,NULL,NULL,NULL,NULL,'syahrina@mpc.gov.my','0',NULL,7,27,3,NULL,NULL,NULL,1,1,0,NULL,NULL,NULL,NULL,NULL,NULL,NULL,NULL,NULL,NULL,NULL,0,0,0,0,'2021-06-25 07:14:01','2022-01-06 13:52:26',NULL),(227,227,1,1,1,'NURAIZAH HARUN @ HARRON','1578','MH32119482','831217015586',NULL,NULL,NULL,NULL,NULL,NULL,NULL,'0173872284',NULL,NULL,'nuraizah@mpc.gov.my','0',NULL,6,27,3,NULL,NULL,NULL,1,1,0,NULL,NULL,NULL,NULL,NULL,NULL,NULL,NULL,NULL,NULL,NULL,0,0,0,0,'2021-06-25 03:09:46','2022-01-06 13:52:27',NULL),(228,228,1,1,1,'NURFAYUNIE PAKHRURURZI','1647',NULL,'880219145668',NULL,NULL,NULL,NULL,NULL,NULL,NULL,'0132956444',NULL,NULL,'nurfayunie@mpc.gov.my','0',NULL,3,27,3,NULL,87,87,1,1,0,NULL,NULL,NULL,NULL,NULL,NULL,NULL,NULL,NULL,NULL,NULL,0,0,0,0,'2021-06-28 07:15:12','2022-01-06 13:52:28',NULL),(229,229,1,1,1,'NURFAZILA HAJI ZULAIHI','1605',NULL,'900802136836',NULL,NULL,NULL,NULL,NULL,NULL,NULL,NULL,NULL,NULL,'nurfazila@mpc.gov.my','0',NULL,7,27,3,NULL,NULL,NULL,1,1,0,NULL,NULL,NULL,NULL,NULL,NULL,NULL,NULL,NULL,NULL,NULL,0,0,0,0,'2021-06-25 08:07:36','2022-01-06 13:52:29',NULL),(230,230,1,1,1,'Nursyahida Muhamad Aszahari','3121',NULL,'890921146168',NULL,NULL,NULL,NULL,NULL,NULL,NULL,NULL,NULL,NULL,'nursyahida@mpc.gov.my','0',NULL,7,27,3,NULL,NULL,NULL,1,1,0,NULL,NULL,NULL,NULL,NULL,NULL,NULL,NULL,NULL,NULL,NULL,0,0,0,0,'2019-03-29 10:11:45','2022-01-06 13:52:30',NULL),(231,231,1,1,1,'Nurul Ain Alia  Abdullah Zawawi','1583',NULL,'860805435694',NULL,NULL,NULL,NULL,NULL,NULL,NULL,NULL,NULL,NULL,'alia@mpc.gov.my','0',NULL,6,27,3,NULL,NULL,NULL,1,1,0,NULL,NULL,NULL,NULL,NULL,NULL,NULL,NULL,NULL,NULL,NULL,0,0,0,0,'2021-06-25 03:10:19','2022-01-06 13:52:31',NULL),(232,232,1,1,1,'Nurul Farahaton Najihan Jusoh','1634',NULL,'900430115822',NULL,NULL,NULL,NULL,NULL,NULL,NULL,NULL,NULL,NULL,'farahaton@mpc.gov.my','0',NULL,6,27,3,NULL,NULL,NULL,1,1,0,NULL,NULL,NULL,NULL,NULL,NULL,NULL,NULL,NULL,NULL,NULL,0,0,0,0,'2021-06-25 03:01:15','2022-01-06 13:52:32',NULL),(233,233,1,1,1,'NURUL FATIHAH BINTI MOHD AZLAN','1576',NULL,'860509295922',NULL,'224, Jalan Laman Azalea 3/3,','Laman Azalea, Nilai Impian,',NULL,'71800',1794,7,'+60129371650',NULL,NULL,'fatihahazlan14@gmail.com','0',NULL,6,27,3,NULL,NULL,NULL,1,1,0,NULL,NULL,NULL,NULL,NULL,NULL,NULL,NULL,NULL,NULL,NULL,0,0,0,0,'2021-06-28 08:10:41','2022-01-06 13:52:33',NULL),(234,234,1,1,1,'Nurul Nadia Zainal Adnan','3133',NULL,'870825565508',NULL,NULL,NULL,NULL,NULL,NULL,NULL,NULL,NULL,NULL,'nurulnadia@mpc.gov.my','0',NULL,1,12,18,NULL,NULL,NULL,1,1,0,NULL,NULL,NULL,NULL,NULL,NULL,NULL,NULL,NULL,NULL,NULL,0,0,0,0,'2021-09-13 03:20:03','2022-01-06 13:52:34',NULL),(235,235,1,1,1,'Nurul Sazrina Mohd Shukor','1520',NULL,'830322105028',NULL,NULL,NULL,NULL,NULL,NULL,NULL,NULL,NULL,NULL,'sazrina@mpc.gov.my','0',NULL,5,29,26,NULL,NULL,NULL,1,1,0,NULL,NULL,NULL,NULL,NULL,NULL,NULL,NULL,NULL,NULL,NULL,0,0,0,0,'2021-06-25 08:39:55','2022-01-06 13:52:35',NULL),(236,236,1,1,1,'NURUL SYAMIMI ISMAIL','1574',NULL,'850926035516',NULL,NULL,NULL,NULL,'47610',1323,14,'0196635516',NULL,NULL,'syamimi@mpc.gov.my','0',NULL,6,27,3,NULL,NULL,NULL,1,1,0,NULL,NULL,NULL,NULL,NULL,NULL,NULL,NULL,NULL,NULL,NULL,0,0,0,0,'2021-06-25 03:23:53','2022-01-06 13:52:36',NULL),(237,237,1,1,1,'NURZARINA JAAFAR','2992',NULL,'800509075538',NULL,NULL,NULL,NULL,NULL,NULL,NULL,NULL,NULL,NULL,'nurzarina@mpc.gov.my','0',NULL,7,30,22,NULL,NULL,NULL,1,1,0,NULL,NULL,NULL,NULL,NULL,NULL,NULL,NULL,NULL,NULL,NULL,0,0,0,0,'2019-04-16 12:20:43','2022-01-06 13:52:37',NULL),(238,238,1,1,1,'OMI KALSOM OSMAN','2060',NULL,'590905085292',NULL,NULL,NULL,NULL,NULL,NULL,NULL,NULL,NULL,NULL,'omi@mpc.gov.my','0',NULL,5,14,20,NULL,36,NULL,1,1,0,NULL,NULL,NULL,NULL,NULL,NULL,NULL,NULL,NULL,NULL,NULL,0,0,0,0,'2019-03-29 10:11:45','2019-03-29 10:11:45',NULL),(239,239,1,1,1,'OSMAN ZAIDAN','2996',NULL,'680925135225',NULL,NULL,NULL,NULL,NULL,NULL,NULL,NULL,NULL,NULL,'osmanzaidan@mpc.gov.my','0',NULL,7,7,9,NULL,NULL,NULL,1,1,0,NULL,NULL,NULL,NULL,NULL,NULL,NULL,NULL,NULL,NULL,NULL,0,0,0,0,'2021-06-25 08:12:16','2022-01-06 13:52:39',NULL),(240,240,1,1,1,'RABIA?TUL HANA ISHAK','1610','310360562','901211146770',NULL,NULL,NULL,NULL,NULL,NULL,NULL,'0147169285',NULL,NULL,'rabiatulhana@mpc.gov.my','0',NULL,6,27,3,NULL,NULL,NULL,1,1,0,NULL,NULL,NULL,NULL,NULL,NULL,NULL,NULL,NULL,NULL,NULL,0,0,0,0,'2021-06-28 08:36:42','2022-01-06 13:52:40',NULL),(241,241,1,1,1,'Rahayu Abd. Rahman','3085',NULL,'821114115518',NULL,NULL,NULL,NULL,NULL,NULL,NULL,NULL,NULL,NULL,'RahayuR@mpc.gov.my','0',NULL,7,14,18,NULL,NULL,NULL,1,1,0,NULL,NULL,NULL,NULL,NULL,NULL,NULL,NULL,NULL,NULL,NULL,0,0,0,0,'2020-11-18 04:21:17','2022-01-06 13:52:41',NULL),(242,242,1,1,1,'DR. RAHMAT MD. SMAIL','1186','','600302045271','','','','',NULL,NULL,NULL,NULL,NULL,NULL,'rahmat@mpc.gov.my','0',NULL,2,17,7,NULL,129,NULL,1,1,0,NULL,NULL,NULL,NULL,NULL,NULL,NULL,NULL,NULL,NULL,NULL,0,0,0,0,'2019-04-16 21:07:48','2019-04-16 21:07:48',NULL),(243,243,1,1,1,'RAINAH OSMAN','3020',NULL,'731111125252',NULL,NULL,NULL,NULL,NULL,NULL,NULL,NULL,NULL,NULL,'rainah@mpc.gov.my','0',NULL,7,6,18,NULL,NULL,NULL,1,1,0,NULL,NULL,NULL,NULL,NULL,NULL,NULL,NULL,NULL,NULL,NULL,0,0,0,0,'2021-06-28 02:24:38','2022-01-06 13:52:43',NULL),(244,244,1,1,1,'Raja Ainul Bismi Raja Abd. Hadi','1509',NULL,'831026086234',NULL,NULL,NULL,NULL,NULL,NULL,NULL,NULL,NULL,NULL,'rajaainul@mpc.gov.my','0',NULL,1,18,4,NULL,NULL,131,1,1,0,NULL,NULL,NULL,NULL,NULL,NULL,NULL,NULL,NULL,NULL,NULL,0,0,0,0,'2022-01-04 02:37:52','2022-01-06 13:52:44',NULL),(245,245,1,1,1,'Ramale Yusoff','2146',NULL,'640510035445',NULL,NULL,NULL,NULL,NULL,NULL,NULL,NULL,NULL,NULL,'ramale@mpc.gov.my','0',NULL,5,10,16,NULL,NULL,NULL,1,1,0,NULL,NULL,NULL,NULL,NULL,NULL,NULL,NULL,NULL,NULL,NULL,0,0,0,0,'2021-06-28 04:24:49','2022-01-06 13:52:45',NULL),(246,246,1,1,1,'RAMLAN SAINAN','2067',NULL,'610228105027',NULL,NULL,NULL,NULL,NULL,NULL,NULL,NULL,NULL,NULL,'ramlan@mpc.gov.my','0',NULL,2,10,17,NULL,242,NULL,1,1,0,NULL,NULL,NULL,NULL,NULL,NULL,NULL,NULL,NULL,NULL,NULL,0,0,0,0,'2019-03-29 10:11:45','2019-03-29 10:11:45',NULL),(247,247,1,1,1,'ROSELEENA HASHIM','1306','069415032','650318035284','A40195054','No 38 Jalan Pjs 10/3','Taman Subang Indah','Petaling Jaya','46100',1237,14,'0192648143',NULL,NULL,'leena@mpc.gov.my','0',NULL,3,33,6,NULL,9,NULL,1,1,0,NULL,NULL,NULL,NULL,NULL,NULL,NULL,NULL,NULL,NULL,NULL,0,0,0,0,'2021-06-24 07:56:59','2021-06-24 07:56:59',NULL),(248,248,1,1,1,'ROSLAH MD YUSOF','2105',NULL,'610210105328',NULL,NULL,NULL,NULL,NULL,NULL,NULL,NULL,NULL,NULL,'roslah@mpc.gov.my','0',NULL,6,31,23,NULL,78,NULL,1,1,0,NULL,NULL,NULL,NULL,NULL,NULL,NULL,NULL,NULL,NULL,NULL,0,0,0,0,'2019-03-29 10:11:45','2019-03-29 10:11:45',NULL),(249,249,1,1,1,'ROSLI MAT DOM','2098',NULL,'610314055177',NULL,NULL,NULL,NULL,NULL,NULL,NULL,NULL,NULL,NULL,'rosli@mpc.gov.my','0',NULL,1,14,20,NULL,NULL,NULL,1,1,0,NULL,NULL,NULL,NULL,NULL,NULL,NULL,NULL,NULL,NULL,NULL,0,0,0,0,'2020-02-14 01:58:34','2022-01-06 13:52:49',NULL),(250,250,1,1,1,'Roslinda Abdul Hamid','1493',NULL,'770706065860',NULL,NULL,NULL,NULL,NULL,NULL,NULL,NULL,NULL,NULL,'lynda@mpc.gov.my','0',NULL,7,27,3,NULL,NULL,NULL,1,1,0,NULL,NULL,NULL,NULL,NULL,NULL,NULL,NULL,NULL,NULL,NULL,0,0,0,0,'2021-06-25 07:04:23','2022-01-06 13:52:50',NULL),(251,251,1,1,1,'Roslinda Ahmad','2977',NULL,'780922105002',NULL,NULL,NULL,NULL,NULL,NULL,NULL,NULL,NULL,NULL,'roslinda@mpc.gov.my','0',NULL,7,30,22,NULL,NULL,NULL,1,1,0,NULL,NULL,NULL,NULL,NULL,NULL,NULL,NULL,NULL,NULL,NULL,0,0,0,0,'2021-11-08 16:59:09','2022-01-06 13:52:51',NULL),(252,252,1,1,1,'ROSMI  ABDULLAH','1274','301713860','630525035473','A51286075',NULL,NULL,NULL,NULL,NULL,NULL,NULL,NULL,NULL,'rosmi@mpc.gov.my','0',NULL,7,17,7,NULL,NULL,307,1,1,0,NULL,NULL,NULL,NULL,NULL,NULL,NULL,NULL,NULL,NULL,NULL,0,0,0,0,'2022-01-04 02:19:02','2022-01-06 13:52:52',NULL),(253,253,1,1,1,'ROSMIZA ROSLY','1374',NULL,'721031065086',NULL,NULL,NULL,NULL,NULL,NULL,NULL,'0192251114',NULL,NULL,'iza@mpc.gov.my','0',NULL,6,19,5,NULL,NULL,NULL,1,1,0,NULL,NULL,NULL,NULL,NULL,NULL,NULL,NULL,NULL,NULL,NULL,0,0,0,0,'2021-06-28 08:16:17','2022-01-06 13:52:53',NULL),(254,254,1,1,1,'Rosniwati Abdullah','2783',NULL,'760405075492',NULL,NULL,NULL,NULL,NULL,NULL,NULL,NULL,NULL,NULL,'rosniwati@mpc.gov.my','0',NULL,1,6,18,NULL,NULL,NULL,1,1,0,NULL,NULL,NULL,NULL,NULL,NULL,NULL,NULL,NULL,NULL,NULL,0,0,0,0,'2021-06-28 04:47:56','2022-01-06 13:52:54',NULL),(255,255,1,1,1,'ROZIANA OTHMAN','1289',NULL,'660928015060',NULL,NULL,NULL,NULL,NULL,NULL,NULL,NULL,NULL,NULL,'ogie@mpc.gov.my','0',NULL,7,33,6,NULL,NULL,NULL,1,1,0,NULL,NULL,NULL,NULL,NULL,NULL,NULL,NULL,NULL,NULL,NULL,0,0,0,0,'2021-06-25 03:39:36','2022-01-06 13:52:55',NULL),(256,256,1,1,1,'Rozitah Ma\'al','1400',NULL,'730323145672',NULL,NULL,NULL,NULL,NULL,NULL,NULL,NULL,NULL,NULL,'rozitah@mpc.gov.my','0',NULL,7,18,4,NULL,NULL,NULL,1,1,0,NULL,NULL,NULL,NULL,NULL,NULL,NULL,NULL,NULL,NULL,NULL,0,0,0,0,'2021-06-25 03:17:50','2022-01-06 13:52:56',NULL),(257,257,1,1,1,'RUSDI MUDA','1312',NULL,'650803035157',NULL,NULL,NULL,NULL,NULL,NULL,NULL,NULL,NULL,NULL,'rusdi@mpc.gov.my','0',NULL,7,19,5,NULL,NULL,NULL,1,1,0,NULL,NULL,NULL,NULL,NULL,NULL,NULL,NULL,NULL,NULL,NULL,0,0,0,0,'2021-06-28 01:39:46','2022-01-06 13:52:57',NULL),(258,258,1,1,1,'SABRI HASAN','1458',NULL,'750708035595',NULL,NULL,NULL,NULL,NULL,NULL,NULL,NULL,NULL,NULL,'sabri@mpc.gov.my','0',NULL,7,18,4,NULL,NULL,NULL,1,1,0,NULL,NULL,NULL,NULL,NULL,NULL,NULL,NULL,NULL,NULL,NULL,0,0,0,0,'2019-04-16 20:45:20','2022-01-06 13:52:58',NULL),(259,259,1,1,1,'SAFARWAN BIN MOHD SUHAIMI','1596','310673215','890306146107',NULL,NULL,NULL,NULL,NULL,NULL,NULL,'0194434801',NULL,NULL,'safarwan@mpc.gov.my','0',NULL,7,27,3,NULL,NULL,NULL,1,1,0,NULL,NULL,NULL,NULL,NULL,NULL,NULL,NULL,NULL,NULL,NULL,0,0,0,0,'2021-06-28 08:09:57','2022-01-06 13:52:59',NULL),(260,260,1,1,1,'Safiah Mitri','3080',NULL,'830413125884',NULL,NULL,NULL,NULL,NULL,NULL,NULL,NULL,NULL,NULL,'safiah@mpc.gov.my','0',NULL,3,15,18,NULL,NULL,NULL,1,1,0,NULL,NULL,NULL,NULL,NULL,NULL,NULL,NULL,NULL,NULL,NULL,0,0,0,0,'2021-06-28 02:25:01','2022-01-06 13:53:00',NULL),(261,261,1,1,1,'SAFNIWATI JASRI','1392',NULL,'760217715026',NULL,NULL,NULL,NULL,NULL,NULL,NULL,NULL,NULL,NULL,'safniwati@mpc.gov.my','0',NULL,7,19,5,NULL,NULL,NULL,1,1,0,NULL,NULL,NULL,NULL,NULL,NULL,NULL,NULL,NULL,NULL,NULL,0,0,0,0,'2021-06-25 03:40:32','2022-01-06 13:53:01',NULL),(262,262,1,1,1,'SAFURA ABDUL MALEK','1579','MH08064589','860904525900',NULL,NULL,NULL,NULL,NULL,NULL,NULL,'0128920999',NULL,NULL,'safura@mpc.gov.my','0',NULL,4,18,4,NULL,NULL,NULL,1,1,0,NULL,NULL,NULL,NULL,NULL,NULL,NULL,NULL,NULL,NULL,NULL,0,0,0,0,'2021-06-25 03:41:02','2022-01-06 13:53:02',NULL),(263,263,1,1,1,'SALIZA SAARI','1415',NULL,'770801066220',NULL,NULL,NULL,NULL,NULL,NULL,NULL,NULL,NULL,NULL,'saliza@mpc.gov.my','0',NULL,7,33,6,NULL,NULL,307,1,1,0,NULL,NULL,NULL,NULL,NULL,NULL,NULL,NULL,NULL,NULL,NULL,0,0,0,0,'2022-01-04 02:32:53','2022-01-06 13:53:03',NULL),(264,264,1,1,1,'SARIMAH MISMAN','1311',NULL,'640414107066',NULL,'61,jalan Kp 2/15 Seksyen 2','Taman Kota Perdana','Bandar Putra Permai',NULL,NULL,NULL,'0196291662',NULL,NULL,'sarimah@mpc.gov.my','0',NULL,4,17,7,NULL,NULL,9,1,1,0,NULL,NULL,NULL,NULL,NULL,NULL,NULL,NULL,NULL,NULL,NULL,0,0,0,0,'2022-01-04 02:17:56','2022-01-06 13:53:04',NULL),(265,265,1,1,1,'SAWIAH ABDUL SAMAD','1339','303487660','680101045120',NULL,NULL,NULL,NULL,NULL,NULL,NULL,'0183814621',NULL,NULL,'sawiah@mpc.gov.my','0',NULL,6,33,6,NULL,NULL,NULL,1,1,0,NULL,NULL,NULL,NULL,NULL,NULL,NULL,NULL,NULL,NULL,NULL,0,0,0,0,'2021-06-25 03:17:23','2022-01-06 13:53:05',NULL),(266,266,1,1,1,'Semawi Zakaria','1370',NULL,'630328085527',NULL,NULL,NULL,NULL,NULL,NULL,NULL,NULL,NULL,NULL,'semawi@mpc.gov.my','0',NULL,7,18,4,NULL,NULL,NULL,1,1,0,NULL,NULL,NULL,NULL,NULL,NULL,NULL,NULL,NULL,NULL,NULL,0,0,0,0,'2021-06-25 08:06:39','2022-01-06 13:53:06',NULL),(267,267,1,1,1,'Shafirul Izwar Saad','2999',NULL,'810418025235',NULL,NULL,NULL,NULL,NULL,NULL,NULL,NULL,NULL,NULL,'shafirul@mpc.gov.my','0',NULL,7,14,18,NULL,NULL,NULL,1,1,0,NULL,NULL,NULL,NULL,NULL,NULL,NULL,NULL,NULL,NULL,NULL,0,0,0,0,'2019-03-29 10:11:45','2022-01-06 13:53:07',NULL),(268,268,1,1,1,'Shahidah Samsudin','1558',NULL,'820526145858',NULL,NULL,NULL,NULL,NULL,NULL,NULL,NULL,NULL,NULL,'shahidah@mpc.gov.my','0',NULL,4,27,3,NULL,NULL,NULL,1,1,0,NULL,NULL,NULL,NULL,NULL,NULL,NULL,NULL,NULL,NULL,NULL,0,0,0,0,'2021-06-25 07:00:55','2022-01-06 13:53:08',NULL),(269,269,1,1,1,'Shahriza Bahari','1428',NULL,'751226145016',NULL,NULL,NULL,NULL,NULL,NULL,NULL,NULL,NULL,NULL,'shahriza@mpc.gov.my','0',NULL,6,18,4,NULL,NULL,NULL,1,1,0,NULL,NULL,NULL,NULL,NULL,NULL,NULL,NULL,NULL,NULL,NULL,0,0,0,0,'2021-06-25 02:59:46','2022-01-06 13:53:09',NULL),(270,270,1,1,1,'DR. SHAIK ROSLINAH BUX','1320',NULL,'630619106404',NULL,NULL,NULL,NULL,NULL,NULL,NULL,NULL,NULL,NULL,'roslinahbux@mpc.gov.my','0',NULL,6,33,6,NULL,NULL,NULL,1,1,0,NULL,NULL,NULL,NULL,NULL,NULL,NULL,NULL,NULL,NULL,NULL,0,0,0,0,'2021-11-09 15:08:22','2022-01-06 13:53:10',NULL),(271,271,1,1,1,'SHANTHINI TAMADORAM','1592',NULL,'800528145896',NULL,'No 7, Jalan Anggerik Aranda 31/171',NULL,NULL,'40460',1084,14,'0122880144',NULL,NULL,'shanthini@mpc.gov.my','0',NULL,6,27,3,NULL,NULL,NULL,1,1,0,NULL,NULL,NULL,NULL,NULL,NULL,NULL,NULL,NULL,NULL,NULL,0,0,0,0,'2021-06-25 03:01:50','2022-01-06 13:53:11',NULL),(272,272,1,1,1,'SHARIPAH MAZINA SYED MOHAMMED','1322',NULL,'660228035028',NULL,NULL,NULL,NULL,NULL,NULL,NULL,NULL,NULL,NULL,'sharipah@mpc.gov.my','0',NULL,1,19,5,NULL,79,NULL,1,1,0,NULL,NULL,NULL,NULL,NULL,NULL,NULL,NULL,NULL,NULL,NULL,0,0,0,0,'2019-03-29 10:11:45','2019-03-29 10:11:45',NULL),(273,273,1,1,1,'Sharizal Samsudin','2978',NULL,'800809085025',NULL,NULL,NULL,NULL,NULL,NULL,NULL,NULL,NULL,NULL,'sharizal@mpc.gov.my','0',NULL,5,10,16,NULL,NULL,NULL,1,1,0,NULL,NULL,NULL,NULL,NULL,NULL,NULL,NULL,NULL,NULL,NULL,0,0,0,0,'2021-06-25 08:27:26','2022-01-06 13:53:13',NULL),(274,274,1,1,1,'SHEZLINA ZAKARIA','1377',NULL,'720408025822',NULL,NULL,NULL,NULL,NULL,NULL,NULL,NULL,NULL,NULL,'shez@mpc.gov.my','0',NULL,1,33,6,NULL,NULL,NULL,1,1,0,NULL,NULL,NULL,NULL,NULL,NULL,NULL,NULL,NULL,NULL,NULL,0,0,0,0,'2021-06-28 04:42:03','2022-01-06 13:53:14',NULL),(275,275,1,1,1,'SITI ASLINDAH AHMAD','3054',NULL,'830813125234',NULL,NULL,NULL,NULL,NULL,NULL,NULL,NULL,NULL,NULL,'sitiaslindah@mpc.gov.my','0',NULL,5,15,18,NULL,NULL,NULL,1,1,0,NULL,NULL,NULL,NULL,NULL,NULL,NULL,NULL,NULL,NULL,NULL,0,0,0,0,'2021-06-28 04:27:17','2022-01-06 13:53:15',NULL),(276,276,1,1,1,'Siti Rahayu Md. Desa','3052',NULL,'750514075062',NULL,NULL,NULL,NULL,NULL,NULL,NULL,NULL,NULL,NULL,'rahayu@mpc.gov.my','0',NULL,5,14,19,NULL,NULL,NULL,1,1,0,NULL,NULL,NULL,NULL,NULL,NULL,NULL,NULL,NULL,NULL,NULL,0,0,0,0,'2021-06-25 08:41:58','2022-01-06 13:53:16',NULL),(277,277,1,1,1,'Siti Rawaida Shariff','3076',NULL,'840604075284',NULL,NULL,NULL,NULL,NULL,NULL,NULL,NULL,NULL,NULL,'rawaida@mpc.gov.my','0',NULL,5,21,27,NULL,NULL,NULL,1,1,0,NULL,NULL,NULL,NULL,NULL,NULL,NULL,NULL,NULL,NULL,NULL,0,0,0,0,'2021-06-25 08:40:22','2022-01-06 13:53:17',NULL),(278,278,1,1,1,'Siti Sakinah Mohd Zaki','1654',NULL,'890129035608',NULL,NULL,NULL,NULL,NULL,NULL,NULL,NULL,NULL,NULL,'sakinah@mpc.gov.my','0',NULL,7,27,3,NULL,NULL,NULL,1,1,0,NULL,NULL,NULL,NULL,NULL,NULL,NULL,NULL,NULL,NULL,NULL,0,0,0,0,'2021-06-25 03:24:18','2022-01-06 13:53:18',NULL),(279,279,1,1,1,'Siti Salia Azizan','1562',NULL,'770502025592',NULL,NULL,NULL,NULL,NULL,NULL,NULL,NULL,NULL,NULL,'salia@mpc.gov.my','0',NULL,5,2,28,NULL,NULL,NULL,1,1,0,NULL,NULL,NULL,NULL,NULL,NULL,NULL,NULL,NULL,NULL,NULL,0,0,0,0,'2021-06-25 08:39:25','2022-01-06 13:53:19',NULL),(280,280,1,1,1,'SITI SALMIAH YAHAYA','2135',NULL,'641101065170',NULL,NULL,NULL,NULL,NULL,NULL,NULL,NULL,NULL,NULL,'siti@mpc.gov.my','0',NULL,5,14,19,NULL,36,NULL,1,1,0,NULL,NULL,NULL,NULL,NULL,NULL,NULL,NULL,NULL,NULL,NULL,0,0,0,0,'2019-03-29 10:11:45','2019-03-29 10:11:45',NULL),(281,281,1,1,1,'SITI SYAFIQAH AHMAD','1586','MH31045616','891122146000','A50377080',NULL,NULL,NULL,NULL,NULL,NULL,'0184066193',NULL,NULL,'syafiqah@mpc.gov.my','0',NULL,3,27,3,NULL,NULL,NULL,1,1,0,NULL,NULL,NULL,NULL,NULL,NULL,NULL,NULL,NULL,NULL,NULL,0,0,0,0,'2021-11-08 16:57:56','2022-01-06 13:53:21',NULL),(282,282,1,1,1,'Siti Zaharah Mohamed','3039',NULL,'860913235390',NULL,NULL,NULL,NULL,NULL,NULL,NULL,NULL,NULL,NULL,'zaharah@mpc.gov.my','0',NULL,5,6,18,NULL,NULL,NULL,1,1,0,NULL,NULL,NULL,NULL,NULL,NULL,NULL,NULL,NULL,NULL,NULL,0,0,0,0,'2021-06-25 06:57:39','2022-01-06 13:53:22',NULL),(283,283,1,1,1,'SITI ZURIANAH OTHMAN','1528',NULL,'780808045202',NULL,NULL,NULL,NULL,NULL,NULL,NULL,'0132086101',NULL,NULL,'zurianah@mpc.gov.my','0',NULL,6,27,3,NULL,NULL,NULL,1,1,0,NULL,NULL,NULL,NULL,NULL,NULL,NULL,NULL,NULL,NULL,NULL,0,0,0,0,'2021-06-25 03:43:59','2022-01-06 13:53:23',NULL),(284,284,1,1,1,'SUGUMAR A/L SAMINATHAN','1353',NULL,'650711025373',NULL,NULL,NULL,NULL,NULL,NULL,NULL,NULL,NULL,NULL,'sugumar@mpc.gov.my','0',NULL,6,33,7,NULL,NULL,NULL,1,1,0,NULL,NULL,NULL,NULL,NULL,NULL,NULL,NULL,NULL,NULL,NULL,0,0,0,0,'2021-06-25 03:44:26','2022-01-06 13:53:24',NULL),(285,285,1,1,1,'SUHAIMI HAMAD','1209','','610920035475','','','','',NULL,NULL,NULL,NULL,NULL,NULL,'suhaimi@mpc.gov.my','0',NULL,4,17,7,NULL,304,NULL,1,1,0,NULL,NULL,NULL,NULL,NULL,NULL,NULL,NULL,NULL,NULL,NULL,0,0,0,0,'2021-06-25 03:44:56','2021-06-25 03:44:56',NULL),(286,286,1,1,1,'Suhaimi Robini','2988',NULL,'821006015819',NULL,NULL,NULL,NULL,NULL,NULL,NULL,NULL,NULL,NULL,'suhaimi_robini@mpc.gov.my','0',NULL,5,14,18,NULL,NULL,NULL,1,1,0,NULL,NULL,NULL,NULL,NULL,NULL,NULL,NULL,NULL,NULL,NULL,0,0,0,0,'2021-06-28 04:28:06','2022-01-06 13:53:26',NULL),(287,287,1,1,1,'DR. SURIATI ZAINAL ABIDIN','1378',NULL,'720615045084',NULL,NULL,NULL,NULL,NULL,NULL,NULL,NULL,NULL,NULL,'ati@mpc.gov.my','0',NULL,6,33,6,NULL,NULL,NULL,1,1,0,NULL,NULL,NULL,NULL,NULL,NULL,NULL,NULL,NULL,NULL,NULL,0,0,0,0,'2021-06-25 03:23:23','2022-01-06 13:53:27',NULL),(288,288,1,1,1,'SUZANA ISMAIL','2941','','730505035706','','','','',NULL,NULL,NULL,NULL,NULL,NULL,'suzana@mpc.gov.my','0',NULL,7,18,4,NULL,183,NULL,1,1,0,NULL,NULL,NULL,NULL,NULL,NULL,NULL,NULL,NULL,NULL,NULL,0,0,0,0,'2022-01-10 03:23:58','2022-01-10 03:23:58',NULL),(289,289,1,1,1,'SYAIRAH ZAIMAH SHAFIEE','3143',NULL,'860504387326',NULL,NULL,NULL,NULL,NULL,NULL,NULL,NULL,NULL,NULL,'syairah@mpc.gov.my','0',NULL,7,14,18,NULL,NULL,NULL,1,1,0,NULL,NULL,NULL,NULL,NULL,NULL,NULL,NULL,NULL,NULL,NULL,0,0,0,0,'2019-11-25 19:45:40','2022-01-06 13:53:29',NULL),(290,290,1,1,1,'Syed Mohammad Fitri Syed Abdul Rahim','2979',NULL,'780905065205',NULL,NULL,NULL,NULL,NULL,NULL,NULL,NULL,NULL,NULL,'smfitri@mpc.gov.my','0',NULL,5,24,2,NULL,NULL,NULL,1,1,0,NULL,NULL,NULL,NULL,NULL,NULL,NULL,NULL,NULL,NULL,NULL,0,0,0,0,'2021-06-25 08:36:34','2022-01-06 13:53:30',NULL),(291,291,1,1,1,'SYED MOHD. AL-KHAFIEZ SHAH SYED MOHD. AZAM SHAH','2966',NULL,'800531145133',NULL,NULL,NULL,NULL,NULL,NULL,NULL,NULL,NULL,NULL,'syed@mpc.gov.my','0',NULL,5,27,3,NULL,NULL,NULL,1,1,0,NULL,NULL,NULL,NULL,NULL,NULL,NULL,NULL,NULL,NULL,NULL,0,0,0,0,'2021-06-25 06:59:48','2022-01-06 13:53:31',NULL),(292,292,1,1,1,'THEA JUMINITA CHEONG KIAM','2119',NULL,'611123125392',NULL,NULL,NULL,NULL,NULL,NULL,NULL,NULL,NULL,NULL,'thea@mpc.gov.my','0',NULL,7,14,19,NULL,NULL,NULL,1,1,0,NULL,NULL,NULL,NULL,NULL,NULL,NULL,NULL,NULL,NULL,NULL,0,0,0,0,'2021-06-28 02:22:46','2022-01-06 13:53:32',NULL),(293,293,1,1,1,'UMI KALSOM OSMAN','2082',NULL,'610102045102',NULL,NULL,NULL,NULL,NULL,NULL,NULL,NULL,NULL,NULL,'umi@mpc.gov.my','0',NULL,7,31,23,NULL,66,NULL,1,1,0,NULL,NULL,NULL,NULL,NULL,NULL,NULL,NULL,NULL,NULL,NULL,0,0,0,0,'2019-03-29 10:11:45','2019-03-29 10:11:45',NULL),(294,294,1,1,1,'VIMALA A/P R.MUNIANDY','1567',NULL,'830708146260',NULL,NULL,NULL,NULL,NULL,NULL,NULL,'0122435208','0122435208',NULL,'vimala@mpc.gov.my','0',NULL,6,27,3,NULL,NULL,NULL,1,1,0,NULL,NULL,NULL,NULL,NULL,NULL,NULL,NULL,NULL,NULL,NULL,0,0,0,0,'2021-06-25 02:56:18','2022-01-06 13:53:34',NULL),(295,295,1,1,1,'WAILA MOHD. NASIR','1381',NULL,'730621106022',NULL,NULL,NULL,NULL,NULL,NULL,NULL,NULL,NULL,NULL,'waila@mpc.gov.my','0',NULL,7,19,5,NULL,NULL,NULL,1,1,0,NULL,NULL,NULL,NULL,NULL,NULL,NULL,NULL,NULL,NULL,NULL,0,0,0,0,'2021-09-20 15:15:50','2022-01-06 13:53:35',NULL),(296,296,1,1,1,'WAN FARID WAN HAMAD @ WAN AHMAD','1587',NULL,'791024105661',NULL,'C-6-20, Level 6, Block C, Masreca19',NULL,NULL,'63200',1684,14,'+60163841467',NULL,NULL,'wanfarid@mpc.gov.my','0',NULL,4,27,3,NULL,NULL,NULL,1,1,0,NULL,NULL,NULL,NULL,NULL,NULL,NULL,NULL,NULL,NULL,NULL,0,0,0,0,'2021-06-25 04:01:16','2022-01-06 13:53:36',NULL),(297,297,1,1,1,'WAN FAZLIN NADIA WAN OSMAN','1417','309836715','791126015974','','','','',NULL,NULL,NULL,'0123884464',NULL,NULL,'nadia@mpc.gov.my','0',NULL,6,17,7,NULL,304,304,1,1,0,NULL,NULL,NULL,NULL,NULL,NULL,NULL,NULL,NULL,NULL,NULL,0,0,0,0,'2022-01-07 08:05:57','2022-01-07 08:05:57',NULL),(298,298,1,1,1,'WAN KHAIRUNNISA AZMI','1569',NULL,'860225295576',NULL,NULL,NULL,NULL,NULL,NULL,NULL,NULL,NULL,NULL,'khairunnisa@mpc.gov.my','0',NULL,5,27,3,NULL,NULL,NULL,1,1,0,NULL,NULL,NULL,NULL,NULL,NULL,NULL,NULL,NULL,NULL,NULL,0,0,0,0,'2021-06-23 05:17:41','2022-01-06 13:53:38',NULL),(299,299,1,1,1,'WAN NORHANI WAN KHALID','1536',NULL,'640706115164',NULL,NULL,NULL,NULL,NULL,NULL,NULL,'0196664016',NULL,NULL,'wannorhani@mpc.gov.my','0',NULL,5,4,30,NULL,NULL,NULL,1,1,0,NULL,NULL,NULL,NULL,NULL,NULL,NULL,NULL,NULL,NULL,NULL,0,0,0,0,'2020-10-16 07:19:22','2022-01-06 13:53:39',NULL),(300,300,1,1,1,'WAN ROZITA HUSSAIN','2959',NULL,'770518065820',NULL,NULL,NULL,NULL,NULL,NULL,NULL,NULL,NULL,NULL,'wanrozita@mpc.gov.my','0',NULL,3,30,23,NULL,NULL,NULL,1,1,0,NULL,NULL,NULL,NULL,NULL,NULL,NULL,NULL,NULL,NULL,NULL,0,0,0,0,'2021-06-25 03:13:32','2022-01-06 13:53:40',NULL),(301,301,1,1,1,'Wan Yusnaini Wan Yaacob','1403',NULL,'710502035534',NULL,NULL,NULL,NULL,NULL,NULL,NULL,NULL,NULL,NULL,'yusnaini@mpc.gov.my','0',NULL,7,18,4,NULL,NULL,NULL,1,1,0,NULL,NULL,NULL,NULL,NULL,NULL,NULL,NULL,NULL,NULL,NULL,0,0,0,0,'2021-09-06 01:34:22','2022-01-06 13:53:41',NULL),(302,302,1,1,1,'Wan Zainulhaq Thaniah Che Haron','3091',NULL,'710129035076',NULL,NULL,NULL,NULL,NULL,NULL,NULL,NULL,NULL,NULL,'WanZainulhaq@mpc.gov.my','0',NULL,5,6,18,NULL,NULL,NULL,1,1,0,NULL,NULL,NULL,NULL,NULL,NULL,NULL,NULL,NULL,NULL,NULL,0,0,0,0,'2021-06-25 08:24:49','2022-01-06 13:53:42',NULL),(303,303,1,1,1,'ZAFFRULLA BIN HUSSEIN','1379','MH31484961','691003035395','A51979816','No 17','Jalan Spektrum U16/13b',NULL,'40160',1078,14,'+60133413195','0133413195',NULL,'zaff@mpc.gov.my','0',NULL,6,19,5,NULL,NULL,304,1,1,0,NULL,NULL,NULL,NULL,NULL,NULL,NULL,NULL,NULL,NULL,NULL,0,0,0,0,'2022-01-04 03:07:32','2022-01-06 13:53:43',NULL),(304,304,1,1,1,'ZAHID ISMAIL','1315','081875426','660320075225',NULL,'No. 35, Jalan Suadamai 11/5','Bandar Tun Hussein Onn',NULL,'43200',1201,14,'0192796198',NULL,NULL,'zahid@mpc.gov.my','0',NULL,4,17,7,NULL,NULL,NULL,1,1,0,NULL,NULL,NULL,NULL,NULL,NULL,NULL,NULL,NULL,NULL,NULL,0,0,0,0,'2021-10-29 06:00:11','2022-01-06 13:53:44',NULL),(305,305,1,1,1,'Zaidah Hassan','3017',NULL,'810614065568',NULL,NULL,NULL,NULL,NULL,NULL,NULL,NULL,NULL,NULL,'zaidah@mpc.gov.my','0',NULL,6,30,22,NULL,NULL,NULL,1,1,0,NULL,NULL,NULL,NULL,NULL,NULL,NULL,NULL,NULL,NULL,NULL,0,0,0,0,'2021-06-25 07:02:16','2022-01-06 13:53:45',NULL),(306,306,1,1,1,'Zaini Haron','2993',NULL,'830119105073',NULL,NULL,NULL,NULL,NULL,NULL,NULL,NULL,NULL,NULL,'zainiharon@mpc.gov.my','0',NULL,7,10,16,NULL,NULL,NULL,1,1,0,NULL,NULL,NULL,NULL,NULL,NULL,NULL,NULL,NULL,NULL,NULL,0,0,0,0,'2021-06-28 01:39:18','2022-01-06 13:53:46',NULL),(307,307,1,1,1,'DATIN ZAINON BAKAR','1280','601462396','630524106620','A36811501','No 30 Jalan Tun Teja 35/2a','Alam Impian Seksyen 35',NULL,'40470',1085,14,NULL,'0351670707',NULL,'zainon@mpc.gov.my','0',NULL,7,17,7,NULL,NULL,NULL,1,1,0,NULL,NULL,NULL,NULL,NULL,NULL,NULL,NULL,NULL,NULL,NULL,0,0,0,0,'2021-11-08 16:56:54','2022-01-06 13:53:47',NULL),(308,308,1,1,1,'ZAINUDIN ELIAS','1296',NULL,'650322015235',NULL,NULL,NULL,NULL,NULL,NULL,NULL,NULL,NULL,NULL,'zainudine@mpc.gov.my','0',NULL,7,33,6,NULL,NULL,NULL,1,1,0,NULL,NULL,NULL,NULL,NULL,NULL,NULL,NULL,NULL,NULL,NULL,0,0,0,0,'2021-10-29 06:04:09','2022-01-06 13:53:48',NULL),(309,309,1,1,1,'ZAITON NORDIN','2136','','621101065316','','','','',NULL,NULL,NULL,NULL,NULL,NULL,'zainordin@mpc.gov.my','0',NULL,3,14,19,NULL,9,NULL,1,1,0,NULL,NULL,NULL,NULL,NULL,NULL,NULL,NULL,NULL,NULL,NULL,0,0,0,0,'2021-06-25 03:48:55','2021-06-25 03:48:55',NULL),(310,310,1,1,1,'ZAKI JAAFAR','1341','314867210','670719035611','A39749933','45, Jln Bj14','Taman Balakong Jaya',NULL,'43300',1203,14,'0122694835','0389594835',NULL,'zeck@mpc.gov.my','0',NULL,6,19,5,NULL,NULL,NULL,1,1,0,NULL,NULL,NULL,NULL,NULL,NULL,NULL,NULL,NULL,NULL,NULL,0,0,0,0,'2021-06-25 03:49:43','2022-01-06 13:53:50',NULL),(311,311,1,1,1,'Zawiyah Abd Manaf','3111',NULL,'871012235530',NULL,NULL,NULL,NULL,NULL,NULL,NULL,NULL,NULL,NULL,'zawiyahmanaf@mpc.gov.my','0',NULL,5,14,18,NULL,NULL,NULL,1,1,0,NULL,NULL,NULL,NULL,NULL,NULL,NULL,NULL,NULL,NULL,NULL,0,0,0,0,'2021-06-28 04:26:53','2022-01-06 13:53:51',NULL),(312,312,1,1,1,'Zubir Zainuddin','2283',NULL,'720327055077',NULL,NULL,NULL,NULL,NULL,NULL,NULL,NULL,NULL,NULL,'zack@mpc.gov.my','0',NULL,5,10,16,NULL,NULL,NULL,1,1,0,NULL,NULL,NULL,NULL,NULL,NULL,NULL,NULL,NULL,NULL,NULL,0,0,0,0,'2021-06-25 08:26:09','2022-01-06 13:53:52',NULL),(313,313,1,1,1,'Zul Ezwan Muhamad','1511',NULL,'810122015257',NULL,NULL,NULL,NULL,NULL,NULL,NULL,NULL,NULL,NULL,'zulezwan@mpc.gov.my','0',NULL,7,27,3,NULL,NULL,NULL,1,1,0,NULL,NULL,NULL,NULL,NULL,NULL,NULL,NULL,NULL,NULL,NULL,0,0,0,0,'2019-03-29 10:11:45','2022-01-06 13:53:53',NULL),(314,314,1,1,1,'ZULAIFAH OMAR','1307',NULL,'631016015006',NULL,NULL,NULL,NULL,NULL,NULL,NULL,NULL,NULL,NULL,'xue@mpc.gov.my','0',NULL,4,33,6,NULL,NULL,NULL,1,1,0,NULL,NULL,NULL,NULL,NULL,NULL,NULL,NULL,NULL,NULL,NULL,0,0,0,0,'2021-06-25 03:58:43','2022-01-06 13:53:54',NULL),(315,315,1,1,1,'Zunaidah Awang Nawi','2972',NULL,'820911035882',NULL,NULL,NULL,NULL,NULL,NULL,NULL,NULL,NULL,NULL,'zunaidah@mpc.gov.my','0',NULL,5,14,19,NULL,NULL,NULL,1,1,0,NULL,NULL,NULL,NULL,NULL,NULL,NULL,NULL,NULL,NULL,NULL,0,0,0,0,'2021-06-25 08:32:13','2022-01-06 13:53:55',NULL),(316,316,1,1,1,'ZURAIDI ZAINOL','1500','','830428095219','','','','',NULL,NULL,NULL,'0196441983',NULL,NULL,'zuraidi@mpc.gov.my','0',NULL,5,18,4,NULL,49,131,1,1,0,NULL,NULL,NULL,NULL,NULL,NULL,NULL,NULL,NULL,NULL,NULL,0,0,0,0,'2022-01-07 08:18:24','2022-01-07 08:18:24',NULL),(317,317,1,1,1,'ZURAINI SUBKI','1658',NULL,'820829035744',NULL,NULL,NULL,NULL,NULL,NULL,NULL,NULL,NULL,NULL,'zuraini@mpc.gov.my','0',NULL,7,27,3,NULL,NULL,NULL,1,1,0,NULL,NULL,NULL,NULL,NULL,NULL,NULL,NULL,NULL,NULL,NULL,0,0,0,0,'2021-06-25 08:08:53','2022-01-06 13:53:57',NULL),(318,318,1,1,1,'Zurianti Nor Azian Mohd. Nafi','3148',NULL,'880229065872',NULL,NULL,NULL,NULL,NULL,NULL,NULL,NULL,NULL,NULL,'zurianti@mpc.gov.my','0',NULL,5,14,18,NULL,NULL,NULL,1,1,0,NULL,NULL,NULL,NULL,NULL,NULL,NULL,NULL,NULL,NULL,NULL,0,0,0,0,'2021-06-28 04:21:58','2022-01-06 13:53:58',NULL),(319,319,1,1,1,'ABDUL RAHMAN KAMIS','1699',NULL,'911019085241',NULL,NULL,NULL,NULL,NULL,NULL,NULL,'0133693243',NULL,NULL,'arahman@mpc.gov.my','0',NULL,6,27,3,NULL,NULL,NULL,1,1,0,NULL,NULL,NULL,NULL,NULL,NULL,NULL,NULL,NULL,NULL,NULL,0,0,0,0,'2021-06-28 08:09:22','2022-01-06 13:53:59',NULL),(320,320,1,1,1,'AIMI ZAHIRA AZAMI','3154',NULL,'891008026064',NULL,NULL,NULL,NULL,NULL,NULL,NULL,NULL,NULL,NULL,'aimizahira@mpc.gov.my','0',NULL,8,14,18,NULL,33,NULL,1,1,0,NULL,NULL,NULL,NULL,NULL,NULL,NULL,NULL,NULL,NULL,NULL,0,0,0,0,'2019-03-29 10:11:45','2019-03-29 10:11:45',NULL),(321,321,1,1,1,'ANIS SYAFIQAH AYOB','3161',NULL,'910208095030',NULL,NULL,NULL,NULL,NULL,NULL,NULL,NULL,NULL,NULL,'anissyafiqah@mpc.gov.my','0',NULL,7,27,3,NULL,66,NULL,1,1,0,NULL,NULL,NULL,NULL,NULL,NULL,NULL,NULL,NULL,NULL,NULL,0,0,0,0,'2019-03-29 10:11:45','2019-03-29 10:11:45',NULL),(322,322,1,1,1,'JERRECY ELSIE P. TOJIPUN','3099',NULL,'841208125352',NULL,NULL,NULL,NULL,NULL,NULL,NULL,'0178179663',NULL,NULL,'jerrecy@mpc.gov.my','0',NULL,10,14,18,NULL,NULL,NULL,1,1,0,NULL,NULL,NULL,NULL,NULL,NULL,NULL,NULL,NULL,NULL,NULL,0,0,0,0,'2020-11-16 07:36:29','2022-01-06 13:54:02',NULL),(323,323,1,1,1,'MOHAMAD AMIRUL ARIF SAHIMI','3128',NULL,'910408036123',NULL,NULL,NULL,NULL,NULL,NULL,NULL,NULL,NULL,NULL,'mohamad@mpc.gov.my','0',NULL,8,14,18,NULL,33,NULL,1,1,0,NULL,NULL,NULL,NULL,NULL,NULL,NULL,NULL,NULL,NULL,NULL,0,0,0,0,'2019-03-29 10:11:45','2019-03-29 10:11:45',NULL),(324,324,1,1,1,'MOHAMMAD FADZRUL FARIDZ HAZNI','1678','','930527045223','','','','',NULL,NULL,NULL,NULL,NULL,NULL,'mfadzrul@mpc.gov.my','0',NULL,5,27,3,NULL,36,NULL,1,1,0,NULL,NULL,NULL,NULL,NULL,NULL,3,NULL,23,NULL,NULL,0,0,0,0,'2020-12-30 04:29:12','2020-12-30 04:29:12',NULL),(325,325,1,1,1,'MOHD AIZUDDIN NOOR AZMAN','1674',NULL,'890129085541',NULL,NULL,NULL,NULL,NULL,NULL,NULL,NULL,NULL,NULL,'aizuddin@mpc.gov.my','0',NULL,6,27,3,NULL,NULL,NULL,1,1,0,NULL,NULL,NULL,NULL,NULL,NULL,NULL,NULL,NULL,NULL,NULL,0,0,0,0,'2021-06-28 08:17:00','2022-01-06 13:54:05',NULL),(326,326,1,1,1,'MOHD MUJAHID MOHD YUSOFF','1662',NULL,'900521036193',NULL,NULL,NULL,NULL,NULL,NULL,NULL,'0194490379',NULL,NULL,'mujahid@mpc.gov.my','0',NULL,8,27,3,NULL,NULL,NULL,1,1,0,NULL,NULL,NULL,NULL,NULL,NULL,NULL,NULL,NULL,NULL,NULL,0,0,0,0,'2021-08-16 09:42:11','2022-01-06 13:54:06',NULL),(327,327,1,1,1,'MUHAMMAD ADIB FITRIE MUKHTAR','1676',NULL,'910416036107',NULL,NULL,NULL,NULL,NULL,NULL,NULL,NULL,NULL,NULL,'adibfitrie@mpc.gov.my','0',NULL,4,27,3,NULL,285,NULL,1,1,0,NULL,NULL,NULL,NULL,NULL,NULL,NULL,NULL,NULL,NULL,NULL,0,0,0,0,'2019-03-29 10:11:45','2019-03-29 10:11:45',NULL),(328,328,1,1,1,'MUHAMMAD AZRULL NAZREEN','1683',NULL,'940822015325',NULL,NULL,NULL,NULL,NULL,NULL,NULL,NULL,NULL,NULL,'azrullnazreen@mpc.gov.my','0',NULL,4,27,3,NULL,304,NULL,1,1,0,NULL,NULL,NULL,NULL,NULL,NULL,NULL,NULL,NULL,NULL,NULL,0,0,0,0,'2019-03-29 10:11:45','2019-03-29 10:11:45',NULL),(329,329,1,1,1,'MUHAMMAD FIRDAUS YAHYA','1693',NULL,'940723015733',NULL,NULL,NULL,NULL,NULL,NULL,NULL,NULL,NULL,NULL,'firdaus@mpc.gov.my','0',NULL,4,27,3,NULL,304,NULL,1,1,0,NULL,NULL,NULL,NULL,NULL,NULL,NULL,NULL,NULL,NULL,NULL,0,0,0,0,'2019-03-29 10:11:45','2019-03-29 10:11:45',NULL),(330,330,1,1,1,'MUHAMMAD HANIF CHE WAN NAMAN','1685','323906332','950913035929','','','','',NULL,NULL,NULL,'0194707856',NULL,NULL,'hanif@mpc.gov.my','0',NULL,6,27,3,NULL,39,NULL,1,1,0,NULL,NULL,NULL,NULL,NULL,NULL,3,NULL,23,NULL,NULL,0,0,0,0,'2019-04-17 20:29:31','2019-04-17 20:29:31',NULL),(331,331,1,1,1,'MUHAMMAD IMAZAKWAN ABDUL RAZAK','1696',NULL,'930213145205',NULL,NULL,NULL,NULL,NULL,NULL,NULL,NULL,NULL,NULL,'imazakwan@mpc.gov.my','0',NULL,2,27,3,NULL,242,NULL,1,1,0,NULL,NULL,NULL,NULL,NULL,NULL,NULL,NULL,NULL,NULL,NULL,0,0,0,0,'2019-03-29 10:11:45','2019-03-29 10:11:45',NULL),(332,332,1,1,1,'MUHAMMAD ZARUL NAIM ZUL HADDI','1677',NULL,'941218085225',NULL,NULL,NULL,NULL,NULL,NULL,NULL,NULL,NULL,NULL,'zarulnaim@mpc.gov.my','0',NULL,6,27,3,NULL,9,NULL,1,1,0,NULL,NULL,NULL,NULL,NULL,NULL,NULL,NULL,NULL,NULL,NULL,0,0,0,0,'2019-03-29 10:11:45','2019-03-29 10:11:45',NULL),(333,333,1,1,1,'MUNIRA ABD RAZAK','3150',NULL,'821219105244',NULL,NULL,NULL,NULL,NULL,NULL,NULL,NULL,NULL,NULL,'muniraabd@mpc.gov.my','0',NULL,12,14,18,NULL,255,NULL,1,1,0,NULL,NULL,NULL,NULL,NULL,NULL,NULL,NULL,NULL,NULL,NULL,0,0,0,0,'2019-03-29 10:11:45','2019-03-29 10:11:45',NULL),(334,334,1,1,1,'NADIAH JAMAL','1668',NULL,'930416105414',NULL,NULL,NULL,NULL,NULL,NULL,NULL,NULL,NULL,NULL,'nadiah@mpc.gov.my','0',NULL,6,27,3,NULL,9,NULL,1,1,0,NULL,NULL,NULL,NULL,NULL,NULL,NULL,NULL,NULL,NULL,NULL,0,0,0,0,'2019-03-29 10:11:45','2019-03-29 10:11:45',NULL),(335,335,1,1,1,'NARATUL NURHANIZA RUSLI','3169',NULL,'940209146298',NULL,'Test Alamat','Test Alamat 2',NULL,'43000',1197,14,NULL,NULL,NULL,'naratul@mpc.gov.my','0',NULL,5,14,18,NULL,NULL,NULL,1,1,0,NULL,NULL,NULL,NULL,NULL,NULL,NULL,NULL,NULL,NULL,NULL,0,0,0,0,'2021-06-28 04:27:41','2022-01-06 13:54:15',NULL),(336,336,1,1,1,'NASUHA MISRI','1671',NULL,'930827016256',NULL,NULL,NULL,NULL,NULL,NULL,NULL,NULL,NULL,NULL,'nasuha@mpc.gov.my','0',NULL,12,27,3,NULL,NULL,NULL,1,1,0,NULL,NULL,NULL,NULL,NULL,NULL,NULL,NULL,NULL,NULL,NULL,0,0,0,0,'2021-06-25 07:18:23','2022-01-06 13:54:16',NULL),(337,337,1,1,1,'NIK HANEEZ AMIZAN NIK ROSDI','1661','328214633','920718895010','A51451598','B-4-1, Fairville Apartment,','Jalan Usj 22/1, Usj 21,',NULL,'47630',1325,14,'+60197181804',NULL,NULL,'nikhaneez@mpc.gov.my','0',NULL,1,27,3,NULL,NULL,NULL,1,1,0,NULL,NULL,NULL,NULL,NULL,NULL,NULL,NULL,NULL,NULL,NULL,0,0,0,0,'2021-06-28 04:43:29','2022-01-06 13:54:17',NULL),(338,338,1,1,1,'NOORAZLIN MOHD NASIR','1695',NULL,'930103085678',NULL,NULL,NULL,NULL,NULL,NULL,NULL,NULL,NULL,NULL,'noorazlin@mpc.gov.my','0',NULL,6,27,3,NULL,9,NULL,1,1,0,NULL,NULL,NULL,NULL,NULL,NULL,NULL,NULL,NULL,NULL,NULL,0,0,0,0,'2019-03-29 10:11:45','2019-03-29 10:11:45',NULL),(339,339,1,1,1,'NUR ASYIKIN SETAPA','1670',NULL,'920609035740',NULL,NULL,NULL,NULL,NULL,NULL,NULL,NULL,NULL,NULL,'nurasyikin@mpc.gov.my','0',NULL,6,27,3,NULL,9,NULL,1,1,0,NULL,NULL,NULL,NULL,NULL,NULL,NULL,NULL,NULL,NULL,NULL,0,0,0,0,'2019-03-29 10:11:45','2019-03-29 10:11:45',NULL),(340,340,1,1,1,'NUR FARHANA ZAIBIDI','3168',NULL,'871216015126',NULL,NULL,NULL,NULL,NULL,NULL,NULL,'0175905648',NULL,NULL,'farhana@mpc.gov.my','0',NULL,5,14,18,NULL,131,131,1,1,0,NULL,NULL,NULL,NULL,NULL,NULL,NULL,NULL,NULL,NULL,NULL,0,0,0,0,'2021-06-28 04:23:57','2022-01-06 13:54:20',NULL),(341,341,1,1,1,'Nurain Syafiqah Norazman','1692',NULL,'930624016096',NULL,NULL,NULL,NULL,NULL,NULL,NULL,NULL,NULL,NULL,'nurainsyafiqah@mpc.gov.my','0',NULL,5,27,3,NULL,NULL,NULL,1,1,0,NULL,NULL,NULL,NULL,NULL,NULL,NULL,NULL,NULL,NULL,NULL,0,0,0,0,'2021-06-28 08:35:08','2022-01-06 13:54:21',NULL),(342,342,1,1,1,'NUREZYAN SOFEA ZAIRUL MUJAHIDIN','1700',NULL,'940312015130',NULL,NULL,NULL,NULL,NULL,NULL,NULL,NULL,NULL,NULL,'nurezyansofea@mpc.gov.my','0',NULL,4,27,3,NULL,304,NULL,1,1,0,NULL,NULL,NULL,NULL,NULL,NULL,NULL,NULL,NULL,NULL,NULL,0,0,0,0,'2019-03-29 10:11:45','2019-03-29 10:11:45',NULL),(343,343,1,1,1,'NURFARIHA AHMAD','1698',NULL,'951130136162',NULL,'Malaysia Productivity Corporation','Level 2, Maa Tower','No. 6, Lorong Api-api 1','88000',2139,13,'01165518008',NULL,NULL,'nurfariha@mpc.gov.my','0',NULL,10,27,3,NULL,NULL,NULL,1,1,0,NULL,NULL,NULL,NULL,NULL,NULL,NULL,NULL,NULL,NULL,NULL,0,0,0,0,'2021-06-28 02:22:03','2022-01-06 13:54:23',NULL),(344,344,1,1,1,'Nurul Husna Abdul Rashid','1690',NULL,'920422086556',NULL,NULL,NULL,NULL,NULL,NULL,NULL,NULL,NULL,NULL,'nurulhusna@mpc.gov.my','0',NULL,7,27,3,NULL,NULL,NULL,1,1,0,NULL,NULL,NULL,NULL,NULL,NULL,NULL,NULL,NULL,NULL,NULL,0,0,0,0,'2020-11-27 06:20:56','2022-01-06 13:54:24',NULL),(345,345,1,1,1,'Rabiatul Adawiyah Arzahar','3164',NULL,'970504145308',NULL,NULL,NULL,NULL,NULL,NULL,NULL,NULL,NULL,NULL,'rabiatuladawiyah@mpc.gov.my','0',NULL,2,14,18,NULL,NULL,NULL,1,1,0,NULL,NULL,NULL,NULL,NULL,NULL,NULL,NULL,NULL,NULL,NULL,0,0,0,0,'2021-06-25 06:57:01','2022-01-06 13:54:25',NULL),(346,346,1,1,1,'ROZAINY ELYZA ROSLI','1667',NULL,'940817146750',NULL,NULL,NULL,NULL,NULL,NULL,NULL,NULL,NULL,NULL,'rozainy@mpc.gov.my','0',NULL,3,27,3,NULL,129,NULL,1,1,0,NULL,NULL,NULL,NULL,NULL,NULL,NULL,NULL,NULL,NULL,NULL,0,0,0,0,'2019-03-29 10:11:45','2019-03-29 10:11:45',NULL),(347,347,1,1,1,'SHAZYMIN MAZLAN','3163',NULL,'930205075796',NULL,NULL,NULL,NULL,NULL,NULL,NULL,NULL,NULL,NULL,'shazymin@mpc.gov.my','0',NULL,9,14,18,NULL,NULL,NULL,1,1,0,NULL,NULL,NULL,NULL,NULL,NULL,NULL,NULL,NULL,NULL,NULL,0,0,0,0,'2019-04-16 12:19:18','2022-01-06 13:54:27',NULL),(348,348,1,1,1,'SITI HAJAR ISMAIL','1686',NULL,'930122085702',NULL,NULL,NULL,NULL,NULL,NULL,NULL,NULL,NULL,NULL,'sitihajar@mpc.gov.my','0',NULL,4,27,3,NULL,304,NULL,1,1,0,NULL,NULL,NULL,NULL,NULL,NULL,NULL,NULL,NULL,NULL,NULL,0,0,0,0,'2019-03-29 10:11:45','2019-03-29 10:11:45',NULL),(349,349,1,1,1,'SITI NUR SYUHAIDA MOHD SALLEH','1705','329581873','960416115070',NULL,'Jalan Loji Air','Kampung Bukit Bunga',NULL,'22010',621,16,'01119773745',NULL,NULL,'syuhaidasalleh96@gmail.com','0',NULL,6,27,3,NULL,NULL,NULL,1,1,0,NULL,NULL,NULL,NULL,NULL,NULL,NULL,NULL,NULL,NULL,NULL,0,0,0,0,'2021-06-28 08:17:19','2022-01-06 13:54:29',NULL),(350,350,1,1,1,'SITI NURAINI AB HALIM','3167',NULL,'921013065046',NULL,NULL,NULL,NULL,NULL,NULL,NULL,NULL,NULL,NULL,'sitinuraini@mpc.gov.my','0',NULL,5,21,27,NULL,36,NULL,1,1,0,NULL,NULL,NULL,NULL,NULL,NULL,NULL,NULL,NULL,NULL,NULL,0,0,0,0,'2019-03-29 10:11:45','2019-03-29 10:11:45',NULL),(351,351,1,1,1,'SITI ROHANA RUBAIDI','1666','','910516106408','','','','',NULL,NULL,NULL,'0192313877',NULL,NULL,'rohana@mpc.gov.my','0',NULL,6,27,3,NULL,307,NULL,1,1,0,NULL,NULL,NULL,NULL,NULL,NULL,NULL,NULL,NULL,NULL,NULL,0,0,0,0,'2019-08-05 14:39:15','2019-08-05 14:39:15',NULL),(352,352,1,1,1,'SITI ZAHARAH IBRAHIM','1702','','830226045192','','','','',NULL,NULL,NULL,'0129710691','0129710691',NULL,'szaharah@mpc.gov.my','0',NULL,6,27,3,NULL,78,NULL,1,1,0,NULL,NULL,NULL,NULL,NULL,NULL,2,NULL,23,NULL,NULL,0,0,0,0,'2019-12-03 16:38:42','2019-12-03 16:38:42',NULL),(353,353,1,1,1,'Syed Izzat Emir Syed Ahmad Razali','1691',NULL,'940405105629',NULL,NULL,NULL,NULL,NULL,NULL,NULL,NULL,NULL,NULL,'syedizzat@mpc.gov.my','0',NULL,6,27,3,NULL,NULL,NULL,1,1,0,NULL,NULL,NULL,NULL,NULL,NULL,NULL,NULL,NULL,NULL,NULL,0,0,0,0,'2019-03-29 10:11:45','2022-01-06 13:54:33',NULL),(354,354,1,1,1,'UMMU \'AMMARAH BASYIRAH HASHIM','1687',NULL,'940826017328',NULL,'No 1843, Jalan Mawar 2, Taman Gemas Indah,',NULL,NULL,'73400',1832,7,'01139237530',NULL,NULL,'ummu@mpc.gov.my','0',NULL,7,27,3,NULL,NULL,NULL,1,1,0,NULL,NULL,NULL,NULL,NULL,NULL,NULL,NULL,NULL,NULL,NULL,0,0,0,0,'2021-06-25 07:06:21','2022-01-06 13:54:34',NULL),(516,355,1,1,1,'AHMAD SYAFIQ BIN IDRUS','4545','5317','860716335317','','','','','43100',1200,14,'0176223554',NULL,NULL,'emailtester.451@gmail.com','0',NULL,6,34,31,NULL,356,NULL,1,1,0,NULL,NULL,NULL,NULL,NULL,NULL,NULL,NULL,NULL,NULL,NULL,0,0,0,0,'2019-03-31 16:51:28','2019-03-31 16:51:28',NULL),(517,356,1,1,1,'NORAIZAM BIN BADRON','5937','5937','740102015937','','Test','','',NULL,NULL,NULL,'01766727272','01887777777',NULL,'mpcflightsystem@gmail.com','0',NULL,6,33,5,NULL,39,NULL,1,1,0,NULL,NULL,NULL,NULL,NULL,NULL,NULL,NULL,NULL,NULL,NULL,0,0,0,0,'2019-03-31 17:08:26','2019-03-31 13:10:29',NULL),(518,357,1,1,1,'MUHAMMAD FATHI BIN MD TAIB','01713','','9106070950','','','','',NULL,NULL,NULL,'0194230231',NULL,NULL,'fathi@mpc.gov.my','0',NULL,6,27,3,NULL,39,NULL,1,1,0,NULL,NULL,NULL,NULL,NULL,NULL,NULL,NULL,NULL,NULL,NULL,0,0,0,0,'2019-04-17 20:39:26','2019-04-17 20:39:26',NULL),(519,358,1,1,1,'MOHAMED AMIRUL ZAFAREN MOHAMED ZAKIR','01717','','9409041463','','','','',NULL,NULL,NULL,'0132343906',NULL,NULL,'zafaren@mpc.gov.my','0',NULL,6,27,3,NULL,39,NULL,1,1,0,NULL,NULL,NULL,NULL,NULL,NULL,NULL,NULL,NULL,NULL,NULL,0,0,0,0,'2019-04-17 20:47:51','2019-04-17 20:47:51',NULL),(520,359,1,1,1,'MOHD NOOR AZRIN BIN ADNAN','1723','327160164','871129035559',NULL,NULL,NULL,NULL,NULL,NULL,NULL,'0172728290',NULL,NULL,'azrin@mpc.gov.my','0',NULL,7,27,3,NULL,NULL,NULL,1,1,0,NULL,NULL,NULL,NULL,NULL,NULL,NULL,NULL,NULL,NULL,NULL,0,0,0,0,'2021-06-25 06:55:44','2022-01-06 13:54:37',NULL),(521,360,1,1,1,'AZIRAH BT MOHD','01719','','940610115324','','','','',NULL,NULL,NULL,'01161036364',NULL,NULL,'azirah@mpc.gov.my','0',NULL,4,27,3,NULL,304,NULL,1,1,0,NULL,NULL,NULL,NULL,NULL,NULL,NULL,NULL,NULL,NULL,NULL,0,0,0,0,'2019-04-22 12:16:25','2019-04-22 12:16:25',NULL),(522,361,1,1,1,'NUR ILINA BINTI ROSLI','01729','','940603146456','','','','',NULL,NULL,NULL,'0133101770',NULL,NULL,'nurilina@mpc.gov.my','0',NULL,4,27,3,NULL,304,NULL,1,1,0,NULL,NULL,NULL,NULL,NULL,NULL,NULL,NULL,NULL,NULL,NULL,0,0,0,0,'2019-04-24 17:56:56','2019-04-24 17:56:56',NULL),(523,362,1,1,1,'NOOR IDDEANNA BINTI IDRIS','1718',NULL,'950806146236',NULL,'No.2 Jalan Sp2/15','Taman Subang Perdana',NULL,'40150',1077,14,'0132232452',NULL,NULL,'iddeanna@mpc.gov.my','0',NULL,6,27,3,NULL,NULL,NULL,1,1,0,NULL,NULL,NULL,NULL,NULL,NULL,3,NULL,23,NULL,NULL,0,0,0,0,'2019-05-02 19:35:10','2022-01-06 13:54:40',NULL),(524,363,1,1,1,'AMIRUL HAIZAD BIN REDZWAN','01716','','940109015151','','','','',NULL,NULL,NULL,'0196963517',NULL,NULL,'haizad@mpc.gov.my','0',NULL,4,27,3,NULL,304,NULL,1,1,0,NULL,NULL,NULL,NULL,NULL,NULL,NULL,NULL,NULL,NULL,NULL,0,0,0,0,'2019-05-21 12:43:57','2019-05-21 12:43:57',NULL),(525,364,1,1,1,'NOR AZZATUL AKMARISHA BINTI SERJALI','01724','','940801086140','','','','',NULL,NULL,NULL,NULL,NULL,NULL,'azzatul@mpc.gov.my','0',NULL,3,27,3,NULL,129,NULL,1,1,0,NULL,NULL,NULL,NULL,NULL,NULL,NULL,NULL,NULL,NULL,NULL,0,0,0,0,'2019-05-27 15:13:16','2019-05-27 15:13:16',NULL),(526,365,1,1,1,'NURUL NADIA BINTI ABDUL PATAH','01730',NULL,'950526145298',NULL,NULL,NULL,NULL,NULL,NULL,NULL,NULL,NULL,NULL,'nuruln@mpc.gov.my','0',NULL,4,27,3,NULL,NULL,NULL,1,1,0,NULL,NULL,NULL,NULL,NULL,NULL,3,NULL,23,NULL,NULL,0,0,0,0,'2019-06-12 13:38:57','2022-01-06 13:54:43',NULL),(527,366,1,1,1,'MAHZAR REZZA BIN ITHNIN','01733','308201633','860306335779','','','','',NULL,NULL,NULL,'0122447148',NULL,NULL,'mahzar@mpc.gov.my','0',NULL,6,27,3,NULL,78,NULL,1,1,0,NULL,NULL,NULL,NULL,NULL,NULL,NULL,NULL,NULL,NULL,NULL,0,0,0,0,'2019-11-15 13:59:46','2019-11-15 13:59:46',NULL),(528,367,1,1,1,'NURRUL NUR AISYAH HAMRAN','01734','309714963','950829135206',NULL,NULL,NULL,NULL,NULL,NULL,NULL,'0109609108',NULL,NULL,'nurrul@mpc.gov.my','0',NULL,6,27,3,NULL,NULL,NULL,1,1,0,NULL,NULL,NULL,NULL,NULL,NULL,NULL,NULL,NULL,NULL,NULL,0,0,0,0,'2020-11-27 06:22:57','2022-01-06 13:54:45',NULL),(529,368,1,1,1,'NORLIYANA BINTI MOHD SHAMSUDDIN','01731','','920812105660','','','','',NULL,NULL,NULL,'0132240240',NULL,NULL,'norliyanas@mpc.gov.my','0',NULL,6,27,3,NULL,307,NULL,1,1,0,NULL,NULL,NULL,NULL,NULL,NULL,NULL,NULL,NULL,NULL,NULL,0,0,0,0,'2019-07-02 13:19:42','2019-07-02 13:19:42',NULL),(530,369,1,1,1,'NIK NUR ATIQAH BINTI SAIDI','01710','328242110','920916035644','','','','',NULL,NULL,NULL,'0192413700',NULL,NULL,'niknuratiqah@mpc.gov.my','0',NULL,6,27,3,NULL,39,NULL,1,1,0,NULL,NULL,NULL,NULL,NULL,NULL,NULL,NULL,NULL,NULL,NULL,0,0,0,0,'2019-11-14 16:08:33','2019-11-14 16:08:33',NULL),(531,370,1,1,1,'SARAH AFIQAH BINTI KAMARUZAMAN','01737','328313215','970218145040',NULL,NULL,NULL,NULL,NULL,NULL,NULL,'0174746234',NULL,NULL,'sarah@mpc.gov.my','0',NULL,6,27,3,NULL,NULL,NULL,1,1,0,NULL,NULL,NULL,NULL,NULL,NULL,NULL,NULL,NULL,NULL,NULL,0,0,0,0,'2021-06-28 08:11:11','2022-01-06 13:54:48',NULL),(532,371,1,1,1,'NURUL AZNEE BT ABDUL AZIZ','01736','','930505106566','','','','',NULL,NULL,NULL,'0182354569',NULL,NULL,'aznee@mpc.gov.my','0',NULL,6,27,3,NULL,78,NULL,1,1,0,NULL,NULL,NULL,NULL,NULL,NULL,2,NULL,NULL,NULL,NULL,0,0,0,0,'2019-07-22 15:40:43','2019-07-22 15:40:43',NULL),(533,372,1,1,1,'NUR AISYA AIDA BINTI KHAIRUL SALLEH','01742','','960623105318','','','','',NULL,NULL,NULL,'0127889096',NULL,NULL,'nuraisya@mpc.gov.my','0',NULL,6,27,3,NULL,78,NULL,1,1,0,NULL,NULL,NULL,NULL,NULL,NULL,NULL,NULL,NULL,NULL,NULL,0,0,0,0,'2019-07-25 19:31:17','2019-07-25 19:31:17',NULL),(534,373,1,1,1,'ANIS UMAIRAH BINTI JASNI','01732','','941212065370','','','','',NULL,NULL,NULL,'0174134703',NULL,NULL,'anisumairah@mpc.gov.my','0',NULL,4,27,3,NULL,304,NULL,1,1,0,NULL,NULL,NULL,NULL,NULL,NULL,NULL,NULL,NULL,NULL,NULL,0,0,0,0,'2019-07-29 19:06:39','2019-07-29 19:06:39',NULL),(535,374,1,1,1,'NORNADIA BINTI OMAR','01722','','910330036544','','','','',NULL,NULL,NULL,'0145281834',NULL,NULL,'nornadia@mpc.gov.my','0',NULL,4,27,3,NULL,285,NULL,1,1,0,NULL,NULL,NULL,NULL,NULL,NULL,NULL,NULL,NULL,NULL,NULL,0,0,0,0,'2019-08-26 12:30:02','2019-08-26 12:30:02',NULL),(536,375,1,1,1,'MOHD AFIQ BIN MOHD ADNAN','03160',NULL,'890219136111',NULL,NULL,NULL,NULL,NULL,NULL,NULL,'0174478129',NULL,NULL,'mohdafiqn@mpc.gov.my','0',NULL,12,10,16,NULL,NULL,NULL,1,1,0,NULL,NULL,NULL,NULL,NULL,NULL,NULL,NULL,NULL,NULL,NULL,0,0,0,0,'2021-06-25 07:58:01','2022-01-06 13:54:53',NULL),(537,376,1,1,1,'NANCY ANAK JOAN','01744',NULL,'950124136348',NULL,NULL,NULL,NULL,NULL,NULL,NULL,'0199773615',NULL,NULL,'nancy@mpc.gov.my','0',NULL,11,27,3,NULL,NULL,NULL,1,1,0,NULL,NULL,NULL,NULL,NULL,NULL,NULL,NULL,NULL,NULL,NULL,0,0,0,0,'2021-06-25 08:09:21','2022-01-06 13:54:54',NULL),(538,377,1,1,1,'YOGESVARI A/P SAMBASEVAM','01741',NULL,'910210025912',NULL,NULL,NULL,NULL,NULL,NULL,NULL,'0164696181',NULL,NULL,'yogesvari@mpc.gov.my','0',NULL,6,27,3,NULL,NULL,NULL,1,1,0,NULL,NULL,NULL,NULL,NULL,NULL,NULL,NULL,NULL,NULL,NULL,0,0,0,0,'2021-06-25 03:05:41','2022-01-06 13:54:55',NULL),(539,378,1,1,1,'NIK NUR MAISARAH NIK SOH','01712','','951224035354','','','','',NULL,NULL,NULL,NULL,NULL,NULL,'niknur@mpc.gov.my','0',NULL,1,27,3,NULL,79,NULL,1,1,0,NULL,NULL,NULL,NULL,NULL,NULL,NULL,NULL,NULL,NULL,NULL,0,0,0,0,'2019-10-07 15:06:12','2019-10-07 15:06:12',NULL),(540,379,1,1,1,'NIK ZARITH ELIDA BINTI NIK RAMLI','01745','','950406035924','','','','',NULL,NULL,NULL,'0142523882',NULL,NULL,'nikzarith@mpc.gov.my','0',NULL,6,27,3,NULL,39,NULL,1,1,0,NULL,NULL,NULL,NULL,NULL,NULL,3,NULL,23,NULL,NULL,0,0,0,0,'2019-10-15 12:46:24','2019-10-15 12:46:24',NULL),(541,380,1,1,1,'MOHD SYAMAEL BIN MOHD NASIR','01738','','931007015295','','','','',NULL,NULL,NULL,'0104345834',NULL,NULL,'syamaelr@mpc.gov.my','0',NULL,6,27,3,NULL,78,NULL,1,1,0,NULL,NULL,NULL,NULL,NULL,NULL,NULL,NULL,NULL,NULL,NULL,0,0,0,0,'2019-11-18 18:18:05','2019-11-18 18:18:05',NULL),(542,381,1,1,1,'AISYAH BINTI ISMAIL','01727','','940502115546','','','','',NULL,NULL,NULL,'0194576246',NULL,NULL,'aisyah@mpc.gov.my','0',NULL,6,27,3,NULL,39,NULL,1,1,0,NULL,NULL,NULL,NULL,NULL,NULL,NULL,NULL,NULL,NULL,NULL,0,0,0,0,'2020-01-28 13:35:43','2020-01-28 13:35:43',NULL),(543,382,1,1,1,'NUR MUNIRAH BINTI MUSTAFFA KAMAL','1755',NULL,'940908106180',NULL,NULL,NULL,NULL,NULL,NULL,NULL,NULL,NULL,NULL,'munirah@mpc.gov.my','0',NULL,6,27,3,NULL,NULL,NULL,1,1,0,NULL,NULL,NULL,NULL,NULL,NULL,NULL,NULL,NULL,NULL,NULL,0,0,0,0,'2021-06-25 03:24:43','2022-01-06 13:55:20',NULL),(544,383,1,1,1,'DANIAL ZARKASYI MAZLAN','1752',NULL,'910703105531',NULL,NULL,NULL,NULL,NULL,NULL,NULL,NULL,NULL,NULL,'danial@mpc.gov.my','0',NULL,6,27,3,NULL,NULL,NULL,1,1,0,NULL,NULL,NULL,NULL,NULL,NULL,NULL,NULL,NULL,NULL,NULL,0,0,0,0,'2021-06-28 08:07:36','2022-01-06 13:55:04',NULL),(545,384,1,1,1,'LIM EU YIK KRISHEN','1754','','930319105017','','','','',NULL,NULL,NULL,NULL,NULL,NULL,'krishen@mpc.gov.my','0',NULL,7,27,3,NULL,263,NULL,1,1,0,NULL,NULL,NULL,NULL,NULL,NULL,NULL,NULL,NULL,NULL,NULL,0,0,0,0,'2020-11-27 06:26:28','2020-11-27 06:26:28',NULL),(546,385,1,1,1,'MOHD SHAHRILL RIZA BIN MOHD FADZILAH','1756','','910909115321','','','','',NULL,NULL,NULL,NULL,NULL,NULL,'riza@mpc.gov.my','0',NULL,3,27,NULL,NULL,77,NULL,1,1,0,NULL,NULL,NULL,NULL,NULL,NULL,NULL,NULL,NULL,NULL,NULL,0,0,0,0,'2020-11-27 05:54:20','2020-11-27 05:54:20',NULL),(547,386,1,1,1,'MUHAMMAD FAHMI ASYRAF ABD KAHAR','3175',NULL,'981222106785',NULL,NULL,NULL,NULL,NULL,NULL,NULL,NULL,NULL,NULL,'fahmiasyraf@mpc.gov.my','0',NULL,1,14,18,NULL,NULL,NULL,1,1,0,NULL,NULL,NULL,NULL,NULL,NULL,NULL,NULL,NULL,NULL,NULL,0,0,0,0,'2021-06-28 04:51:22','2022-01-06 13:55:08',NULL),(548,387,1,1,1,'NORHASMIRA MD SUHAIMI','3177',NULL,'910308146130',NULL,NULL,NULL,NULL,NULL,NULL,NULL,NULL,NULL,NULL,'norhasmira@mpc.gov.my','0',NULL,7,14,18,NULL,NULL,NULL,1,1,0,NULL,NULL,NULL,NULL,NULL,NULL,NULL,NULL,NULL,NULL,NULL,0,0,0,0,'2020-11-27 05:59:32','2022-01-06 13:55:10',NULL),(549,388,1,1,1,'NUR AISYAH BINTI AHMAD JAILANI','3179',NULL,'990927106384',NULL,NULL,NULL,NULL,NULL,NULL,NULL,'0182517213',NULL,NULL,'nuraisyah@mpc.gov.my','0',NULL,3,14,18,NULL,NULL,NULL,1,1,0,NULL,NULL,NULL,NULL,NULL,NULL,NULL,NULL,NULL,NULL,NULL,0,0,0,0,'2021-06-28 07:19:26','2022-01-06 13:55:23',NULL),(550,389,1,1,1,'NUR SYAWAL BIN MOHAMAD SHARIF','3180',NULL,'890514145547',NULL,NULL,NULL,NULL,NULL,NULL,NULL,NULL,NULL,NULL,'syawal@mpc.gov.my','0',NULL,5,14,18,NULL,NULL,NULL,1,1,0,NULL,NULL,NULL,NULL,NULL,NULL,NULL,NULL,NULL,NULL,NULL,0,0,0,0,'2021-06-28 04:24:18','2022-01-06 13:55:24',NULL),(551,390,1,1,1,'JENNIFER KAVITHAMBIGAI PANIR SILVAM','3181',NULL,'990709089280',NULL,NULL,NULL,NULL,NULL,NULL,NULL,NULL,NULL,NULL,'jennifer@mpc.gov.my','0',NULL,5,14,18,NULL,NULL,NULL,1,1,0,NULL,NULL,NULL,NULL,NULL,NULL,NULL,NULL,NULL,NULL,NULL,0,0,0,0,'2021-06-23 05:30:46','2022-01-06 13:55:25',NULL),(552,391,1,1,1,'Puteri Nabila Husna Zulkeflee','3176',NULL,'980224016260',NULL,NULL,NULL,NULL,NULL,NULL,NULL,NULL,NULL,NULL,NULL,'0',NULL,4,14,18,NULL,NULL,NULL,1,1,0,NULL,NULL,NULL,NULL,NULL,NULL,NULL,NULL,NULL,NULL,NULL,0,0,0,0,'2021-06-25 08:23:31','2022-01-06 13:55:17',NULL),(553,392,1,1,1,'AMALINA SAPIREN','1714',NULL,'940902015050',NULL,NULL,NULL,NULL,NULL,NULL,NULL,'0137184275',NULL,NULL,'amalina@mpc.gov.my','0',NULL,7,27,3,NULL,252,131,1,1,0,NULL,NULL,NULL,NULL,NULL,NULL,3,NULL,15,NULL,NULL,0,0,0,0,'2022-01-04 02:36:34','2022-01-06 13:55:03',NULL),(1146,985,1,1,1,'MAISARA EDINA MOHD REDZEMI','1757',NULL,'970818105704',NULL,NULL,NULL,NULL,NULL,NULL,NULL,NULL,NULL,NULL,'maisara@mpc.gov.my','0',NULL,6,27,3,NULL,NULL,NULL,1,1,0,NULL,NULL,NULL,NULL,NULL,NULL,NULL,NULL,NULL,NULL,NULL,0,0,0,0,'2021-06-28 08:26:54','2022-01-06 13:55:27',NULL),(1147,986,1,1,1,'NAJIYAH MD ZALIKI','1759',NULL,'971220565778',NULL,NULL,NULL,NULL,NULL,NULL,NULL,'0132682924',NULL,NULL,'najiyah@mpc.gov.my','0',NULL,3,27,3,NULL,NULL,NULL,1,1,0,NULL,NULL,NULL,NULL,NULL,NULL,NULL,NULL,NULL,NULL,NULL,0,0,0,0,'2021-06-21 11:42:56','2022-01-06 13:55:28',NULL),(1148,987,1,1,1,'NOOR AQILAH ZAINAL ABIDDIN','1761',NULL,'950901145530',NULL,NULL,NULL,NULL,NULL,NULL,NULL,NULL,NULL,NULL,'aqilah@mpc.gov.my','0',NULL,6,27,3,NULL,NULL,NULL,1,1,0,NULL,NULL,NULL,NULL,NULL,NULL,NULL,NULL,NULL,NULL,NULL,0,0,0,0,'2021-06-21 11:44:16','2022-01-06 13:55:29',NULL),(1149,988,1,1,1,'PUTRI DHIA NATHASYA MOHAMMAD YUSOFF','1762',NULL,'980503435038',NULL,NULL,NULL,NULL,NULL,NULL,NULL,NULL,NULL,NULL,'dhia@mpc.gov.my','0',NULL,6,27,3,NULL,NULL,NULL,1,1,0,NULL,NULL,NULL,NULL,NULL,NULL,NULL,NULL,NULL,NULL,NULL,0,0,0,0,'2021-06-21 11:45:25','2022-01-06 13:55:30',NULL),(1150,989,1,1,1,'AIDA FARZANA MUHAMMAD','3171',NULL,'971031145168',NULL,NULL,NULL,NULL,NULL,NULL,NULL,'0176931497',NULL,NULL,'farzana@mpc.gov.my','0',NULL,5,14,18,NULL,131,131,1,1,0,NULL,NULL,NULL,NULL,NULL,NULL,NULL,NULL,NULL,NULL,NULL,0,0,0,0,'2021-06-28 04:22:28','2022-01-06 13:55:01',NULL),(1337,1176,1,NULL,1,'ABDUL AZIZ ABDUL JALIL','3166',NULL,'920724106217',NULL,NULL,NULL,NULL,NULL,NULL,NULL,NULL,NULL,NULL,'aziz@mpc.gov.my','0',NULL,5,7,9,NULL,131,131,1,1,0,NULL,NULL,NULL,NULL,NULL,NULL,NULL,NULL,NULL,NULL,NULL,0,0,0,0,'2021-09-23 04:28:01','2022-01-06 13:55:00',NULL),(1338,1177,1,NULL,1,'Nur\'atikah Asari','1708',NULL,'920922095010',NULL,NULL,NULL,NULL,NULL,NULL,NULL,NULL,NULL,NULL,NULL,'0',NULL,4,27,3,NULL,NULL,NULL,1,1,0,NULL,NULL,NULL,NULL,NULL,NULL,NULL,NULL,NULL,NULL,NULL,0,0,0,0,'2022-01-06 13:55:15','2022-01-06 13:55:15',NULL),(1339,1178,1,NULL,1,'Nurul Alia Rahim Omar','1739',NULL,'891102025586',NULL,NULL,NULL,NULL,NULL,NULL,NULL,NULL,NULL,NULL,NULL,'0',NULL,4,27,3,NULL,NULL,NULL,1,1,0,NULL,NULL,NULL,NULL,NULL,NULL,NULL,NULL,NULL,NULL,NULL,0,0,0,0,'2022-01-06 13:55:16','2022-01-06 13:55:16',NULL),(1340,1179,1,NULL,1,'Qistina Abdul Rahim','1751',NULL,'961030106424',NULL,NULL,NULL,NULL,NULL,NULL,NULL,NULL,NULL,NULL,NULL,'0',NULL,3,27,3,NULL,NULL,NULL,1,1,0,NULL,NULL,NULL,NULL,NULL,NULL,NULL,NULL,NULL,NULL,NULL,0,0,0,0,'2022-01-06 13:55:18','2022-01-06 13:55:18',NULL),(1341,1180,1,NULL,1,'Siti Akmal Wati Sheikh Abdullah','3153',NULL,'900316115570',NULL,NULL,NULL,NULL,NULL,NULL,NULL,NULL,NULL,NULL,NULL,'0',NULL,8,14,18,NULL,NULL,NULL,1,1,0,NULL,NULL,NULL,NULL,NULL,NULL,NULL,NULL,NULL,NULL,NULL,0,0,0,0,'2022-01-06 13:55:19','2022-01-06 13:55:19',NULL),(1342,1181,1,NULL,1,'AHMAD MURSYIDI BIN ADZMI','1767',NULL,'910301105707',NULL,NULL,NULL,NULL,NULL,NULL,NULL,'0192369678',NULL,NULL,'mursyidi@mpc.gov.my','0',NULL,3,27,3,NULL,NULL,NULL,1,1,0,NULL,NULL,NULL,NULL,NULL,NULL,NULL,NULL,NULL,NULL,NULL,0,0,0,0,'2022-01-06 13:55:31','2022-01-06 13:55:31',NULL),(1343,1182,1,NULL,1,'FAKHRUL MUIZ BIN MOHD JUTY','1768',NULL,'950217145411',NULL,NULL,NULL,NULL,NULL,NULL,NULL,'0136410270',NULL,NULL,'fakhrul@mpc.gov.my','0',NULL,3,27,3,NULL,NULL,NULL,1,1,0,NULL,NULL,NULL,NULL,NULL,NULL,NULL,NULL,NULL,NULL,NULL,0,0,0,0,'2022-01-06 13:55:32','2022-01-06 13:55:32',NULL),(1344,1183,1,NULL,1,'WAN SAIDATUL IZZAH BINTI WAN IBRAHIM','1769',NULL,'881107566374',NULL,NULL,NULL,NULL,NULL,NULL,NULL,'0173967353',NULL,NULL,'saidatul@mpc.gov.my','0',NULL,3,27,3,NULL,NULL,NULL,1,1,0,NULL,NULL,NULL,NULL,NULL,NULL,NULL,NULL,NULL,NULL,NULL,0,0,0,0,'2022-01-06 13:55:33','2022-01-06 13:55:33',NULL),(1345,1184,1,NULL,1,'MUHAMMAD ADIB BIN KAMAN','1770',NULL,'951009146203',NULL,NULL,NULL,NULL,NULL,NULL,NULL,'0172464623',NULL,NULL,'adib@mpc.gov.my','0',NULL,3,27,3,NULL,NULL,NULL,1,1,0,NULL,NULL,NULL,NULL,NULL,NULL,NULL,NULL,NULL,NULL,NULL,0,0,0,0,'2022-01-06 13:55:34','2022-01-06 13:55:34',NULL),(1346,1185,1,NULL,1,'NUR SYAHIRA BINTI MOHD NAWI','1771',NULL,'910423035620',NULL,NULL,NULL,NULL,NULL,NULL,NULL,'0102282325',NULL,NULL,'syahira@mpc.gov.my','0',NULL,3,27,3,NULL,NULL,NULL,1,1,0,NULL,NULL,NULL,NULL,NULL,NULL,NULL,NULL,NULL,NULL,NULL,0,0,0,0,'2022-01-06 13:55:35','2022-01-06 13:55:35',NULL),(1347,1186,1,NULL,1,'MUHAMMAD IZZAN BIN SUKERI','1772',NULL,'970421265347',NULL,NULL,NULL,NULL,NULL,NULL,NULL,'0112740374',NULL,NULL,'izzan@mpc.gov.my','0',NULL,3,27,3,NULL,NULL,NULL,1,1,0,NULL,NULL,NULL,NULL,NULL,NULL,NULL,NULL,NULL,NULL,NULL,0,0,0,0,'2022-01-06 13:55:36','2022-01-06 13:55:36',NULL),(1348,1187,1,NULL,1,'MUHAMMAD IRFAN HAFIZ BIN MOHAMAD ZAKARIA','1773',NULL,'950107126105',NULL,NULL,NULL,NULL,NULL,NULL,NULL,'0137828401',NULL,NULL,'irfan@mpc.gov.my','0',NULL,3,27,3,NULL,NULL,NULL,1,1,0,NULL,NULL,NULL,NULL,NULL,NULL,NULL,NULL,NULL,NULL,NULL,0,0,0,0,'2022-01-06 13:55:37','2022-01-06 13:55:37',NULL),(1349,1188,1,NULL,1,'IZZALDIN IRFAN BIN SAIJAN','1774',NULL,'961022125625',NULL,NULL,NULL,NULL,NULL,NULL,NULL,'0168816614',NULL,NULL,'izzaldin@mpc.gov.my','0',NULL,3,27,3,NULL,NULL,NULL,1,1,0,NULL,NULL,NULL,NULL,NULL,NULL,NULL,NULL,NULL,NULL,NULL,0,0,0,0,'2022-01-06 13:55:38','2022-01-06 13:55:38',NULL),(1350,1189,1,NULL,1,'HAIQAL HADI BIN MOHAMAD IBRAHIM','1775',NULL,'950324015647',NULL,NULL,NULL,NULL,NULL,NULL,NULL,'0196275996',NULL,NULL,'haiqal@mpc.gov.my','0',NULL,3,27,3,NULL,NULL,NULL,1,1,0,NULL,NULL,NULL,NULL,NULL,NULL,NULL,NULL,NULL,NULL,NULL,0,0,0,0,'2022-01-06 13:55:39','2022-01-06 13:55:39',NULL),(1351,1190,1,NULL,1,'NOR AZIERA BINTI MOHD NOR','1776',NULL,'960716086216',NULL,NULL,NULL,NULL,NULL,NULL,NULL,'0183600212',NULL,NULL,'aziera@mpc.gov.my','0',NULL,3,27,3,NULL,NULL,NULL,1,1,0,NULL,NULL,NULL,NULL,NULL,NULL,NULL,NULL,NULL,NULL,NULL,0,0,0,0,'2022-01-06 13:55:40','2022-01-06 13:55:40',NULL),(1352,1191,1,NULL,1,'WAN MUHAMMAD AL HAKIMI BIN WAN HANAFI','3182',NULL,'940210035907',NULL,NULL,NULL,NULL,NULL,NULL,NULL,'0166393573',NULL,NULL,'alhakimi@mpc.gov.my','0',NULL,3,34,32,NULL,NULL,NULL,1,1,0,NULL,NULL,NULL,NULL,NULL,NULL,NULL,NULL,NULL,NULL,NULL,0,0,0,0,'2022-01-06 13:55:41','2022-01-06 13:55:41',NULL),(1353,1192,1,NULL,1,'NURSAFURRA BINTI MOHAMAD AKHIR','3183',NULL,'871109025556',NULL,NULL,NULL,NULL,NULL,NULL,NULL,'0175788617',NULL,NULL,'nursafurra@mpc.gov.my','0',NULL,3,12,18,NULL,NULL,NULL,1,1,0,NULL,NULL,NULL,NULL,NULL,NULL,NULL,NULL,NULL,NULL,NULL,0,0,0,0,'2022-01-06 13:55:42','2022-01-06 13:55:42',NULL),(1354,1193,1,NULL,1,'NOR FITRI SHAZLIN BINTI ZAINI','3184',NULL,'960220085834',NULL,NULL,NULL,NULL,NULL,NULL,NULL,'01139043023',NULL,NULL,'shazlin@mpc.gov.my','0',NULL,3,12,18,NULL,NULL,NULL,1,1,0,NULL,NULL,NULL,NULL,NULL,NULL,NULL,NULL,NULL,NULL,NULL,0,0,0,0,'2022-01-06 13:55:43','2022-01-06 13:55:43',NULL),(1355,1194,1,NULL,1,'NADIRA BINTI ISAN','3185',NULL,'971017126470',NULL,NULL,NULL,NULL,NULL,NULL,NULL,'0195317185',NULL,NULL,'nadira@mpc.gov.my','0',NULL,10,12,18,NULL,NULL,NULL,1,1,0,NULL,NULL,NULL,NULL,NULL,NULL,NULL,NULL,NULL,NULL,NULL,0,0,0,0,'2022-01-06 13:55:44','2022-01-06 13:55:44',NULL);

--
-- Table structure for table `users_experience`
--

CREATE TABLE `users_experience` (
  `users_experience_id` bigint(20) NOT NULL AUTO_INCREMENT,
  `user_id` int(11) NOT NULL,
  `experience_type` int(11) NOT NULL COMMENT '1-kelulusan akademik,2-keahlian professional,3-kursus/seminar,4-exp_mengajar,5-exp_kendaliproject,6-exp_lain2',
  `experience_detail` varchar(255) NOT NULL,
  `year` int(11) DEFAULT NULL,
  `active_status` int(11) NOT NULL DEFAULT '1',
  `created_at` timestamp NULL DEFAULT NULL,
  `updated_at` timestamp NOT NULL DEFAULT CURRENT_TIMESTAMP,
  `deleted_at` timestamp NULL DEFAULT NULL,
  PRIMARY KEY (`users_experience_id`),
  KEY `idx_userexp_userid` (`user_id`)
) ENGINE=InnoDB DEFAULT CHARSET=latin1;

--
-- Dumping data for table `users_experience`
--


--
-- Table structure for table `users_field`
--

CREATE TABLE `users_field` (
  `users_field_id` bigint(20) NOT NULL AUTO_INCREMENT,
  `user_id` int(11) NOT NULL,
  `field_id` int(11) NOT NULL,
  `active_status` int(11) NOT NULL DEFAULT '1',
  `created_at` timestamp NULL DEFAULT NULL,
  `updated_at` timestamp NOT NULL DEFAULT CURRENT_TIMESTAMP,
  `deleted_at` timestamp NULL DEFAULT NULL,
  PRIMARY KEY (`users_field_id`),
  KEY `idx_usersfield_userid` (`user_id`),
  KEY `idx_usersfield_fieldid` (`field_id`),
  KEY `idx_usersfield_activests` (`active_status`)
) ENGINE=InnoDB DEFAULT CHARSET=latin1;

--
-- Dumping data for table `users_field`
--


--
-- Table structure for table `users_program`
--

CREATE TABLE `users_program` (
  `users_program_id` bigint(20) NOT NULL AUTO_INCREMENT,
  `user_id` int(11) NOT NULL,
  `supplier_service_id` int(11) NOT NULL,
  `program_id` int(11) NOT NULL,
  `chosen` int(11) NOT NULL DEFAULT '0',
  `created_at` timestamp NULL DEFAULT NULL,
  `updated_at` timestamp NOT NULL DEFAULT CURRENT_TIMESTAMP,
  `deleted_at` timestamp NULL DEFAULT NULL,
  PRIMARY KEY (`users_program_id`),
  KEY `idx_userprogram_programid` (`program_id`),
  KEY `idx_userprogram_userid` (`user_id`),
  KEY `idx_userprogram_serviceid` (`supplier_service_id`)
) ENGINE=InnoDB DEFAULT CHARSET=latin1;

--
-- Dumping data for table `users_program`
--


--
-- Table structure for table `users_service`
--

CREATE TABLE `users_service` (
  `users_service_id` bigint(20) NOT NULL AUTO_INCREMENT,
  `user_id` int(11) NOT NULL,
  `supplier_service_id` int(11) NOT NULL,
  `active_status` int(11) NOT NULL DEFAULT '1',
  `exclude_rotation` int(11) NOT NULL DEFAULT '0' COMMENT 'if 1-exclude in list',
  `created_at` timestamp NULL DEFAULT NULL,
  `updated_at` timestamp NOT NULL DEFAULT CURRENT_TIMESTAMP,
  `deleted_at` timestamp NULL DEFAULT NULL,
  PRIMARY KEY (`users_service_id`),
  KEY `idx_userservice_userid` (`user_id`),
  KEY `idx_userservice_serviceid` (`supplier_service_id`),
  KEY `idx_userservice_activests` (`active_status`),
  KEY `idx_userservice_rotation` (`exclude_rotation`)
) ENGINE=InnoDB DEFAULT CHARSET=latin1;

--
-- Dumping data for table `users_service`
--


--
-- Dumping events for database 'mpc_emas'
--
/*!50106 DROP EVENT IF EXISTS `update_runningno` */;
DELIMITER ;;
/*!50003 SET @saved_cs_client      = @@character_set_client */ ;;
/*!50003 SET @saved_cs_results     = @@character_set_results */ ;;
/*!50003 SET @saved_col_connection = @@collation_connection */ ;;
/*!50003 SET character_set_client  = utf8 */ ;;
/*!50003 SET character_set_results = utf8 */ ;;
/*!50003 SET collation_connection  = utf8_general_ci */ ;;
/*!50003 SET @saved_sql_mode       = @@sql_mode */ ;;
/*!50003 SET sql_mode              = 'NO_AUTO_VALUE_ON_ZERO' */ ;;
/*!50003 SET @saved_time_zone      = @@time_zone */ ;;
/*!50003 SET time_zone             = '+00:00' */ ;;
/*!50106 CREATE*/ /*!50117 DEFINER=`root`@`localhost`*/ /*!50106 EVENT `update_runningno` ON SCHEDULE EVERY 1 YEAR STARTS '2020-10-13 18:11:53' ON COMPLETION NOT PRESERVE ENABLE DO UPDATE ref_allocation SET running_no=0 */ ;;
/*!50003 SET time_zone             = @saved_time_zone */ ;;
/*!50003 SET sql_mode              = @saved_sql_mode */ ;;
/*!50003 SET character_set_client  = @saved_cs_client */ ;;
/*!50003 SET character_set_results = @saved_cs_results */ ;;
/*!50003 SET collation_connection  = @saved_col_connection */ ;;
DELIMITER ;

--
-- Dumping routines for database 'mpc_emas'
--
/*!50003 DROP FUNCTION IF EXISTS `SPLIT_STR` */;
DELIMITER ;;
CREATE DEFINER=`root`@`localhost` FUNCTION `SPLIT_STR`(
  x VARCHAR(255),
  delim VARCHAR(12),
  pos INT
) RETURNS varchar(255) CHARSET latin1
RETURN REPLACE(SUBSTRING(SUBSTRING_INDEX(x, delim, pos),
       LENGTH(SUBSTRING_INDEX(x, delim, pos -1)) + 1),
       delim, '') ;;
DELIMITER ;


