-- Table structure for table `permohonan_description`
--

CREATE TABLE `permohonan_description` (
  `permohonan_description_id` bigint(20) NOT NULL AUTO_INCREMENT,
  `permohonan_id` bigint(20) NOT NULL,
  `description_desc` varchar(255) DEFAULT NULL,
  `created_by` int(11) NOT NULL,
  `updated_by` int(11) NOT NULL,
  `created_at` timestamp NULL DEFAULT NULL,
  `updated_at` timestamp NOT NULL DEFAULT CURRENT_TIMESTAMP,
  `deleted_at` timestamp NULL DEFAULT NULL,
  PRIMARY KEY (`permohonan_description_id`),
  KEY `idx_permohonandesc_permohonanid` (`permohonan_id`),
  KEY `idx_permohonandesc_createdby` (`created_by`),
  KEY `idx_permohonandesc_updatedby` (`updated_by`)
) ENGINE=InnoDB DEFAULT CHARSET=latin1;

--
-- Dumping data for table `permohonan_description`
--


--
-- Table structure for table `permohonan_detail`
--

CREATE TABLE `permohonan_detail` (
  `permohonan_detail_id` bigint(11) NOT NULL AUTO_INCREMENT,
  `permohonan_id` bigint(11) NOT NULL,
  `is_main` int(11) NOT NULL DEFAULT '0',
  `main_id` bigint(11) DEFAULT NULL COMMENT 'permohonan_detail_id',
  `is_online` int(11) NOT NULL DEFAULT '0',
  `program_location` varchar(200) DEFAULT NULL,
  `supplier_service_id` int(11) DEFAULT NULL,
  `service_distance_id` int(11) DEFAULT NULL,
  `permohonan_item` text,
  `permohonan_item_extra` text,
  `quantity` decimal(10,2) NOT NULL DEFAULT '0.00',
  `unit_id` int(11) DEFAULT NULL,
  `quantity_unit` varchar(20) DEFAULT NULL,
  `price_perunit` decimal(10,2) NOT NULL DEFAULT '0.00',
  `price_total` decimal(10,2) NOT NULL DEFAULT '0.00',
  `detail_startdate` date DEFAULT NULL,
  `detail_enddate` date DEFAULT NULL,
  `detail_starttime` time DEFAULT NULL,
  `detail_endtime` time DEFAULT NULL,
  `created_at` timestamp NULL DEFAULT NULL,
  `updated_at` timestamp NOT NULL DEFAULT CURRENT_TIMESTAMP,
  `deleted_at` timestamp NULL DEFAULT NULL,
  PRIMARY KEY (`permohonan_detail_id`),
  KEY `idx_permohonandetail_permohonanid` (`permohonan_id`),
  KEY `idx_permohonandetail_ismain` (`is_main`),
  KEY `idx_permohonandetail_mainid` (`main_id`),
  KEY `idx_permohonandetail_serviceid` (`supplier_service_id`),
  KEY `idx_permohonandetail_unitid` (`unit_id`),
  KEY `idx_permohonandetail_distanceid` (`service_distance_id`)
) ENGINE=InnoDB DEFAULT CHARSET=latin1;

--
-- Dumping data for table `permohonan_detail`
--


--
-- Table structure for table `permohonan_email`
--

CREATE TABLE `permohonan_email` (
  `id` bigint(20) NOT NULL AUTO_INCREMENT,
  `permohonan_id` int(11) NOT NULL,
  `email_to` varchar(100) DEFAULT NULL,
  `role_id` int(11) DEFAULT NULL,
  `subject` text CHARACTER SET latin1,
  `message` text,
  `completed` int(11) NOT NULL DEFAULT '0',
  `created_at` timestamp NULL DEFAULT NULL,
  `updated_at` timestamp NOT NULL DEFAULT CURRENT_TIMESTAMP,
  `deleted_at` timestamp NULL DEFAULT NULL,
  PRIMARY KEY (`id`),
  KEY `idx_permohonanemail_id` (`permohonan_id`),
  KEY `idx_permohonanemail_roleid` (`role_id`),
  KEY `idx_permohonanemail_completed` (`completed`)
) ENGINE=InnoDB DEFAULT CHARSET=utf8mb4;

--
-- Dumping data for table `permohonan_email`
--


--
-- Table structure for table `permohonan_objective`
--

CREATE TABLE `permohonan_objective` (
  `permohonan_objective_id` bigint(20) NOT NULL AUTO_INCREMENT,
  `permohonan_id` bigint(20) NOT NULL,
  `objective_desc` varchar(255) DEFAULT NULL,
  `created_by` int(11) NOT NULL,
  `updated_by` int(11) NOT NULL,
  `created_at` timestamp NULL DEFAULT NULL,
  `updated_at` timestamp NOT NULL DEFAULT CURRENT_TIMESTAMP,
  `deleted_at` timestamp NULL DEFAULT NULL,
  PRIMARY KEY (`permohonan_objective_id`),
  KEY `idx_permohonanobjective_permohonanid` (`permohonan_id`),
  KEY `idx_permohonanobjective_createdby` (`created_by`),
  KEY `idx_permohonanobjective_updatedby` (`updated_by`)
) ENGINE=InnoDB DEFAULT CHARSET=latin1;

--
-- Dumping data for table `permohonan_objective`
--


--
-- Table structure for table `permohonan_option`
--

CREATE TABLE `permohonan_option` (
  `permohonan_option_id` bigint(20) NOT NULL AUTO_INCREMENT,
  `permohonan_id` bigint(20) NOT NULL,
  `option_no` int(11) NOT NULL DEFAULT '1',
  `is_main` int(11) NOT NULL DEFAULT '0',
  `main_id` bigint(11) DEFAULT NULL,
  `option_desc` varchar(255) DEFAULT NULL,
  `recommended` int(11) NOT NULL DEFAULT '0',
  `created_by` int(11) NOT NULL,
  `updated_by` int(11) NOT NULL,
  `created_at` timestamp NULL DEFAULT NULL,
  `updated_at` timestamp NOT NULL DEFAULT CURRENT_TIMESTAMP,
  `deleted_at` timestamp NULL DEFAULT NULL,
  PRIMARY KEY (`permohonan_option_id`),
  KEY `idx_permohonanoption_permohonanid` (`permohonan_id`),
  KEY `idx_permohonanoption_recommended` (`recommended`),
  KEY `idx_permohonanoption_createdby` (`created_by`),
  KEY `idx_permohonanoption_updatedby` (`updated_by`),
  KEY `idx_permohonanoption_ismain` (`is_main`),
  KEY `idx_permohonanoption_mainid` (`main_id`),
  KEY `idx_permohonanoption_optionno` (`option_no`)
) ENGINE=InnoDB DEFAULT CHARSET=latin1;

--
-- Dumping data for table `permohonan_option`
--


--
-- Table structure for table `permohonan_project`
--

CREATE TABLE `permohonan_project` (
  `permohonan_project_id` bigint(20) NOT NULL AUTO_INCREMENT,
  `permohonan_id` bigint(20) NOT NULL,
  `is_main` int(11) NOT NULL DEFAULT '0',
  `main_id` bigint(11) DEFAULT NULL,
  `project_desc` varchar(255) DEFAULT NULL,
  `core_id` int(11) DEFAULT NULL,
  `kpi_id` int(11) NOT NULL,
  `targeted_value` decimal(10,2) NOT NULL DEFAULT '0.00',
  `achieved_value` decimal(10,2) NOT NULL DEFAULT '0.00',
  `percentage_value` decimal(10,2) NOT NULL DEFAULT '0.00',
  `project_final_value` decimal(10,2) NOT NULL DEFAULT '0.00',
  `status` char(1) NOT NULL DEFAULT 'N',
  `justification` text,
  `created_by` int(11) NOT NULL,
  `updated_by` int(11) NOT NULL,
  `created_at` timestamp NULL DEFAULT NULL,
  `updated_at` timestamp NOT NULL DEFAULT CURRENT_TIMESTAMP,
  `deleted_at` timestamp NULL DEFAULT NULL,
  PRIMARY KEY (`permohonan_project_id`),
  KEY `idx_permohonanproject_permohonanid` (`permohonan_id`),
  KEY `idx_permohonanproject_createdby` (`created_by`),
  KEY `idx_permohonanproject_updatedby` (`updated_by`),
  KEY `idx_permohonanproject_ismain` (`is_main`),
  KEY `idx_permohonanproject_mainid` (`main_id`),
  KEY `idx_permohonanproject_kpiid` (`kpi_id`),
  KEY `idx_permohonanproject_coreid` (`core_id`)
) ENGINE=InnoDB AUTO_INCREMENT=182 DEFAULT CHARSET=latin1;

--
-- Dumping data for table `permohonan_project`
--

INSERT INTO `permohonan_project` VALUES (1,12,1,NULL,'',1,0,0.00,0.00,0.00,0.00,'N',NULL,1183,1183,'2022-01-17 15:40:01','2022-01-17 15:40:01','2022-01-17 07:50:41'),(2,12,0,1,NULL,NULL,22,0.00,0.00,0.00,0.00,'N',NULL,1183,1183,'2022-01-17 15:40:01','2022-01-17 15:40:01','2022-01-17 07:50:41'),(3,12,1,NULL,'',1,0,0.00,0.00,0.00,0.00,'N',NULL,1183,1183,'2022-01-17 15:50:41','2022-01-17 15:50:41','2022-01-18 23:47:14'),(4,12,0,3,NULL,NULL,22,0.00,0.00,0.00,0.00,'N',NULL,1183,1183,'2022-01-17 15:50:41','2022-01-17 15:50:41','2022-01-18 23:47:14'),(7,20,1,NULL,'SMART AGRO-FOOD HACKATHON',2,0,0.00,0.00,0.00,0.00,'N',NULL,220,220,'2022-01-19 02:53:39','2022-01-19 02:53:39',NULL),(8,20,0,7,NULL,NULL,24,3.00,0.00,0.00,0.00,'N',NULL,220,220,'2022-01-19 02:53:39','2022-01-19 02:53:39',NULL),(9,12,1,NULL,'',1,0,0.00,0.00,0.00,0.00,'N',NULL,1183,1183,'2022-01-19 07:47:14','2022-01-19 07:47:14','2022-01-20 19:35:24'),(10,12,0,9,NULL,NULL,22,0.00,0.00,0.00,0.00,'N',NULL,1183,1183,'2022-01-19 07:47:14','2022-01-19 07:47:14','2022-01-20 19:35:24'),(11,26,1,NULL,'MEASURES & STRATEGIES TO INCREASE LABOUR COMPENSATION',1,0,0.00,0.00,0.00,0.00,'N',NULL,278,278,'2022-01-19 08:16:19','2022-01-19 08:16:19','2022-01-25 20:45:52'),(12,26,0,11,NULL,NULL,20,1.00,0.00,0.00,0.00,'N',NULL,278,278,'2022-01-19 08:16:19','2022-01-19 08:16:19','2022-01-25 20:45:52'),(13,30,1,NULL,'ENGAGEMENT WITH INDUSTRY',3,0,0.00,0.00,0.00,0.00,'N',NULL,319,319,'2022-01-20 03:57:17','2022-01-20 03:57:17','2022-01-19 19:57:51'),(14,30,0,13,NULL,NULL,24,3.00,0.00,0.00,0.00,'N',NULL,319,319,'2022-01-20 03:57:17','2022-01-20 03:57:17','2022-01-19 19:57:51'),(15,30,1,NULL,'FACT FINDING (GEMBA) REPORT',4,0,0.00,0.00,0.00,0.00,'N',NULL,319,319,'2022-01-20 03:57:17','2022-01-20 03:57:17','2022-01-19 19:57:51'),(16,30,0,15,NULL,NULL,22,4.00,0.00,0.00,0.00,'N',NULL,319,319,'2022-01-20 03:57:17','2022-01-20 03:57:17','2022-01-19 19:57:51'),(17,30,1,NULL,'INDUSTRY VALUE CHAIN MAPPING',4,0,0.00,0.00,0.00,0.00,'N',NULL,319,319,'2022-01-20 03:57:17','2022-01-20 03:57:17','2022-01-19 19:57:51'),(18,30,0,17,NULL,NULL,19,1.00,0.00,0.00,0.00,'N',NULL,319,319,'2022-01-20 03:57:17','2022-01-20 03:57:17','2022-01-19 19:57:51'),(19,30,1,NULL,'ENGAGEMENT WITH INDUSTRY',3,0,0.00,0.00,0.00,0.00,'N',NULL,319,319,'2022-01-20 03:57:51','2022-01-20 03:57:51','2022-01-21 05:50:42'),(20,30,0,19,NULL,NULL,24,3.00,0.00,0.00,0.00,'N',NULL,319,319,'2022-01-20 03:57:51','2022-01-20 03:57:51','2022-01-21 05:50:42'),(21,30,1,NULL,'FACT FINDING (GEMBA) REPORT',4,0,0.00,0.00,0.00,0.00,'N',NULL,319,319,'2022-01-20 03:57:51','2022-01-20 03:57:51','2022-01-21 05:50:42'),(22,30,0,21,NULL,NULL,22,4.00,0.00,0.00,0.00,'N',NULL,319,319,'2022-01-20 03:57:51','2022-01-20 03:57:51','2022-01-21 05:50:42'),(23,30,1,NULL,'INDUSTRY VALUE CHAIN MAPPING',4,0,0.00,0.00,0.00,0.00,'N',NULL,319,319,'2022-01-20 03:57:51','2022-01-20 03:57:51','2022-01-21 05:50:42'),(24,30,0,23,NULL,NULL,19,1.00,0.00,0.00,0.00,'N',NULL,319,319,'2022-01-20 03:57:51','2022-01-20 03:57:51','2022-01-21 05:50:42'),(25,11,1,NULL,'APPOINTMENT OF CONSTRUCTION PRODUCTIVITY NEXUS COORDINATOR',4,0,0.00,0.00,0.00,0.00,'N',NULL,1183,1183,'2022-01-20 07:40:32','2022-01-20 07:40:32','2022-01-20 19:02:43'),(26,11,0,25,NULL,NULL,22,0.00,0.00,0.00,0.00,'N',NULL,1183,1183,'2022-01-20 07:40:32','2022-01-20 07:40:32','2022-01-20 19:02:43'),(27,11,1,NULL,'APPOINTMENT OF CONSTRUCTION PRODUCTIVITY NEXUS COORDINATOR',4,0,0.00,0.00,0.00,0.00,'N',NULL,1183,1183,'2022-01-21 03:02:43','2022-01-21 03:02:43','2022-01-20 19:52:10'),(28,11,0,27,NULL,NULL,22,0.00,0.00,0.00,0.00,'N',NULL,1183,1183,'2022-01-21 03:02:43','2022-01-21 03:02:43','2022-01-20 19:52:10'),(29,12,1,NULL,'WORKSHOP ON BOOSTING PRODUCTIVITY AND COMPETITIVENESS OF CONSTRUCTION SECTOR',2,0,0.00,0.00,0.00,0.00,'N',NULL,1183,1183,'2022-01-21 03:35:24','2022-01-21 03:35:24','2022-01-25 19:19:29'),(30,12,0,29,NULL,NULL,24,8.00,0.00,0.00,0.00,'N',NULL,1183,1183,'2022-01-21 03:35:24','2022-01-21 03:35:24','2022-01-25 19:19:29'),(31,12,0,29,NULL,NULL,9,50.00,0.00,0.00,0.00,'N',NULL,1183,1183,'2022-01-21 03:35:24','2022-01-21 03:35:24','2022-01-25 19:19:29'),(32,30,1,NULL,'ENGAGEMENT WITH INDUSTRY',3,0,0.00,0.00,0.00,0.00,'N',NULL,319,319,'2022-01-21 13:50:42','2022-01-21 13:50:42',NULL),(33,30,0,32,NULL,NULL,24,3.00,0.00,0.00,0.00,'N',NULL,319,319,'2022-01-21 13:50:42','2022-01-21 13:50:42',NULL),(34,30,1,NULL,'FACT FINDING (GEMBA) REPORT',4,0,0.00,0.00,0.00,0.00,'N',NULL,319,319,'2022-01-21 13:50:42','2022-01-21 13:50:42',NULL),(35,30,0,34,NULL,NULL,22,4.00,0.00,0.00,0.00,'N',NULL,319,319,'2022-01-21 13:50:42','2022-01-21 13:50:42',NULL),(36,30,1,NULL,'INDUSTRY VALUE CHAIN MAPPING',4,0,0.00,0.00,0.00,0.00,'N',NULL,319,319,'2022-01-21 13:50:42','2022-01-21 13:50:42',NULL),(37,30,0,36,NULL,NULL,19,1.00,0.00,0.00,0.00,'N',NULL,319,319,'2022-01-21 13:50:42','2022-01-21 13:50:42',NULL),(38,53,1,NULL,'MENYEDIAKAN PLATFORM DIGITAL REGULATORY IMPACT STATEMENT (DRIS)',4,0,0.00,0.00,0.00,0.00,'N',NULL,166,166,'2022-01-24 01:24:58','2022-01-24 01:24:58',NULL),(39,53,0,38,NULL,NULL,10,0.00,0.00,0.00,0.00,'N',NULL,166,166,'2022-01-24 01:24:58','2022-01-24 01:24:58',NULL),(40,61,1,NULL,'',3,0,0.00,0.00,0.00,0.00,'N',NULL,152,152,'2022-01-24 11:25:11','2022-01-24 11:25:11','2022-01-24 04:28:09'),(41,61,0,40,NULL,NULL,22,0.00,0.00,0.00,0.00,'N',NULL,152,152,'2022-01-24 11:25:11','2022-01-24 11:25:11','2022-01-24 04:28:09'),(42,61,1,NULL,'PROGRAM KHIDMAT NASIHAT DAN PERUNDINGAN ICC DAN TPM DI SYARIKAT CJ BIO MALAYSIA SDN. BHD.',3,0,0.00,0.00,0.00,0.00,'N',NULL,152,152,'2022-01-24 12:28:09','2022-01-24 12:28:09','2022-01-24 04:28:42'),(43,61,0,42,NULL,NULL,22,80.00,0.00,0.00,0.00,'N',NULL,152,152,'2022-01-24 12:28:09','2022-01-24 12:28:09','2022-01-24 04:28:42'),(44,61,1,NULL,'PROGRAM KHIDMAT NASIHAT DAN PERUNDINGAN ICC DAN TPM DI SYARIKAT CJ BIO MALAYSIA SDN. BHD.',3,0,0.00,0.00,0.00,0.00,'N',NULL,152,152,'2022-01-24 12:28:42','2022-01-24 12:28:42','2022-01-25 21:02:53'),(45,61,0,44,NULL,NULL,22,80.00,0.00,0.00,0.00,'N',NULL,152,152,'2022-01-24 12:28:42','2022-01-24 12:28:42','2022-01-25 21:02:53'),(46,83,1,NULL,'PENERBITAN LAPORAN TAHUNAN PEMUDAH',4,0,0.00,0.00,0.00,0.00,'N',NULL,231,231,'2022-01-25 09:51:08','2022-01-25 09:51:08','2022-01-25 02:04:28'),(47,83,0,46,NULL,NULL,20,5.00,0.00,0.00,0.00,'N',NULL,231,231,'2022-01-25 09:51:08','2022-01-25 09:51:08','2022-01-25 02:04:28'),(48,83,1,NULL,'PENERBITAN LAPORAN TAHUNAN PEMUDAH',4,0,0.00,0.00,0.00,0.00,'N',NULL,231,231,'2022-01-25 10:04:28','2022-01-25 10:04:28','2022-01-26 18:16:29'),(49,83,0,48,NULL,NULL,20,5.00,0.00,0.00,0.00,'N',NULL,231,231,'2022-01-25 10:04:28','2022-01-25 10:04:28','2022-01-26 18:16:29'),(50,85,1,NULL,'PENERBITAN LAPORAN PRODUKTIVITI',4,0,0.00,0.00,0.00,0.00,'N',NULL,179,179,'2022-01-26 00:59:41','2022-01-26 00:59:41','2022-01-25 17:07:56'),(51,85,0,50,NULL,NULL,27,1.00,0.00,0.00,0.00,'N',NULL,179,179,'2022-01-26 00:59:41','2022-01-26 00:59:41','2022-01-25 17:07:56'),(52,85,1,NULL,'PENERBITAN LAPORAN PRODUKTIVITI',4,0,0.00,0.00,0.00,0.00,'N',NULL,179,179,'2022-01-26 01:07:56','2022-01-26 01:07:56',NULL),(53,85,0,52,NULL,NULL,27,1.00,0.00,0.00,0.00,'N',NULL,179,179,'2022-01-26 01:07:56','2022-01-26 01:07:56',NULL),(54,12,1,NULL,'WORKSHOP ON BOOSTING PRODUCTIVITY AND COMPETITIVENESS OF CONSTRUCTION SECTOR',2,0,0.00,0.00,0.00,0.00,'N',NULL,1183,1183,'2022-01-26 03:19:29','2022-01-26 03:19:29',NULL),(55,12,0,54,NULL,NULL,24,8.00,0.00,0.00,0.00,'N',NULL,1183,1183,'2022-01-26 03:19:29','2022-01-26 03:19:29',NULL),(56,12,0,54,NULL,NULL,9,50.00,0.00,0.00,0.00,'N',NULL,1183,1183,'2022-01-26 03:19:29','2022-01-26 03:19:29',NULL),(57,87,1,NULL,'UPSKILLING CHEMICAL PROCESS TECHNICIAN PROGRAM',1,0,0.00,0.00,0.00,0.00,'N',NULL,1190,1190,'2022-01-26 03:46:19','2022-01-26 03:46:19','2022-01-25 19:47:37'),(58,87,0,57,NULL,NULL,11,20.00,0.00,0.00,0.00,'N',NULL,1190,1190,'2022-01-26 03:46:19','2022-01-26 03:46:19','2022-01-25 19:47:37'),(59,87,0,57,NULL,NULL,25,1.00,0.00,0.00,0.00,'N',NULL,1190,1190,'2022-01-26 03:46:19','2022-01-26 03:46:19','2022-01-25 19:47:37'),(60,87,1,NULL,'UPSKILLING CHEMICAL PROCESS TECHNICIAN PROGRAM',1,0,0.00,0.00,0.00,0.00,'N',NULL,1190,1190,'2022-01-26 03:47:37','2022-01-26 03:47:37','2022-01-26 00:07:24'),(61,87,0,60,NULL,NULL,11,20.00,0.00,0.00,0.00,'N',NULL,1190,1190,'2022-01-26 03:47:37','2022-01-26 03:47:37','2022-01-26 00:07:24'),(62,87,0,60,NULL,NULL,25,1.00,0.00,0.00,0.00,'N',NULL,1190,1190,'2022-01-26 03:47:37','2022-01-26 03:47:37','2022-01-26 00:07:24'),(63,26,1,NULL,'MEASURES & STRATEGIES TO INCREASE LABOUR COMPENSATION',1,0,0.00,0.00,0.00,0.00,'N',NULL,278,278,'2022-01-26 04:45:52','2022-01-26 04:45:52','2022-01-25 20:46:11'),(64,26,0,63,NULL,NULL,20,1.00,0.00,0.00,0.00,'N',NULL,278,278,'2022-01-26 04:45:52','2022-01-26 04:45:52','2022-01-25 20:46:11'),(65,26,1,NULL,'MEASURES & STRATEGIES TO INCREASE LABOUR COMPENSATION',1,0,0.00,0.00,0.00,0.00,'N',NULL,278,278,'2022-01-26 04:46:11','2022-01-26 04:46:11',NULL),(66,26,0,65,NULL,NULL,20,1.00,0.00,0.00,0.00,'N',NULL,278,278,'2022-01-26 04:46:11','2022-01-26 04:46:11',NULL),(67,61,1,NULL,'PROGRAM KHIDMAT NASIHAT DAN PERUNDINGAN ICC DAN TPM DI SYARIKAT CJ BIO MALAYSIA SDN. BHD.',3,0,0.00,0.00,0.00,0.00,'N',NULL,152,152,'2022-01-26 05:02:53','2022-01-26 05:02:53','2022-01-25 22:34:01'),(68,61,0,67,NULL,NULL,22,5.00,0.00,0.00,0.00,'N',NULL,152,152,'2022-01-26 05:02:53','2022-01-26 05:02:53','2022-01-25 22:34:01'),(69,61,1,NULL,'PROGRAM KHIDMAT NASIHAT DAN PERUNDINGAN ICC DAN TPM DI SYARIKAT CJ BIO MALAYSIA SDN. BHD.',3,0,0.00,0.00,0.00,0.00,'N',NULL,152,152,'2022-01-26 06:34:01','2022-01-26 06:34:01','2022-01-25 22:46:03'),(70,61,0,69,NULL,NULL,22,5.00,0.00,0.00,0.00,'N',NULL,152,152,'2022-01-26 06:34:01','2022-01-26 06:34:01','2022-01-25 22:46:03'),(71,61,1,NULL,'PROGRAM KHIDMAT NASIHAT DAN PERUNDINGAN ICC DAN TPM DI SYARIKAT CJ BIO MALAYSIA SDN. BHD.',3,0,0.00,0.00,0.00,0.00,'N',NULL,152,152,'2022-01-26 06:46:03','2022-01-26 06:46:03','2022-01-25 22:46:48'),(72,61,0,71,NULL,NULL,22,5.00,0.00,0.00,0.00,'N',NULL,152,152,'2022-01-26 06:46:03','2022-01-26 06:46:03','2022-01-25 22:46:48'),(73,61,1,NULL,'PROGRAM KHIDMAT NASIHAT DAN PERUNDINGAN ICC DAN TPM DI SYARIKAT CJ BIO MALAYSIA SDN. BHD.',3,0,0.00,0.00,0.00,0.00,'N',NULL,152,152,'2022-01-26 06:46:48','2022-01-26 06:46:48','2022-01-26 02:49:48'),(74,61,0,73,NULL,NULL,22,5.00,0.00,0.00,0.00,'N',NULL,152,152,'2022-01-26 06:46:48','2022-01-26 06:46:48','2022-01-26 02:49:48'),(75,87,1,NULL,'UPSKILLING CHEMICAL PROCESS TECHNICIAN PROGRAM',1,0,0.00,0.00,0.00,0.00,'N',NULL,1190,1190,'2022-01-26 08:07:24','2022-01-26 08:07:24',NULL),(76,87,0,75,NULL,NULL,11,20.00,0.00,0.00,0.00,'N',NULL,1190,1190,'2022-01-26 08:07:24','2022-01-26 08:07:24',NULL),(77,87,0,75,NULL,NULL,25,1.00,0.00,0.00,0.00,'N',NULL,1190,1190,'2022-01-26 08:07:24','2022-01-26 08:07:24',NULL),(78,61,1,NULL,'PROGRAM KHIDMAT NASIHAT DAN PERUNDINGAN ICC DAN TPM DI SYARIKAT CJ BIO MALAYSIA SDN. BHD.',3,0,0.00,0.00,0.00,0.00,'N',NULL,152,152,'2022-01-26 10:49:48','2022-01-26 10:49:48','2022-01-26 03:00:40'),(79,61,0,78,NULL,NULL,22,5.00,0.00,0.00,0.00,'N',NULL,152,152,'2022-01-26 10:49:48','2022-01-26 10:49:48','2022-01-26 03:00:40'),(80,61,1,NULL,'PROGRAM KHIDMAT NASIHAT DAN PERUNDINGAN ICC DAN TPM DI SYARIKAT CJ BIO MALAYSIA SDN. BHD.',3,0,0.00,0.00,0.00,0.00,'N',NULL,152,152,'2022-01-26 11:00:40','2022-01-26 11:00:40','2022-01-26 03:01:26'),(81,61,0,80,NULL,NULL,22,5.00,0.00,0.00,0.00,'N',NULL,152,152,'2022-01-26 11:00:40','2022-01-26 11:00:40','2022-01-26 03:01:26'),(82,61,1,NULL,'PROGRAM KHIDMAT NASIHAT DAN PERUNDINGAN ICC DAN TPM DI SYARIKAT CJ BIO MALAYSIA SDN. BHD.',3,0,0.00,0.00,0.00,0.00,'N',NULL,152,152,'2022-01-26 11:01:26','2022-01-26 11:01:26','2022-01-26 19:45:45'),(83,61,0,82,NULL,NULL,22,5.00,0.00,0.00,0.00,'N',NULL,152,152,'2022-01-26 11:01:26','2022-01-26 11:01:26','2022-01-26 19:45:45'),(84,83,1,NULL,'PENERBITAN LAPORAN TAHUNAN PEMUDAH',4,0,0.00,0.00,0.00,0.00,'N',NULL,231,231,'2022-01-27 02:16:29','2022-01-27 02:16:29',NULL),(85,83,0,84,NULL,NULL,20,5.00,0.00,0.00,0.00,'N',NULL,231,231,'2022-01-27 02:16:29','2022-01-27 02:16:29',NULL),(86,61,1,NULL,'PROGRAM KHIDMAT NASIHAT DAN PERUNDINGAN ICC DAN TPM DI SYARIKAT CJ BIO MALAYSIA SDN. BHD.',3,0,0.00,0.00,0.00,0.00,'N',NULL,152,152,'2022-01-27 03:45:45','2022-01-27 03:45:45',NULL),(87,61,0,86,NULL,NULL,22,5.00,0.00,0.00,0.00,'N',NULL,152,152,'2022-01-27 03:45:45','2022-01-27 03:45:45',NULL),(88,61,0,86,NULL,NULL,1,66000.00,0.00,0.00,0.00,'N',NULL,152,152,'2022-01-27 03:45:45','2022-01-27 03:45:45',NULL),(89,134,1,NULL,'KEMASUKAN DATA ORGANISASI/ SYARIKAT KE DALAM SISTEM ESPO',1,0,0.00,0.00,0.00,0.00,'N',NULL,278,278,'2022-01-28 02:06:40','2022-01-28 02:06:40','2022-01-27 18:08:51'),(92,134,1,NULL,'KEMASUKAN DATA ORGANISASI/ SYARIKAT KE DALAM SISTEM ESPO',1,0,0.00,0.00,0.00,0.00,'N',NULL,278,278,'2022-01-28 02:08:51','2022-01-28 02:08:51','2022-01-27 19:10:47'),(93,137,1,NULL,'ANALISIS ADAPTASI DIGITAL PERINGKAT NEGERI JOHOR',2,0,0.00,0.00,0.00,0.00,'N',NULL,256,256,'2022-01-28 02:28:24','2022-01-28 02:28:24','2022-01-27 18:55:26'),(94,137,0,93,NULL,NULL,20,1.00,0.00,0.00,0.00,'N',NULL,256,256,'2022-01-28 02:28:24','2022-01-28 02:28:24','2022-01-27 18:55:26'),(95,137,1,NULL,'ANALISIS ADAPTASI DIGITAL PERINGKAT NEGERI JOHOR',2,0,0.00,0.00,0.00,0.00,'N',NULL,256,256,'2022-01-28 02:55:26','2022-01-28 02:55:26','2022-01-27 22:36:53'),(96,137,0,95,NULL,NULL,20,1.00,0.00,0.00,0.00,'N',NULL,256,256,'2022-01-28 02:55:26','2022-01-28 02:55:26','2022-01-27 22:36:53'),(97,134,1,NULL,'KEMASUKAN DATA ORGANISASI/ SYARIKAT KE DALAM SISTEM ESPO',1,0,0.00,0.00,0.00,0.00,'N',NULL,278,278,'2022-01-28 03:10:47','2022-01-28 03:10:47','2022-01-27 19:26:55'),(98,134,1,NULL,'KEMASUKAN DATA ORGANISASI/ SYARIKAT KE DALAM SISTEM ESPO',1,0,0.00,0.00,0.00,0.00,'N',NULL,278,278,'2022-01-28 03:26:55','2022-01-28 03:26:55',NULL),(99,137,1,NULL,'ANALISIS ADAPTASI DIGITAL PERINGKAT NEGERI JOHOR',2,0,0.00,0.00,0.00,0.00,'N',NULL,256,256,'2022-01-28 06:36:53','2022-01-28 06:36:53','2022-01-27 22:37:46'),(100,137,0,99,NULL,NULL,20,1.00,0.00,0.00,0.00,'N',NULL,256,256,'2022-01-28 06:36:53','2022-01-28 06:36:53','2022-01-27 22:37:46'),(101,137,1,NULL,'ANALISIS ADAPTASI DIGITAL PERINGKAT NEGERI JOHOR',2,0,0.00,0.00,0.00,0.00,'N',NULL,303,303,'2022-01-28 06:37:46','2022-01-28 06:37:46','2022-01-27 22:38:52'),(102,137,0,101,NULL,NULL,20,1.00,0.00,0.00,0.00,'N',NULL,303,303,'2022-01-28 06:37:46','2022-01-28 06:37:46','2022-01-27 22:38:52'),(103,137,1,NULL,'ANALISIS ADAPTASI DIGITAL PERINGKAT NEGERI JOHOR',2,0,0.00,0.00,0.00,0.00,'N',NULL,256,256,'2022-01-28 06:38:52','2022-01-28 06:38:52','2022-01-27 22:51:53'),(104,137,0,103,NULL,NULL,20,1.00,0.00,0.00,0.00,'N',NULL,256,256,'2022-01-28 06:38:52','2022-01-28 06:38:52','2022-01-27 22:51:53'),(105,137,1,NULL,'ANALISIS ADAPTASI DIGITAL PERINGKAT NEGERI JOHOR',2,0,0.00,0.00,0.00,0.00,'N',NULL,303,303,'2022-01-28 06:51:53','2022-01-28 06:51:53',NULL),(106,137,0,105,NULL,NULL,20,1.00,0.00,0.00,0.00,'N',NULL,303,303,'2022-01-28 06:51:53','2022-01-28 06:51:53',NULL),(107,166,1,NULL,'THE PUBLICATION OF MALAYSIA BEHAVIOURAL INSIGHTS (BI) GUIDELINE',3,0,0.00,0.00,0.00,0.00,'N',NULL,271,271,'2022-01-30 07:02:51','2022-01-30 07:02:51',NULL),(108,166,0,107,NULL,NULL,19,5.00,0.00,0.00,0.00,'N',NULL,271,271,'2022-01-30 07:02:51','2022-01-30 07:02:51',NULL),(109,166,0,107,NULL,NULL,10,20.00,0.00,0.00,0.00,'N',NULL,271,271,'2022-01-30 07:02:51','2022-01-30 07:02:51',NULL),(110,166,0,107,NULL,NULL,25,4.00,0.00,0.00,0.00,'N',NULL,271,271,'2022-01-30 07:02:51','2022-01-30 07:02:51',NULL),(111,167,1,NULL,'CHEMICALS AND CHEMICAL PRODUCTS PRODUCTIVITY NEXUS (CPN) VIRTUAL ADVISORY CLINIC (CHEM-VAC)',3,0,0.00,0.00,0.00,0.00,'N',NULL,1190,1190,'2022-01-31 06:08:14','2022-01-31 06:08:14','2022-02-03 21:20:56'),(112,167,0,111,NULL,NULL,20,1.00,0.00,0.00,0.00,'N',NULL,1190,1190,'2022-01-31 06:08:14','2022-01-31 06:08:14','2022-02-03 21:20:56'),(113,167,0,111,NULL,NULL,22,30.00,0.00,0.00,0.00,'N',NULL,1190,1190,'2022-01-31 06:08:14','2022-01-31 06:08:14','2022-02-03 21:20:56'),(114,169,1,NULL,'INFORMATION PAPER - ADDITIONAL PROVISION FOR CONDUCT TALENT DEVELOPMENT PROGRAM THROUGH COMPETITIVENESS INDICATORS (MEAN YEARS OF SCHOOLING AND SCHOOL LIFE EXPECTANCY)',1,0,0.00,0.00,0.00,0.00,'N',NULL,175,175,'2022-02-03 08:55:38','2022-02-03 08:55:38','2022-02-04 12:41:37'),(115,180,1,NULL,'TVET TRAINER TRAINED',1,0,0.00,0.00,0.00,0.00,'N',NULL,319,319,'2022-02-03 14:16:21','2022-02-03 14:16:21','2022-02-03 06:17:26'),(116,180,0,115,NULL,NULL,11,20.00,0.00,0.00,0.00,'N',NULL,319,319,'2022-02-03 14:16:21','2022-02-03 14:16:21','2022-02-03 06:17:26'),(117,180,1,NULL,'TTT MICROLEARNINGS',2,0,0.00,0.00,0.00,0.00,'N',NULL,319,319,'2022-02-03 14:16:21','2022-02-03 14:16:21','2022-02-03 06:17:26'),(118,180,0,117,NULL,NULL,19,8.00,0.00,0.00,0.00,'N',NULL,319,319,'2022-02-03 14:16:21','2022-02-03 14:16:21','2022-02-03 06:17:26'),(119,180,1,NULL,'TVET TRAINER TRAINED',1,0,0.00,0.00,0.00,0.00,'N',NULL,319,319,'2022-02-03 14:17:26','2022-02-03 14:17:26',NULL),(120,180,0,119,NULL,NULL,11,20.00,0.00,0.00,0.00,'N',NULL,319,319,'2022-02-03 14:17:26','2022-02-03 14:17:26',NULL),(121,180,1,NULL,'TTT MICROLEARNINGS',2,0,0.00,0.00,0.00,0.00,'N',NULL,319,319,'2022-02-03 14:17:26','2022-02-03 14:17:26',NULL),(122,180,0,121,NULL,NULL,19,8.00,0.00,0.00,0.00,'N',NULL,319,319,'2022-02-03 14:17:26','2022-02-03 14:17:26',NULL),(123,181,1,NULL,'PROGRAM PROCESS FLOW/ SOP',4,0,0.00,0.00,0.00,0.00,'N',NULL,319,319,'2022-02-03 14:35:00','2022-02-03 14:35:00','2022-02-03 06:35:44'),(124,181,0,123,NULL,NULL,19,1.00,0.00,0.00,0.00,'N',NULL,319,319,'2022-02-03 14:35:00','2022-02-03 14:35:00','2022-02-03 06:35:44'),(125,181,1,NULL,'REAL-TIME CONSULTATION',5,0,0.00,0.00,0.00,0.00,'N',NULL,319,319,'2022-02-03 14:35:00','2022-02-03 14:35:00','2022-02-03 06:35:44'),(126,181,0,125,NULL,NULL,11,60.00,0.00,0.00,0.00,'N',NULL,319,319,'2022-02-03 14:35:00','2022-02-03 14:35:00','2022-02-03 06:35:44'),(127,181,1,NULL,'VAC REPORTS',5,0,0.00,0.00,0.00,0.00,'N',NULL,319,319,'2022-02-03 14:35:00','2022-02-03 14:35:00','2022-02-03 06:35:44'),(128,181,0,127,NULL,NULL,11,50.00,0.00,0.00,0.00,'N',NULL,319,319,'2022-02-03 14:35:00','2022-02-03 14:35:00','2022-02-03 06:35:44'),(129,181,1,NULL,'GEMBA REPORTS',5,0,0.00,0.00,0.00,0.00,'N',NULL,319,319,'2022-02-03 14:35:00','2022-02-03 14:35:00','2022-02-03 06:35:44'),(130,181,0,129,NULL,NULL,11,10.00,0.00,0.00,0.00,'N',NULL,319,319,'2022-02-03 14:35:00','2022-02-03 14:35:00','2022-02-03 06:35:44'),(131,181,1,NULL,'PRESS RELEASE',4,0,0.00,0.00,0.00,0.00,'N',NULL,319,319,'2022-02-03 14:35:00','2022-02-03 14:35:00','2022-02-03 06:35:44'),(132,181,0,131,NULL,NULL,25,1.00,0.00,0.00,0.00,'N',NULL,319,319,'2022-02-03 14:35:00','2022-02-03 14:35:00','2022-02-03 06:35:44'),(133,181,1,NULL,'PROGRAM PROCESS FLOW/ SOP',4,0,0.00,0.00,0.00,0.00,'N',NULL,319,319,'2022-02-03 14:35:44','2022-02-03 14:35:44','2022-02-03 06:36:25'),(134,181,0,133,NULL,NULL,19,1.00,0.00,0.00,0.00,'N',NULL,319,319,'2022-02-03 14:35:44','2022-02-03 14:35:44','2022-02-03 06:36:25'),(135,181,1,NULL,'REAL-TIME CONSULTATION',5,0,0.00,0.00,0.00,0.00,'N',NULL,319,319,'2022-02-03 14:35:44','2022-02-03 14:35:44','2022-02-03 06:36:25'),(136,181,0,135,NULL,NULL,11,60.00,0.00,0.00,0.00,'N',NULL,319,319,'2022-02-03 14:35:44','2022-02-03 14:35:44','2022-02-03 06:36:25'),(137,181,1,NULL,'VAC REPORTS',5,0,0.00,0.00,0.00,0.00,'N',NULL,319,319,'2022-02-03 14:35:44','2022-02-03 14:35:44','2022-02-03 06:36:25'),(138,181,0,137,NULL,NULL,11,50.00,0.00,0.00,0.00,'N',NULL,319,319,'2022-02-03 14:35:44','2022-02-03 14:35:44','2022-02-03 06:36:25'),(139,181,1,NULL,'GEMBA REPORTS',5,0,0.00,0.00,0.00,0.00,'N',NULL,319,319,'2022-02-03 14:35:44','2022-02-03 14:35:44','2022-02-03 06:36:25'),(140,181,0,139,NULL,NULL,11,10.00,0.00,0.00,0.00,'N',NULL,319,319,'2022-02-03 14:35:44','2022-02-03 14:35:44','2022-02-03 06:36:25'),(141,181,1,NULL,'PRESS RELEASE',4,0,0.00,0.00,0.00,0.00,'N',NULL,319,319,'2022-02-03 14:35:44','2022-02-03 14:35:44','2022-02-03 06:36:25'),(142,181,0,141,NULL,NULL,25,1.00,0.00,0.00,0.00,'N',NULL,319,319,'2022-02-03 14:35:44','2022-02-03 14:35:44','2022-02-03 06:36:25'),(143,181,1,NULL,'PROGRAM PROCESS FLOW/ SOP',4,0,0.00,0.00,0.00,0.00,'N',NULL,319,319,'2022-02-03 14:36:25','2022-02-03 14:36:25','2022-02-03 19:36:41'),(144,181,0,143,NULL,NULL,19,1.00,0.00,0.00,0.00,'N',NULL,319,319,'2022-02-03 14:36:25','2022-02-03 14:36:25','2022-02-03 19:36:41'),(145,181,1,NULL,'REAL-TIME CONSULTATION',5,0,0.00,0.00,0.00,0.00,'N',NULL,319,319,'2022-02-03 14:36:25','2022-02-03 14:36:25','2022-02-03 19:36:41'),(146,181,0,145,NULL,NULL,11,60.00,0.00,0.00,0.00,'N',NULL,319,319,'2022-02-03 14:36:25','2022-02-03 14:36:25','2022-02-03 19:36:41'),(147,181,1,NULL,'VAC REPORTS',5,0,0.00,0.00,0.00,0.00,'N',NULL,319,319,'2022-02-03 14:36:25','2022-02-03 14:36:25','2022-02-03 19:36:41'),(148,181,0,147,NULL,NULL,11,50.00,0.00,0.00,0.00,'N',NULL,319,319,'2022-02-03 14:36:25','2022-02-03 14:36:25','2022-02-03 19:36:41'),(149,181,1,NULL,'GEMBA REPORTS',5,0,0.00,0.00,0.00,0.00,'N',NULL,319,319,'2022-02-03 14:36:25','2022-02-03 14:36:25','2022-02-03 19:36:41'),(150,181,0,149,NULL,NULL,11,10.00,0.00,0.00,0.00,'N',NULL,319,319,'2022-02-03 14:36:25','2022-02-03 14:36:25','2022-02-03 19:36:41'),(151,181,1,NULL,'PRESS RELEASE',4,0,0.00,0.00,0.00,0.00,'N',NULL,319,319,'2022-02-03 14:36:25','2022-02-03 14:36:25','2022-02-03 19:36:41'),(152,181,0,151,NULL,NULL,25,1.00,0.00,0.00,0.00,'N',NULL,319,319,'2022-02-03 14:36:25','2022-02-03 14:36:25','2022-02-03 19:36:41'),(153,181,1,NULL,'PROGRAM PROCESS FLOW/ SOP',4,0,0.00,0.00,0.00,0.00,'N',NULL,319,319,'2022-02-04 03:36:41','2022-02-04 03:36:41',NULL),(154,181,0,153,NULL,NULL,19,1.00,0.00,0.00,0.00,'N',NULL,319,319,'2022-02-04 03:36:41','2022-02-04 03:36:41',NULL),(155,181,1,NULL,'REAL-TIME CONSULTATION',5,0,0.00,0.00,0.00,0.00,'N',NULL,319,319,'2022-02-04 03:36:41','2022-02-04 03:36:41',NULL),(156,181,0,155,NULL,NULL,11,60.00,0.00,0.00,0.00,'N',NULL,319,319,'2022-02-04 03:36:41','2022-02-04 03:36:41',NULL),(157,181,1,NULL,'VAC REPORTS',5,0,0.00,0.00,0.00,0.00,'N',NULL,319,319,'2022-02-04 03:36:41','2022-02-04 03:36:41',NULL),(158,181,0,157,NULL,NULL,11,50.00,0.00,0.00,0.00,'N',NULL,319,319,'2022-02-04 03:36:41','2022-02-04 03:36:41',NULL),(159,181,1,NULL,'GEMBA REPORTS',5,0,0.00,0.00,0.00,0.00,'N',NULL,319,319,'2022-02-04 03:36:41','2022-02-04 03:36:41',NULL),(160,181,0,159,NULL,NULL,11,10.00,0.00,0.00,0.00,'N',NULL,319,319,'2022-02-04 03:36:41','2022-02-04 03:36:41',NULL),(161,181,1,NULL,'PRESS RELEASE',4,0,0.00,0.00,0.00,0.00,'N',NULL,319,319,'2022-02-04 03:36:41','2022-02-04 03:36:41',NULL),(162,181,0,161,NULL,NULL,25,1.00,0.00,0.00,0.00,'N',NULL,319,319,'2022-02-04 03:36:41','2022-02-04 03:36:41',NULL),(163,167,1,NULL,'CHEMICALS AND CHEMICAL PRODUCTS PRODUCTIVITY NEXUS (CPN) VIRTUAL ADVISORY CLINIC (CHEM-VAC)',3,0,0.00,0.00,0.00,0.00,'N',NULL,1190,1190,'2022-02-04 05:20:56','2022-02-04 05:20:56','2022-02-03 23:39:05'),(164,167,0,163,NULL,NULL,20,1.00,0.00,0.00,0.00,'N',NULL,1190,1190,'2022-02-04 05:20:56','2022-02-04 05:20:56','2022-02-03 23:39:05'),(165,167,0,163,NULL,NULL,22,30.00,0.00,0.00,0.00,'N',NULL,1190,1190,'2022-02-04 05:20:56','2022-02-04 05:20:56','2022-02-03 23:39:05'),(166,185,1,NULL,'CHEMICALS AND CHEMICAL PRODUCTS PRODUCTIVITY NEXUS (CPN) VIRTUAL ADVISORY CLINIC (CHEM-VAC)',3,0,0.00,0.00,0.00,0.00,'N',NULL,1190,1190,'2022-02-04 07:25:32','2022-02-04 07:25:32','2022-02-03 23:31:11'),(167,185,0,166,NULL,NULL,20,1.00,0.00,0.00,0.00,'N',NULL,1190,1190,'2022-02-04 07:25:32','2022-02-04 07:25:32','2022-02-03 23:31:11'),(168,185,0,166,NULL,NULL,22,30.00,0.00,0.00,0.00,'N',NULL,1190,1190,'2022-02-04 07:25:32','2022-02-04 07:25:32','2022-02-03 23:31:11'),(169,185,1,NULL,'CHEMICALS AND CHEMICAL PRODUCTS PRODUCTIVITY NEXUS (CPN) VIRTUAL ADVISORY CLINIC (CHEM-VAC)',3,0,0.00,0.00,0.00,0.00,'N',NULL,1190,1190,'2022-02-04 07:31:11','2022-02-04 07:31:11','2022-02-03 23:32:37'),(170,185,0,169,NULL,NULL,20,1.00,0.00,0.00,0.00,'N',NULL,1190,1190,'2022-02-04 07:31:11','2022-02-04 07:31:11','2022-02-03 23:32:37'),(171,185,0,169,NULL,NULL,22,30.00,0.00,0.00,0.00,'N',NULL,1190,1190,'2022-02-04 07:31:11','2022-02-04 07:31:11','2022-02-03 23:32:37'),(172,185,1,NULL,'CHEMICALS AND CHEMICAL PRODUCTS PRODUCTIVITY NEXUS (CPN) VIRTUAL ADVISORY CLINIC (CHEM-VAC)',3,0,0.00,0.00,0.00,0.00,'N',NULL,1190,1190,'2022-02-04 07:32:37','2022-02-04 07:32:37','2022-02-03 23:46:41'),(173,185,0,172,NULL,NULL,20,1.00,0.00,0.00,0.00,'N',NULL,1190,1190,'2022-02-04 07:32:37','2022-02-04 07:32:37','2022-02-03 23:46:41'),(174,185,0,172,NULL,NULL,22,30.00,0.00,0.00,0.00,'N',NULL,1190,1190,'2022-02-04 07:32:37','2022-02-04 07:32:37','2022-02-03 23:46:41'),(175,185,1,NULL,'CHEMICALS AND CHEMICAL PRODUCTS PRODUCTIVITY NEXUS (CPN) VIRTUAL ADVISORY CLINIC (CHEM-VAC)',3,0,0.00,0.00,0.00,0.00,'N',NULL,1190,1190,'2022-02-04 07:46:41','2022-02-04 07:46:41','2022-02-03 23:47:23'),(176,185,0,175,NULL,NULL,20,1.00,0.00,0.00,0.00,'N',NULL,1190,1190,'2022-02-04 07:46:41','2022-02-04 07:46:41','2022-02-03 23:47:23'),(177,185,0,175,NULL,NULL,22,30.00,0.00,0.00,0.00,'N',NULL,1190,1190,'2022-02-04 07:46:41','2022-02-04 07:46:41','2022-02-03 23:47:23'),(178,185,1,NULL,'CHEMICALS AND CHEMICAL PRODUCTS PRODUCTIVITY NEXUS (CPN) VIRTUAL ADVISORY CLINIC (CHEM-VAC)',3,0,0.00,0.00,0.00,0.00,'N',NULL,1190,1190,'2022-02-04 07:47:23','2022-02-04 07:47:23',NULL),(179,185,0,178,NULL,NULL,20,1.00,0.00,0.00,0.00,'N',NULL,1190,1190,'2022-02-04 07:47:23','2022-02-04 07:47:23',NULL),(180,185,0,178,NULL,NULL,22,30.00,0.00,0.00,0.00,'N',NULL,1190,1190,'2022-02-04 07:47:23','2022-02-04 07:47:23',NULL),(181,169,1,NULL,'INFORMATION PAPER - ADDITIONAL PROVISION FOR CONDUCT TALENT DEVELOPMENT PROGRAM THROUGH COMPETITIVENESS INDICATORS (MEAN YEARS OF SCHOOLING AND SCHOOL LIFE EXPECTANCY)',1,0,0.00,0.00,0.00,0.00,'N',NULL,175,175,'2022-02-04 20:41:37','2022-02-04 20:41:37',NULL);

--
-- Table structure for table `permohonan_project_audit_trail`
--

CREATE TABLE `permohonan_project_audit_trail` (
  `permohonan_project_audit_trail_id` bigint(20) NOT NULL AUTO_INCREMENT,
  `permohonan_project_id` bigint(20) NOT NULL,
  `status` char(1) NOT NULL,
  `remarks` text,
  `created_by` int(11) NOT NULL,
  `created_at` timestamp NULL DEFAULT NULL,
  `updated_at` timestamp NOT NULL DEFAULT CURRENT_TIMESTAMP,
  `deleted_at` timestamp NULL DEFAULT NULL,
  PRIMARY KEY (`permohonan_project_audit_trail_id`),
  KEY `idx_permohonanprojecttrail_permohonanid` (`permohonan_project_id`),
  KEY `idx_permohonanprojecttrail_createdby` (`created_by`)
) ENGINE=InnoDB AUTO_INCREMENT=15 DEFAULT CHARSET=latin1;

--
-- Dumping data for table `permohonan_project_audit_trail`
--

INSERT INTO `permohonan_project_audit_trail` VALUES (1,32,'H',NULL,9,'2022-01-24 05:49:27','2022-01-24 05:49:27',NULL),(2,34,'H',NULL,9,'2022-01-24 05:49:27','2022-01-24 05:49:27',NULL),(3,36,'H',NULL,9,'2022-01-24 05:49:27','2022-01-24 05:49:27',NULL),(4,7,'H',NULL,9,'2022-01-26 02:22:56','2022-01-26 02:22:56',NULL),(5,38,'H',NULL,9,'2022-01-27 10:00:18','2022-01-27 10:00:18',NULL),(6,52,'H',NULL,9,'2022-01-27 10:04:51','2022-01-27 10:04:51',NULL),(7,75,'H',NULL,9,'2022-01-27 13:57:55','2022-01-27 13:57:55',NULL),(8,86,'H',NULL,9,'2022-01-27 13:59:30','2022-01-27 13:59:30',NULL),(9,65,'H',NULL,9,'2022-01-27 14:01:25','2022-01-27 14:01:25',NULL),(10,105,'H',NULL,9,'2022-01-28 17:02:14','2022-01-28 17:02:14',NULL),(11,98,'H',NULL,9,'2022-01-28 17:02:39','2022-01-28 17:02:39',NULL),(12,54,'H',NULL,9,'2022-01-28 17:03:07','2022-01-28 17:03:07',NULL),(13,84,'H',NULL,9,'2022-02-02 12:24:05','2022-02-02 12:24:05',NULL),(14,107,'H',NULL,9,'2022-02-04 17:35:25','2022-02-04 17:35:25',NULL);

--
-- Table structure for table `permohonan_project_history`
--

CREATE TABLE `permohonan_project_history` (
  `permohonan_project_history_id` bigint(20) NOT NULL AUTO_INCREMENT,
  `permohonan_project_id` bigint(20) NOT NULL,
  `targeted_value` decimal(10,2) NOT NULL DEFAULT '0.00',
  `achieved_value` decimal(10,2) NOT NULL DEFAULT '0.00',
  `percentage_value` decimal(10,2) NOT NULL DEFAULT '0.00',
  `project_final_value` decimal(10,2) NOT NULL DEFAULT '0.00',
  `created_by` int(11) NOT NULL,
  `updated_by` int(11) NOT NULL,
  `created_at` timestamp NULL DEFAULT NULL,
  `updated_at` timestamp NOT NULL DEFAULT CURRENT_TIMESTAMP,
  `deleted_at` timestamp NULL DEFAULT NULL,
  PRIMARY KEY (`permohonan_project_history_id`),
  KEY `idx_permohonanproject_permohonanprojectid` (`permohonan_project_id`),
  KEY `idx_permohonanproject_createdby` (`created_by`),
  KEY `idx_permohonanproject_updatedby` (`updated_by`)
) ENGINE=InnoDB AUTO_INCREMENT=33 DEFAULT CHARSET=latin1;

--
-- Dumping data for table `permohonan_project_history`
--

INSERT INTO `permohonan_project_history` VALUES (1,32,0.00,0.00,0.00,0.00,9,9,'2022-01-24 05:49:27','2022-01-24 05:49:27',NULL),(2,33,3.00,0.00,0.00,0.00,9,9,'2022-01-24 05:49:27','2022-01-24 05:49:27',NULL),(3,34,0.00,0.00,0.00,0.00,9,9,'2022-01-24 05:49:27','2022-01-24 05:49:27',NULL),(4,35,4.00,0.00,0.00,0.00,9,9,'2022-01-24 05:49:27','2022-01-24 05:49:27',NULL),(5,36,0.00,0.00,0.00,0.00,9,9,'2022-01-24 05:49:27','2022-01-24 05:49:27',NULL),(6,37,1.00,0.00,0.00,0.00,9,9,'2022-01-24 05:49:27','2022-01-24 05:49:27',NULL),(7,7,0.00,0.00,0.00,0.00,9,9,'2022-01-26 02:22:56','2022-01-26 02:22:56',NULL),(8,8,3.00,0.00,0.00,0.00,9,9,'2022-01-26 02:22:56','2022-01-26 02:22:56',NULL),(9,38,0.00,0.00,0.00,0.00,9,9,'2022-01-27 10:00:18','2022-01-27 10:00:18',NULL),(10,39,0.00,0.00,0.00,0.00,9,9,'2022-01-27 10:00:18','2022-01-27 10:00:18',NULL),(11,52,0.00,0.00,0.00,0.00,9,9,'2022-01-27 10:04:51','2022-01-27 10:04:51',NULL),(12,53,1.00,0.00,0.00,0.00,9,9,'2022-01-27 10:04:51','2022-01-27 10:04:51',NULL),(13,75,0.00,0.00,0.00,0.00,9,9,'2022-01-27 13:57:55','2022-01-27 13:57:55',NULL),(14,76,20.00,0.00,0.00,0.00,9,9,'2022-01-27 13:57:55','2022-01-27 13:57:55',NULL),(15,77,1.00,0.00,0.00,0.00,9,9,'2022-01-27 13:57:55','2022-01-27 13:57:55',NULL),(16,86,0.00,0.00,0.00,0.00,9,9,'2022-01-27 13:59:30','2022-01-27 13:59:30',NULL),(17,87,5.00,0.00,0.00,0.00,9,9,'2022-01-27 13:59:30','2022-01-27 13:59:30',NULL),(18,88,66000.00,0.00,0.00,0.00,9,9,'2022-01-27 13:59:30','2022-01-27 13:59:30',NULL),(19,65,0.00,0.00,0.00,0.00,9,9,'2022-01-27 14:01:25','2022-01-27 14:01:25',NULL),(20,66,1.00,0.00,0.00,0.00,9,9,'2022-01-27 14:01:25','2022-01-27 14:01:25',NULL),(21,105,0.00,0.00,0.00,0.00,9,9,'2022-01-28 17:02:14','2022-01-28 17:02:14',NULL),(22,106,1.00,0.00,0.00,0.00,9,9,'2022-01-28 17:02:14','2022-01-28 17:02:14',NULL),(23,98,0.00,0.00,0.00,0.00,9,9,'2022-01-28 17:02:39','2022-01-28 17:02:39',NULL),(24,54,0.00,0.00,0.00,0.00,9,9,'2022-01-28 17:03:07','2022-01-28 17:03:07',NULL),(25,55,8.00,0.00,0.00,0.00,9,9,'2022-01-28 17:03:07','2022-01-28 17:03:07',NULL),(26,56,50.00,0.00,0.00,0.00,9,9,'2022-01-28 17:03:07','2022-01-28 17:03:07',NULL),(27,84,0.00,0.00,0.00,0.00,9,9,'2022-02-02 12:24:05','2022-02-02 12:24:05',NULL),(28,85,5.00,0.00,0.00,0.00,9,9,'2022-02-02 12:24:05','2022-02-02 12:24:05',NULL),(29,107,0.00,0.00,0.00,0.00,9,9,'2022-02-04 17:35:25','2022-02-04 17:35:25',NULL),(30,108,5.00,0.00,0.00,0.00,9,9,'2022-02-04 17:35:25','2022-02-04 17:35:25',NULL),(31,109,20.00,0.00,0.00,0.00,9,9,'2022-02-04 17:35:25','2022-02-04 17:35:25',NULL),(32,110,4.00,0.00,0.00,0.00,9,9,'2022-02-04 17:35:25','2022-02-04 17:35:25',NULL);

--
-- Table structure for table `permohonan_scope`
--

CREATE TABLE `permohonan_scope` (
  `permohonan_scope_id` bigint(20) NOT NULL AUTO_INCREMENT,
  `permohonan_id` bigint(20) NOT NULL,
  `scope_desc` varchar(255) DEFAULT NULL,
  `created_by` int(11) NOT NULL,
  `updated_by` int(11) NOT NULL,
  `created_at` timestamp NULL DEFAULT NULL,
  `updated_at` timestamp NOT NULL DEFAULT CURRENT_TIMESTAMP,
  `deleted_at` timestamp NULL DEFAULT NULL,
  PRIMARY KEY (`permohonan_scope_id`),
  KEY `idx_permohonanscope_permohonanid` (`permohonan_id`),
  KEY `idx_permohonanscope_createdby` (`created_by`),
  KEY `idx_permohonanscope_updatedby` (`updated_by`)
) ENGINE=InnoDB DEFAULT CHARSET=latin1;

--
-- Dumping data for table `permohonan_scope`
--


--
-- Table structure for table `permohonan_sharewith`
--

CREATE TABLE `permohonan_sharewith` (
  `permohonan_sharewith_id` bigint(20) NOT NULL AUTO_INCREMENT,
  `permohonan_id` bigint(20) NOT NULL,
  `user_id` int(11) NOT NULL,
  `created_by` int(11) NOT NULL,
  `updated_by` int(11) NOT NULL,
  `created_at` timestamp NULL DEFAULT NULL,
  `updated_at` timestamp NOT NULL DEFAULT CURRENT_TIMESTAMP,
  `deleted_at` timestamp NULL DEFAULT NULL,
  PRIMARY KEY (`permohonan_sharewith_id`),
  KEY `idx_permohonansharewith_permohonanid` (`permohonan_id`),
  KEY `idx_permohonansharewith_userid` (`user_id`),
  KEY `idx_permohonansharewith_createdby` (`created_by`),
  KEY `idx_permohonansharewith_updatedby` (`updated_by`)
) ENGINE=InnoDB AUTO_INCREMENT=427 DEFAULT CHARSET=latin1;

--
-- Dumping data for table `permohonan_sharewith`
--

INSERT INTO `permohonan_sharewith` VALUES (1,1,294,202,202,'2022-01-15 00:52:14','2022-01-15 00:52:14',NULL),(2,1,223,202,202,'2022-01-15 00:52:14','2022-01-15 00:52:14',NULL),(3,1,227,202,202,'2022-01-15 00:52:14','2022-01-15 00:52:14',NULL),(4,9,317,85,85,'2022-01-17 04:31:14','2022-01-17 04:31:14',NULL),(5,9,229,85,85,'2022-01-17 04:31:14','2022-01-17 04:31:14',NULL),(6,5,250,62,62,'2022-01-17 06:12:02','2022-01-17 06:12:02','2022-01-16 22:12:15'),(7,4,126,139,139,'2022-01-17 13:27:10','2022-01-17 13:27:10','2022-01-17 05:27:14'),(8,4,126,139,139,'2022-01-17 13:27:14','2022-01-17 13:27:14','2022-01-17 05:27:22'),(9,4,126,139,139,'2022-01-17 13:27:22','2022-01-17 13:27:22','2022-01-17 18:41:28'),(10,4,126,139,139,'2022-01-18 02:41:28','2022-01-18 02:41:28',NULL),(11,15,244,316,316,'2022-01-18 12:52:25','2022-01-18 12:52:25','2022-01-18 04:52:57'),(12,15,392,316,316,'2022-01-18 12:52:32','2022-01-18 12:52:32','2022-01-18 04:52:57'),(13,15,49,316,316,'2022-01-18 12:52:41','2022-01-18 12:52:41','2022-01-18 04:52:47'),(14,15,244,316,316,'2022-01-18 12:52:57','2022-01-18 12:52:57','2022-01-18 05:11:51'),(15,15,392,316,316,'2022-01-18 12:52:57','2022-01-18 12:52:57','2022-01-18 05:11:51'),(16,15,244,316,316,'2022-01-18 13:11:51','2022-01-18 13:11:51','2022-01-18 06:23:23'),(17,15,392,316,316,'2022-01-18 13:11:51','2022-01-18 13:11:51','2022-01-18 06:23:23'),(18,15,244,316,316,'2022-01-18 14:23:23','2022-01-18 14:23:23','2022-01-18 14:46:40'),(19,15,392,316,316,'2022-01-18 14:23:23','2022-01-18 14:23:23','2022-01-18 14:46:40'),(20,15,244,316,316,'2022-01-18 22:46:40','2022-01-18 22:46:40',NULL),(21,15,392,316,316,'2022-01-18 22:46:40','2022-01-18 22:46:40',NULL),(22,17,116,240,240,'2022-01-19 02:21:14','2022-01-19 02:21:14',NULL),(23,17,34,240,240,'2022-01-19 02:21:14','2022-01-19 02:21:14',NULL),(24,20,262,220,220,'2022-01-19 02:53:39','2022-01-19 02:53:39',NULL),(25,19,172,68,68,'2022-01-19 03:00:11','2022-01-19 03:00:11','2022-01-18 19:00:36'),(26,19,337,68,68,'2022-01-19 03:00:23','2022-01-19 03:00:23','2022-01-18 19:00:36'),(27,19,172,68,68,'2022-01-19 03:00:36','2022-01-19 03:00:36','2022-01-26 18:34:11'),(28,19,337,68,68,'2022-01-19 03:00:36','2022-01-19 03:00:36','2022-01-26 18:34:11'),(29,21,262,220,220,'2022-01-19 03:22:01','2022-01-19 03:22:01',NULL),(30,22,391,18,18,'2022-01-19 03:37:47','2022-01-19 03:37:47','2022-01-18 19:38:11'),(31,22,391,18,18,'2022-01-19 03:38:11','2022-01-19 03:38:11','2022-01-18 19:38:37'),(32,22,71,18,18,'2022-01-19 03:38:31','2022-01-19 03:38:31','2022-01-18 19:38:37'),(33,22,391,18,18,'2022-01-19 03:38:37','2022-01-19 03:38:37','2022-01-18 19:47:53'),(34,22,71,18,18,'2022-01-19 03:38:37','2022-01-19 03:38:37','2022-01-18 19:47:53'),(35,22,391,18,18,'2022-01-19 03:47:53','2022-01-19 03:47:53','2022-01-18 19:50:32'),(36,22,71,18,18,'2022-01-19 03:47:53','2022-01-19 03:47:53','2022-01-18 19:50:32'),(37,22,391,18,18,'2022-01-19 03:50:32','2022-01-19 03:50:32','2022-01-19 01:33:26'),(38,22,71,18,18,'2022-01-19 03:50:32','2022-01-19 03:50:32','2022-01-19 01:33:26'),(39,26,163,278,278,'2022-01-19 07:23:34','2022-01-19 07:23:34','2022-01-18 23:31:54'),(40,26,113,278,278,'2022-01-19 07:23:45','2022-01-19 07:23:45','2022-01-18 23:31:54'),(41,26,187,278,278,'2022-01-19 07:23:53','2022-01-19 07:23:53','2022-01-18 23:31:54'),(42,26,228,278,278,'2022-01-19 07:24:00','2022-01-19 07:24:00','2022-01-18 23:31:54'),(43,25,225,259,259,'2022-01-19 07:25:03','2022-01-19 07:25:03','2022-01-18 23:25:07'),(44,25,225,259,259,'2022-01-19 07:25:07','2022-01-19 07:25:07',NULL),(45,23,225,259,259,'2022-01-19 07:25:19','2022-01-19 07:25:19','2022-01-18 23:25:23'),(46,23,225,259,259,'2022-01-19 07:25:23','2022-01-19 07:25:23',NULL),(47,26,163,278,278,'2022-01-19 07:31:54','2022-01-19 07:31:54','2022-01-19 00:16:19'),(48,26,113,278,278,'2022-01-19 07:31:54','2022-01-19 07:31:54','2022-01-19 00:16:19'),(49,26,187,278,278,'2022-01-19 07:31:54','2022-01-19 07:31:54','2022-01-19 00:16:19'),(50,26,228,278,278,'2022-01-19 07:31:54','2022-01-19 07:31:54','2022-01-19 00:16:19'),(51,27,376,54,54,'2022-01-19 07:46:57','2022-01-19 07:46:57','2022-01-19 00:02:08'),(52,27,90,54,54,'2022-01-19 07:47:09','2022-01-19 07:47:09','2022-01-19 00:02:08'),(53,27,207,54,54,'2022-01-19 08:02:00','2022-01-19 08:02:00','2022-01-19 00:02:08'),(54,27,376,54,54,'2022-01-19 08:02:08','2022-01-19 08:02:08','2022-01-19 00:02:55'),(55,27,90,54,54,'2022-01-19 08:02:08','2022-01-19 08:02:08','2022-01-19 00:02:55'),(56,27,207,54,54,'2022-01-19 08:02:08','2022-01-19 08:02:08','2022-01-19 00:02:55'),(57,27,376,54,54,'2022-01-19 08:02:55','2022-01-19 08:02:55','2022-01-19 00:03:15'),(58,27,90,54,54,'2022-01-19 08:02:55','2022-01-19 08:02:55','2022-01-19 00:03:15'),(59,27,207,54,54,'2022-01-19 08:02:55','2022-01-19 08:02:55','2022-01-19 00:03:15'),(60,27,376,54,54,'2022-01-19 08:03:15','2022-01-19 08:03:15','2022-01-19 17:23:26'),(61,27,90,54,54,'2022-01-19 08:03:15','2022-01-19 08:03:15','2022-01-19 17:23:26'),(62,27,207,54,54,'2022-01-19 08:03:15','2022-01-19 08:03:15','2022-01-19 17:23:26'),(63,26,163,278,278,'2022-01-19 08:16:19','2022-01-19 08:16:19',NULL),(64,26,113,278,278,'2022-01-19 08:16:19','2022-01-19 08:16:19',NULL),(65,26,187,278,278,'2022-01-19 08:16:19','2022-01-19 08:16:19',NULL),(66,26,228,278,278,'2022-01-19 08:16:19','2022-01-19 08:16:19',NULL),(67,22,391,18,18,'2022-01-19 09:33:26','2022-01-19 09:33:26','2022-01-19 01:40:34'),(68,22,71,18,18,'2022-01-19 09:33:26','2022-01-19 09:33:26','2022-01-19 01:40:34'),(69,22,391,18,18,'2022-01-19 09:40:34','2022-01-19 09:40:34','2022-01-19 01:41:31'),(70,22,71,18,18,'2022-01-19 09:40:34','2022-01-19 09:40:34','2022-01-19 01:41:31'),(71,22,391,18,18,'2022-01-19 09:41:31','2022-01-19 09:41:31',NULL),(72,22,71,18,18,'2022-01-19 09:41:31','2022-01-19 09:41:31',NULL),(73,27,376,54,54,'2022-01-20 01:23:26','2022-01-20 01:23:26','2022-01-19 17:25:46'),(74,27,90,54,54,'2022-01-20 01:23:26','2022-01-20 01:23:26','2022-01-19 17:25:46'),(75,27,207,54,54,'2022-01-20 01:23:26','2022-01-20 01:23:26','2022-01-19 17:25:46'),(76,27,376,54,54,'2022-01-20 01:25:46','2022-01-20 01:25:46','2022-01-19 17:26:52'),(77,27,90,54,54,'2022-01-20 01:25:46','2022-01-20 01:25:46','2022-01-19 17:26:52'),(78,27,207,54,54,'2022-01-20 01:25:46','2022-01-20 01:25:46','2022-01-19 17:26:52'),(79,27,376,54,54,'2022-01-20 01:26:52','2022-01-20 01:26:52','2022-01-19 17:27:18'),(80,27,90,54,54,'2022-01-20 01:26:52','2022-01-20 01:26:52','2022-01-19 17:27:18'),(81,27,207,54,54,'2022-01-20 01:26:52','2022-01-20 01:26:52','2022-01-19 17:27:18'),(82,27,376,54,54,'2022-01-20 01:27:18','2022-01-20 01:27:18',NULL),(83,27,90,54,54,'2022-01-20 01:27:18','2022-01-20 01:27:18',NULL),(84,27,207,54,54,'2022-01-20 01:27:18','2022-01-20 01:27:18',NULL),(85,30,29,319,319,'2022-01-20 03:57:40','2022-01-20 03:57:40','2022-01-19 19:57:51'),(86,30,29,319,319,'2022-01-20 03:57:51','2022-01-20 03:57:51','2022-01-21 05:50:42'),(87,16,56,62,62,'2022-01-20 04:01:02','2022-01-20 04:01:02',NULL),(88,16,294,62,62,'2022-01-20 04:02:01','2022-01-20 04:02:01',NULL),(89,28,100,1190,1190,'2022-01-20 09:43:50','2022-01-20 09:43:50','2022-01-20 01:44:23'),(90,28,100,1190,1190,'2022-01-20 09:44:23','2022-01-20 09:44:23','2022-01-20 01:56:40'),(91,28,100,1190,1190,'2022-01-20 09:56:40','2022-01-20 09:56:40','2022-01-20 18:27:28'),(92,35,269,125,125,'2022-01-20 23:04:25','2022-01-20 23:04:25','2022-01-20 18:48:36'),(93,28,100,1190,1190,'2022-01-21 02:27:28','2022-01-21 02:27:28','2022-01-21 18:15:49'),(94,35,269,125,125,'2022-01-21 02:48:36','2022-01-21 02:48:36','2022-01-21 19:01:46'),(95,38,344,126,126,'2022-01-21 05:32:00','2022-01-21 05:32:00','2022-01-21 06:06:01'),(96,38,42,126,126,'2022-01-21 05:32:00','2022-01-21 05:32:00','2022-01-21 06:06:01'),(97,38,139,126,126,'2022-01-21 05:32:00','2022-01-21 05:32:00','2022-01-21 06:06:01'),(98,39,139,126,126,'2022-01-21 05:50:43','2022-01-21 05:50:43','2022-01-20 21:51:01'),(99,39,344,126,126,'2022-01-21 05:50:52','2022-01-21 05:50:52','2022-01-20 21:51:01'),(100,39,42,126,126,'2022-01-21 05:50:57','2022-01-21 05:50:57','2022-01-20 21:51:01'),(101,39,139,126,126,'2022-01-21 05:51:01','2022-01-21 05:51:01','2022-01-21 16:36:06'),(102,39,344,126,126,'2022-01-21 05:51:01','2022-01-21 05:51:01','2022-01-21 16:36:06'),(103,39,42,126,126,'2022-01-21 05:51:01','2022-01-21 05:51:01','2022-01-21 16:36:06'),(104,42,388,153,153,'2022-01-21 12:54:19','2022-01-21 12:54:19','2022-01-21 05:04:00'),(105,42,218,153,153,'2022-01-21 12:54:19','2022-01-21 12:54:19','2022-01-21 05:04:00'),(106,42,388,153,153,'2022-01-21 13:04:00','2022-01-21 13:04:00','2022-01-21 05:26:22'),(107,42,218,153,153,'2022-01-21 13:04:00','2022-01-21 13:04:00','2022-01-21 05:26:22'),(108,42,388,153,153,'2022-01-21 13:26:22','2022-01-21 13:26:22','2022-01-22 17:33:30'),(109,42,218,153,153,'2022-01-21 13:26:22','2022-01-21 13:26:22','2022-01-22 17:33:30'),(110,43,164,1188,1188,'2022-01-21 13:37:57','2022-01-21 13:37:57','2022-01-21 05:58:24'),(111,44,388,153,153,'2022-01-21 13:49:35','2022-01-21 13:49:35','2022-01-23 16:38:06'),(112,44,218,153,153,'2022-01-21 13:49:35','2022-01-21 13:49:35','2022-01-23 16:38:06'),(113,30,29,319,319,'2022-01-21 13:50:42','2022-01-21 13:50:42',NULL),(114,43,164,1188,1188,'2022-01-21 13:58:24','2022-01-21 13:58:24','2022-01-22 01:00:39'),(115,38,344,126,126,'2022-01-21 14:06:01','2022-01-21 14:06:01','2022-01-23 19:13:48'),(116,38,42,126,126,'2022-01-21 14:06:01','2022-01-21 14:06:01','2022-01-23 19:13:48'),(117,38,139,126,126,'2022-01-21 14:06:01','2022-01-21 14:06:01','2022-01-23 19:13:48'),(118,39,139,126,126,'2022-01-22 00:36:06','2022-01-22 00:36:06','2022-01-21 16:37:15'),(119,39,344,126,126,'2022-01-22 00:36:06','2022-01-22 00:36:06','2022-01-21 16:37:15'),(120,39,42,126,126,'2022-01-22 00:36:06','2022-01-22 00:36:06','2022-01-21 16:37:15'),(121,39,139,126,126,'2022-01-22 00:37:15','2022-01-22 00:37:15',NULL),(122,39,344,126,126,'2022-01-22 00:37:15','2022-01-22 00:37:15',NULL),(123,39,42,126,126,'2022-01-22 00:37:15','2022-01-22 00:37:15',NULL),(124,45,218,153,153,'2022-01-22 00:58:59','2022-01-22 00:58:59',NULL),(125,45,388,153,153,'2022-01-22 00:58:59','2022-01-22 00:58:59',NULL),(126,28,100,1190,1190,'2022-01-22 02:15:49','2022-01-22 02:15:49',NULL),(127,35,269,125,125,'2022-01-22 03:01:46','2022-01-22 03:01:46','2022-01-21 19:05:21'),(128,35,269,125,125,'2022-01-22 03:05:21','2022-01-22 03:05:21',NULL),(129,48,218,153,153,'2022-01-22 06:21:51','2022-01-22 06:21:51','2022-01-23 16:16:54'),(130,48,388,153,153,'2022-01-22 06:21:51','2022-01-22 06:21:51','2022-01-23 16:16:54'),(131,49,388,153,153,'2022-01-22 07:25:40','2022-01-22 07:25:40','2022-01-23 16:18:38'),(132,49,218,153,153,'2022-01-22 07:25:40','2022-01-22 07:25:40','2022-01-23 16:18:38'),(133,43,164,1188,1188,'2022-01-22 09:00:39','2022-01-22 09:00:39','2022-01-22 01:07:55'),(134,43,164,1188,1188,'2022-01-22 09:07:55','2022-01-22 09:07:55','2022-01-22 01:17:15'),(135,43,164,1188,1188,'2022-01-22 09:17:15','2022-01-22 09:17:15','2022-01-22 01:28:58'),(136,43,164,1188,1188,'2022-01-22 09:28:58','2022-01-22 09:28:58','2022-01-22 01:30:41'),(137,43,164,1188,1188,'2022-01-22 09:30:41','2022-01-22 09:30:41','2022-01-25 17:21:29'),(138,42,388,153,153,'2022-01-23 01:33:30','2022-01-23 01:33:30','2022-01-22 17:41:15'),(139,42,218,153,153,'2022-01-23 01:33:30','2022-01-23 01:33:30','2022-01-22 17:41:15'),(140,42,388,153,153,'2022-01-23 01:41:15','2022-01-23 01:41:15','2022-01-23 16:21:17'),(141,42,218,153,153,'2022-01-23 01:41:15','2022-01-23 01:41:15','2022-01-23 16:21:17'),(142,52,131,235,235,'2022-01-23 17:40:59','2022-01-23 17:40:59','2022-01-23 09:41:33'),(143,52,299,235,235,'2022-01-23 17:40:59','2022-01-23 17:40:59','2022-01-23 09:41:33'),(144,52,279,235,235,'2022-01-23 17:40:59','2022-01-23 17:40:59','2022-01-23 09:41:33'),(145,52,64,235,235,'2022-01-23 17:40:59','2022-01-23 17:40:59','2022-01-23 09:41:33'),(146,52,131,235,235,'2022-01-23 17:41:33','2022-01-23 17:41:33',NULL),(147,52,299,235,235,'2022-01-23 17:41:33','2022-01-23 17:41:33',NULL),(148,52,279,235,235,'2022-01-23 17:41:33','2022-01-23 17:41:33',NULL),(149,52,64,235,235,'2022-01-23 17:41:33','2022-01-23 17:41:33',NULL),(150,48,218,153,153,'2022-01-24 00:16:54','2022-01-24 00:16:54',NULL),(151,48,388,153,153,'2022-01-24 00:16:54','2022-01-24 00:16:54',NULL),(152,49,388,153,153,'2022-01-24 00:18:38','2022-01-24 00:18:38',NULL),(153,49,218,153,153,'2022-01-24 00:18:38','2022-01-24 00:18:38',NULL),(154,42,388,153,153,'2022-01-24 00:21:17','2022-01-24 00:21:17',NULL),(155,42,218,153,153,'2022-01-24 00:21:17','2022-01-24 00:21:17',NULL),(156,51,139,126,126,'2022-01-24 00:57:38','2022-01-24 00:57:38','2022-01-23 17:02:53'),(157,51,344,126,126,'2022-01-24 00:57:53','2022-01-24 00:57:53','2022-01-23 17:02:53'),(158,51,42,126,126,'2022-01-24 00:58:38','2022-01-24 00:58:38','2022-01-23 17:02:53'),(159,51,134,126,126,'2022-01-24 00:58:56','2022-01-24 00:58:56','2022-01-23 17:02:53'),(160,51,82,126,126,'2022-01-24 00:59:28','2022-01-24 00:59:28','2022-01-23 17:02:53'),(161,51,63,126,126,'2022-01-24 01:00:29','2022-01-24 01:00:29','2022-01-23 17:02:53'),(162,51,162,126,126,'2022-01-24 01:00:36','2022-01-24 01:00:36','2022-01-23 17:02:53'),(163,51,157,126,126,'2022-01-24 01:00:49','2022-01-24 01:00:49','2022-01-23 17:02:53'),(164,51,326,126,126,'2022-01-24 01:00:57','2022-01-24 01:00:57','2022-01-23 17:02:53'),(165,51,151,126,126,'2022-01-24 01:02:12','2022-01-24 01:02:12','2022-01-23 17:02:53'),(166,51,54,126,126,'2022-01-24 01:02:39','2022-01-24 01:02:39','2022-01-23 17:02:53'),(167,51,139,126,126,'2022-01-24 01:02:53','2022-01-24 01:02:53','2022-01-23 17:08:15'),(168,51,344,126,126,'2022-01-24 01:02:53','2022-01-24 01:02:53','2022-01-23 17:08:15'),(169,51,42,126,126,'2022-01-24 01:02:53','2022-01-24 01:02:53','2022-01-23 17:08:15'),(170,51,134,126,126,'2022-01-24 01:02:53','2022-01-24 01:02:53','2022-01-23 17:08:15'),(171,51,82,126,126,'2022-01-24 01:02:53','2022-01-24 01:02:53','2022-01-23 17:08:15'),(172,51,63,126,126,'2022-01-24 01:02:53','2022-01-24 01:02:53','2022-01-23 17:08:15'),(173,51,162,126,126,'2022-01-24 01:02:53','2022-01-24 01:02:53','2022-01-23 17:08:15'),(174,51,157,126,126,'2022-01-24 01:02:53','2022-01-24 01:02:53','2022-01-23 17:08:15'),(175,51,326,126,126,'2022-01-24 01:02:53','2022-01-24 01:02:53','2022-01-23 17:08:15'),(176,51,151,126,126,'2022-01-24 01:02:53','2022-01-24 01:02:53','2022-01-23 17:08:15'),(177,51,54,126,126,'2022-01-24 01:02:53','2022-01-24 01:02:53','2022-01-23 17:08:15'),(178,51,139,126,126,'2022-01-24 01:08:15','2022-01-24 01:08:15',NULL),(179,51,344,126,126,'2022-01-24 01:08:15','2022-01-24 01:08:15',NULL),(180,51,42,126,126,'2022-01-24 01:08:15','2022-01-24 01:08:15',NULL),(181,51,134,126,126,'2022-01-24 01:08:15','2022-01-24 01:08:15',NULL),(182,51,82,126,126,'2022-01-24 01:08:15','2022-01-24 01:08:15',NULL),(183,51,63,126,126,'2022-01-24 01:08:15','2022-01-24 01:08:15',NULL),(184,51,162,126,126,'2022-01-24 01:08:15','2022-01-24 01:08:15',NULL),(185,51,157,126,126,'2022-01-24 01:08:15','2022-01-24 01:08:15',NULL),(186,51,326,126,126,'2022-01-24 01:08:15','2022-01-24 01:08:15',NULL),(187,51,151,126,126,'2022-01-24 01:08:15','2022-01-24 01:08:15',NULL),(188,51,54,126,126,'2022-01-24 01:08:15','2022-01-24 01:08:15',NULL),(189,54,116,125,125,'2022-01-24 02:29:04','2022-01-24 02:29:04','2022-01-23 18:31:35'),(190,54,294,125,125,'2022-01-24 02:29:21','2022-01-24 02:29:21','2022-01-23 18:31:35'),(191,54,116,125,125,'2022-01-24 02:31:35','2022-01-24 02:31:35','2022-01-23 18:43:57'),(192,54,294,125,125,'2022-01-24 02:31:35','2022-01-24 02:31:35','2022-01-23 18:43:57'),(193,54,116,125,125,'2022-01-24 02:43:57','2022-01-24 02:43:57','2022-01-24 14:38:49'),(194,54,294,125,125,'2022-01-24 02:43:57','2022-01-24 02:43:57','2022-01-24 14:39:30'),(195,38,344,126,126,'2022-01-24 03:13:48','2022-01-24 03:13:48','2022-01-23 19:21:36'),(196,38,42,126,126,'2022-01-24 03:13:48','2022-01-24 03:13:48','2022-01-23 19:21:36'),(197,38,139,126,126,'2022-01-24 03:13:48','2022-01-24 03:13:48','2022-01-23 19:21:36'),(198,38,344,126,126,'2022-01-24 03:21:36','2022-01-24 03:21:36',NULL),(199,38,42,126,126,'2022-01-24 03:21:36','2022-01-24 03:21:36',NULL),(200,38,139,126,126,'2022-01-24 03:21:36','2022-01-24 03:21:36',NULL),(201,56,115,349,349,'2022-01-24 04:05:20','2022-01-24 04:05:20','2022-01-23 20:06:27'),(202,56,115,349,349,'2022-01-24 04:06:27','2022-01-24 04:06:27','2022-01-23 20:07:01'),(203,56,115,349,349,'2022-01-24 04:07:01','2022-01-24 04:07:01',NULL),(204,54,294,125,125,'2022-01-24 22:39:30','2022-01-24 22:39:30','2022-01-24 14:58:24'),(205,54,116,125,125,'2022-01-24 22:58:18','2022-01-24 22:58:18','2022-01-24 14:58:24'),(206,54,294,125,125,'2022-01-24 22:58:24','2022-01-24 22:58:24','2022-01-24 14:58:48'),(207,54,116,125,125,'2022-01-24 22:58:24','2022-01-24 22:58:24','2022-01-24 14:58:48'),(208,54,294,116,116,'2022-01-24 22:58:48','2022-01-24 22:58:48',NULL),(209,54,116,116,116,'2022-01-24 22:58:48','2022-01-24 22:58:48',NULL),(210,66,71,18,18,'2022-01-25 02:13:40','2022-01-25 02:13:40','2022-01-24 18:19:51'),(211,66,391,18,18,'2022-01-25 02:14:00','2022-01-25 02:14:00','2022-01-24 18:19:51'),(212,66,71,18,18,'2022-01-25 02:19:51','2022-01-25 02:19:51',NULL),(213,66,391,18,18,'2022-01-25 02:19:51','2022-01-25 02:19:51',NULL),(214,74,164,1188,1188,'2022-01-25 03:21:41','2022-01-25 03:21:41','2022-01-24 19:33:40'),(216,74,164,1188,1188,'2022-01-25 03:33:40','2022-01-25 03:33:40','2022-01-24 19:34:32'),(217,74,164,1188,1188,'2022-01-25 03:34:32','2022-01-25 03:34:32','2022-01-24 19:40:32'),(218,74,164,1188,1188,'2022-01-25 03:40:32','2022-01-25 03:40:32','2022-01-24 20:11:26'),(219,74,164,1188,1188,'2022-01-25 04:11:26','2022-01-25 04:11:26','2022-01-25 01:54:43'),(220,83,269,231,231,'2022-01-25 09:51:08','2022-01-25 09:51:08','2022-01-25 02:04:28'),(221,83,116,231,231,'2022-01-25 09:51:08','2022-01-25 09:51:08','2022-01-25 02:04:28'),(222,83,203,231,231,'2022-01-25 09:51:08','2022-01-25 09:51:08','2022-01-25 02:04:28'),(223,83,91,231,231,'2022-01-25 09:51:08','2022-01-25 09:51:08','2022-01-25 02:04:28'),(224,83,297,231,231,'2022-01-25 09:51:08','2022-01-25 09:51:08','2022-01-25 02:04:28'),(225,74,164,1188,1188,'2022-01-25 09:54:43','2022-01-25 09:54:43',NULL),(226,83,269,231,231,'2022-01-25 10:04:28','2022-01-25 10:04:28','2022-01-26 18:16:29'),(227,83,116,231,231,'2022-01-25 10:04:28','2022-01-25 10:04:28','2022-01-26 18:16:29'),(228,83,203,231,231,'2022-01-25 10:04:28','2022-01-25 10:04:28','2022-01-26 18:16:29'),(229,83,91,231,231,'2022-01-25 10:04:28','2022-01-25 10:04:28','2022-01-26 18:16:29'),(230,83,297,231,231,'2022-01-25 10:04:28','2022-01-25 10:04:28','2022-01-26 18:16:29'),(231,85,256,179,179,'2022-01-26 00:59:41','2022-01-26 00:59:41','2022-01-25 17:07:56'),(232,85,288,179,179,'2022-01-26 00:59:41','2022-01-26 00:59:41','2022-01-25 17:07:56'),(233,85,303,179,179,'2022-01-26 00:59:41','2022-01-26 00:59:41','2022-01-25 17:07:56'),(234,85,256,179,179,'2022-01-26 01:07:56','2022-01-26 01:07:56',NULL),(235,85,288,179,179,'2022-01-26 01:07:56','2022-01-26 01:07:56',NULL),(236,85,303,179,179,'2022-01-26 01:07:56','2022-01-26 01:07:56',NULL),(237,43,164,1188,1188,'2022-01-26 01:21:29','2022-01-26 01:21:29','2022-01-25 19:48:47'),(238,54,69,125,125,'2022-01-26 01:50:31','2022-01-26 01:50:31',NULL),(239,87,100,1190,1190,'2022-01-26 03:47:28','2022-01-26 03:47:28','2022-01-25 19:47:37'),(240,87,100,1190,1190,'2022-01-26 03:47:37','2022-01-26 03:47:37','2022-01-26 00:07:24'),(241,43,164,1188,1188,'2022-01-26 03:48:47','2022-01-26 03:48:47','2022-01-25 23:40:52'),(242,43,164,1188,1188,'2022-01-26 07:40:52','2022-01-26 07:40:52','2022-01-25 23:43:44'),(243,43,164,1188,1188,'2022-01-26 07:43:44','2022-01-26 07:43:44','2022-01-25 23:49:49'),(244,43,164,1188,1188,'2022-01-26 07:49:49','2022-01-26 07:49:49',NULL),(245,87,100,1190,1190,'2022-01-26 08:07:24','2022-01-26 08:07:24',NULL),(246,94,160,1184,1184,'2022-01-26 13:11:21','2022-01-26 13:11:21','2022-01-26 05:11:31'),(247,94,160,1184,1184,'2022-01-26 13:11:31','2022-01-26 13:11:31','2022-01-26 05:12:11'),(248,94,160,1184,1184,'2022-01-26 13:12:11','2022-01-26 13:12:11','2022-01-26 16:06:19'),(249,94,160,1184,1184,'2022-01-27 00:06:19','2022-01-27 00:06:19',NULL),(250,83,269,231,231,'2022-01-27 02:16:29','2022-01-27 02:16:29',NULL),(251,83,116,231,231,'2022-01-27 02:16:29','2022-01-27 02:16:29',NULL),(252,83,203,231,231,'2022-01-27 02:16:29','2022-01-27 02:16:29',NULL),(253,83,91,231,231,'2022-01-27 02:16:29','2022-01-27 02:16:29',NULL),(254,83,297,231,231,'2022-01-27 02:16:29','2022-01-27 02:16:29',NULL),(255,107,160,1184,1184,'2022-01-27 02:18:11','2022-01-27 02:18:11','2022-01-26 18:18:22'),(256,107,160,1184,1184,'2022-01-27 02:18:22','2022-01-27 02:18:22',NULL),(257,19,172,68,68,'2022-01-27 02:34:11','2022-01-27 02:34:11','2022-01-26 18:42:04'),(258,19,337,68,68,'2022-01-27 02:34:11','2022-01-27 02:34:11','2022-01-26 18:42:04'),(259,19,172,68,68,'2022-01-27 02:42:04','2022-01-27 02:42:04',NULL),(260,19,337,68,68,'2022-01-27 02:42:04','2022-01-27 02:42:04',NULL),(261,133,160,1184,1184,'2022-01-28 01:52:35','2022-01-28 01:52:35','2022-01-27 17:56:02'),(262,133,160,1184,1184,'2022-01-28 01:56:02','2022-01-28 01:56:02','2022-01-27 17:58:40'),(263,133,160,1184,1184,'2022-01-28 01:58:40','2022-01-28 01:58:40',NULL),(264,86,71,122,122,'2022-01-28 02:03:35','2022-01-28 02:03:35','2022-01-27 18:04:42'),(265,86,283,122,122,'2022-01-28 02:03:57','2022-01-28 02:03:57','2022-01-27 18:04:42'),(266,86,71,122,122,'2022-01-28 02:04:42','2022-01-28 02:04:42','2022-01-27 18:21:00'),(267,86,283,122,122,'2022-01-28 02:04:42','2022-01-28 02:04:42','2022-01-27 18:21:00'),(268,134,113,278,278,'2022-01-28 02:07:08','2022-01-28 02:07:08','2022-01-27 18:08:51'),(269,134,163,278,278,'2022-01-28 02:07:20','2022-01-28 02:07:20','2022-01-27 18:08:51'),(270,134,187,278,278,'2022-01-28 02:07:28','2022-01-28 02:07:28','2022-01-27 18:08:51'),(271,134,228,278,278,'2022-01-28 02:07:36','2022-01-28 02:07:36','2022-01-27 18:08:51'),(272,134,113,278,278,'2022-01-28 02:08:51','2022-01-28 02:08:51','2022-01-27 19:10:47'),(273,134,163,278,278,'2022-01-28 02:08:51','2022-01-28 02:08:51','2022-01-27 19:10:47'),(274,134,187,278,278,'2022-01-28 02:08:51','2022-01-28 02:08:51','2022-01-27 19:10:47'),(275,134,228,278,278,'2022-01-28 02:08:51','2022-01-28 02:08:51','2022-01-27 19:10:47'),(276,86,71,122,122,'2022-01-28 02:21:00','2022-01-28 02:21:00','2022-01-27 18:21:55'),(277,86,283,122,122,'2022-01-28 02:21:00','2022-01-28 02:21:00','2022-01-27 18:21:55'),(278,86,71,122,122,'2022-01-28 02:21:55','2022-01-28 02:21:55','2022-02-06 17:12:26'),(279,86,283,122,122,'2022-01-28 02:21:55','2022-01-28 02:21:55','2022-02-06 17:12:26'),(280,137,303,256,256,'2022-01-28 02:28:24','2022-01-28 02:28:24','2022-01-27 22:36:53'),(281,137,179,256,256,'2022-01-28 02:28:24','2022-01-28 02:28:24','2022-01-27 22:36:53'),(282,138,17,1189,1189,'2022-01-28 02:30:03','2022-01-28 02:30:03','2022-01-27 18:38:29'),(283,138,17,1189,1189,'2022-01-28 02:38:29','2022-01-28 02:38:29',NULL),(286,145,218,153,153,'2022-01-28 02:57:30','2022-01-28 02:57:30',NULL),(287,145,388,153,153,'2022-01-28 02:57:30','2022-01-28 02:57:30',NULL),(288,134,113,278,278,'2022-01-28 03:10:47','2022-01-28 03:10:47','2022-01-27 19:26:55'),(289,134,163,278,278,'2022-01-28 03:10:48','2022-01-28 03:10:48','2022-01-27 19:26:55'),(290,134,187,278,278,'2022-01-28 03:10:48','2022-01-28 03:10:48','2022-01-27 19:26:55'),(291,134,228,278,278,'2022-01-28 03:10:48','2022-01-28 03:10:48','2022-01-27 19:26:55'),(292,134,113,278,278,'2022-01-28 03:26:55','2022-01-28 03:26:55',NULL),(293,134,163,278,278,'2022-01-28 03:26:55','2022-01-28 03:26:55',NULL),(294,134,187,278,278,'2022-01-28 03:26:55','2022-01-28 03:26:55',NULL),(295,134,228,278,278,'2022-01-28 03:26:55','2022-01-28 03:26:55',NULL),(296,148,218,153,153,'2022-01-28 03:33:58','2022-01-28 03:33:58',NULL),(297,148,388,153,153,'2022-01-28 03:33:58','2022-01-28 03:33:58',NULL),(298,150,34,37,37,'2022-01-28 05:37:56','2022-01-28 05:37:56','2022-01-27 22:07:47'),(299,150,56,37,37,'2022-01-28 05:37:56','2022-01-28 05:37:56','2022-01-27 22:07:47'),(300,150,294,37,37,'2022-01-28 05:37:56','2022-01-28 05:37:56','2022-01-27 22:07:47'),(301,150,125,37,37,'2022-01-28 05:37:56','2022-01-28 05:37:56','2022-01-27 22:07:47'),(302,150,297,37,37,'2022-01-28 05:37:56','2022-01-28 05:37:56','2022-01-27 22:07:47'),(303,150,116,37,37,'2022-01-28 05:37:56','2022-01-28 05:37:56','2022-01-27 22:07:47'),(304,122,99,223,223,'2022-01-28 06:01:11','2022-01-28 06:01:11','2022-01-27 22:01:59'),(305,122,111,223,223,'2022-01-28 06:01:47','2022-01-28 06:01:47','2022-01-27 22:01:59'),(306,122,99,223,223,'2022-01-28 06:01:59','2022-01-28 06:01:59','2022-01-27 23:54:29'),(307,122,111,223,223,'2022-01-28 06:01:59','2022-01-28 06:01:59','2022-01-27 23:54:29'),(308,150,34,37,37,'2022-01-28 06:07:47','2022-01-28 06:07:47','2022-01-27 22:08:33'),(309,150,56,37,37,'2022-01-28 06:07:47','2022-01-28 06:07:47','2022-01-27 22:08:33'),(310,150,294,37,37,'2022-01-28 06:07:47','2022-01-28 06:07:47','2022-01-27 22:08:33'),(311,150,125,37,37,'2022-01-28 06:07:47','2022-01-28 06:07:47','2022-01-27 22:08:33'),(312,150,297,37,37,'2022-01-28 06:07:47','2022-01-28 06:07:47','2022-01-27 22:08:33'),(313,150,116,37,37,'2022-01-28 06:07:47','2022-01-28 06:07:47','2022-01-27 22:08:33'),(314,150,34,37,37,'2022-01-28 06:08:33','2022-01-28 06:08:33',NULL),(315,150,56,37,37,'2022-01-28 06:08:33','2022-01-28 06:08:33',NULL),(316,150,294,37,37,'2022-01-28 06:08:33','2022-01-28 06:08:33',NULL),(317,150,125,37,37,'2022-01-28 06:08:33','2022-01-28 06:08:33',NULL),(318,150,297,37,37,'2022-01-28 06:08:33','2022-01-28 06:08:33',NULL),(319,150,116,37,37,'2022-01-28 06:08:33','2022-01-28 06:08:33',NULL),(320,137,303,256,256,'2022-01-28 06:36:53','2022-01-28 06:36:53','2022-01-27 22:37:46'),(321,137,179,256,256,'2022-01-28 06:36:53','2022-01-28 06:36:53','2022-01-27 22:37:46'),(322,137,303,303,303,'2022-01-28 06:37:46','2022-01-28 06:37:46','2022-01-27 22:38:52'),(323,137,179,303,303,'2022-01-28 06:37:46','2022-01-28 06:37:46','2022-01-27 22:38:52'),(324,137,303,256,256,'2022-01-28 06:38:52','2022-01-28 06:38:52','2022-01-27 22:51:53'),(325,137,179,256,256,'2022-01-28 06:38:52','2022-01-28 06:38:52','2022-01-27 22:51:53'),(326,151,218,153,153,'2022-01-28 06:50:39','2022-01-28 06:50:39',NULL),(327,151,388,153,153,'2022-01-28 06:50:39','2022-01-28 06:50:39',NULL),(328,137,303,303,303,'2022-01-28 06:51:53','2022-01-28 06:51:53',NULL),(329,137,179,303,303,'2022-01-28 06:51:53','2022-01-28 06:51:53',NULL),(330,122,99,223,223,'2022-01-28 07:54:29','2022-01-28 07:54:29','2022-01-27 23:55:41'),(331,122,111,223,223,'2022-01-28 07:54:29','2022-01-28 07:54:29','2022-01-27 23:55:41'),(332,122,99,223,223,'2022-01-28 07:55:41','2022-01-28 07:55:41','2022-01-27 23:57:35'),(333,122,111,223,223,'2022-01-28 07:55:41','2022-01-28 07:55:41','2022-01-27 23:57:35'),(334,122,99,223,223,'2022-01-28 07:57:35','2022-01-28 07:57:35','2022-01-27 23:59:01'),(335,122,111,223,223,'2022-01-28 07:57:35','2022-01-28 07:57:35','2022-01-27 23:59:01'),(336,122,99,223,223,'2022-01-28 07:59:01','2022-01-28 07:59:01','2022-01-28 00:05:47'),(337,122,111,223,223,'2022-01-28 07:59:01','2022-01-28 07:59:01','2022-01-28 00:05:47'),(338,161,299,235,235,'2022-01-28 08:01:10','2022-01-28 08:01:10','2022-01-28 00:15:21'),(339,161,279,235,235,'2022-01-28 08:01:27','2022-01-28 08:01:27','2022-01-28 00:15:21'),(340,161,64,235,235,'2022-01-28 08:01:42','2022-01-28 08:01:42','2022-01-28 00:15:21'),(341,162,218,153,153,'2022-01-28 08:04:52','2022-01-28 08:04:52','2022-01-28 00:06:11'),(342,162,388,153,153,'2022-01-28 08:04:52','2022-01-28 08:04:52','2022-01-28 00:06:11'),(343,122,99,223,223,'2022-01-28 08:05:47','2022-01-28 08:05:47','2022-01-28 00:06:51'),(344,122,111,223,223,'2022-01-28 08:05:47','2022-01-28 08:05:47','2022-01-28 00:06:51'),(345,162,218,153,153,'2022-01-28 08:06:11','2022-01-28 08:06:11',NULL),(346,162,388,153,153,'2022-01-28 08:06:11','2022-01-28 08:06:11',NULL),(347,122,99,223,223,'2022-01-28 08:06:51','2022-01-28 08:06:51',NULL),(348,122,111,223,223,'2022-01-28 08:06:51','2022-01-28 08:06:51',NULL),(349,161,299,235,235,'2022-01-28 08:15:21','2022-01-28 08:15:21','2022-01-28 00:15:33'),(350,161,279,235,235,'2022-01-28 08:15:21','2022-01-28 08:15:21','2022-01-28 00:15:33'),(351,161,64,235,235,'2022-01-28 08:15:21','2022-01-28 08:15:21','2022-01-28 00:15:33'),(352,161,299,235,235,'2022-01-28 08:15:33','2022-01-28 08:15:33',NULL),(353,161,279,235,235,'2022-01-28 08:15:33','2022-01-28 08:15:33',NULL),(354,161,64,235,235,'2022-01-28 08:15:33','2022-01-28 08:15:33',NULL),(355,165,139,126,126,'2022-01-28 14:54:48','2022-01-28 14:54:48','2022-01-28 07:24:29'),(356,165,344,126,126,'2022-01-28 14:54:55','2022-01-28 14:54:55','2022-01-28 07:24:29'),(357,165,42,126,126,'2022-01-28 14:55:02','2022-01-28 14:55:02','2022-01-28 07:24:29'),(358,165,82,126,126,'2022-01-28 14:55:07','2022-01-28 14:55:07','2022-01-28 07:24:29'),(359,165,162,126,126,'2022-01-28 14:55:14','2022-01-28 14:55:14','2022-01-28 07:24:29'),(360,165,63,126,126,'2022-01-28 14:55:24','2022-01-28 14:55:24','2022-01-28 07:24:29'),(361,165,326,126,126,'2022-01-28 14:55:30','2022-01-28 14:55:30','2022-01-28 07:24:29'),(362,165,157,126,126,'2022-01-28 14:55:36','2022-01-28 14:55:36','2022-01-28 07:24:29'),(363,165,151,126,126,'2022-01-28 14:55:40','2022-01-28 14:55:40','2022-01-28 07:24:29'),(364,165,54,126,126,'2022-01-28 14:55:50','2022-01-28 14:55:50','2022-01-28 07:24:29'),(365,165,139,126,126,'2022-01-28 15:24:29','2022-01-28 15:24:29',NULL),(366,165,344,126,126,'2022-01-28 15:24:29','2022-01-28 15:24:29',NULL),(367,165,42,126,126,'2022-01-28 15:24:29','2022-01-28 15:24:29',NULL),(368,165,82,126,126,'2022-01-28 15:24:29','2022-01-28 15:24:29',NULL),(369,165,162,126,126,'2022-01-28 15:24:29','2022-01-28 15:24:29',NULL),(370,165,63,126,126,'2022-01-28 15:24:29','2022-01-28 15:24:29','2022-02-05 18:11:56'),(371,165,326,126,126,'2022-01-28 15:24:29','2022-01-28 15:24:29',NULL),(372,165,157,126,126,'2022-01-28 15:24:29','2022-01-28 15:24:29',NULL),(373,165,151,126,126,'2022-01-28 15:24:29','2022-01-28 15:24:29',NULL),(374,165,54,126,126,'2022-01-28 15:24:29','2022-01-28 15:24:29',NULL),(375,169,110,175,175,'2022-02-03 01:27:02','2022-02-03 01:27:02','2022-02-02 17:35:38'),(376,169,113,175,175,'2022-02-03 01:27:35','2022-02-03 01:27:35','2022-02-02 17:35:38'),(377,169,110,175,175,'2022-02-03 01:35:38','2022-02-03 01:35:38','2022-02-02 17:37:18'),(378,169,113,175,175,'2022-02-03 01:35:38','2022-02-03 01:35:38','2022-02-02 17:37:18'),(379,169,110,175,175,'2022-02-03 01:37:18','2022-02-03 01:37:18','2022-02-03 00:55:38'),(380,169,113,175,175,'2022-02-03 01:37:18','2022-02-03 01:37:18','2022-02-03 00:55:38'),(381,170,40,219,219,'2022-02-03 03:13:23','2022-02-03 03:13:23','2022-02-02 22:32:25'),(382,170,252,219,219,'2022-02-03 03:13:23','2022-02-03 03:13:23','2022-02-02 22:32:25'),(383,77,195,281,281,'2022-02-03 03:46:46','2022-02-03 03:46:46','2022-02-02 19:47:00'),(384,77,195,281,281,'2022-02-03 03:47:00','2022-02-03 03:47:00','2022-02-02 19:56:05'),(385,77,195,281,281,'2022-02-03 03:56:05','2022-02-03 03:56:05','2022-02-02 19:58:17'),(386,77,195,281,281,'2022-02-03 03:58:17','2022-02-03 03:58:17','2022-02-02 21:34:03'),(387,77,195,281,281,'2022-02-03 05:34:03','2022-02-03 05:34:03','2022-02-02 21:34:44'),(388,77,195,281,281,'2022-02-03 05:34:44','2022-02-03 05:34:44',NULL),(389,170,40,219,219,'2022-02-03 06:32:25','2022-02-03 06:32:25','2022-02-02 23:22:48'),(390,170,252,219,219,'2022-02-03 06:32:25','2022-02-03 06:32:25','2022-02-02 23:22:48'),(391,170,40,219,219,'2022-02-03 07:22:48','2022-02-03 07:22:48','2022-02-02 23:25:45'),(392,170,252,219,219,'2022-02-03 07:22:48','2022-02-03 07:22:48','2022-02-02 23:25:45'),(393,170,40,219,219,'2022-02-03 07:25:45','2022-02-03 07:25:45','2022-02-03 00:33:00'),(394,170,252,219,219,'2022-02-03 07:25:45','2022-02-03 07:25:45','2022-02-03 00:33:00'),(395,170,40,219,219,'2022-02-03 08:33:00','2022-02-03 08:33:00',NULL),(396,170,252,219,219,'2022-02-03 08:33:00','2022-02-03 08:33:00',NULL),(397,169,110,175,175,'2022-02-03 08:55:38','2022-02-03 08:55:38','2022-02-04 12:41:37'),(398,169,113,175,175,'2022-02-03 08:55:38','2022-02-03 08:55:38','2022-02-04 12:41:37'),(399,180,29,319,319,'2022-02-03 14:17:11','2022-02-03 14:17:11','2022-02-03 06:17:26'),(400,180,29,319,319,'2022-02-03 14:17:26','2022-02-03 14:17:26',NULL),(401,181,29,319,319,'2022-02-03 14:36:09','2022-02-03 14:36:09','2022-02-03 06:36:25'),(402,181,29,319,319,'2022-02-03 14:36:25','2022-02-03 14:36:25',NULL),(403,185,100,1190,1190,'2022-02-04 07:31:07','2022-02-04 07:31:07','2022-02-03 23:31:11'),(404,185,100,1190,1190,'2022-02-04 07:31:11','2022-02-04 07:31:11','2022-02-03 23:32:37'),(405,185,100,1190,1190,'2022-02-04 07:32:37','2022-02-04 07:32:37','2022-02-03 23:46:41'),(406,185,100,1190,1190,'2022-02-04 07:46:41','2022-02-04 07:46:41','2022-02-03 23:47:23'),(407,185,100,1190,1190,'2022-02-04 07:47:23','2022-02-04 07:47:23',NULL),(408,187,224,117,117,'2022-02-04 08:12:59','2022-02-04 08:12:59','2022-02-04 00:13:12'),(409,187,224,117,117,'2022-02-04 08:13:12','2022-02-04 08:13:12','2022-02-04 00:15:22'),(410,187,224,117,117,'2022-02-04 08:15:22','2022-02-04 08:15:22','2022-02-04 00:18:56'),(411,187,224,117,117,'2022-02-04 08:18:56','2022-02-04 08:18:56',NULL),(412,169,110,175,175,'2022-02-04 20:41:37','2022-02-04 20:41:37',NULL),(413,169,113,175,175,'2022-02-04 20:41:37','2022-02-04 20:41:37',NULL),(414,191,49,244,244,'2022-02-05 05:36:55','2022-02-05 05:36:55','2022-02-04 21:37:18'),(415,191,49,244,244,'2022-02-05 05:37:18','2022-02-05 05:37:18','2022-02-04 22:05:43'),(416,191,49,49,49,'2022-02-05 06:05:43','2022-02-05 06:05:43','2022-02-04 22:08:43'),(417,191,49,49,49,'2022-02-05 06:08:43','2022-02-05 06:08:43',NULL),(418,46,31,197,197,'2022-02-06 09:01:37','2022-02-06 09:01:37',NULL),(419,62,170,197,197,'2022-02-06 09:02:31','2022-02-06 09:02:31',NULL),(420,50,31,197,197,'2022-02-06 09:02:54','2022-02-06 09:02:54',NULL),(421,63,170,197,197,'2022-02-06 09:03:20','2022-02-06 09:03:20',NULL),(422,86,71,122,122,'2022-02-07 01:12:26','2022-02-07 01:12:26',NULL),(423,86,283,122,122,'2022-02-07 01:12:26','2022-02-07 01:12:26',NULL),(424,137,27,256,256,'2022-02-07 01:25:32','2022-02-07 01:25:32',NULL),(425,85,27,179,179,'2022-02-07 01:39:03','2022-02-07 01:39:03',NULL),(426,187,194,117,117,'2022-02-07 03:38:08','2022-02-07 03:38:08',NULL);

--
-- Table structure for table `permohonan_tkp`
--

CREATE TABLE `permohonan_tkp` (
  `permohonan_tkp_id` bigint(20) NOT NULL AUTO_INCREMENT,
  `permohonan_id` bigint(20) NOT NULL,
  `tkp_id` int(11) DEFAULT NULL COMMENT 'TKP id',
  `tkp_response_status` char(1) NOT NULL DEFAULT 'P' COMMENT 'P-pending response,R-tidak sokong,A-sokong',
  `tkp_need_meeting` int(11) NOT NULL DEFAULT '0',
  `tkp_response_remarks` text,
  `tkp_response_date` datetime DEFAULT NULL,
  `tkp_meeting_remarks` text,
  `tkp_meeting_date` datetime DEFAULT NULL,
  `created_by` int(11) NOT NULL,
  `updated_by` int(11) NOT NULL,
  `created_at` timestamp NULL DEFAULT NULL,
  `updated_at` timestamp NOT NULL DEFAULT CURRENT_TIMESTAMP,
  `deleted_at` timestamp NULL DEFAULT NULL,
  PRIMARY KEY (`permohonan_tkp_id`),
  KEY `idx_permohonantkp_permohonanid` (`permohonan_id`),
  KEY `idx_permohonantkp_tkpid` (`tkp_id`),
  KEY `idx_permohonantkp_createdby` (`created_by`),
  KEY `idx_permohonantkp_updatedby` (`updated_by`),
  KEY `idx_permohonantkp_responsestatus` (`tkp_response_status`)
) ENGINE=InnoDB AUTO_INCREMENT=169 DEFAULT CHARSET=latin1;

--
-- Dumping data for table `permohonan_tkp`
--

INSERT INTO `permohonan_tkp` VALUES (1,1,304,'A',0,NULL,'2022-01-16 18:14:16',NULL,NULL,131,131,'2022-01-16 01:42:06','2022-01-16 01:42:06',NULL),(2,1,307,'A',0,NULL,'2022-01-17 09:07:40',NULL,NULL,131,131,'2022-01-16 01:42:06','2022-01-16 01:42:06',NULL),(3,2,304,'A',0,NULL,'2022-01-16 18:14:45',NULL,NULL,131,131,'2022-01-16 02:53:54','2022-01-16 02:53:54',NULL),(4,2,307,'A',0,NULL,'2022-01-17 09:08:34',NULL,NULL,131,131,'2022-01-16 02:53:54','2022-01-16 02:53:54',NULL),(5,3,304,'R',2,'Impak tidak maksimum','2022-01-18 16:30:35',NULL,NULL,131,131,'2022-01-17 11:50:36','2022-01-17 11:50:36',NULL),(6,3,307,'R',2,'Setuju dengan catatan oleh Pengarah MSF','2022-01-19 08:13:29',NULL,NULL,131,131,'2022-01-17 11:50:36','2022-01-17 11:50:36',NULL),(7,9,304,'A',0,NULL,'2022-01-18 16:29:09',NULL,NULL,131,131,'2022-01-18 02:20:39','2022-01-18 02:20:39',NULL),(8,9,307,'A',0,NULL,'2022-01-19 08:10:58',NULL,NULL,131,131,'2022-01-18 02:20:39','2022-01-18 02:20:39',NULL),(9,4,304,'A',0,'-','2022-01-19 16:04:22',NULL,NULL,131,131,'2022-01-19 04:26:01','2022-01-19 04:26:01',NULL),(10,4,307,'A',0,NULL,'2022-01-19 12:36:53',NULL,NULL,131,131,'2022-01-19 04:26:01','2022-01-19 04:26:01',NULL),(11,8,304,'A',0,NULL,'2022-01-19 16:04:41',NULL,NULL,131,131,'2022-01-19 06:35:11','2022-01-19 06:35:11',NULL),(12,8,307,'A',0,'Sila pastikan setiap aktiviti yang disenarai benar-benar dilaksanakan','2022-01-19 14:37:57',NULL,NULL,131,131,'2022-01-19 06:35:11','2022-01-19 06:35:11',NULL),(13,16,304,'A',0,'-','2022-01-24 08:14:31',NULL,NULL,131,131,'2022-01-19 14:31:21','2022-01-19 14:31:21',NULL),(14,16,307,'A',0,NULL,'2022-01-20 07:43:10',NULL,NULL,131,131,'2022-01-19 14:31:21','2022-01-19 14:31:21',NULL),(15,5,304,'A',0,NULL,'2022-01-24 08:06:58',NULL,NULL,131,131,'2022-01-20 20:57:56','2022-01-20 20:57:56',NULL),(16,5,307,'A',0,NULL,'2022-01-21 10:38:43',NULL,NULL,131,131,'2022-01-20 20:57:56','2022-01-20 20:57:56',NULL),(17,22,304,'A',0,'-','2022-01-24 08:14:15',NULL,NULL,131,131,'2022-01-21 00:22:29','2022-01-21 00:22:29',NULL),(18,22,307,'A',0,NULL,'2022-01-21 10:37:41',NULL,NULL,131,131,'2022-01-21 00:22:29','2022-01-21 00:22:29',NULL),(19,17,304,'A',0,'-','2022-01-24 08:13:20',NULL,NULL,131,131,'2022-01-21 01:05:04','2022-01-21 01:05:04',NULL),(20,17,307,'A',0,NULL,'2022-01-21 10:39:43',NULL,NULL,131,131,'2022-01-21 01:05:04','2022-01-21 01:05:04',NULL),(21,15,304,'A',0,'-','2022-01-24 08:08:02',NULL,NULL,131,131,'2022-01-21 01:06:42','2022-01-21 01:06:42',NULL),(22,15,307,'A',0,'Dicadang supaya video berkaitan dengan 4 industri fokus OED jg dipertimbang untuk diterbitkan','2022-01-21 10:42:00',NULL,NULL,131,131,'2022-01-21 01:06:42','2022-01-21 01:06:42',NULL),(23,27,304,'A',0,'-','2022-01-24 08:09:45',NULL,NULL,131,131,'2022-01-21 01:11:04','2022-01-21 01:11:04',NULL),(24,27,307,'A',0,NULL,'2022-01-21 10:42:25',NULL,NULL,131,131,'2022-01-21 01:11:04','2022-01-21 01:11:04',NULL),(25,18,304,'A',0,'Sokong sekiranya kenaikan harga melibatkan pertambahan perkhidmatan.','2022-01-24 08:13:00',NULL,NULL,131,131,'2022-01-22 01:28:51','2022-01-22 01:28:51',NULL),(26,18,307,'A',0,'Perlu buat rundingan harga untuk mendapat harga yang berpatutan dan kualiti perkhidmatan yang setara.','2022-01-23 17:25:44',NULL,NULL,131,131,'2022-01-22 01:28:51','2022-01-22 01:28:51',NULL),(27,14,304,'A',0,'-','2022-01-24 08:08:36',NULL,NULL,131,131,'2022-01-22 01:29:58','2022-01-22 01:29:58',NULL),(28,14,307,'A',0,NULL,'2022-01-23 17:26:41',NULL,NULL,131,131,'2022-01-22 01:29:58','2022-01-22 01:29:58',NULL),(29,31,304,'A',0,'-','2022-01-24 08:09:17',NULL,NULL,131,131,'2022-01-22 12:14:47','2022-01-22 12:14:47',NULL),(30,31,307,'A',0,NULL,'2022-01-23 17:27:47',NULL,NULL,131,131,'2022-01-22 12:14:47','2022-01-22 12:14:47',NULL),(31,30,304,'A',0,'-','2022-01-24 08:07:24',NULL,NULL,131,131,'2022-01-22 12:16:49','2022-01-22 12:16:49',NULL),(32,30,307,'A',0,NULL,'2022-01-23 17:28:59',NULL,NULL,131,131,'2022-01-22 12:16:49','2022-01-22 12:16:49',NULL),(33,35,304,'A',0,NULL,'2022-01-24 08:06:43',NULL,NULL,131,131,'2022-01-23 00:42:51','2022-01-23 00:42:51',NULL),(34,35,307,'A',0,NULL,'2022-01-23 17:30:05',NULL,NULL,131,131,'2022-01-23 00:42:51','2022-01-23 00:42:51',NULL),(35,36,304,'A',0,'-','2022-01-26 08:08:16',NULL,NULL,131,131,'2022-01-24 03:17:56','2022-01-24 03:17:56',NULL),(36,36,307,'A',0,NULL,'2022-01-24 17:13:48',NULL,NULL,131,131,'2022-01-24 03:17:56','2022-01-24 03:17:56',NULL),(37,25,304,'A',0,'-','2022-01-26 08:07:51',NULL,NULL,131,131,'2022-01-24 03:27:08','2022-01-24 03:27:08',NULL),(38,25,307,'A',0,NULL,'2022-01-24 17:14:10',NULL,NULL,131,131,'2022-01-24 03:27:08','2022-01-24 03:27:08',NULL),(39,20,304,'A',0,'-','2022-01-26 08:08:41',NULL,NULL,131,131,'2022-01-24 06:04:52','2022-01-24 06:04:52',NULL),(40,20,307,'A',0,NULL,'2022-01-24 17:15:05',NULL,NULL,131,131,'2022-01-24 06:04:52','2022-01-24 06:04:52',NULL),(41,56,304,'A',0,'-','2022-01-27 11:54:41',NULL,NULL,131,131,'2022-01-25 12:44:53','2022-01-25 12:44:53',NULL),(42,56,307,'A',0,NULL,'2022-01-26 08:24:35',NULL,NULL,131,131,'2022-01-25 12:44:53','2022-01-25 12:44:53',NULL),(43,11,304,'A',0,'-','2022-01-27 11:54:56',NULL,NULL,131,131,'2022-01-25 12:46:03','2022-01-25 12:46:03',NULL),(44,11,307,'A',0,NULL,'2022-01-26 08:24:53',NULL,NULL,131,131,'2022-01-25 12:46:03','2022-01-25 12:46:03',NULL),(45,53,304,'A',0,'-','2022-01-27 11:55:10',NULL,NULL,131,131,'2022-01-25 12:47:29','2022-01-25 12:47:29',NULL),(46,53,307,'A',0,NULL,'2022-01-26 08:27:27',NULL,NULL,131,131,'2022-01-25 12:47:29','2022-01-25 12:47:29',NULL),(47,39,304,'A',0,'-','2022-01-27 11:55:26',NULL,NULL,131,131,'2022-01-25 12:48:34','2022-01-25 12:48:34',NULL),(48,39,307,'A',0,NULL,'2022-01-26 08:25:09',NULL,NULL,131,131,'2022-01-25 12:48:34','2022-01-25 12:48:34',NULL),(49,38,304,'A',0,'-','2022-01-27 11:55:45',NULL,NULL,131,131,'2022-01-25 12:49:37','2022-01-25 12:49:37',NULL),(50,38,307,'A',0,NULL,'2022-01-26 08:25:25',NULL,NULL,131,131,'2022-01-25 12:49:37','2022-01-25 12:49:37',NULL),(51,54,304,'A',0,'-','2022-01-27 11:56:02',NULL,NULL,131,131,'2022-01-25 12:50:30','2022-01-25 12:50:30',NULL),(52,54,307,'A',0,NULL,'2022-01-26 08:26:54',NULL,NULL,131,131,'2022-01-25 12:50:30','2022-01-25 12:50:30',NULL),(53,21,304,'A',0,'-','2022-01-27 11:56:19',NULL,NULL,131,131,'2022-01-26 00:47:46','2022-01-26 00:47:46',NULL),(54,21,307,'A',0,NULL,'2022-01-26 09:01:59',NULL,NULL,131,131,'2022-01-26 00:47:46','2022-01-26 00:47:46',NULL),(55,23,304,'A',0,'-','2022-01-27 11:56:35',NULL,NULL,131,131,'2022-01-26 00:50:43','2022-01-26 00:50:43',NULL),(56,23,307,'A',0,NULL,'2022-01-26 09:02:17',NULL,NULL,131,131,'2022-01-26 00:50:43','2022-01-26 00:50:43',NULL),(57,33,304,'A',0,'-','2022-01-27 11:56:50',NULL,NULL,131,131,'2022-01-26 00:54:59','2022-01-26 00:54:59',NULL),(58,33,307,'A',0,NULL,'2022-01-26 09:01:38',NULL,NULL,131,131,'2022-01-26 00:54:59','2022-01-26 00:54:59',NULL),(59,82,304,'A',0,'-','2022-01-27 11:57:05',NULL,NULL,131,131,'2022-01-26 00:58:10','2022-01-26 00:58:10',NULL),(60,82,307,'A',0,NULL,'2022-01-26 09:00:47',NULL,NULL,131,131,'2022-01-26 00:58:10','2022-01-26 00:58:10',NULL),(61,85,304,'A',0,'-','2022-01-27 11:57:22',NULL,NULL,131,131,'2022-01-26 04:10:49','2022-01-26 04:10:49',NULL),(62,85,307,'A',0,NULL,'2022-01-26 16:34:10',NULL,NULL,131,131,'2022-01-26 04:10:49','2022-01-26 04:10:49',NULL),(63,52,304,'A',0,'-','2022-01-27 11:57:39',NULL,NULL,131,131,'2022-01-26 09:10:16','2022-01-26 09:10:16',NULL),(64,52,307,'A',0,NULL,'2022-01-27 18:15:35',NULL,NULL,131,131,'2022-01-26 09:10:16','2022-01-26 09:10:16',NULL),(65,28,304,'A',0,'-','2022-01-27 11:57:52',NULL,NULL,131,131,'2022-01-26 23:31:44','2022-01-26 23:31:44',NULL),(66,28,307,'A',0,NULL,'2022-01-27 18:16:06',NULL,NULL,131,131,'2022-01-26 23:31:44','2022-01-26 23:31:44',NULL),(67,87,304,'A',0,'-','2022-01-27 11:58:05',NULL,NULL,131,131,'2022-01-26 23:32:28','2022-01-26 23:32:28',NULL),(68,87,307,'A',0,NULL,'2022-01-27 18:20:20',NULL,NULL,131,131,'2022-01-26 23:32:28','2022-01-26 23:32:28',NULL),(69,74,304,'A',0,'-','2022-01-27 11:58:18',NULL,NULL,131,131,'2022-01-26 23:33:02','2022-01-26 23:33:02',NULL),(70,74,307,'A',0,NULL,'2022-01-27 18:20:48',NULL,NULL,131,131,'2022-01-26 23:33:02','2022-01-26 23:33:02',NULL),(71,34,304,'A',0,'-','2022-01-27 11:58:30',NULL,NULL,131,131,'2022-01-26 23:33:34','2022-01-26 23:33:34',NULL),(72,34,307,'A',0,NULL,'2022-01-27 18:27:05',NULL,NULL,131,131,'2022-01-26 23:33:34','2022-01-26 23:33:34',NULL),(73,43,304,'A',0,'-','2022-01-27 11:58:46',NULL,NULL,131,131,'2022-01-26 23:34:17','2022-01-26 23:34:17',NULL),(74,43,307,'A',0,NULL,'2022-01-27 18:29:07',NULL,NULL,131,131,'2022-01-26 23:34:17','2022-01-26 23:34:17',NULL),(75,60,304,'A',0,'-','2022-01-27 11:59:03',NULL,NULL,131,131,'2022-01-26 23:35:31','2022-01-26 23:35:31',NULL),(76,60,307,'A',0,NULL,'2022-01-27 18:22:35',NULL,NULL,131,131,'2022-01-26 23:35:31','2022-01-26 23:35:31',NULL),(77,61,304,'A',0,'-','2022-01-27 11:59:29',NULL,NULL,131,131,'2022-01-26 23:38:36','2022-01-26 23:38:36',NULL),(78,61,307,'A',0,NULL,'2022-01-27 18:26:25',NULL,NULL,131,131,'2022-01-26 23:38:36','2022-01-26 23:38:36',NULL),(79,76,304,'R',2,'Eliminate low value business model and programme.','2022-01-28 11:59:24',NULL,NULL,131,131,'2022-01-27 02:08:37','2022-01-27 02:08:37',NULL),(80,76,307,'R',2,'Perlu ubah model perniagaan MPC untuk memberi perkhidmatan yang berimpak tinggi','2022-01-27 18:25:52',NULL,NULL,131,131,'2022-01-27 02:08:37','2022-01-27 02:08:37',NULL),(81,66,304,'A',0,'-','2022-01-27 11:59:47',NULL,NULL,131,131,'2022-01-27 02:17:42','2022-01-27 02:17:42',NULL),(82,66,307,'A',0,NULL,'2022-01-27 18:17:40',NULL,NULL,131,131,'2022-01-27 02:17:42','2022-01-27 02:17:42',NULL),(83,93,304,'A',0,'-','2022-01-27 12:00:17',NULL,NULL,131,131,'2022-01-27 02:27:25','2022-01-27 02:27:25',NULL),(84,93,307,'A',0,NULL,'2022-01-27 18:28:42',NULL,NULL,131,131,'2022-01-27 02:27:25','2022-01-27 02:27:25',NULL),(85,63,304,'A',0,'-','2022-01-27 12:00:32',NULL,NULL,131,131,'2022-01-27 02:30:02','2022-01-27 02:30:02',NULL),(86,63,307,'A',0,NULL,'2022-01-27 18:19:22',NULL,NULL,131,131,'2022-01-27 02:30:02','2022-01-27 02:30:02',NULL),(87,100,304,'A',0,'-','2022-01-27 12:00:43',NULL,NULL,131,131,'2022-01-27 02:31:36','2022-01-27 02:31:36',NULL),(88,100,307,'A',0,NULL,'2022-01-28 08:51:52',NULL,NULL,131,131,'2022-01-27 02:31:36','2022-01-27 02:31:36',NULL),(89,26,304,'A',0,'-','2022-01-27 12:00:59',NULL,NULL,131,131,'2022-01-27 02:32:46','2022-01-27 02:32:46',NULL),(90,26,307,'A',0,NULL,'2022-01-27 18:30:33',NULL,NULL,131,131,'2022-01-27 02:32:46','2022-01-27 02:32:46',NULL),(91,12,304,'A',0,NULL,'2022-01-28 15:28:08',NULL,NULL,131,131,'2022-01-27 09:18:16','2022-01-27 09:18:16',NULL),(92,12,307,'A',0,NULL,'2022-01-28 18:07:25',NULL,NULL,131,131,'2022-01-27 09:18:16','2022-01-27 09:18:16',NULL),(93,42,304,'A',0,'-','2022-01-28 11:50:22',NULL,NULL,131,131,'2022-01-27 09:18:45','2022-01-27 09:18:45',NULL),(94,42,307,'A',0,NULL,'2022-01-27 18:21:43',NULL,NULL,131,131,'2022-01-27 09:18:45','2022-01-27 09:18:45',NULL),(95,45,304,'A',0,'-','2022-01-28 11:50:06',NULL,NULL,131,131,'2022-01-27 09:19:17','2022-01-27 09:19:17',NULL),(96,45,307,'A',0,NULL,'2022-01-27 18:23:59',NULL,NULL,131,131,'2022-01-27 09:19:17','2022-01-27 09:19:17',NULL),(97,24,304,'A',0,'-','2022-01-28 11:49:50',NULL,NULL,131,131,'2022-01-27 09:20:12','2022-01-27 09:20:12',NULL),(98,24,307,'A',0,NULL,'2022-01-27 18:23:29',NULL,NULL,131,131,'2022-01-27 09:20:12','2022-01-27 09:20:12',NULL),(99,80,304,'A',0,'-','2022-01-28 11:49:35',NULL,NULL,131,131,'2022-01-27 09:21:01','2022-01-27 09:21:01',NULL),(100,80,307,'A',0,NULL,'2022-01-27 18:28:00',NULL,NULL,131,131,'2022-01-27 09:21:01','2022-01-27 09:21:01',NULL),(101,79,304,'A',0,'-','2022-01-28 11:49:19',NULL,NULL,131,131,'2022-01-27 09:22:39','2022-01-27 09:22:39',NULL),(102,79,307,'A',0,NULL,'2022-01-27 18:27:38',NULL,NULL,131,131,'2022-01-27 09:22:39','2022-01-27 09:22:39',NULL),(103,94,304,'P',0,NULL,NULL,NULL,NULL,131,131,'2022-01-28 00:38:05','2022-01-28 00:38:05',NULL),(104,94,307,'R',2,'Seperti catatan Pengarah MSF','2022-01-28 08:48:28',NULL,NULL,131,131,'2022-01-28 00:38:05','2022-01-28 00:38:05',NULL),(105,108,304,'A',0,'-','2022-01-28 11:49:03',NULL,NULL,131,131,'2022-01-28 00:39:10','2022-01-28 00:39:10',NULL),(106,108,307,'A',0,NULL,'2022-01-28 08:51:27',NULL,NULL,131,131,'2022-01-28 00:39:10','2022-01-28 00:39:10',NULL),(107,107,304,'A',0,'-','2022-01-28 11:48:46',NULL,NULL,131,131,'2022-01-28 00:47:06','2022-01-28 00:47:06',NULL),(108,107,307,'A',0,NULL,'2022-01-28 08:50:00',NULL,NULL,131,131,'2022-01-28 00:47:06','2022-01-28 00:47:06',NULL),(109,81,304,'A',0,'-','2022-01-28 11:48:26',NULL,NULL,131,131,'2022-01-28 00:48:22','2022-01-28 00:48:22',NULL),(110,81,307,'A',0,NULL,'2022-01-28 08:50:43',NULL,NULL,131,131,'2022-01-28 00:48:22','2022-01-28 00:48:22',NULL),(111,137,304,'A',0,NULL,'2022-01-28 15:28:38',NULL,NULL,131,131,'2022-01-28 07:00:39','2022-01-28 07:00:39',NULL),(112,137,307,'A',0,NULL,'2022-01-28 18:06:32',NULL,NULL,131,131,'2022-01-28 07:00:39','2022-01-28 07:00:39',NULL),(113,134,304,'A',0,NULL,'2022-01-28 15:29:01',NULL,NULL,131,131,'2022-01-28 07:04:44','2022-01-28 07:04:44',NULL),(114,134,307,'A',0,NULL,'2022-01-28 18:06:58',NULL,NULL,131,131,'2022-01-28 07:04:44','2022-01-28 07:04:44',NULL),(115,83,304,'A',0,NULL,'2022-02-02 17:12:22',NULL,NULL,131,131,'2022-01-28 22:00:19','2022-01-28 22:00:19',NULL),(116,83,307,'A',0,NULL,'2022-01-30 16:18:50',NULL,NULL,131,131,'2022-01-28 22:00:19','2022-01-28 22:00:19',NULL),(117,67,304,'A',0,NULL,'2022-02-02 17:11:55',NULL,NULL,131,131,'2022-01-30 03:16:01','2022-01-30 03:16:01',NULL),(118,67,307,'A',0,NULL,'2022-01-30 16:18:03',NULL,NULL,131,131,'2022-01-30 03:16:01','2022-01-30 03:16:01',NULL),(119,64,304,'A',0,NULL,'2022-02-02 17:13:07',NULL,NULL,131,131,'2022-01-30 03:16:50','2022-01-30 03:16:50',NULL),(120,64,307,'A',0,NULL,'2022-01-30 16:17:32',NULL,NULL,131,131,'2022-01-30 03:16:50','2022-01-30 03:16:50',NULL),(121,59,304,'A',0,NULL,'2022-02-02 17:13:56',NULL,NULL,131,131,'2022-01-30 03:19:03','2022-01-30 03:19:03',NULL),(122,59,307,'A',0,NULL,'2022-01-30 16:20:34',NULL,NULL,131,131,'2022-01-30 03:19:03','2022-01-30 03:19:03',NULL),(123,19,304,'A',0,NULL,'2022-02-02 17:14:29',NULL,NULL,131,131,'2022-01-30 03:21:25','2022-01-30 03:21:25',NULL),(124,19,307,'A',0,NULL,'2022-01-30 16:20:02',NULL,NULL,131,131,'2022-01-30 03:21:25','2022-01-30 03:21:25',NULL),(125,32,304,'A',0,NULL,'2022-02-02 17:16:10',NULL,NULL,131,131,'2022-01-30 03:23:03','2022-01-30 03:23:03',NULL),(126,32,307,'A',0,NULL,'2022-01-30 16:19:25',NULL,NULL,131,131,'2022-01-30 03:23:03','2022-01-30 03:23:03',NULL),(127,110,304,'A',0,NULL,'2022-02-02 17:17:04',NULL,NULL,131,131,'2022-01-30 03:26:30','2022-01-30 03:26:30',NULL),(128,110,307,'A',0,NULL,'2022-01-30 16:16:12',NULL,NULL,131,131,'2022-01-30 03:26:30','2022-01-30 03:26:30',NULL),(129,62,304,'A',0,NULL,'2022-02-02 17:30:28',NULL,NULL,131,131,'2022-01-31 03:49:29','2022-01-31 03:49:29',NULL),(130,62,307,'A',0,NULL,'2022-02-02 15:29:10',NULL,NULL,131,131,'2022-01-31 03:49:29','2022-01-31 03:49:29',NULL),(131,164,304,'A',0,NULL,'2022-02-02 17:29:55',NULL,NULL,131,131,'2022-01-31 03:50:17','2022-01-31 03:50:17',NULL),(132,164,307,'A',0,NULL,'2022-02-02 15:28:47',NULL,NULL,131,131,'2022-01-31 03:50:17','2022-01-31 03:50:17',NULL),(133,162,304,'A',0,NULL,'2022-02-02 17:28:56',NULL,NULL,131,131,'2022-01-31 03:50:48','2022-01-31 03:50:48',NULL),(134,162,307,'A',0,NULL,'2022-02-02 15:28:13',NULL,NULL,131,131,'2022-01-31 03:50:48','2022-01-31 03:50:48',NULL),(135,151,304,'A',0,NULL,'2022-02-02 17:27:37',NULL,NULL,131,131,'2022-01-31 03:53:55','2022-01-31 03:53:55',NULL),(136,151,307,'A',0,NULL,'2022-02-02 15:24:22',NULL,NULL,131,131,'2022-01-31 03:53:55','2022-01-31 03:53:55',NULL),(137,148,304,'A',0,NULL,'2022-02-02 17:30:55',NULL,NULL,131,131,'2022-01-31 03:54:56','2022-01-31 03:54:56',NULL),(138,148,307,'A',0,NULL,'2022-02-02 15:22:32',NULL,NULL,131,131,'2022-01-31 03:54:56','2022-01-31 03:54:56',NULL),(139,145,304,'A',0,NULL,'2022-02-02 17:25:26',NULL,NULL,131,131,'2022-01-31 03:55:40','2022-01-31 03:55:40',NULL),(140,145,307,'A',0,NULL,'2022-02-02 15:23:37',NULL,NULL,131,131,'2022-01-31 03:55:40','2022-01-31 03:55:40',NULL),(141,46,304,'A',0,NULL,'2022-02-02 17:24:36',NULL,NULL,131,131,'2022-01-31 03:56:18','2022-01-31 03:56:18',NULL),(142,46,307,'A',0,NULL,'2022-02-02 15:21:28',NULL,NULL,131,131,'2022-01-31 03:56:18','2022-01-31 03:56:18',NULL),(143,50,304,'A',0,NULL,'2022-02-02 17:19:50',NULL,NULL,131,131,'2022-01-31 03:56:53','2022-01-31 03:56:53',NULL),(144,50,307,'A',0,NULL,'2022-02-02 15:20:59',NULL,NULL,131,131,'2022-01-31 03:56:53','2022-01-31 03:56:53',NULL),(145,109,304,'A',0,NULL,'2022-02-02 17:19:01',NULL,NULL,131,131,'2022-01-31 03:58:55','2022-01-31 03:58:55',NULL),(146,109,307,'A',0,NULL,'2022-02-02 15:20:13',NULL,NULL,131,131,'2022-01-31 03:58:55','2022-01-31 03:58:55',NULL),(147,166,304,'A',0,'-','2022-02-04 07:56:35',NULL,NULL,131,131,'2022-02-03 02:57:05','2022-02-03 02:57:05',NULL),(148,166,307,'A',0,NULL,'2022-02-03 11:29:20',NULL,NULL,131,131,'2022-02-03 02:57:05','2022-02-03 02:57:05',NULL),(149,57,304,'A',0,'-','2022-02-04 07:56:52',NULL,NULL,131,131,'2022-02-03 12:45:11','2022-02-03 12:45:11',NULL),(150,57,307,'A',0,NULL,'2022-02-04 10:15:46',NULL,NULL,131,131,'2022-02-03 12:45:11','2022-02-03 12:45:11',NULL),(151,77,304,'A',0,'-','2022-02-04 07:56:23',NULL,NULL,131,131,'2022-02-03 12:46:31','2022-02-03 12:46:31',NULL),(152,77,307,'A',0,NULL,'2022-02-04 10:16:54',NULL,NULL,131,131,'2022-02-03 12:46:31','2022-02-03 12:46:31',NULL),(153,170,304,'A',0,NULL,'2022-02-04 07:55:56',NULL,NULL,131,131,'2022-02-03 12:50:16','2022-02-03 12:50:16',NULL),(154,170,307,'A',0,NULL,'2022-02-04 10:17:40',NULL,NULL,131,131,'2022-02-03 12:50:16','2022-02-03 12:50:16',NULL),(155,165,304,'A',0,NULL,'2022-02-05 10:20:55',NULL,NULL,131,131,'2022-02-04 03:20:22','2022-02-04 03:20:22',NULL),(156,165,307,'A',0,NULL,'2022-02-05 12:04:38',NULL,NULL,131,131,'2022-02-04 03:20:22','2022-02-04 03:20:22',NULL),(157,99,304,'I',1,'Mendapat kefahaman context perkara ini.','2022-02-05 10:28:31',NULL,NULL,131,131,'2022-02-04 03:21:26','2022-02-04 03:21:26',NULL),(158,99,307,'I',1,'Perlu mesyuarat','2022-02-05 12:06:23',NULL,NULL,131,131,'2022-02-04 03:21:26','2022-02-04 03:21:26',NULL),(159,161,304,'A',0,NULL,'2022-02-05 10:29:08',NULL,NULL,131,131,'2022-02-04 08:58:42','2022-02-04 08:58:42',NULL),(160,161,307,'A',0,NULL,'2022-02-05 12:07:16',NULL,NULL,131,131,'2022-02-04 08:58:42','2022-02-04 08:58:42',NULL),(161,168,304,'A',0,NULL,'2022-02-05 10:31:08',NULL,NULL,131,131,'2022-02-04 12:15:16','2022-02-04 12:15:16',NULL),(162,168,307,'A',0,NULL,'2022-02-05 12:07:34',NULL,NULL,131,131,'2022-02-04 12:15:16','2022-02-04 12:15:16',NULL),(163,187,304,'A',0,NULL,'2022-02-05 10:26:30',NULL,NULL,131,131,'2022-02-04 15:12:45','2022-02-04 15:12:45',NULL),(164,187,307,'A',0,NULL,'2022-02-05 12:07:55',NULL,NULL,131,131,'2022-02-04 15:12:45','2022-02-04 15:12:45',NULL),(165,183,304,'A',0,NULL,'2022-02-05 10:23:02',NULL,NULL,131,131,'2022-02-04 23:04:17','2022-02-04 23:04:17',NULL),(166,183,307,'A',0,NULL,'2022-02-05 10:56:41',NULL,NULL,131,131,'2022-02-04 23:04:17','2022-02-04 23:04:17',NULL),(167,191,304,'P',0,NULL,NULL,NULL,NULL,131,131,'2022-02-07 03:31:26','2022-02-07 03:31:26',NULL),(168,191,307,'P',0,NULL,NULL,NULL,NULL,131,131,'2022-02-07 03:31:26','2022-02-07 03:31:26',NULL);

--
-- Table structure for table `ref_akademik`
--

CREATE TABLE `ref_akademik` (
  `akademik_id` int(11) NOT NULL AUTO_INCREMENT,
  `akademik_desc` varchar(200) NOT NULL,
  `is_active` char(1) NOT NULL DEFAULT '1',
  `created_by` int(11) DEFAULT NULL,
  `updated_by` int(11) DEFAULT NULL,
  `created_at` timestamp NULL DEFAULT NULL,
  `updated_at` timestamp NULL DEFAULT CURRENT_TIMESTAMP,
  `deleted_at` timestamp NULL DEFAULT NULL,
  PRIMARY KEY (`akademik_id`),
  KEY `idx_academic_createdby` (`created_by`),
  KEY `idx_academic_updatedby` (`updated_by`)
) ENGINE=InnoDB AUTO_INCREMENT=7 DEFAULT CHARSET=latin1;

--
-- Dumping data for table `ref_akademik`
--

INSERT INTO `ref_akademik` VALUES (1,'PHD','1',2,2,'2021-03-19 13:35:24','2021-03-19 13:35:24',NULL),(2,'MASTER','1',2,2,'2021-03-19 13:35:24','2021-03-19 13:35:24',NULL),(3,'IJAZAH','1',2,2,'2021-03-19 13:35:24','2021-03-19 13:35:24',NULL),(4,'DIPLOMA','1',2,2,'2021-03-19 13:35:24','2021-03-19 13:35:24',NULL),(5,'SIJIL','1',2,2,'2021-03-19 13:35:24','2021-03-19 13:35:24',NULL),(6,'SPM','1',2,2,'2021-05-31 04:18:32','2021-05-31 04:18:35',NULL);

--
-- Table structure for table `ref_alasan`
--

CREATE TABLE `ref_alasan` (
  `alasan_id` int(11) NOT NULL AUTO_INCREMENT,
  `alasan_desc` varchar(300) NOT NULL,
  `is_active` char(1) NOT NULL DEFAULT '1',
  `created_at` timestamp NULL DEFAULT NULL,
  `updated_at` timestamp NOT NULL DEFAULT CURRENT_TIMESTAMP,
  `deleted_at` timestamp NULL DEFAULT NULL,
  PRIMARY KEY (`alasan_id`)
) ENGINE=InnoDB AUTO_INCREMENT=18 DEFAULT CHARSET=latin1;

--
-- Dumping data for table `ref_alasan`
--

INSERT INTO `ref_alasan` VALUES (1,'Cuti Rehat','0','2018-12-01 00:04:36','2018-12-01 00:04:36','2019-01-13 18:52:31'),(2,'Cuti Sakit','0','2018-12-01 00:04:36','2018-12-01 00:04:36','2019-01-13 18:52:46'),(3,'Menghadiri Mesyuarat','0','2018-12-01 00:04:36','2018-12-01 00:04:36','2019-01-13 18:59:28'),(4,'Kerja Lebih Masa','0','2018-12-01 00:04:36','2018-12-01 00:04:36','2019-01-13 18:54:14'),(5,'Cuti Bersalin','0','2018-12-01 00:04:36','2018-12-01 00:04:36','2019-01-13 18:52:59'),(6,'Menghadiri Kursus','0','2018-12-01 00:04:36','2018-12-01 00:04:36','2019-01-13 18:59:10'),(7,'Tersalah Punch','0','2018-12-01 00:04:36','2018-12-01 00:04:36','2019-01-13 18:58:31'),(8,'Cuti Tanpa Rekod','1','2018-12-01 00:04:37','2018-12-01 00:04:37','2019-01-13 18:55:00'),(9,'Cuti Tanpa Gaji','0','2018-12-01 00:04:37','2018-12-01 00:04:37','2019-01-13 18:53:39'),(10,'Mesy. Sasaran Kerja Tahunan','1','2018-12-01 00:04:37','2018-12-01 00:04:37','2019-01-13 18:53:12'),(11,'Alasan Lewat Diterima','1','2018-12-01 00:04:37','2018-12-01 00:04:37',NULL),(12,'Pelepasan Waktu Bertugas','1','2018-12-01 00:04:37','2018-12-01 00:04:37','2019-01-13 18:59:21'),(13,'Cuti Kecemasan','1','2018-12-01 00:04:37','2018-12-01 00:04:37','2019-01-13 18:53:51'),(14,'Cuti Tahunan','1','2018-12-01 00:04:37','2018-12-01 00:04:37','2019-01-13 18:54:26'),(15,'Cuti Isteri Bersalin','1','2018-12-01 00:04:37','2018-12-01 00:04:37','2019-01-13 18:54:00'),(16,'Alasan Pulang Awal Diterima','1','2018-12-01 00:04:37','2018-12-01 00:04:37',NULL),(17,'Alasan Tidak Lengkap','1','2019-01-14 02:58:50','2019-01-14 02:58:50',NULL);

--
-- Table structure for table `ref_allocation`
--

CREATE TABLE `ref_allocation` (
  `allocation_id` int(11) NOT NULL AUTO_INCREMENT,
  `allocation_code` char(10) DEFAULT NULL,
  `allocation_desc` varchar(255) DEFAULT NULL,
  `running_no` int(11) NOT NULL DEFAULT '0',
  `created_by` int(11) DEFAULT NULL,
  `updated_by` int(11) DEFAULT NULL,
  `created_at` timestamp NULL DEFAULT NULL,
  `updated_at` timestamp NOT NULL DEFAULT CURRENT_TIMESTAMP,
  `deleted_at` timestamp NULL DEFAULT NULL,
  PRIMARY KEY (`allocation_id`)
) ENGINE=InnoDB AUTO_INCREMENT=3 DEFAULT CHARSET=latin1;

--
-- Dumping data for table `ref_allocation`
--

INSERT INTO `ref_allocation` VALUES (1,'M','OPERASI',1,2,46,'2019-03-21 19:41:34','2019-04-11 20:19:11',NULL),(2,'P','PEMBANGUNAN',0,2,46,'2019-03-21 19:41:45','2019-04-11 20:54:00',NULL);

--
-- Table structure for table `ref_asset`
--

CREATE TABLE `ref_asset` (
  `asset_id` int(11) NOT NULL AUTO_INCREMENT,
  `asset_category` int(11) DEFAULT '0' COMMENT '0-bukan alih, 1-alih',
  `asset_code` varchar(20) DEFAULT NULL,
  `asset_desc` varchar(255) DEFAULT NULL,
  `created_by` int(11) DEFAULT NULL,
  `updated_by` int(11) DEFAULT NULL,
  `created_at` timestamp NULL DEFAULT NULL,
  `updated_at` timestamp NOT NULL DEFAULT CURRENT_TIMESTAMP,
  `deleted_at` timestamp NULL DEFAULT NULL,
  PRIMARY KEY (`asset_id`),
  KEY `idx_refasset_createdby` (`created_by`),
  KEY `idx_refasset_updatedby` (`updated_by`)
) ENGINE=InnoDB AUTO_INCREMENT=40 DEFAULT CHARSET=latin1;

--
-- Dumping data for table `ref_asset`
--

INSERT INTO `ref_asset` VALUES (1,1,'A35300','ALAT KELENGKAPAN KOMPUTER DAN LETRONIK',2,31,'2020-10-14 03:36:35','2021-11-08 15:36:34',NULL),(2,1,'A35400','ALAT KELENGKAPAN LETRIK',2,275,'2020-10-14 03:36:35','2021-08-16 04:26:45',NULL),(3,1,'A35200','ALAT KELENGKAPAN MESIN',2,275,'2020-10-14 03:36:35','2021-08-16 04:29:46',NULL),(4,1,'A35100','ALAT KELENGKAPAN PEJABAT,PERABOT DAN LENGKAPAN',2,275,'2020-10-14 03:36:35','2021-08-16 04:28:35',NULL),(5,1,'A35500','ALAT KELENGKAPAN PENYIARAN DAAN PERHUBUNGAN',2,275,'2020-10-14 03:36:35','2021-08-16 04:30:22',NULL),(6,0,'P27600','BAHAN TENUNAN DAN BARANG - BARANG PAKAIAN',2,31,'2020-10-14 03:36:35','2020-12-31 04:34:31',NULL),(7,0,'P27100','BEKALAN PEJABAT',2,275,'2020-10-14 03:36:35','2021-04-05 03:01:49',NULL),(8,0,'L91100','BELANJA AKRU',2,182,'2020-10-14 03:36:35','2021-04-07 01:20:16',NULL),(9,1,'000000','INTANGIBLE ASSET',2,2,'2020-10-14 03:36:35','2020-10-14 03:36:35',NULL),(10,1,'A33100','KEMUDAHAN',2,275,'2020-10-14 03:36:35','2021-08-16 04:33:07',NULL),(11,1,'A34100','KENDERAAN',2,31,'2020-10-14 03:36:35','2020-12-31 04:45:35',NULL),(12,0,'P29400','KERAIAN, HOSPITALITI DAN HONORARIUM',2,31,'2020-10-14 03:36:35','2020-12-31 04:41:49',NULL),(13,0,'P22700','PENGANGKUTAN  BARANG- BARANG PEJABAT',2,31,'2020-10-14 03:36:35','2020-12-31 04:38:36',NULL),(14,0,'P22100','PENGANGKUTAN BARANG-BARANG UNTUK KAKITANGAN AWAM DALAM NEGERI',2,275,'2020-10-14 03:36:35','2021-08-16 04:23:33',NULL),(15,0,'P28500','PENYELENGGARAAN ALAT KELENGKAPAN ELEKTRIK',2,31,'2020-10-14 03:36:35','2020-12-31 04:40:37',NULL),(16,0,'P28400','PENYELENGGARAAN ALAT KELENGKAPAN KOMPUTER DAN LETRONIK',2,31,'2020-10-14 03:36:35','2020-12-31 04:40:14',NULL),(17,0,'P28300','PENYELENGGARAAN ALAT KELENGKAPAN MESIN',2,31,'2020-10-14 03:36:35','2020-12-31 04:39:54',NULL),(18,0,'P28200','PENYELENGGARAAN ALAT KELENGKAPAN PEJABAT, PERABOT DAN LENGKAPAN',2,31,'2020-10-14 03:36:35','2020-12-31 04:35:36',NULL),(19,0,'P28100','PENYELENGGARAAN BANGUNAN',2,31,'2020-10-14 03:36:35','2020-12-31 04:35:07',NULL),(20,0,'P28700','PENYELENGGARAAN KENDERAAN',2,31,'2020-10-14 03:36:35','2020-12-31 04:36:00',NULL),(21,0,'P21200','PERBELANJAAN PERJALANAN DAN SARA HIDUP KAKIKTANGAN DI LUAR NEGARA',2,31,'2020-10-14 03:36:35','2020-12-31 04:32:43',NULL),(22,0,'P21100','PERBELANJAAN PERJALANAN DAN SARA HIDUP KAKITANGAN DALAM NEGERI',2,31,'2020-10-14 03:36:35','2020-12-31 04:32:21',NULL),(23,0,'P23100','PERHUBUNGAN',2,31,'2020-10-14 03:36:35','2020-12-31 04:33:06',NULL),(24,0,'P29200','PERKHIDMATAN PERCETAKAN DAN MENJILID YANG DIBELI',2,31,'2020-10-14 03:36:35','2020-12-31 04:43:01',NULL),(25,0,'P29100','PERKHIDMATAN YANG DIBELI',2,31,'2020-10-14 03:36:35','2020-12-31 04:42:38',NULL),(26,0,'P24500','SEWA ALAT KELENGKAPAN PEJABAT, PERABOT DAN LENGKAPAN',2,31,'2020-10-14 03:36:35','2020-12-31 04:44:17',NULL),(27,0,'P24200','SEWA BANGUNAN',2,31,'2020-10-14 03:36:35','2020-12-31 04:44:39',NULL),(28,1,'A35600','UBAHSUAI',2,31,'2020-10-14 03:36:35','2020-12-31 04:43:40',NULL),(29,0,'P28600','PENYELENGGARAAN ALAT KELENGKAPAN PENYIARAN DAN PERHUBUNGAN',275,275,'2020-11-27 00:11:47','2020-12-03 03:56:18',NULL),(30,0,'L91108','APO',182,182,'2021-04-07 01:24:19','2021-04-07 01:24:19',NULL),(31,0,'L91113','JICA/ CLMV',182,182,'2021-04-07 01:24:50','2021-04-07 01:24:50',NULL),(32,0,'U22S0000','APO DMO',182,182,'2021-08-26 02:13:17','2021-08-26 02:13:39',NULL),(33,0,'P27300','BEKALAN RIADAH',182,182,'2021-09-09 00:36:37','2021-09-09 00:36:37',NULL),(34,0,'P11000','GAJI KAKITANGAN AWAM',31,31,'2022-01-27 07:29:36','2022-01-27 08:24:37',NULL),(35,0,'P11600','TUNGGAKAN GAJI TAHUN SEMASA',31,31,'2022-01-27 08:25:15','2022-01-27 08:25:15',NULL),(36,0,'P11700','TUNGGAKAN GAJI TAHUN TERDAHULU',31,31,'2022-01-27 08:25:38','2022-01-27 08:25:38',NULL),(37,0,'P12100','ELAUN TETAP',31,31,'2022-01-27 08:25:54','2022-01-27 08:25:54',NULL),(38,0,'P12600','TUNGGAKAN ELAUN KAKITANGAN AWAM TAHUN SEMASA',31,31,'2022-01-27 08:28:48','2022-01-27 08:28:48',NULL),(39,0,'P43100','PEMBERIAN KEPADA NEGARA ASING',31,31,'2022-01-31 02:41:50','2022-01-31 02:41:50',NULL);

--
-- Table structure for table `ref_asset_type`
--

CREATE TABLE `ref_asset_type` (
  `asset_type_id` int(11) NOT NULL AUTO_INCREMENT,
  `asset_id` int(11) DEFAULT NULL,
  `asset_category` int(11) DEFAULT NULL,
  `asset_desc` varchar(100) DEFAULT NULL,
  `asset_type_code` varchar(50) DEFAULT NULL,
  `asset_type_desc` varchar(255) DEFAULT NULL,
  `status` int(11) NOT NULL DEFAULT '1',
  `created_by` int(11) DEFAULT NULL,
  `updated_by` int(11) DEFAULT NULL,
  `created_at` timestamp NULL DEFAULT NULL,
  `updated_at` timestamp NOT NULL DEFAULT CURRENT_TIMESTAMP,
  `deleted_at` timestamp NULL DEFAULT NULL,
  PRIMARY KEY (`asset_type_id`),
  KEY `idx_refassettype_assetid` (`asset_id`),
  KEY `idx_refassettype_createdby` (`created_by`),
  KEY `idx_refassettype_updatedby` (`updated_by`),
  KEY `idx_refassettype_category` (`asset_category`),
  KEY `idx_refassettype_status` (`status`)
) ENGINE=InnoDB AUTO_INCREMENT=99 DEFAULT CHARSET=latin1;

--
-- Dumping data for table `ref_asset_type`
--

INSERT INTO `ref_asset_type` VALUES (1,10,1,'KEMUDAHAN','A33101','KEMUDAHAN',1,2,31,'2020-10-14 03:31:11','2022-01-24 14:20:24',NULL),(2,11,1,'KENDERAAN','A34101','KENDERAAN BERMOTOR',1,2,2,'2020-10-14 03:31:11','2020-10-14 03:31:11',NULL),(3,4,1,'ALAT KELENGKAPAN PEJABAT,PERABOT DAN LENGKAPAN','A35101','PERABOT DAN KELENGKAPAN PEJABAT',1,2,2,'2020-10-14 03:31:11','2020-10-14 03:31:11',NULL),(4,3,1,'ALAT KELENGKAPAN MESIN','A35201','MESIN DAN ALAT KELENGKAPAN  PEJABAT',1,2,2,'2020-10-14 03:31:11','2020-10-14 03:31:11',NULL),(5,1,1,'ALAT KELENGKAPAN KOMPUTER DAN LETRONIK','A35301','KOMPUTER DAN ALAT KELENGKAPAN',1,2,2,'2020-10-14 03:31:11','2020-10-14 03:31:11',NULL),(6,2,1,'ALAT KELENGKAPAN LETRIK','A35401','HAWA DINGIN, PENYEJUK, PEMANAS DAN ALAT KELENGKAPAN',1,2,2,'2020-10-14 03:31:11','2020-10-14 03:31:11',NULL),(7,5,1,'ALAT KELENGKAPAN PENYIARAN DAAN PERHUBUNGAN','A35501','TELEFON DAN MESIN FAX/PA SYSTEM',1,2,2,'2020-10-14 03:31:11','2020-10-14 03:31:11',NULL),(8,28,1,'UBAHSUAI','A35601','UBAHSUAI',1,2,2,'2020-10-14 03:31:11','2020-10-14 03:31:11',NULL),(9,9,1,'INTANGIBLE ASSET','A35701','APLIKASI SISTEM DAN SOFTWARE',1,2,31,'2020-10-14 03:31:11','2022-02-07 03:04:19',NULL),(10,30,0,'BELANJAN AKRU','L91108','APO',1,2,182,'2020-10-14 03:31:11','2021-04-07 01:28:15',NULL),(11,31,0,'BELANJAN AKRU','L91113','BEST PRACTICE JICA/ CLMV',1,2,182,'2020-10-14 03:31:11','2021-04-07 01:26:14',NULL),(12,22,0,'PERBELANJAAN PERJALANAN DAN SARA HIDUP KAKITANGAN DALAM NEGERI','P21101','TAMBANG PERJALANAN KAKITANGAN DALAM NEGERI',1,2,31,'2020-10-14 03:31:11','2022-02-07 02:58:10',NULL),(13,22,0,'PERBELANJAAN PERJALANAN DAN SARA HIDUP KAKITANGAN DALAM NEGERI','P21102','HOTEL, LOJING DAN ELAUN MAKAN (DALAM NEGERI)',1,2,31,'2020-10-14 03:31:11','2022-01-21 05:36:04',NULL),(14,22,0,'PERBELANJAAN PERJALANAN DAN SARA HIDUP KAKITANGAN DALAM NEGERI','P21199','LAIN - LAIN PERBELANJAAN PERJALANAN',1,2,2,'2020-10-14 03:31:11','2020-10-14 03:31:11',NULL),(15,21,0,'PERBELANJAAN PERJALANAN DAN SARA HIDUP KAKIKTANGAN DI LUAR NEGARA','P21201','TAMBANG PERJALANAN KAKITANGAN LUAR NEGARA',1,2,31,'2020-10-14 03:31:11','2022-02-07 02:58:59',NULL),(16,21,0,'PERBELANJAAN PERJALANAN DAN SARA HIDUP KAKIKTANGAN DI LUAR NEGARA','P21202','HOTEL, LOJING DAN ELAUN MAKAN (LUAR NEGARA)',1,2,31,'2020-10-14 03:31:11','2022-01-21 05:36:16',NULL),(17,21,0,'PERBELANJAAN PERJALANAN DAN SARA HIDUP KAKIKTANGAN DI LUAR NEGARA','P22101','PERPINDAHAN BARANG P',1,2,2,'2020-10-14 03:31:11','2020-10-14 03:31:11',NULL),(18,21,0,'PERBELANJAAN PERJALANAN DAN SARA HIDUP KAKIKTANGAN DI LUAR NEGARA','P22701','PENGANGKUTAN BARANG',1,2,2,'2020-10-14 03:31:11','2020-10-14 03:31:11',NULL),(19,14,0,'PENGANGKUTAN BARANG-BARANG UNTUK KAKITANGAN AWAM DALAM NEGERI','P22101','PERPINDAHAN BARANG PEGAWAI',1,2,2,'2020-10-14 03:31:11','2020-10-14 03:31:11',NULL),(20,13,0,'PENGANGKUTAN  BARANG- BARANG PEJABAT','P22701','PENGANGKUTAN BARANG PEJABAT, EXCESS BAGGAGE',1,2,2,'2020-10-14 03:31:11','2020-10-14 03:31:11',NULL),(21,23,0,'PERHUBUNGAN ','P23104','INTERNET',1,2,2,'2020-10-14 03:31:11','2020-10-14 03:31:11',NULL),(22,27,0,'SEWA BANGUNAN','P24201','SEWA BANGUNAN PEJABAT',1,2,2,'2020-10-14 03:31:11','2020-10-14 03:31:11',NULL),(23,27,0,'SEWA BANGUNAN','P24202','SEWA BANGUNAN KEDIAMAN',1,2,2,'2020-10-14 03:31:11','2020-10-14 03:31:11',NULL),(24,27,0,'SEWA BANGUNAN','P24299','SEWA BANGUNAN LAIN LAIN (BAYARAN PARKING BULANAN)',1,2,2,'2020-10-14 03:31:11','2020-10-14 03:31:11',NULL),(25,26,0,'SEWA ALAT KELENGKAPAN PEJABAT, PERABOT DAN LENGKAPAN','P24501','SEWA PERABOT ALAT KELENGKAPAN PEJABAT',1,2,2,'2020-10-14 03:31:11','2020-10-14 03:31:11',NULL),(26,26,0,'SEWA ALAT KELENGKAPAN PEJABAT, PERABOT DAN LENGKAPAN','P24502','SEWA MESIN DAN LENGKAPAN',1,2,2,'2020-10-14 03:31:11','2020-10-14 03:31:11',NULL),(27,26,0,'SEWA ALAT KELENGKAPAN PEJABAT, PERABOT DAN LENGKAPAN','P24503','SEWA MESIN FOTOSTAT',1,2,2,'2020-10-14 03:31:11','2020-10-14 03:31:11',NULL),(28,26,0,'SEWA ALAT KELENGKAPAN PEJABAT, PERABOT DAN LENGKAPAN','P24504','SEWA KENDERAAN',1,2,2,'2020-10-14 03:31:11','2020-10-14 03:31:11',NULL),(29,26,0,'SEWA ALAT KELENGKAPAN PEJABAT, PERABOT DAN LENGKAPAN','P24505','SEWA BILIK SEMINAR/KURSUS - PAMERAN',1,2,2,'2020-10-14 03:31:11','2020-10-14 03:31:11',NULL),(30,7,0,'BEKALAN PEJABAT','P27101','SURAT KHABAR, DAN MAJALAH',1,2,2,'2020-10-14 03:31:11','2020-10-14 03:31:11',NULL),(31,7,0,'BEKALAN PEJABAT','P27102','P27102- BEKALAN PEJABAT',1,2,275,'2020-10-14 03:31:11','2020-11-27 00:18:41',NULL),(32,7,0,'BEKALAN PEJABAT','P27103','P27103 - BEKALAN KOMPUTER',1,2,275,'2020-10-14 03:31:11','2021-04-05 03:03:06',NULL),(33,7,0,'BEKALAN PEJABAT','P27105','BAHAN KURSUS / SEMINAR (CTH: LANYARD, TRAINING KIT, T-SHIRT, BAG, FLIPCHART)',1,2,31,'2020-10-14 03:31:11','2020-10-14 05:32:13',NULL),(34,7,0,'BEKALAN PEJABAT','P27106','PERABOT DAN LENGKAPAN PEJABAT < RM 1,000.00 - CARPET, LANGSIR, WHITE BOARD - HAND DRYER',1,2,2,'2020-10-14 03:31:11','2020-10-14 03:31:11',NULL),(35,7,0,'BEKALAN PEJABAT','P27107','P27107 - BEKALAN DAN ALAT GANTI',1,2,275,'2020-10-14 03:31:11','2021-04-05 03:02:47',NULL),(36,7,0,'BEKALAN PEJABAT','P27108','BEKAL BAHAN PROMOSI (CTH: BAJU , BUNTING, NOTEBOOK ORGANIZER)',1,2,31,'2020-10-14 03:31:11','2020-10-14 05:30:05',NULL),(37,6,0,'BAHAN TENUNAN DAN BARANG - BARANG PAKAIAN','P27601','PAKAIAN SERAGAM',1,2,2,'2020-10-14 03:31:11','2020-10-14 03:31:11',NULL),(38,19,0,'PENYELENGGARAAN BANGUNAN ','P28101','BANGUNAN PEJABAT DAN RUMAH REHAT  - PEST CONTROL, PEMADAM API, TANGKI AIR, CAT , CUCIBANGUNAN',1,2,2,'2020-10-14 03:31:11','2020-10-14 03:31:11',NULL),(39,19,0,'PENYELENGGARAAN BANGUNAN ','P28102','KAWASAN PEJABAT',1,2,2,'2020-10-14 03:31:11','2020-10-14 03:31:11',NULL),(40,19,0,'PENYELENGGARAAN BANGUNAN ','P28199','BANGUNAN - BANGUNAN LAIN',1,2,2,'2020-10-14 03:31:11','2020-10-14 03:31:11',NULL),(41,18,0,'PENYELENGGARAAN ALAT KELENGKAPAN PEJABAT, PERABOT DAN LENGKAPAN','P28201','PERABOT ALAT KELENGKAPAN  PEJABAT',1,2,2,'2020-10-14 03:31:11','2020-10-14 03:31:11',NULL),(42,18,0,'PENYELENGGARAAN ALAT KELENGKAPAN PEJABAT, PERABOT DAN LENGKAPAN','P28299','PERABOT DAN LENGKAPAN YANG LAIN',1,2,2,'2020-10-14 03:31:11','2020-10-14 03:31:11',NULL),(43,17,0,'PENYELENGGARAAN ALAT KELENGKAPAN MESIN','P28301','MESIN DAN ALAT KELENGKAPAN PEJABAT',1,2,2,'2020-10-14 03:31:11','2020-10-14 03:31:11',NULL),(44,17,0,'PENYELENGGARAAN ALAT KELENGKAPAN MESIN','P28399','ALAT -ALAT KELENGKAPAN MESIN YANG LAIN',1,2,2,'2020-10-14 03:31:11','2020-10-14 03:31:11',NULL),(45,16,0,'PENYELENGGARAAN ALAT KELENGKAPAN KOMPUTER DAN LETRONIK','P28401','KOMPUTER DAN LETRONIK',1,2,2,'2020-10-14 03:31:11','2020-10-14 03:31:11',NULL),(46,15,0,'PENYELENGGARAAN ALAT KELENGKAPAN ELEKTRIK','P28501','HAWA DINGIN UTAMA',1,2,2,'2020-10-14 03:31:11','2020-10-14 03:31:11',NULL),(47,15,0,'PENYELENGGARAAN ALAT KELENGKAPAN ELEKTRIK','P28502','HAWA DINGIN INDIVIDU',1,2,2,'2020-10-14 03:31:11','2020-10-14 03:31:11',NULL),(48,20,0,'PENYELENGGARAAN KENDERAAN','P28701','KENDERAAN',1,2,2,'2020-10-14 03:31:11','2020-10-14 03:31:11',NULL),(49,25,0,'PERKHIDMATAN YANG DIBELI','P29101','PERKHIDMATAN PERUBATAN',1,2,2,'2020-10-14 03:31:11','2020-10-14 03:31:11',NULL),(50,25,0,'PERKHIDMATAN YANG DIBELI','P29103','PERKHIDMATAN PERUNDANGAN - STEM HASIL',1,2,2,'2020-10-14 03:31:11','2020-10-14 03:31:11',NULL),(51,25,0,'PERKHIDMATAN YANG DIBELI','P29104','PERKHIDMATAN LATIHAN KAKITANGAN',1,2,2,'2020-10-14 03:31:11','2020-10-14 03:31:11',NULL),(52,25,0,'PERKHIDMATAN YANG DIBELI','P29105','PERKHIDMATAN PAKAR RUNDING PERNIAGAAN DAN PENGURUSAN',1,2,2,'2020-10-14 03:31:11','2020-10-14 03:31:11',NULL),(53,25,0,'PERKHIDMATAN YANG DIBELI','P29106','PERKHIDMATAN PENSYARAH JEMPUTAN',1,2,2,'2020-10-14 03:31:11','2020-10-14 03:31:11',NULL),(54,25,0,'PERKHIDMATAN YANG DIBELI','P29107','PERKHIDMATAN KOMPUTER DAN PROSESAN DATA',1,2,2,'2020-10-14 03:31:11','2020-10-14 03:31:11',NULL),(55,25,0,'PERKHIDMATAN YANG DIBELI','P29108','PERKHIDMATAN FOTOGRAFI , BLUE-PRINTING DAN FILEM MIKRO',1,2,2,'2020-10-14 03:31:11','2020-10-14 03:31:11',NULL),(56,25,0,'PERKHIDMATAN YANG DIBELI','P29109','PERKHIDMATAN PENGELUARAN DAN PENYEBARAN TAYANGAN GAMBAR , PITA VIDEO, RADIO, TV PROD., LAGU, CUCI GAMBAR,  ASTRO',1,2,2,'2020-10-14 03:31:11','2020-10-14 03:31:11',NULL),(57,25,0,'PERKHIDMATAN YANG DIBELI','P29110','PERKHIDMATAN PENGIKLANAN',1,2,2,'2020-10-14 03:31:11','2020-10-14 03:31:11',NULL),(58,25,0,'PERKHIDMATAN YANG DIBELI','P29111','PERKHIDMATAN PERLINDUNGAN DAN KESELAMATAN - (RENEW LESEN, JAGA, INSURAN KEBAKARAN/INSURAN PERJALANAN KE LUAR NEGARA)',1,2,2,'2020-10-14 03:31:11','2020-10-14 03:31:11',NULL),(59,25,0,'PERKHIDMATAN YANG DIBELI','P29112','PERKHIDMATAN PENTERJEMAHAN DAN PENAFSIRAN/PENULISAN',1,2,2,'2020-10-14 03:31:11','2020-10-14 03:31:11',NULL),(60,25,0,'PERKHIDMATAN YANG DIBELI','P29114','INSURAN & CUKAI JALAN / KENDERAAN PEJABAT (RENEW ROAD TAX) * GUNA UTK INSURAN & CUKAI JALAN/KENDERAAN PEJABAT TERMASUK DI WILAYAH',1,2,2,'2020-10-14 03:31:11','2020-10-14 03:31:11',NULL),(61,25,0,'PERKHIDMATAN YANG DIBELI','P29117','YURAN LAIN (PERPUSTAKAAN, BENCHMARKING, DLL.)',1,2,2,'2020-10-14 03:31:11','2020-10-14 03:31:11',NULL),(62,25,0,'PERKHIDMATAN YANG DIBELI','P29199','PERKHIDMATAN YANG LAIN - BANK CHARGE, SONITACT,TENAGA KERJA/PLATE NO.KERETA BARU',1,2,2,'2020-10-14 03:31:11','2020-10-14 03:31:11',NULL),(63,24,0,'PERKHIDMATAN PERCETAKAN DAN MENJILID YANG DIBELI','P29201','PERCETAKAN PENERBITAN - ARTWORD, APR , BUKU LAPORAN, KERTAS UNTUK BOOKLET, PRINT LAPORAN, GCR',1,2,275,'2020-10-14 03:31:11','2021-08-30 07:16:59',NULL),(64,24,0,'PERKHIDMATAN PERCETAKAN DAN MENJILID YANG DIBELI','P29202','PERCETAKAN BORANG DAN ALAT TULIS  -  KAD NAMA, COVER SIJIL, STICKER, BROCHURE, PLANNER, POSTER',1,2,2,'2020-10-14 03:31:11','2020-10-14 03:31:11',NULL),(65,24,0,'PERKHIDMATAN PERCETAKAN DAN MENJILID YANG DIBELI','P29203','BACAAN METER MESIN FOTOSTAT',1,2,2,'2020-10-14 03:31:11','2020-10-14 03:31:11',NULL),(66,24,0,'PERKHIDMATAN PERCETAKAN DAN MENJILID YANG DIBELI','P29299','BAYARAN - BAYARAN PERKHIDMATAN PERCETAKAN YANG LAIN - JILID, MATEL PLATE, BINDING',1,2,2,'2020-10-14 03:31:11','2020-10-14 03:31:11',NULL),(67,12,0,'KERAIAN, HOSPITALITI DAN HONORARIUM','P29401','MAKAN DAN MINUM (STOK TEH, GULA, KOPI, KRIMER, BISKUT)',1,2,31,'2020-10-14 03:31:11','2020-10-14 05:24:45',NULL),(68,12,0,'KERAIAN, HOSPITALITI DAN HONORARIUM','P29402','PENGINAPAN - ORANG JEMPUTAN/PESERTA KURSUS',1,2,2,'2020-10-14 03:31:11','2020-10-14 03:31:11',NULL),(69,12,0,'KERAIAN, HOSPITALITI DAN HONORARIUM','P29403','PENGANGKUTAN/INSURAN - ORANG JEMPUTAN/PESERTA KURSUS',1,2,2,'2020-10-14 03:31:11','2020-10-14 03:31:11',NULL),(70,12,0,'KERAIAN, HOSPITALITI DAN HONORARIUM','P29404','HONORARIUM, SAGUHATI DAN HADIAH (CTH: ORANG LUAR, BAYARAN PEMENANG ICC, PIALA, DOORGIFT)',1,2,31,'2020-10-14 03:31:11','2020-10-14 05:50:24',NULL),(71,12,0,'KERAIAN, HOSPITALITI DAN HONORARIUM','P29406','HONORARIUM, SAGUHATI DAN HADIAH - KAKITANGAN MPC, DINNER, TQ DAUN KELADI, HARI KELUARGA, HARI SUKAN)',1,2,31,'2020-10-14 03:31:11','2020-10-14 05:51:04',NULL),(72,12,0,'KERAIAN, HOSPITALITI DAN HONORARIUM','P29407','MAKAN DAN MINUM (PESERTA KURSUS, SEMINAR, WORKSHOP, BAND)',1,2,31,'2020-10-14 03:31:11','2020-10-14 05:25:35',NULL),(73,25,NULL,NULL,'P29102','PERKHIDMATAN PERAKAUNAN DAN AUDITAN',1,275,275,'2020-11-09 01:01:05','2020-11-09 01:05:43',NULL),(74,29,NULL,NULL,'P28601','P28601-TELEFON DAN MESIN FAX - PABX',1,275,275,'2020-11-27 00:15:23','2020-12-03 03:57:05',NULL),(75,8,NULL,NULL,'L91100','BELANJA AKRU',1,182,182,'2021-04-07 01:29:59','2021-04-07 01:29:59',NULL),(76,25,NULL,NULL,'P29113','PERKHIDMATAN DOBI',1,31,31,'2021-04-30 01:36:55','2021-04-30 01:36:55',NULL),(77,32,NULL,NULL,'U22S0000','WANG COVID-19',1,182,182,'2021-08-26 02:14:36','2021-08-26 02:14:36',NULL),(78,7,NULL,NULL,'P27300','P27302 - ALAT-ALAT SUKAN DAN OLAHRAGA',1,210,210,'2021-09-08 09:41:27','2021-09-08 10:26:53','2021-09-08 16:49:44'),(79,33,NULL,NULL,'P27302','ALAT-ALAT SUKAN DAN OLAHRAGA',1,182,182,'2021-09-09 00:42:22','2021-09-09 00:42:22',NULL),(80,15,NULL,NULL,'P28503','ALAT-ALAT KELENGKAPAN ELEKTRIK YANG LAIN',1,182,182,'2021-09-28 03:51:59','2021-09-28 03:51:59',NULL),(81,15,NULL,NULL,'P28599','SEWA ELEKTRIK LAIN',1,182,182,'2021-09-28 03:52:22','2021-09-28 03:52:22',NULL),(82,6,NULL,NULL,'P27699','PAKAIAN-PAKAIAN YANG LAIN',1,31,31,'2022-01-19 07:37:47','2022-01-19 07:37:47',NULL),(83,12,NULL,NULL,'P29408','MESYUARAT DALAMAN',1,31,31,'2022-01-22 08:08:13','2022-01-22 08:08:13',NULL),(84,34,NULL,NULL,'P11101','GAJI BIASA',1,31,31,'2022-01-27 07:30:31','2022-01-27 07:30:31',NULL),(85,34,NULL,NULL,'P11102','GAJI MEMANGKU',1,31,31,'2022-01-27 07:32:09','2022-01-27 07:32:09',NULL),(86,34,NULL,NULL,'P11103','GAJI TANGGUNGAN KERJA',1,31,31,'2022-01-27 08:13:03','2022-01-27 08:13:03',NULL),(87,35,NULL,NULL,'P11601','TUNGGAKAN GAJI SEMASA',1,31,31,'2022-01-27 08:13:32','2022-01-27 08:26:41',NULL),(88,36,NULL,NULL,'P11701','TUNGGAKAN GAJI TERDAHULU',1,31,31,'2022-01-27 08:14:06','2022-01-27 08:26:51',NULL),(89,37,NULL,NULL,'P12101','ELAUN KHIDMAT AWAM',1,31,31,'2022-01-27 08:29:24','2022-01-27 08:29:24',NULL),(90,37,NULL,NULL,'P12102','ELAUN PERUMAHAN',1,31,31,'2022-01-27 08:29:47','2022-01-27 08:29:47',NULL),(91,37,NULL,NULL,'P12103','ELAUN KERAIAN',1,31,31,'2022-01-27 08:30:14','2022-01-27 08:30:14',NULL),(92,37,NULL,NULL,'P12104','ELAUN INSENTIF KEWANGAN',1,31,31,'2022-01-27 08:30:52','2022-01-27 08:30:52',NULL),(93,37,NULL,NULL,'P12109','ELAUN WILAYAH',1,31,31,'2022-01-27 08:33:51','2022-01-27 08:33:51',NULL),(94,37,NULL,NULL,'P12110','ELAUN  PEMANDU',1,31,31,'2022-01-27 08:34:14','2022-01-27 08:34:14',NULL),(95,37,NULL,NULL,'P12113','ELAUN PEMBANTU RUMAH / ELAUN SELENGGARA RUMAH',1,31,31,'2022-01-27 08:35:03','2022-01-27 08:35:03',NULL),(96,37,NULL,NULL,'P12114','ELAUN COLA',1,31,31,'2022-01-27 08:35:36','2022-01-27 08:35:36',NULL),(97,37,NULL,NULL,'P12116','ELAUN TELEFON',1,31,31,'2022-01-27 08:36:29','2022-01-27 08:36:29',NULL),(98,39,NULL,NULL,'P43101','YURAN APO',1,31,31,'2022-01-31 02:42:33','2022-01-31 02:42:33',NULL);

--
-- Table structure for table `ref_bank`
--

CREATE TABLE `ref_bank` (
  `bank_id` int(11) NOT NULL AUTO_INCREMENT,
  `bank_desc` varchar(100) NOT NULL,
  `minimum_digit` int(11) NOT NULL DEFAULT '1',
  `maximum_digit` int(11) NOT NULL DEFAULT '1',
  `created_by` int(11) DEFAULT NULL,
  `updated_by` int(11) DEFAULT NULL,
  `created_at` timestamp NULL DEFAULT NULL,
  `updated_at` timestamp NOT NULL DEFAULT CURRENT_TIMESTAMP,
  `deleted_at` timestamp NULL DEFAULT NULL,
  PRIMARY KEY (`bank_id`),
  KEY `idx_bank_createdby` (`created_by`),
  KEY `idx_bank_updatedby` (`updated_by`)
) ENGINE=InnoDB AUTO_INCREMENT=33 DEFAULT CHARSET=latin1;

--
-- Dumping data for table `ref_bank`
--

INSERT INTO `ref_bank` VALUES (1,'AFFIN BANK BERHAD',12,12,2,2,'2021-01-05 06:40:33','2021-01-05 06:40:33',NULL),(2,'ALLIANCE BANK MALAYSIA BERHAD',15,15,2,2,'2021-01-05 06:40:33','2021-01-05 06:40:33',NULL),(3,'AMBANK/AMFINANCE',13,13,2,2,'2021-01-05 06:40:33','2021-01-05 06:40:33',NULL),(4,'AL-RAJHI BANKING & INVESTMENT CORPORATION (MALAYSIA) BERHAD',15,15,2,31,'2021-01-05 06:40:33','2021-05-29 18:43:57',NULL),(5,'BANGKOK BANK BERHAD',10,10,2,2,'2021-01-05 06:40:33','2021-01-05 06:40:33',NULL),(6,'BANK ISLAM MALAYSIA BERHAD',14,14,2,2,'2021-01-05 06:40:33','2021-01-05 06:40:33',NULL),(7,'BANK KERJASAMA RAKYAT MALAYSIA BERHAD',12,12,2,2,'2021-01-05 06:40:33','2021-01-05 06:40:33',NULL),(8,'BANK MUAMALAT MALAYSIA BERHAD',14,14,2,2,'2021-01-05 06:40:33','2021-01-05 06:40:33',NULL),(9,'BANK OF AMERICA',5,17,2,2,'2021-01-05 06:40:33','2021-01-05 06:40:33',NULL),(10,'BANK OF CHINA (MALAYSIA) BERHAD',13,15,2,2,'2021-01-05 06:40:33','2021-01-05 06:40:33',NULL),(11,'BANK PERTANIAN MALAYSIA BERHAD (AGROBANK)',16,16,2,2,'2021-01-05 06:40:33','2021-01-05 06:40:33',NULL),(12,'BANK SIMPANAN NASIONAL BERHAD',16,16,2,2,'2021-01-05 06:40:33','2021-01-05 06:40:33',NULL),(13,'BNP PARIBAS MALAYSIA BERHAD',6,16,2,2,'2021-01-05 06:40:33','2021-01-05 06:40:33',NULL),(14,'CHINA CONSTRUCTION BANK (MALAYSIA) BERHAD',12,12,2,2,'2021-01-05 06:40:33','2021-01-05 06:40:33',NULL),(15,'CIMB BANK BERHAD',10,14,2,2,'2021-01-05 06:40:33','2021-01-05 06:40:33',NULL),(16,'CITIBANK BERHAD',9,16,2,2,'2021-01-05 06:40:33','2021-01-05 06:40:33',NULL),(17,'DEUTSCHE BANK (MALAYSIA) BERHAD',10,14,2,2,'2021-01-05 06:40:33','2021-01-05 06:40:33',NULL),(18,'HONG LEONG BANK',11,13,2,2,'2021-01-05 06:40:33','2021-01-05 06:40:33',NULL),(19,'HSBC BANK MALAYSIA BERHAD',12,12,2,2,'2021-01-05 06:40:33','2021-01-05 06:40:33',NULL),(20,'INDUSTRIAL AND COMMERCIAL BANK OF CHINA (MALAYSIA) BERHAD',17,17,2,2,'2021-01-05 06:40:33','2021-01-05 06:40:33',NULL),(21,'J.P. MORGAN CHASE BANK BHD',10,10,2,2,'2021-01-05 06:40:33','2021-01-05 06:40:33',NULL),(22,'KUWAIT FINANCE HOUSE (MALAYSIA) BERHAD',12,12,2,2,'2021-01-05 06:40:33','2021-01-05 06:40:33',NULL),(23,'MAYBANK',12,12,2,2,'2021-01-05 06:40:33','2021-01-05 06:40:33',NULL),(24,'MBSB BANK BERHAD',16,16,2,2,'2021-01-05 06:40:33','2021-01-05 06:40:33',NULL),(25,'BANK OF TOKYO-MITSUBISHI UFJ (M) BERHAD / MUFG BANK',6,6,2,2,'2021-01-05 06:40:33','2021-01-05 06:40:33',NULL),(26,'MIZUHO CORPORATE BANK MALAYSIA BERHAD',10,10,2,2,'2021-01-05 06:40:33','2021-01-05 06:40:33',NULL),(27,'OCBC BANK (MALAYSIA) BERHAD',10,10,2,2,'2021-01-05 06:40:33','2021-01-05 06:40:33',NULL),(28,'PUBLIC BANK BERHAD/PUBLIC ISLAMIC BANK BERHAD',10,10,2,2,'2021-01-05 06:40:33','2021-01-05 06:40:33',NULL),(29,'RHB BANK',14,14,2,2,'2021-01-05 06:40:33','2021-01-05 06:40:33',NULL),(30,'STANDARD CHARTERED BANK MALAYSIA BERHAD',5,17,2,2,'2021-01-05 06:40:33','2021-01-05 06:40:33',NULL),(31,'SUMITOMO MITSUI BANKING CORPORATION MALAYSIA BERHAD',8,8,2,2,'2021-01-05 06:40:33','2021-01-05 06:40:33',NULL),(32,'UNITED OVERSEAS BANK BERHAD',10,17,2,2,'2021-01-05 06:40:33','2021-01-05 06:40:33',NULL);

--
-- Table structure for table `ref_card`
--

CREATE TABLE `ref_card` (
  `card_id` int(11) NOT NULL AUTO_INCREMENT,
  `card_desc` varchar(20) DEFAULT NULL,
  `card_color` varchar(20) NOT NULL,
  `created_at` timestamp NULL DEFAULT NULL,
  `updated_at` timestamp NOT NULL DEFAULT CURRENT_TIMESTAMP,
  `deleted_at` timestamp NULL DEFAULT NULL,
  PRIMARY KEY (`card_id`)
) ENGINE=InnoDB AUTO_INCREMENT=4 DEFAULT CHARSET=latin1;

--
-- Dumping data for table `ref_card`
--

INSERT INTO `ref_card` VALUES (1,'Kuning','#FFFF00','2018-11-25 17:16:20','2018-11-25 14:50:57',NULL),(2,'Hijau','#00FF00','2018-11-25 17:16:24','2018-11-25 14:51:07',NULL),(3,'Merah','#FF0000','2018-11-25 17:16:28','2018-11-25 14:51:15',NULL);

--
-- Table structure for table `ref_cawangan`
--

CREATE TABLE `ref_cawangan` (
  `cawangan_id` int(11) NOT NULL AUTO_INCREMENT,
  `cawangan_desc` varchar(255) NOT NULL,
  `created_by` int(11) DEFAULT NULL,
  `updated_by` int(11) DEFAULT NULL,
  `created_at` timestamp NULL DEFAULT NULL,
  `updated_at` timestamp NOT NULL DEFAULT CURRENT_TIMESTAMP,
  `deleted_at` timestamp NULL DEFAULT NULL,
  PRIMARY KEY (`cawangan_id`)
) ENGINE=InnoDB DEFAULT CHARSET=latin1;

--
-- Dumping data for table `ref_cawangan`
--


--
-- Table structure for table `ref_charge_gov`
--

CREATE TABLE `ref_charge_gov` (
  `charge_gov_id` int(11) NOT NULL AUTO_INCREMENT,
  `supplier_service_id` int(11) DEFAULT NULL,
  `service_group_id` int(11) DEFAULT NULL,
  `charge_amount` decimal(10,2) NOT NULL DEFAULT '0.00',
  `unit_id` int(11) DEFAULT NULL,
  `created_by` int(11) DEFAULT NULL,
  `updated_by` int(11) DEFAULT NULL,
  `created_at` timestamp NULL DEFAULT NULL,
  `updated_at` timestamp NOT NULL DEFAULT CURRENT_TIMESTAMP,
  `deleted_at` timestamp NULL DEFAULT NULL,
  PRIMARY KEY (`charge_gov_id`),
  KEY `idx_chargegov_service` (`supplier_service_id`),
  KEY `idx_chargegov_createdby` (`created_by`),
  KEY `idx_chargegov_updatedby` (`updated_by`)
) ENGINE=InnoDB AUTO_INCREMENT=16 DEFAULT CHARSET=latin1;

--
-- Dumping data for table `ref_charge_gov`
--

INSERT INTO `ref_charge_gov` VALUES (1,2,1,100.00,1,2,2,'2021-06-20 15:03:42','2021-06-20 15:03:42',NULL),(2,2,2,100.00,1,2,2,'2021-06-20 15:03:42','2021-06-20 15:03:42',NULL),(3,2,3,90.00,1,2,2,'2021-06-20 15:03:42','2021-06-20 15:03:42',NULL),(4,2,4,80.00,1,2,2,'2021-06-20 15:03:42','2021-06-20 15:03:42',NULL),(5,2,5,60.00,1,2,2,'2021-06-20 15:03:42','2021-06-20 15:03:42',NULL),(6,4,1,300.00,1,2,2,'2021-06-20 15:03:42','2021-06-20 15:03:42',NULL),(7,4,2,200.00,1,2,2,'2021-06-20 15:03:42','2021-06-20 15:03:42',NULL),(8,4,3,150.00,1,2,2,'2021-06-20 15:03:42','2021-06-20 15:03:42',NULL),(9,4,4,120.00,1,2,2,'2021-06-20 15:03:42','2021-06-20 15:03:42',NULL),(10,4,5,80.00,1,2,2,'2021-06-20 15:03:42','2021-06-20 15:03:42',NULL),(11,19,1,300.00,1,2,2,'2021-06-20 15:03:42','2021-06-20 15:03:42',NULL),(12,19,2,200.00,1,2,2,'2021-06-20 15:03:42','2021-06-20 15:03:42',NULL),(13,19,3,150.00,1,2,2,'2021-06-20 15:03:42','2021-06-20 15:03:42',NULL),(14,19,4,120.00,1,2,2,'2021-06-20 15:03:42','2021-06-20 15:03:42',NULL),(15,19,5,80.00,1,2,2,'2021-06-20 15:03:42','2021-06-20 15:03:42',NULL);

--
-- Table structure for table `ref_core`
--

CREATE TABLE `ref_core` (
  `core_id` int(11) NOT NULL AUTO_INCREMENT,
  `core_desc` varchar(100) NOT NULL,
  `created_by` int(11) DEFAULT NULL,
  `updated_by` int(11) DEFAULT NULL,
  `created_at` timestamp NULL DEFAULT NULL,
  `updated_at` timestamp NOT NULL DEFAULT CURRENT_TIMESTAMP,
  `deleted_at` timestamp NULL DEFAULT NULL,
  PRIMARY KEY (`core_id`),
  KEY `idx_core_createdby` (`created_by`),
  KEY `idx_core_updatedby` (`updated_by`)
) ENGINE=InnoDB AUTO_INCREMENT=6 DEFAULT CHARSET=latin1;

--
-- Dumping data for table `ref_core`
--

INSERT INTO `ref_core` VALUES (1,'Menghasilkan bakat masa hadapan',2,2,'2022-01-06 17:51:13','2022-01-06 17:51:13',NULL),(2,'Memacu pendigitalan dan inovasi',2,2,'2022-01-06 17:51:39','2022-01-06 17:51:39',NULL),(3,'Memastikan akauntabiliti industri terhadap produktiviti',2,2,'2022-01-06 17:52:12','2022-01-06 17:52:12',NULL),(4,'Membentuk ekosistem yang teguh',2,2,'2022-01-06 17:52:37','2022-01-06 17:52:37',NULL),(5,'Memupuk minda produktif',2,2,'2022-01-06 17:52:57','2022-01-06 17:52:57',NULL);

--
-- Table structure for table `ref_field`
--

CREATE TABLE `ref_field` (
  `field_id` int(11) NOT NULL AUTO_INCREMENT,
  `field_code` char(10) DEFAULT NULL,
  `field_desc` varchar(255) DEFAULT NULL,
  `created_by` int(11) DEFAULT NULL,
  `updated_by` int(11) DEFAULT NULL,
  `created_at` timestamp NULL DEFAULT NULL,
  `updated_at` timestamp NOT NULL DEFAULT CURRENT_TIMESTAMP,
  `deleted_at` timestamp NULL DEFAULT NULL,
  PRIMARY KEY (`field_id`),
  KEY `idx_field_code` (`field_code`),
  KEY `idx_field_createdby` (`created_by`),
  KEY `idx_field_updatedby` (`updated_by`)
) ENGINE=InnoDB AUTO_INCREMENT=4 DEFAULT CHARSET=latin1;

--
-- Dumping data for table `ref_field`
--

INSERT INTO `ref_field` VALUES (1,'221110','Khidmat Latihan, Tenaga Pengajar dan Moderator/Negotiator',2,2,'2021-07-27 18:04:04','2021-07-27 18:04:04',NULL),(2,'222004','Penulisan – Semua Jenis Penulisan',2,2,'2021-07-27 18:04:04','2021-07-27 18:04:10',NULL),(3,'222704','Pensijilan dan Pengiktirafan',2,2,'2021-07-27 18:04:04','2021-07-27 18:04:17',NULL);

--
-- Table structure for table `ref_flight_company`
--

CREATE TABLE `ref_flight_company` (
  `flight_company_id` int(11) NOT NULL AUTO_INCREMENT,
  `flight_company_desc` varchar(100) NOT NULL,
  `flight_company_url` varchar(200) NOT NULL,
  `flight_company_luggage_quota` decimal(10,2) NOT NULL DEFAULT '0.00',
  `created_by` int(11) DEFAULT NULL,
  `updated_by` int(11) DEFAULT NULL,
  `created_at` timestamp NULL DEFAULT NULL,
  `updated_at` timestamp NOT NULL DEFAULT CURRENT_TIMESTAMP,
  `deleted_at` timestamp NULL DEFAULT NULL,
  PRIMARY KEY (`flight_company_id`)
) ENGINE=InnoDB AUTO_INCREMENT=7 DEFAULT CHARSET=latin1;

--
-- Dumping data for table `ref_flight_company`
--

INSERT INTO `ref_flight_company` VALUES (1,'MAS','https://www.malaysiaairlines.com',20.00,2,2,'2019-03-20 13:34:10','2019-03-20 13:31:37',NULL),(2,'AIR ASIA','https://www.airasia.com',15.00,2,2,'2019-03-20 13:34:28','2019-03-20 13:31:42',NULL),(3,'MALINDO AIR','https://www.malindoair.com/',20.00,2,2,'2019-03-20 13:35:09','2019-03-20 13:31:54',NULL),(4,'FIREFLY','https://www.airpaz.com',20.00,2,2,'2019-03-20 13:35:11','2019-03-20 13:32:02',NULL),(5,'LATAM AIRLINES','https://www.latam.com',20.00,71,46,'2019-08-09 16:02:56','2020-02-28 08:33:10',NULL),(6,'FIJI AIRWAYS','https://www.fijiairways.com/',20.00,46,46,'2020-02-28 08:32:56','2020-02-28 08:32:56',NULL);

--
-- Table structure for table `ref_gred`
--

CREATE TABLE `ref_gred` (
  `gred_id` int(11) NOT NULL AUTO_INCREMENT,
  `service_group_id` int(11) DEFAULT NULL,
  `gred_desc` varchar(20) NOT NULL,
  `is_active` char(1) NOT NULL DEFAULT '1',
  `created_by` int(11) DEFAULT NULL,
  `updated_by` int(11) DEFAULT NULL,
  `created_at` timestamp NULL DEFAULT NULL,
  `updated_at` timestamp NULL DEFAULT CURRENT_TIMESTAMP,
  `deleted_at` timestamp NULL DEFAULT NULL,
  PRIMARY KEY (`gred_id`),
  KEY `idx_grade_servicegroup` (`service_group_id`),
  KEY `idx_grade_createdby` (`created_by`),
  KEY `idx_grade_updatedby` (`updated_by`)
) ENGINE=InnoDB AUTO_INCREMENT=33 DEFAULT CHARSET=latin1;

--
-- Dumping data for table `ref_gred`
--

INSERT INTO `ref_gred` VALUES (1,5,'B22','1',2,2,'2019-03-28 07:32:43','2019-03-28 07:32:43',NULL),(2,5,'E29/E32','1',2,2,'2019-03-28 07:32:43','2019-03-28 07:32:43',NULL),(3,4,'E41','1',2,2,'2019-03-28 07:32:43','2019-03-28 07:32:43',NULL),(4,4,'E44','1',2,2,'2019-03-28 07:32:43','2019-03-28 07:32:43',NULL),(5,3,'E48','1',2,2,'2019-03-28 07:32:43','2019-03-28 07:32:43',NULL),(6,3,'E52','1',2,2,'2019-03-28 07:32:43','2019-03-28 07:32:43',NULL),(7,2,'E54','1',2,2,'2019-03-28 07:32:43','2019-03-28 07:32:43',NULL),(8,5,'FA29','1',2,2,'2019-03-28 07:32:43','2019-03-28 07:32:43',NULL),(9,5,'H11','1',2,2,'2019-03-28 07:32:43','2019-03-28 07:32:43',NULL),(10,5,'H19','1',2,2,'2019-03-28 07:32:43','2019-03-28 07:32:43',NULL),(11,5,'J22','1',2,2,'2019-03-28 07:32:43','2019-03-28 07:32:43',NULL),(12,5,'JA29/JA36','1',2,2,'2019-03-28 07:32:43','2019-03-28 07:32:43',NULL),(13,1,'JUSA A/VU5','1',2,2,'2019-03-28 07:32:43','2019-03-28 07:32:43',NULL),(14,1,'JUSA B/VU6','1',2,2,'2019-03-28 07:32:43','2019-03-28 07:32:43',NULL),(15,1,'JUSA C/VU7','1',2,2,'2019-03-28 07:32:43','2019-03-28 07:32:43',NULL),(16,5,'N11','1',2,2,'2019-03-28 07:32:43','2019-03-28 07:32:43',NULL),(17,5,'N14','1',2,2,'2019-03-28 07:32:43','2019-03-28 07:32:43',NULL),(18,5,'N19','1',2,2,'2019-03-28 07:32:43','2019-03-28 07:32:43',NULL),(19,5,'N22','1',2,2,'2019-03-28 07:32:43','2019-03-28 07:32:43',NULL),(20,5,'N26','1',2,2,'2019-03-28 07:32:43','2019-03-28 07:32:43',NULL),(21,5,'N28','1',2,2,'2019-03-28 07:32:43','2019-03-28 07:32:43',NULL),(22,5,'N29','1',2,2,'2019-03-28 07:32:43','2019-03-28 07:32:43',NULL),(23,5,'N30','1',2,2,'2019-03-28 07:32:43','2019-03-28 07:32:43',NULL),(24,5,'N32','1',2,2,'2019-03-28 07:32:43','2019-03-28 07:32:43',NULL),(25,5,'S32','1',2,2,'2019-03-28 07:32:43','2019-03-28 07:32:43',NULL),(26,5,'S41','1',2,2,'2019-03-28 07:32:43','2019-03-28 07:32:43',NULL),(27,5,'W29','1',2,2,'2019-03-28 07:32:43','2019-03-28 07:32:43',NULL),(28,4,'WA41','1',2,2,'2019-03-28 07:32:43','2019-03-28 07:32:43',NULL),(29,4,'WA44','1',2,2,'2019-03-28 07:32:43','2019-03-28 07:32:43',NULL),(30,3,'WA48','1',2,2,'2019-03-28 07:32:43','2019-03-28 07:32:43',NULL),(31,4,'F41','1',2,2,'2019-03-31 12:54:05','2019-03-31 12:54:05',NULL),(32,NULL,'FT19','1',2,2,'2022-01-06 13:55:41','2022-01-06 13:55:41',NULL);

--
-- Table structure for table `ref_jabatan`
--

CREATE TABLE `ref_jabatan` (
  `jabatan_id` int(11) NOT NULL AUTO_INCREMENT,
  `jabatan_desc` varchar(200) NOT NULL,
  `is_active` char(1) NOT NULL DEFAULT '1',
  `created_at` timestamp NULL DEFAULT NULL,
  `updated_at` timestamp NULL DEFAULT CURRENT_TIMESTAMP,
  `deleted_at` timestamp NULL DEFAULT NULL,
  PRIMARY KEY (`jabatan_id`)
) ENGINE=InnoDB AUTO_INCREMENT=36 DEFAULT CHARSET=latin1;

--
-- Dumping data for table `ref_jabatan`
--

INSERT INTO `ref_jabatan` VALUES (2,'JABATAN KHIDMAT PENGURUSAN','1','2019-01-01 07:48:01','2019-01-01 07:48:01',NULL),(3,'JABATAN TEKNOLOGI MAKLUMAT','1','2019-01-01 07:48:01','2019-01-01 07:48:01',NULL),(4,'BAHAGIAN PENGURUSAN HARTA','1','2019-01-01 07:48:01','2019-01-01 07:48:01',NULL),(5,'JABATAN PENILAIAN & PENGURUSAN HARTA','1','2019-01-01 07:48:01','2019-01-01 07:48:01',NULL),(6,'JABATAN PERBENDAHARAAN','1','2019-01-01 07:48:01','2019-01-01 07:48:01',NULL),(7,'JABATAN PERUNDANGAN','1','2019-01-01 07:48:01','2019-01-01 07:48:01',NULL),(8,'JABATAN KORPORAT','1','2019-01-01 07:48:01','2019-01-01 07:48:01',NULL),(9,'JABATAN PERANCANG BANDAR','1','2019-01-01 07:48:01','2019-01-01 07:48:01',NULL),(10,'JABATAN KEJURUTERAAN','1','2019-01-01 07:48:01','2019-01-01 07:48:01',NULL),(11,'JABATAN BANGUNAN','1','2019-01-01 07:48:01','2019-01-01 07:48:01',NULL),(13,'PEJABAT YANG DIPERTUA / TIMBALAN YANG DIPERTUA','1','2019-01-01 07:48:01','2019-01-01 07:48:01',NULL),(14,'BAHAGIAN KEMUDAHAN AWAM','1','2019-01-01 07:48:01','2019-01-01 07:48:01',NULL),(16,'JABATAN LANDSKAP','1','2019-01-01 07:48:01','2019-01-01 07:48:01',NULL),(17,'BAHAGIAN URUSETIA','1','2019-01-01 07:48:01','2019-01-01 07:48:01',NULL),(18,'UNIT NURSERY','1','2019-01-01 07:48:01','2019-01-01 07:48:01',NULL),(19,'JABATAN AUDIT DALAM','1','2019-01-01 07:48:01','2019-01-01 07:48:01',NULL),(20,'UNIT BENGKEL RAWANG','1','2019-01-01 07:48:01','2019-01-01 07:48:01',NULL),(22,'JABATAN PUSAT SETEMPAT (OSC)','1','2019-01-01 07:48:01','2019-01-01 07:48:01',NULL),(23,'JABATAN PENGUATKUASA & KESELAMATAN','1','2019-01-01 07:48:01','2019-01-01 07:48:01',NULL),(24,'JABATAN KONTRAK DAN UKUR BAHAN','1','2019-01-01 07:48:01','2019-01-01 07:48:01',NULL),(25,'JABATAN PELESENAN','1','2019-01-01 07:48:01','2019-01-01 07:48:01',NULL),(26,'BAHAGIAN HASIL','1','2019-01-01 07:48:01','2019-01-01 07:48:01',NULL),(29,'BAHAGIAN KESELAMATAN','1','2019-01-01 07:48:01','2019-01-01 07:48:01',NULL),(32,'UNIT URUS SELENGGARA BANGUNAN','1','2019-01-01 07:48:01','2019-01-01 07:48:01',NULL),(33,'JABATAN PEMBANGUNAN MASYARAKAT','1','2019-01-01 07:48:01','2019-01-01 07:48:01',NULL),(34,'JABATAN PENGURUSAN SISA PEPEJAL & KESIHATAN','1','2019-01-01 07:48:01','2019-01-01 07:48:01',NULL),(35,'JABATAN PESURUHJAYA BANGUNAN (COB)','1','2019-01-01 07:48:01','2019-01-01 07:48:01',NULL);

--
-- Table structure for table `ref_jawatan`
--

CREATE TABLE `ref_jawatan` (
  `jawatan_id` int(11) NOT NULL AUTO_INCREMENT,
  `service_type_id` int(11) DEFAULT NULL COMMENT '1-pengurusan&pro, 2-sokongan',
  `jawatan_desc` varchar(255) NOT NULL,
  `is_active` int(1) NOT NULL DEFAULT '1',
  `created_by` int(11) DEFAULT NULL,
  `updated_by` int(11) DEFAULT NULL,
  `created_at` timestamp NULL DEFAULT NULL,
  `updated_at` timestamp NOT NULL DEFAULT CURRENT_TIMESTAMP,
  `deleted_at` timestamp NULL DEFAULT NULL,
  PRIMARY KEY (`jawatan_id`),
  KEY `idx_jawatan_servicetype` (`service_type_id`),
  KEY `idx_jawatan_createdby` (`created_by`),
  KEY `idx_jawatan_updatedby` (`updated_by`)
) ENGINE=InnoDB AUTO_INCREMENT=35 DEFAULT CHARSET=latin1;

--
-- Dumping data for table `ref_jawatan`
--

INSERT INTO `ref_jawatan` VALUES (1,3,'AHLI FOTOGRAFI',1,2,2,'2019-03-28 07:28:12','2019-03-28 07:28:12',NULL),(2,2,'AKAUNTAN',1,2,2,'2019-03-28 07:28:12','2019-03-28 07:28:12',NULL),(3,2,'AKAUNTAN KANAN',1,2,2,'2019-03-28 07:28:12','2019-03-28 07:28:12',NULL),(4,2,'KETUA AKAUNTAN',1,2,2,'2019-03-28 07:28:12','2019-03-28 07:28:12',NULL),(5,2,'KETUA PENGARAH',1,2,2,'2019-03-28 07:28:12','2019-03-28 07:28:12',NULL),(6,3,'PEGAWAI KHIDMAT PELANGGAN',1,2,2,'2019-03-28 07:28:12','2019-03-29 13:28:28',NULL),(7,3,'PEMANDU KENDERAAN',1,2,2,'2019-03-28 07:28:12','2019-03-28 07:28:12',NULL),(8,3,'PEMBANTU AWAM',1,2,2,'2019-03-28 07:28:12','2019-03-28 07:28:12',NULL),(9,3,'PEMBANTU KEMAHIRAN',1,2,2,'2019-03-28 07:28:12','2019-03-28 07:28:12',NULL),(10,3,'PEMBANTU OPERASI',1,2,2,'2019-03-28 07:28:12','2019-03-28 07:28:12',NULL),(11,3,'PEMBANTU PENERBITAN (KUP)',1,2,2,'2019-03-28 07:28:12','2019-03-28 07:28:12',NULL),(12,3,'PEMBANTU SETIAUSAHA PEJABAT',1,2,2,'2019-03-28 07:28:12','2019-03-28 07:28:12',NULL),(13,3,'PEMBANTU SETIAUSAHA PEJABAT (KUP)',1,2,2,'2019-03-28 07:28:12','2019-03-28 07:28:12',NULL),(14,3,'PEMBANTU TADBIR (P/O)',1,2,2,'2019-03-28 07:28:12','2019-03-28 07:28:12',NULL),(15,3,'PEMBANTU TADBIR (P/O) (KUP)',1,2,2,'2019-03-28 07:28:12','2019-03-28 07:28:12',NULL),(16,3,'PEMBANTU TADBIR (P/O) KUP',1,2,2,'2019-03-28 07:28:12','2019-03-28 07:28:12',NULL),(17,1,'PENGARAH',1,2,2,'2019-03-28 07:28:12','2019-03-28 07:28:12',NULL),(18,2,'PENGURUS',1,2,2,'2019-03-28 07:28:12','2019-03-28 07:28:12',NULL),(19,2,'PENGURUS KANAN',1,2,2,'2019-03-28 07:28:12','2019-03-28 07:28:12',NULL),(20,3,'PENJAGA JENTERA ELETRIK',1,2,2,'2019-03-28 07:28:12','2019-03-28 07:28:12',NULL),(21,3,'PENOLONG AKAUNTAN',1,2,2,'2019-03-28 07:28:12','2019-03-28 07:28:12',NULL),(22,3,'PENOLONG JURUTERA',1,2,2,'2019-03-28 07:28:12','2019-03-28 07:28:12',NULL),(23,3,'PENOLONG JURUTERA (KUP)',1,2,2,'2019-03-28 07:28:12','2019-03-28 07:28:12',NULL),(24,3,'PENOLONG PEGAWAI PERANGKAAN (KUP)',1,2,2,'2019-03-28 07:28:12','2019-03-28 07:28:12',NULL),(25,3,'PENOLONG PEGAWAI TADBIR',1,2,2,'2019-03-28 07:28:12','2019-03-28 07:28:12',NULL),(26,3,'PENOLONG PEGAWAI TEKNOLOGI MAKLUMAT',1,2,2,'2019-03-28 07:28:12','2019-03-28 07:28:12',NULL),(27,2,'PENOLONG PENGURUS',1,2,2,'2019-03-28 07:28:12','2019-03-28 07:28:12',NULL),(28,3,'PENOLONG PUSTAKAWAN (KUP)',1,2,2,'2019-03-28 07:28:12','2019-03-28 07:28:12',NULL),(29,2,'PUSTAKAWAN',1,2,2,'2019-03-28 07:28:12','2019-03-28 07:28:12',NULL),(30,3,'SETIAUSAHA PEJABAT',1,2,2,'2019-03-28 07:28:12','2019-03-28 07:28:12',NULL),(31,3,'SETIAUSAHA PEJABAT (KUP)',1,2,2,'2019-03-28 07:28:12','2019-03-28 07:28:12',NULL),(32,1,'TIMBALAN KETUA PENGARAH',1,2,2,'2019-03-28 07:28:12','2019-03-28 07:28:12',NULL),(33,1,'TIMBALAN PENGARAH',1,2,2,'2019-03-28 07:28:12','2019-03-28 07:28:12',NULL),(34,NULL,'Juruteknik Komputer',1,2,2,'2022-01-06 13:55:41','2022-01-06 13:55:41',NULL);

--
-- Table structure for table `ref_jenis_penerbangan`
--

CREATE TABLE `ref_jenis_penerbangan` (
  `jenis_penerbangan_id` int(11) NOT NULL AUTO_INCREMENT,
  `jenis_penerbangan_desc` varchar(255) NOT NULL,
  `created_at` timestamp NULL DEFAULT NULL,
  `updated_at` timestamp NOT NULL DEFAULT CURRENT_TIMESTAMP,
  `deleted_at` timestamp NULL DEFAULT NULL,
  PRIMARY KEY (`jenis_penerbangan_id`)
) ENGINE=InnoDB AUTO_INCREMENT=4 DEFAULT CHARSET=latin1;

--
-- Dumping data for table `ref_jenis_penerbangan`
--

INSERT INTO `ref_jenis_penerbangan` VALUES (1,'PERGI','2019-03-21 19:57:17','2019-03-21 19:57:17',NULL),(2,'BALIK','2019-03-21 19:57:20','2019-03-21 19:57:20',NULL),(3,'PERGI & BALIK','2019-03-21 19:57:34','2019-03-21 19:57:34',NULL);

--
-- Table structure for table `ref_kalendar`
--

CREATE TABLE `ref_kalendar` (
  `kalendar_id` int(11) NOT NULL AUTO_INCREMENT,
  `kalendar_date` date NOT NULL COMMENT 'simpan event date dlm bentuk yyyy-mm-dd',
  `kalendar_desc` longtext NOT NULL,
  `is_active` char(1) NOT NULL DEFAULT '1',
  `created_at` timestamp NULL DEFAULT NULL,
  `updated_at` timestamp NULL DEFAULT CURRENT_TIMESTAMP,
  `deleted_at` timestamp NULL DEFAULT NULL,
  PRIMARY KEY (`kalendar_id`)
) ENGINE=InnoDB DEFAULT CHARSET=latin1;

--
-- Dumping data for table `ref_kalendar`
--


--
-- Table structure for table `ref_kpi`
--

CREATE TABLE `ref_kpi` (
  `kpi_id` int(11) NOT NULL AUTO_INCREMENT,
  `kpi_category_id` int(11) DEFAULT NULL,
  `kpi_desc` varchar(200) NOT NULL,
  `created_by` int(11) DEFAULT NULL,
  `updated_by` int(11) DEFAULT NULL,
  `created_at` timestamp NULL DEFAULT NULL,
  `updated_at` timestamp NOT NULL DEFAULT CURRENT_TIMESTAMP,
  `deleted_at` timestamp NULL DEFAULT NULL,
  PRIMARY KEY (`kpi_id`),
  KEY `idx_kpi_category` (`kpi_category_id`),
  KEY `idx_kpi_createdby` (`created_by`),
  KEY `idx_kpi_updatedby` (`updated_by`)
) ENGINE=InnoDB AUTO_INCREMENT=29 DEFAULT CHARSET=latin1;

--
-- Dumping data for table `ref_kpi`
--

INSERT INTO `ref_kpi` VALUES (1,3,'GROSS OPERATING REVENUE (RM)',2,2,'2021-10-23 03:06:24','2021-10-23 03:06:24',NULL),(2,2,'VALUE CREATION FROM PRODUCTIVITY & INNOVATION PROGRAM (INNOVATION CREATIVE CIRCLE (ICC))',2,2,'2021-10-23 03:06:24','2021-10-23 03:06:24',NULL),(3,2,'VALUE CREATION FROM PRODUCTIVITY & INNOVATION PROGRAM (QUALITY ENVIRONMENT (QE))',2,2,'2021-10-23 03:06:24','2021-10-23 03:06:24',NULL),(4,2,'VALUE CREATION FROM PRODUCTIVITY & INNOVATION PROGRAM (LEAN MANAGEMENT)',2,2,'2021-10-23 03:06:24','2021-10-23 03:06:24',NULL),(5,2,'EXPECTED COST SAVING (RM)',2,31,'2021-10-23 03:06:24','2022-01-19 04:41:17',NULL),(6,2,'PARTNERS IN PRODUCTIVITY (ORGANIZATIONS) - LARGE ORGANIZATIONS',2,2,'2021-10-23 03:06:24','2021-10-23 03:06:24',NULL),(7,2,'PARTNERS IN PRODUCTIVITY (ORGANIZATIONS) - GOVERNMENT',2,2,'2021-10-23 03:06:24','2021-10-23 03:06:24',NULL),(8,2,'PARTNERS IN PRODUCTIVITY (ORGANIZATIONS) - SMES',2,2,'2021-10-23 03:06:24','2021-10-23 03:06:24',NULL),(9,2,'NO. OF PARTICIPANTS - LARGE ORGANIZATIONS',2,2,'2021-10-23 03:06:24','2021-10-23 03:06:24',NULL),(10,2,'NO. OF PARTICIPANTS - GOVERNMENT',2,2,'2021-10-23 03:06:24','2021-10-23 03:06:24',NULL),(11,2,'NO. OF PARTICIPANTS - SMES',2,2,'2021-10-23 03:06:24','2021-10-23 03:06:24',NULL),(12,2,'FACEBOOK REACH',2,2,'2021-10-23 03:06:24','2021-10-23 03:06:24',NULL),(13,2,'FACEBOOK FOLLOWERS',2,2,'2021-10-23 03:06:24','2021-10-23 03:06:24',NULL),(14,2,'TWITTER IMPRESSION',2,2,'2021-10-23 03:06:24','2021-10-23 03:06:24',NULL),(15,2,'TWITTER FOLLOWERS',2,2,'2021-10-23 03:06:24','2021-10-23 03:06:24',NULL),(16,2,'INSTAGRAM FOLLOWERS',2,2,'2021-10-23 03:06:24','2021-10-23 03:06:24',NULL),(17,2,'YOUTUBE SUBSCRIBERS',2,2,'2021-10-23 03:06:24','2021-10-23 03:06:24',NULL),(18,2,'CUSTOMERS SATISFACTION INDEX (CSI)',2,2,'2021-10-23 03:06:24','2021-10-23 03:06:24',NULL),(19,1,'NO. OF NEW PRODUCTS / SERVICES',2,2,'2021-10-23 03:06:24','2021-10-23 03:06:24',NULL),(20,1,'RESEARCH PAPER/REPORT/CASE STUDY/OCCASIONAL/POLICY PAPERS',2,2,'2021-10-23 03:06:24','2021-10-23 03:06:24',NULL),(21,1,'REGULATIONS REVIEWED',2,2,'2021-10-23 03:06:24','2021-10-23 03:06:24',NULL),(22,1,'ADVISORY AND CONSULTANCY SERVICES (ACS)',2,2,'2021-10-23 03:06:24','2021-10-23 03:06:24',NULL),(23,1,'NO. OF PRODUCTIVITY & INNOVATION ENHANCEMENT PROGRAMMES',2,2,'2021-10-23 03:06:24','2021-10-23 03:06:24',NULL),(24,1,'NO. OF PROMOTION ACTIVITIES (SEMINAR/CONFERENCE/RTD/WORKSHOP/TALKS & BRIEFING/ STUDY MISSION/EXHIBITIONS & EXPO/CONVENTION/SUMMIT & VISITS)',2,2,'2021-10-23 03:06:24','2021-10-23 03:06:24',NULL),(25,1,'PR VALUE (MEDIA RELEASE)',2,2,'2021-10-23 03:06:24','2021-10-23 03:06:24',NULL),(26,1,'NO.OF EXPERTS',2,2,'2021-10-23 03:06:24','2021-10-23 03:06:24',NULL),(27,1,'NO. OF PRODUCTIVITY & INNOVATION PUBLICATIONS',2,2,'2021-10-23 03:06:24','2021-10-23 03:06:24',NULL),(28,4,'AVERAGE TRAINING HOURS PER EMPLOYEE (%)',2,2,'2021-10-23 03:06:24','2021-10-23 03:06:24',NULL);

--
-- Table structure for table `ref_kpi_category`
--

CREATE TABLE `ref_kpi_category` (
  `kpi_category_id` int(11) NOT NULL AUTO_INCREMENT,
  `kpi_category_desc` varchar(50) NOT NULL,
  `created_by` int(11) DEFAULT NULL,
  `updated_by` int(11) DEFAULT NULL,
  `created_at` timestamp NULL DEFAULT NULL,
  `updated_at` timestamp NOT NULL DEFAULT CURRENT_TIMESTAMP,
  `deleted_at` timestamp NULL DEFAULT NULL,
  PRIMARY KEY (`kpi_category_id`),
  KEY `idx_kpicategory_createdby` (`created_by`),
  KEY `idx_kpicategory_updatedby` (`updated_by`)
) ENGINE=InnoDB AUTO_INCREMENT=6 DEFAULT CHARSET=latin1;

--
-- Dumping data for table `ref_kpi_category`
--

INSERT INTO `ref_kpi_category` VALUES (1,'BUSINESS PROCESS',31,31,'2021-10-22 04:28:00','2021-10-22 04:28:59',NULL),(2,'CUSTOMER',31,31,'2021-10-22 04:29:23','2021-10-22 04:29:44',NULL),(3,'FINANCIAL',31,31,'2021-10-22 04:29:59','2021-10-22 04:29:59',NULL),(4,'LEARNING & GROWTH',31,31,'2021-10-22 04:30:13','2021-10-22 04:30:13',NULL),(5,'TEST',31,31,'2021-10-22 04:30:24','2021-10-22 04:30:24','2021-10-21 20:30:29');

--
-- Table structure for table `ref_location`
--

CREATE TABLE `ref_location` (
  `location_id` int(11) NOT NULL AUTO_INCREMENT,
  `location_code` varchar(10) DEFAULT NULL,
  `location_desc` varchar(255) DEFAULT NULL,
  `created_by` int(11) DEFAULT NULL,
  `updated_by` int(11) DEFAULT NULL,
  `created_at` timestamp NULL DEFAULT NULL,
  `updated_at` timestamp NOT NULL DEFAULT CURRENT_TIMESTAMP,
  `deleted_at` timestamp NULL DEFAULT NULL,
  PRIMARY KEY (`location_id`)
) ENGINE=InnoDB AUTO_INCREMENT=40 DEFAULT CHARSET=latin1;

--
-- Dumping data for table `ref_location`
--

INSERT INTO `ref_location` VALUES (1,'KUL','KUALA LUMPUR',2,2,'2019-03-20 13:40:51','2019-03-20 13:40:51',NULL),(2,'LGK','LANGKAWI',2,2,'2019-03-20 13:40:51','2019-03-20 13:40:51',NULL),(3,'KCH','KUCHING',2,2,'2019-03-20 13:40:51','2019-03-20 13:40:51',NULL),(4,'PEN','PENANG',2,2,'2019-03-20 13:40:51','2019-03-20 13:40:51',NULL),(5,'BKI','KOTA KINABALU',2,2,'2019-03-20 13:40:51','2019-03-20 13:40:51',NULL),(6,'JHB','JOHOR BAHRU',2,2,'2019-03-20 13:40:51','2019-03-20 13:40:51',NULL),(7,'SZB','SUBANG',2,2,'2019-03-20 13:40:51','2019-03-20 13:40:51',NULL),(8,'AOR','ALOR SETAR',2,2,'2019-03-20 13:40:51','2019-03-20 13:40:51',NULL),(9,'KBR','KOTA BHARU',2,2,'2019-03-20 13:40:51','2019-03-20 13:40:51',NULL),(10,'TGG','KUALA TERENGGANU',2,2,'2019-03-20 13:40:51','2019-03-20 13:40:51',NULL),(11,'IPH','IPOH',2,2,'2019-03-20 13:40:51','2019-03-20 13:40:51',NULL),(12,'KUA','KUANTAN',2,2,'2019-03-20 13:40:51','2019-03-20 13:40:51',NULL),(13,'SBW','SIBU',2,2,'2019-03-20 13:40:51','2019-03-20 13:40:51',NULL),(14,'SDK','SANDAKAN',2,2,'2019-03-20 13:40:51','2019-03-20 13:40:51',NULL),(15,'TWU','TAWAU',2,2,'2019-03-20 13:40:51','2019-03-20 13:40:51',NULL),(16,'MYY','MIRI',2,2,'2019-03-20 13:40:51','2019-03-20 13:40:51',NULL),(17,'LDU','LAHAD DATU',46,46,'2019-05-10 18:39:19','2019-05-10 18:39:19',NULL),(18,'SIN','CANGI, SINGAPORE',46,46,'2019-05-21 13:12:58','2019-06-20 14:13:08',NULL),(19,'XSP','SELETAR, SINGAPORE',46,46,'2019-06-20 14:12:45','2019-06-20 14:13:21',NULL),(20,'MZV','MULU, SARAWAK',46,46,'2019-07-15 16:39:59','2019-07-15 16:39:59',NULL),(21,'LBU','LABUAN',46,46,'2019-07-15 16:40:17','2019-07-15 16:40:17',NULL),(22,'PEK','BEIJING, CHINA',46,46,'2019-08-07 12:26:23','2019-08-07 12:26:23',NULL),(23,'LHR','LONDON, UNITED KINGDOM',46,46,'2019-08-08 12:44:01','2019-08-09 16:09:08',NULL),(24,'SYD','SYDNEY, AU',46,46,'2019-08-09 16:04:43','2019-08-09 16:09:45',NULL),(25,'SCL','SANTIAGO, CHILE',46,46,'2019-08-09 16:17:03','2019-08-09 16:17:03',NULL),(26,'PMC','PUERTO MONTT, CHILE',46,46,'2019-08-09 16:18:58','2019-08-09 16:18:58',NULL),(27,'BTU','BINTULU, SARAWAK',46,46,'2019-08-28 15:45:34','2019-08-28 15:45:34',NULL),(28,'TPE','TAIPEI , TAIWAN CHINA',46,46,'2019-09-30 19:13:36','2019-09-30 19:13:36',NULL),(29,'CTU','CHENGDU, CHINA',46,46,'2019-10-01 12:23:49','2019-10-01 12:23:49',NULL),(30,'LMN','LIMBANG, SARAWAK',53,53,'2019-10-01 14:58:07','2019-10-01 14:58:07',NULL),(31,'MKM','MUKAH, SARAWAK',53,53,'2019-10-01 14:59:14','2019-10-01 14:59:14',NULL),(32,'VTE','VIENTIANE, LAOS',71,71,'2019-10-07 21:09:34','2019-10-07 21:09:34',NULL),(33,'BKK','SURVARNABHUMI AIRPORT, THAILAND',71,71,'2019-10-07 21:14:16','2019-10-07 21:14:16',NULL),(34,'DMK','DON MUEANG INTERNATIONAL AIRPORT, THAILAND',71,71,'2019-10-07 21:15:28','2019-10-07 21:15:28',NULL),(35,'ICN','SEOUL, KOREA',46,46,'2019-11-13 15:16:13','2019-11-13 15:16:13',NULL),(36,'CDG','PARIS, CHARLES DE GAULLE',46,46,'2019-11-20 15:59:01','2019-11-20 15:59:01',NULL),(37,'NRT','TOKYO, JEPUN',46,46,'2020-01-10 21:11:36','2020-01-10 21:11:36',NULL),(38,'MEL','MELBOURNE, AUSTRALIA',46,46,'2020-02-28 08:20:52','2020-02-28 08:20:52',NULL),(39,'NAN','NADI,FIJI',46,46,'2020-02-28 08:21:22','2020-02-28 08:21:22',NULL);

--
-- Table structure for table `ref_meeting_type`
--

CREATE TABLE `ref_meeting_type` (
  `meeting_type_id` int(11) NOT NULL AUTO_INCREMENT,
  `meeting_type_desc` varchar(255) DEFAULT NULL,
  `running_no` int(11) NOT NULL DEFAULT '0',
  `created_by` int(11) DEFAULT NULL,
  `updated_by` int(11) DEFAULT NULL,
  `created_at` timestamp NULL DEFAULT NULL,
  `updated_at` timestamp NOT NULL DEFAULT CURRENT_TIMESTAMP,
  `deleted_at` timestamp NULL DEFAULT NULL,
  PRIMARY KEY (`meeting_type_id`),
  KEY `idx_meetingtype_createdby` (`created_by`),
  KEY `idx_meetingtype_updatedby` (`updated_by`)
) ENGINE=InnoDB AUTO_INCREMENT=3 DEFAULT CHARSET=latin1;

--
-- Dumping data for table `ref_meeting_type`
--

INSERT INTO `ref_meeting_type` VALUES (1,'MESYUARAT SEBUT HARGA A',0,31,31,'2020-10-14 03:12:38','2020-10-14 03:12:38',NULL),(2,'MESYUARAT SEBUT HARGA B',0,31,31,'2020-10-14 03:13:00','2020-10-14 03:13:00',NULL);

--
-- Table structure for table `ref_meeting_year`
--

CREATE TABLE `ref_meeting_year` (
  `meeting_year_id` int(11) NOT NULL AUTO_INCREMENT,
  `meeting_type_id` int(11) NOT NULL,
  `running_no` int(11) NOT NULL DEFAULT '1',
  `meeting_year` char(4) NOT NULL,
  `created_at` timestamp NULL DEFAULT NULL,
  `updated_at` timestamp NOT NULL DEFAULT CURRENT_TIMESTAMP,
  `deleted_at` timestamp NULL DEFAULT NULL,
  PRIMARY KEY (`meeting_year_id`),
  KEY `idx_meetingyear_meetingtypeid_year` (`meeting_type_id`,`meeting_year`)
) ENGINE=InnoDB AUTO_INCREMENT=3 DEFAULT CHARSET=utf8mb4;

--
-- Dumping data for table `ref_meeting_year`
--

INSERT INTO `ref_meeting_year` VALUES (1,2,10,'2020','2020-11-26 06:22:19','2020-11-26 06:22:19',NULL),(2,1,10,'2020','2020-10-14 03:59:36','2020-10-14 03:59:36',NULL);

--
-- Table structure for table `ref_other_system`
--

CREATE TABLE `ref_other_system` (
  `other_system_id` int(11) NOT NULL AUTO_INCREMENT,
  `system_desc` varchar(200) DEFAULT NULL,
  `system_url` varchar(200) DEFAULT NULL,
  `autoauth_url` varchar(200) DEFAULT NULL,
  `authrecord_url` varchar(200) DEFAULT NULL,
  `dbconn_name` varchar(200) DEFAULT NULL,
  `app_key` varchar(255) DEFAULT NULL,
  `created_by` int(11) DEFAULT NULL,
  `updated_by` int(11) DEFAULT NULL,
  `created_at` timestamp NULL DEFAULT NULL,
  `updated_at` timestamp NOT NULL DEFAULT CURRENT_TIMESTAMP,
  `deleted_at` timestamp NULL DEFAULT NULL,
  PRIMARY KEY (`other_system_id`),
  KEY `idx_othersystem_createdby` (`created_by`),
  KEY `idx_othersystem_updatedby` (`updated_by`)
) ENGINE=InnoDB AUTO_INCREMENT=3 DEFAULT CHARSET=latin1;

--
-- Dumping data for table `ref_other_system`
--

INSERT INTO `ref_other_system` VALUES (1,'Sistem eRO','http://spp2.mpc.gov.my/',NULL,'http://spp2.mpc.gov.my/authrecord/','mysql_ero_prod','WbZ9A1IySqyMP63ch27cfWyQoWrfmyVpGjjjGCrPedw=',NULL,NULL,'2021-06-05 21:42:33','2021-06-05 21:42:33',NULL),(2,'Sistem eISO','http://spp.mpc.gov.my/',NULL,'http://spp.mpc.gov.my/authrecord/','sqlsvr_iso_prod','Lt/0QC0f8pSQ7dUCcOUecZReGP5MxemJOK0irq9pUBI=',NULL,NULL,'2021-06-05 21:42:33','2021-06-05 21:42:33',NULL);

--
-- Table structure for table `ref_payment_method`
--

CREATE TABLE `ref_payment_method` (
  `payment_method_id` int(11) NOT NULL AUTO_INCREMENT,
  `payment_method_desc` varchar(150) NOT NULL,
  `created_at` timestamp NULL DEFAULT NULL,
  `updated_at` timestamp NOT NULL DEFAULT CURRENT_TIMESTAMP,
  `deleted_at` timestamp NULL DEFAULT NULL,
  PRIMARY KEY (`payment_method_id`)
) ENGINE=InnoDB AUTO_INCREMENT=3 DEFAULT CHARSET=latin1;

--
-- Dumping data for table `ref_payment_method`
--

INSERT INTO `ref_payment_method` VALUES (1,'Kad Kredit','2019-03-23 19:32:36','2019-03-23 19:32:36',NULL),(2,'Waran','2019-03-23 19:32:43','2019-03-23 19:32:43',NULL);

--
-- Table structure for table `ref_pembangunan`
--

CREATE TABLE `ref_pembangunan` (
  `pembangunan_id` int(11) NOT NULL AUTO_INCREMENT,
  `pembangunan_desc` varchar(255) DEFAULT NULL,
  `created_by` int(11) DEFAULT NULL,
  `updated_by` int(11) DEFAULT NULL,
  `created_at` timestamp NULL DEFAULT NULL,
  `updated_at` timestamp NOT NULL DEFAULT CURRENT_TIMESTAMP,
  `deleted_at` timestamp NULL DEFAULT NULL,
  PRIMARY KEY (`pembangunan_id`)
) ENGINE=InnoDB AUTO_INCREMENT=33 DEFAULT CHARSET=latin1;

--
-- Dumping data for table `ref_pembangunan`
--

INSERT INTO `ref_pembangunan` VALUES (1,'NPDIR',2,2,'2019-03-21 19:39:55','2019-03-21 19:39:55',NULL),(2,'PPE',2,2,'2019-03-21 19:40:05','2019-03-21 19:40:05','2019-04-15 07:21:08'),(3,'MBR',2,2,'2019-03-21 19:40:09','2019-03-21 19:40:09',NULL),(4,'PTPS',2,2,'2019-03-21 19:40:22','2019-03-21 19:40:22',NULL),(5,'TEST123 DDDD',355,355,'2019-04-12 23:06:59','2019-04-12 23:07:06','2019-04-12 15:07:10'),(6,'T5-MPB',46,46,'2019-04-15 15:21:35','2019-04-15 15:21:35',NULL),(7,'NTM',46,46,'2019-04-15 15:21:55','2019-04-15 15:21:55',NULL),(8,'PKP',46,46,'2019-04-15 15:22:04','2019-04-15 15:22:04',NULL),(9,'SPN TOURISM',46,46,'2019-04-15 15:22:29','2019-04-15 15:22:29',NULL),(10,'SPN RETAIL',46,46,'2019-04-15 15:24:16','2019-04-15 15:24:16',NULL),(11,'SPN CHEMICAL',46,46,'2019-04-15 15:24:40','2019-04-15 15:24:40',NULL),(12,'SPN E & E',46,46,'2019-04-15 15:24:59','2019-04-15 15:24:59',NULL),(13,'SPN M & E',46,46,'2019-04-15 15:25:15','2019-04-15 15:25:15',NULL),(14,'SPN AGROFOOD',46,46,'2019-04-15 15:25:34','2019-04-15 15:25:34',NULL),(15,'SPN HEALTHCARE',46,46,'2019-04-15 15:25:44','2019-04-15 15:25:44',NULL),(16,'SPN PROF SERV',46,46,'2019-04-15 15:26:01','2019-04-15 15:26:01',NULL),(17,'SPN ICT',46,46,'2019-04-15 15:26:21','2019-04-15 15:26:21',NULL),(18,'SPPE',46,46,'2019-07-26 19:20:19','2019-07-26 19:20:19',NULL),(19,'CCI',46,46,'2019-07-26 20:53:35','2019-07-26 20:53:35',NULL),(20,'KLEMS - TFP',46,46,'2019-07-26 20:53:52','2019-07-26 20:53:52',NULL),(21,'EIIP',46,46,'2019-07-26 20:54:02','2019-07-26 20:54:02',NULL),(22,'MPB-EEPN',46,46,'2019-07-26 20:54:21','2019-07-26 20:54:21',NULL),(23,'MPB-CCPPN',46,46,'2019-07-26 20:56:50','2019-07-26 20:56:50',NULL),(24,'MPB-RFBPN',46,46,'2019-07-26 20:57:08','2019-07-26 20:57:08',NULL),(25,'MPB-TPN',46,46,'2019-07-26 20:57:27','2019-07-26 20:57:27',NULL),(26,'MPB AFPN',46,46,'2019-07-26 20:57:41','2019-07-26 20:57:41',NULL),(27,'MPB MEPN',46,46,'2019-07-26 20:57:54','2019-07-26 20:57:54',NULL),(28,'MPB PS',46,46,'2019-07-26 20:58:05','2019-07-26 20:58:05',NULL),(29,'MPB PH',46,46,'2019-07-26 20:58:16','2019-07-26 20:58:16',NULL),(30,'MPB ICTPN',46,46,'2019-10-30 14:27:13','2019-10-30 14:27:13',NULL),(31,'HRD',46,46,'2019-11-12 14:09:57','2019-11-12 14:09:57',NULL),(32,'BI (BEHAVIORAL INSIGHTS)',46,46,'2020-01-21 15:26:54','2020-01-21 15:26:54',NULL);

--
-- Table structure for table `ref_permohonan_doc`
--

CREATE TABLE `ref_permohonan_doc` (
  `permohonan_doc_id` int(11) NOT NULL AUTO_INCREMENT,
  `permohonan_doc_desc` varchar(200) DEFAULT NULL,
  `sort` int(11) DEFAULT NULL,
  `active_status` int(11) NOT NULL DEFAULT '1',
  `created_at` timestamp NULL DEFAULT NULL,
  `updated_at` timestamp NOT NULL DEFAULT CURRENT_TIMESTAMP,
  `deleted_at` timestamp NULL DEFAULT NULL,
  PRIMARY KEY (`permohonan_doc_id`)
) ENGINE=InnoDB AUTO_INCREMENT=32 DEFAULT CHARSET=latin1;

--
-- Dumping data for table `ref_permohonan_doc`
--

INSERT INTO `ref_permohonan_doc` VALUES (1,'BOM',4,1,'2020-07-23 10:13:10','2020-07-23 10:13:10',NULL),(2,'LPO untuk Pembekal',1,1,'2020-07-23 10:13:19','2020-07-23 10:13:19',NULL),(3,'Sebut Harga',5,1,'2020-07-23 10:13:29','2020-07-23 10:13:29',NULL),(4,'Keratan Minit Kelulusan BOM',6,1,'2020-07-23 10:13:39','2020-07-23 10:13:39',NULL),(5,'Anggaran perbelanjaan BOM yang diluluskan',7,1,'2020-07-23 10:13:48','2020-07-23 10:13:48',NULL),(6,'Sijil GST (Wajib)',8,1,'2020-07-23 10:14:01','2020-07-23 10:14:01',NULL),(7,'Lantikan perunding/ penceramah Tempatan/ Luar Negara (attachmentb)',12,0,'2020-07-23 10:14:44','2020-07-23 10:14:44',NULL),(8,'Kelulusan Kementerian Kewangan (MOF)',13,1,'2020-07-23 10:14:54','2020-07-23 10:14:54',NULL),(9,'PLPS',14,1,'2020-07-23 10:15:27','2020-07-23 10:15:27',NULL),(10,'Surat Setuju Terima (SST) (Wajib)',15,1,'2020-07-23 10:15:36','2020-07-23 10:15:36',NULL),(11,'Surat Lantikan (Wajib)',16,1,'2020-07-23 10:15:47','2020-07-23 10:15:47',NULL),(12,'Jadual Pembayaran',17,1,'2020-07-23 10:15:54','2020-07-23 10:15:54',NULL),(13,'Terms of Reference (TOR)',18,1,'2020-07-23 10:16:02','2020-07-23 10:16:02',NULL),(14,'Borang Lampiran B (sekiranya menggunakan khidmat kakitangan kerajaan)',19,1,'2020-07-23 10:16:09','2020-07-23 10:16:09',NULL),(15,'Invois (bagi bayaran yang dibuat secara telegraphic transfer (TT) kepada pembekal di luar negara)',20,1,'2020-07-23 10:16:20','2020-07-23 10:16:20',NULL),(16,'Perolehan melalui Sebut harga B (> RM20K) / Sebut harga A (> RM50K) / Tender (>RM500K) (attachmentc)',21,0,'2020-07-23 10:16:29','2020-07-23 10:16:29',NULL),(17,'Surat Setuju Terima (SST) (Perolehan melalui Sebut harga B (> RM20K) / Sebut harga A (> RM50K) / Tender (>RM500K))',22,1,'2020-07-23 10:16:41','2020-07-23 10:16:41',NULL),(18,'Keputusan Mesyuarat sebut harga/ Lembaga Perolehan',23,1,'2020-07-23 10:16:50','2020-07-23 10:16:50',NULL),(19,'Surat Lantikan (Perolehan melalui Sebut harga B (> RM20K) / Sebut harga A (> RM50K) / Tender (>RM500K))',24,1,'2020-07-23 10:16:57','2020-07-23 10:16:57',NULL),(20,'Teknikal / Penyelenggaraan (attachmentd)',25,0,'2020-07-23 10:17:03','2020-07-23 10:17:03',NULL),(21,'Laporan penyelenggaraan yang disahkan',26,1,'2020-07-23 10:17:11','2020-07-23 10:17:11',NULL),(22,'Kontrak (Salinan)',27,1,'2020-07-23 10:17:17','2020-07-23 10:17:17',NULL),(23,'Makanan (attachmente)',28,0,'2020-07-23 10:17:24','2020-07-23 10:17:24',NULL),(24,'Senarai nama peserta bengkel/ ceramah/ taklimat',29,1,'2020-07-23 10:17:32','2020-07-23 10:17:32',NULL),(25,'Tentatif program',30,1,'2020-07-23 10:17:40','2020-07-23 10:17:40',NULL),(26,'Penginapan Hotel/Tiket Penerbangan (attachmenta)',9,0,'2020-07-23 10:14:09','2020-07-23 10:14:09',NULL),(27,'Senarai Nama Penginap',10,1,'2020-07-23 10:14:24','2020-07-23 10:14:24',NULL),(28,'Senarai Nama Tiket Kapal Terbang',11,1,'2020-07-23 10:14:40','2020-07-23 10:14:40',NULL),(30,'LPO untuk Bhg Kewangan',2,1,'2020-07-23 10:17:53','2020-07-23 10:17:53',NULL),(31,'Invoice untuk Bhg Kewangan',3,1,'2020-07-23 10:18:06','2020-07-23 10:18:06',NULL);

--
-- Table structure for table `ref_program`
--

CREATE TABLE `ref_program` (
  `program_id` int(11) NOT NULL AUTO_INCREMENT,
  `project_category_id` int(11) NOT NULL,
  `program_code` char(10) DEFAULT NULL,
  `program_desc` varchar(255) DEFAULT NULL,
  `created_by` int(11) DEFAULT NULL,
  `updated_by` int(11) DEFAULT NULL,
  `created_at` timestamp NULL DEFAULT NULL,
  `updated_at` timestamp NOT NULL DEFAULT CURRENT_TIMESTAMP,
  `deleted_at` timestamp NULL DEFAULT NULL,
  PRIMARY KEY (`program_id`),
  KEY `idx_program_main` (`project_category_id`),
  KEY `idx_program_code` (`program_code`),
  KEY `idx_program_createdby` (`created_by`),
  KEY `idx_program_updatedby` (`updated_by`)
) ENGINE=InnoDB AUTO_INCREMENT=454 DEFAULT CHARSET=latin1;

--
-- Dumping data for table `ref_program`
--

INSERT INTO `ref_program` VALUES (1,1,'AG001','AMALAN BAIK PERATURAN (GRP)',2,2,'2021-03-16 15:24:56','2021-03-16 15:24:56',NULL),(2,1,'AG002','REGULATORY PROPOSAL/ NOTIFICATION2',2,2,'2021-03-16 15:24:56','2021-05-29 17:12:06',NULL),(3,1,'AG003','REGULATORY IMPACT ANALYSIS/ STATEMENT',2,2,'2021-03-16 15:24:56','2021-03-16 15:24:56',NULL),(4,1,'AG004','PUBLIC CONSULTATION/ STAKEHOLDER CONSULTATION/ENGAGEMENT',2,2,'2021-03-16 15:24:56','2021-03-16 15:24:56',NULL),(5,1,'AG005','COST BENEFIT ANALYSIS',2,2,'2021-03-16 15:24:56','2021-03-16 15:24:56',NULL),(6,1,'AG006','IMPACT ANALYSIS',2,2,'2021-03-16 15:24:56','2021-03-16 15:24:56',NULL),(7,1,'AG007','STANDARD COST MODEL',2,2,'2021-03-16 15:24:56','2021-03-16 15:24:56',NULL),(8,1,'AG008','MEASURING REGULATORY/ COMPLIANCE COST',2,2,'2021-03-16 15:24:56','2021-03-16 15:24:56',NULL),(9,1,'AG009','POST IMPLEMENTATION REVIEW',2,2,'2021-03-16 15:24:56','2021-03-16 15:24:56',NULL),(10,1,'AG010','PERFORMANCE/ OUTCOME-BASED REGULATION',2,2,'2021-03-16 15:24:56','2021-03-16 15:24:56',NULL),(11,1,'AG011','MANAGEMENT-BASED REGULATIONS',2,2,'2021-03-16 15:24:56','2021-03-16 15:24:56',NULL),(12,1,'AG012','REGULATORY EXPERIMENTS',2,2,'2021-03-16 15:24:56','2021-03-16 15:24:56',NULL),(13,1,'AG013','REGULATORY SANDBOX',2,2,'2021-03-16 15:24:56','2021-03-16 15:24:56',NULL),(14,1,'AG014','ADAPTIVE REGULATION',2,2,'2021-03-16 15:24:56','2021-03-16 15:24:56',NULL),(15,1,'AG015','COMPETITION IMPACT ANALYSIS',2,2,'2021-03-16 15:24:56','2021-03-16 15:24:56',NULL),(16,1,'AG016','SMES IMPACT ANALYSIS',2,2,'2021-03-16 15:24:56','2021-03-16 15:24:56',NULL),(17,1,'AG017','SOCIAL IMPACT ANALYSIS',2,2,'2021-03-16 15:24:56','2021-03-16 15:24:56',NULL),(18,1,'AG018','ENVIRONMENT IMPACT ANALYSIS',2,2,'2021-03-16 15:24:56','2021-03-16 15:24:56',NULL),(19,1,'AG019','POLICY IMPACT ANALYSIS',2,2,'2021-03-16 15:24:56','2021-03-16 15:24:56',NULL),(20,1,'AG020','SELF-REGULATION',2,2,'2021-03-16 15:24:56','2021-03-16 15:24:56',NULL),(21,1,'AG021','CO-REGULATION',2,2,'2021-03-16 15:24:56','2021-03-16 15:24:56',NULL),(22,1,'AG022','RISK-BASED REGULATION',2,2,'2021-03-16 15:24:56','2021-03-16 15:24:56',NULL),(23,1,'AG023','INTERNATIONAL REGULATORY COOPERATION',2,2,'2021-03-16 15:24:56','2021-03-16 15:24:56',NULL),(24,1,'AG024','REGULATORY DELIVERY',2,2,'2021-03-16 15:24:56','2021-03-16 15:24:56',NULL),(25,1,'AG025','AGILE REGULATION',2,2,'2021-03-16 15:24:56','2021-03-16 15:24:56',NULL),(26,1,'AG026','REGULATORY-BASED TECHNOLOGY',2,2,'2021-03-16 15:24:56','2021-03-16 15:24:56',NULL),(27,1,'AG027','REGULATORY POLICY/ SYSTEM MANAGEMENT (GOOD REGULATORY PRACTICE POLICY REGULATORY COORDINATOR ETC.)',2,2,'2021-03-16 15:24:56','2021-03-16 15:24:56',NULL),(28,1,'AG028','MULTI CRITERIA ANALYSIS',2,2,'2021-03-16 15:24:56','2021-03-16 15:24:56',NULL),(29,1,'AG029','COST EFFECTIVE ANALYSIS',2,2,'2021-03-16 15:24:56','2021-03-16 15:24:56',NULL),(30,1,'AG030','REGULATORY GOVERNANCE',2,2,'2021-03-16 15:24:56','2021-03-16 15:24:56',NULL),(31,1,'AG031','RISK-BASED ANALYSIS',2,2,'2021-03-16 15:24:56','2021-03-16 15:24:56',NULL),(32,1,'AG032','INTERNATIONAL REGULATORY MANAGEMENT (EXAMPLE: ASIA-PACIFIC ECONOMIC COOPERATION (APEC) / ASSOCIATION OF SOUTHEAST ASIAN NATIONS (ASEAN) / ORGANISATION FOR ECONOMIC CO-OPERATION AND DEVELOPMENT (OECD)',2,2,'2021-03-16 15:24:56','2021-03-16 15:24:56',NULL),(33,1,'AG033','CUTTING RED TAPE',2,2,'2021-03-16 15:24:56','2021-03-16 15:24:56',NULL),(34,1,'AG034','REGULATORY MAPPING',2,2,'2021-03-16 15:24:56','2021-03-16 15:24:56',NULL),(35,1,'AG035','REGULATORY FRAMEWORK',2,2,'2021-03-16 15:24:56','2021-03-16 15:24:56',NULL),(36,1,'AG036','REGULATORY DESIGN',2,2,'2021-03-16 15:24:56','2021-03-16 15:24:56',NULL),(37,1,'AG037','REVIEW EXISTING REGULATION',2,2,'2021-03-16 15:24:56','2021-03-16 15:24:56',NULL),(38,1,'AG038','REGULATORY REFORM',2,2,'2021-03-16 15:24:56','2021-03-16 15:24:56',NULL),(39,1,'AG039','NON -TARIFF MEASURES (NTM) REFORM',2,2,'2021-03-16 15:24:56','2021-03-16 15:24:56',NULL),(40,1,'AG040','LICENSING REFORM',2,2,'2021-03-16 15:24:57','2021-03-16 15:24:57',NULL),(41,1,'AG041','BUSINESS REGULATION',2,2,'2021-03-16 15:24:57','2021-03-16 15:24:57',NULL),(42,1,'AG042','IMPROVE LICENSING TRANSPARENCY',2,2,'2021-03-16 15:24:57','2021-03-16 15:24:57',NULL),(43,1,'AG043','BUSINESS LICENSING GUIDELINE',2,2,'2021-03-16 15:24:57','2021-03-16 15:24:57',NULL),(44,1,'AG044','REDUCING REGULATORY BURDEN',2,2,'2021-03-16 15:24:57','2021-03-16 15:24:57',NULL),(45,1,'AG045','MONITORING & EVALUATION FRAMEWORK',2,2,'2021-03-16 15:24:57','2021-03-16 15:24:57',NULL),(46,1,'AG046','DEREGULATION',2,2,'2021-03-16 15:24:57','2021-03-16 15:24:57',NULL),(47,1,'AG047','ANALYSIS VERIFICATION',2,2,'2021-03-16 15:24:57','2021-03-16 15:24:57',NULL),(48,1,'AG048','ISSUE PAPER',2,2,'2021-03-16 15:24:57','2021-03-16 15:24:57',NULL),(49,1,'AG049','LAW',2,2,'2021-03-16 15:24:57','2021-03-16 15:24:57',NULL),(50,1,'AG050','ECONOMY',2,2,'2021-03-16 15:24:57','2021-03-16 15:24:57',NULL),(51,1,'AG051','HEALTHCARE',2,2,'2021-03-16 15:24:57','2021-03-16 15:24:57',NULL),(52,1,'AG052','CONSTRUCTION',2,2,'2021-03-16 15:24:57','2021-03-16 15:24:57',NULL),(53,1,'AG053','LABOUR',2,2,'2021-03-16 15:24:57','2021-03-16 15:24:57',NULL),(54,1,'AG054','IMMIGRATION',2,2,'2021-03-16 15:24:57','2021-03-16 15:24:57',NULL),(55,1,'AG055','TOURISM',2,2,'2021-03-16 15:24:57','2021-03-16 15:24:57',NULL),(56,1,'AG056','DIGITAL',2,2,'2021-03-16 15:24:57','2021-03-16 15:24:57',NULL),(57,2,'AB057','BEHAVIOURAL INSIGHTS FRAMEWORK CRITERIA: DEFINE',2,2,'2021-03-16 15:24:57','2021-03-16 15:24:57',NULL),(58,2,'AB058','BEHAVIOURAL INSIGHTS FRAMEWORK CRITERIA: RESEARCH',2,2,'2021-03-16 15:24:57','2021-03-16 15:24:57',NULL),(59,2,'AB059','BEHAVIOURAL INSIGHTS FRAMEWORK CRITERIA: INTERVENTION',2,2,'2021-03-16 15:24:57','2021-03-16 15:24:57',NULL),(60,2,'AB060','BEHAVIOURAL INSIGHTS FRAMEWORK CRITERIA: VALIDATE',2,2,'2021-03-16 15:24:57','2021-03-16 15:24:57',NULL),(61,2,'AB061','BEHAVIOURAL INSIGHTS FRAMEWORK CRITERIA: EXPAND',2,2,'2021-03-16 15:24:57','2021-03-16 15:24:57',NULL),(62,2,'AB062','BEHAVIOURAL INSIGHTS GUIDELINES',2,2,'2021-03-16 15:24:57','2021-03-16 15:24:57',NULL),(63,2,'AB063','BEHAVIOURAL INSIGHTS BENCHMARKING PROJECT',2,2,'2021-03-16 15:24:57','2021-03-16 15:24:57',NULL),(64,2,'AB064','BEHAVIOURAL INSIGHTS BASELINE STUDY',2,2,'2021-03-16 15:24:57','2021-03-16 15:24:57',NULL),(65,2,'AB065','BEHAVIOURAL INSIGHTS CONFERENCE/ WORKSHOP/SEMINAR/ RTD/ FGD',2,2,'2021-03-16 15:24:57','2021-03-16 15:24:57',NULL),(66,2,'AB066','BEHAVIOURAL INSIGHTS TRAINING MODULE - BEGINNER',2,2,'2021-03-16 15:24:57','2021-03-16 15:24:57',NULL),(67,2,'AB067','BEHAVIOURAL INSIGHTS TRAINING MODULE - INTERMEDIATE',2,2,'2021-03-16 15:24:57','2021-03-16 15:24:57',NULL),(68,2,'AB068','BEHAVIOURAL INSIGHTS TRAINING MODULE - ADVANCED',2,2,'2021-03-16 15:24:57','2021-03-16 15:24:57',NULL),(69,2,'AB069','COMPETENCY DEVELOPMENT FOR BEHAVIOURAL - INSIGHTS PRACTITIONERS',2,2,'2021-03-16 15:24:57','2021-03-16 15:24:57',NULL),(70,2,'AB070','COMPETENCY DEVELOPMENT FOR BEHAVIOURAL - INSIGHTS TRAINERS/ CONSULTANTS',2,2,'2021-03-16 15:24:57','2021-03-16 15:24:57',NULL),(71,2,'AB071','BEHAVIOURAL INSIGHTS TOOLKITS',2,2,'2021-03-16 15:24:57','2021-03-16 15:24:57',NULL),(72,2,'AB072','DATA PROFILING DOCUMENTATION FOR BEHAVIOURAL - INSIGHTS',2,2,'2021-03-16 15:24:57','2021-03-16 15:24:57',NULL),(73,2,'AB073','BEHAVIOURAL INSIGHTS DOCUMENTATION FOR GOVERNMENT',2,2,'2021-03-16 15:24:57','2021-03-16 15:24:57',NULL),(74,2,'AB074','BEHAVIOURAL INSIGHTS PROJECT MANAGEMENT',2,2,'2021-03-16 15:24:57','2021-03-16 15:24:57',NULL),(75,2,'AB075','APPLICATION OF NUDGE THEORY',2,2,'2021-03-16 15:24:57','2021-03-16 15:24:57',NULL),(76,3,'AC076','ECONOMIC PERFORMANCE: DOMESTIC ECONOMY',2,2,'2021-03-16 15:24:57','2021-03-16 15:24:57',NULL),(77,3,'AC077','ECONOMIC PERFORMANCE: INTERNATIONAL TRADE',2,2,'2021-03-16 15:24:57','2021-03-16 15:24:57',NULL),(78,3,'AC078','ECONOMIC PERFORMANCE: INTERNATIONAL INVESTMENT',2,2,'2021-03-16 15:24:57','2021-03-16 15:24:57',NULL),(79,3,'AC079','ECONOMIC PERFORMANCE: EMPLOYMENT',2,2,'2021-03-16 15:24:57','2021-03-16 15:24:57',NULL),(80,3,'AC080','ECONOMIC PERFORMANCE: PRICES',2,2,'2021-03-16 15:24:57','2021-03-16 15:24:57',NULL),(81,3,'AC081','GOVERNMENT EFFICIENCY: PUBLIC FINANCE',2,2,'2021-03-16 15:24:57','2021-03-16 15:24:57',NULL),(82,3,'AC082','GOVERNMENT EFFICIENCY: TAX POLICY',2,2,'2021-03-16 15:24:57','2021-03-16 15:24:57',NULL),(83,3,'AC083','GOVERNMENT EFFICIENCY: INSTITUTIONAL FRAMEWORK',2,2,'2021-03-16 15:24:57','2021-03-16 15:24:57',NULL),(84,3,'AC084','GOVERNMENT EFFICIENCY: BUSINESS LEGISLATION',2,2,'2021-03-16 15:24:57','2021-03-16 15:24:57',NULL),(85,3,'AC085','GOVERNMENT EFFICIENCY: SOCIETAL FRAMEWORK',2,2,'2021-03-16 15:24:57','2021-03-16 15:24:57',NULL),(86,3,'AC086','BUSINESS EFFICIENCY: PRODUCTIVITY & EFFICIENCY',2,2,'2021-03-16 15:24:57','2021-03-16 15:24:57',NULL),(87,3,'AC087','BUSINESS EFFICIENCY: LABOR MARKET',2,2,'2021-03-16 15:24:57','2021-03-16 15:24:57',NULL),(88,3,'AC088','BUSINESS EFFICIENCY: FINANCE',2,2,'2021-03-16 15:24:57','2021-03-16 15:24:57',NULL),(89,3,'AC089','BUSINESS EFFICIENCY: MANAGEMENT PRACTICES',2,2,'2021-03-16 15:24:57','2021-03-16 15:24:57',NULL),(90,3,'AC090','BUSINESS EFFICIENCY: ATTITUDES & VALUES',2,2,'2021-03-16 15:24:57','2021-03-16 15:24:57',NULL),(91,3,'AC091','INFRASTRUCTURE: BASIC INFRASTRUCTURE',2,2,'2021-03-16 15:24:57','2021-03-16 15:24:57',NULL),(92,3,'AC092','INFRASTRUCTURE: TECHNOLOGICAL INFRASTRUCTURE',2,2,'2021-03-16 15:24:57','2021-03-16 15:24:57',NULL),(93,3,'AC093','INFRASTRUCTURE: SCIENTIFIC INFRASTRUCTURE',2,2,'2021-03-16 15:24:57','2021-03-16 15:24:57',NULL),(94,3,'AC094','INFRASTRUCTURE: HEALTH & ENVIRONMENT',2,2,'2021-03-16 15:24:57','2021-03-16 15:24:57',NULL),(95,3,'AC095','INFRASTRUCTURE: EDUCATION',2,2,'2021-03-16 15:24:57','2021-03-16 15:24:57',NULL),(96,3,'AC096','ENABLING ENVIRONMENT: INSTITUTIONS',2,2,'2021-03-16 15:24:57','2021-03-16 15:24:57',NULL),(97,3,'AC097','ENABLING ENVIRONMENT: INFRASTRUCTURE',2,2,'2021-03-16 15:24:57','2021-03-16 15:24:57',NULL),(98,3,'AC098','ENABLING ENVIRONMENT: ICT ADOPTION',2,2,'2021-03-16 15:24:57','2021-03-16 15:24:57',NULL),(99,3,'AC099','ENABLING ENVIRONMENT: MACROECONOMIC STABILITY',2,2,'2021-03-16 15:24:57','2021-03-16 15:24:57',NULL),(100,3,'AC100','HUMAN CAPITAL: HEALTH',2,2,'2021-03-16 15:24:57','2021-03-16 15:24:57',NULL),(101,3,'AC101','HUMAN CAPITAL: SKILLS',2,2,'2021-03-16 15:24:57','2021-03-16 15:24:57',NULL),(102,3,'AC102','MARKETS: PRODUCT MARKET',2,2,'2021-03-16 15:24:57','2021-03-16 15:24:57',NULL),(103,3,'AC103','MARKETS: LABOR MARKET',2,2,'2021-03-16 15:24:57','2021-03-16 15:24:57',NULL),(104,3,'AC104','MARKETS: FINANCIAL MARKET',2,2,'2021-03-16 15:24:57','2021-03-16 15:24:57',NULL),(105,3,'AC105','MARKETS: MARKET SIZE',2,2,'2021-03-16 15:24:57','2021-03-16 15:24:57',NULL),(106,3,'AC106','INNOVATION ECOSYSTEM: BUSINESS DYNAMISM',2,2,'2021-03-16 15:24:57','2021-03-16 15:24:57',NULL),(107,3,'AC107','INNOVATION ECOSYSTEM: INNOVATION CAPABILITY',2,2,'2021-03-16 15:24:57','2021-03-16 15:24:57',NULL),(108,3,'AC108','STARTING A BUSINESS',2,2,'2021-03-16 15:24:57','2021-03-16 15:24:57',NULL),(109,3,'AC109','DEALING WITH CONSTRUCTION PERMITS',2,2,'2021-03-16 15:24:57','2021-03-16 15:24:57',NULL),(110,3,'AC110','GETTING ELECTRICITY',2,2,'2021-03-16 15:24:57','2021-03-16 15:24:57',NULL),(111,3,'AC111','REGISTERING PROPERTY',2,2,'2021-03-16 15:24:57','2021-03-16 15:24:57',NULL),(112,3,'AC112','GETTING CREDIT',2,2,'2021-03-16 15:24:57','2021-03-16 15:24:57',NULL),(113,3,'AC113','PROTECTING MINORITY INVESTORS',2,2,'2021-03-16 15:24:57','2021-03-16 15:24:57',NULL),(114,3,'AC114','PAYING TAXES',2,2,'2021-03-16 15:24:57','2021-03-16 15:24:57',NULL),(115,3,'AC115','TRADING ACROSS BORDERS',2,2,'2021-03-16 15:24:57','2021-03-16 15:24:57',NULL),(116,3,'AC116','ENFORCING CONTRACTS',2,2,'2021-03-16 15:24:57','2021-03-16 15:24:57',NULL),(117,3,'AC117','RESOLVING INSOLVENCY',2,2,'2021-03-16 15:24:57','2021-03-16 15:24:57',NULL),(118,3,'AC118','EMPLOYING WORKERS',2,2,'2021-03-16 15:24:57','2021-03-16 15:24:57',NULL),(119,3,'AC119','CONTRACTING WITH THE GOVERNMENT',2,2,'2021-03-16 15:24:57','2021-03-16 15:24:57',NULL),(120,3,'AC120','E-PAYMENT',2,2,'2021-03-16 15:24:57','2021-03-16 15:24:57',NULL),(121,4,'AE121','PRODUCTIVITY-LINKED WAGE SYSTEM ASSESSMENT TOOLS',2,2,'2021-03-16 15:24:57','2021-03-16 15:24:57',NULL),(122,4,'AE122','PRODUCTIVITY-LINKED WAGE SYSTEM TRAINING MODULE – BEGINNER (IMPROVE PRODUCTIVITY THROUGH PRODUCTIVITY – LINKED WAGE SYSTEM (PLWS)',2,2,'2021-03-16 15:24:57','2021-03-16 15:24:57',NULL),(123,4,'AE123','PRODUCTIVITY-LINKED WAGE SYSTEM – INTERMEDIATE (MASTER ON PRODUCTIVITY- LINKED WAGE SYSTEM (PLWS)',2,2,'2021-03-16 15:24:57','2021-03-16 15:24:57',NULL),(124,4,'AE124','PRODUCTIVITY-LINKED WAGE SYSTEM – ADVANCED (CHAMPION ON PRODUCTIVITY-LINKED WAGE SYSTEM (PLWS)',2,2,'2021-03-16 15:24:57','2021-03-16 15:24:57',NULL),(125,4,'AE125','CIRCULAR ECONOMY APPLICATION IN INDUSTRY',2,2,'2021-03-16 15:24:57','2021-03-16 15:24:57',NULL),(126,4,'AE126','CIRCULAR ECONOMY & BUSINESS SUSTAINABILITY ASSESSMENT TOOLS',2,2,'2021-03-16 15:24:57','2021-03-16 15:24:57',NULL),(127,5,'B001','BUSINESS EXCELLENCE CRITERIA: LEADERSHIP',2,2,'2021-03-16 15:26:47','2021-03-16 15:26:47',NULL),(128,5,'B002','BUSINESS EXCELLENCE CRITERIA: PLANNING',2,2,'2021-03-16 15:26:47','2021-03-16 15:26:47',NULL),(129,5,'B003','BUSINESS EXCELLENCE CRITERIA: INFORMATION',2,2,'2021-03-16 15:26:47','2021-03-16 15:26:47',NULL),(130,5,'B004','BUSINESS EXCELLENCE CRITERIA: CUSTOMER',2,2,'2021-03-16 15:26:47','2021-03-16 15:26:47',NULL),(131,5,'B005','BUSINESS EXCELLENCE CRITERIA: PEOPLE',2,2,'2021-03-16 15:26:47','2021-03-16 15:26:47',NULL),(132,5,'B006','BUSINESS EXCELLENCE CRITERIA: PROCESS',2,2,'2021-03-16 15:26:47','2021-03-16 15:26:47',NULL),(133,5,'B007','BENCHMARKING FOR BUSINESS EXCELLENCE',2,2,'2021-03-16 15:26:47','2021-03-16 15:26:47',NULL),(134,5,'B008','AMALAN KAIZEN BAGI MENINGKATKAN KECEKAPAN PROSES',2,2,'2021-03-16 15:26:47','2021-03-16 15:26:47',NULL),(135,5,'B009','ADVANCED KAIZEN',2,2,'2021-03-16 15:26:47','2021-03-16 15:26:47',NULL),(136,5,'B010','CONTINUOUS IMPROVEMENT THROUGH KAIZEN',2,2,'2021-03-16 15:26:47','2021-03-16 15:26:47',NULL),(137,5,'B011','PENGURUSAN LEAN/ LEAN MANUFACTURING',2,2,'2021-03-16 15:26:47','2021-03-16 15:26:47',NULL),(138,5,'B012','LEAN SIX SIGMA',2,2,'2021-03-16 15:26:47','2021-03-16 15:26:47',NULL),(139,5,'B013','VALUE STREAM MAPPING (VSM)',2,2,'2021-03-16 15:26:47','2021-03-16 15:26:47',NULL),(140,5,'B014','MAPPING PROCESS PROBLEM AND SOLUTION',2,2,'2021-03-16 15:26:47','2021-03-16 15:26:47',NULL),(141,5,'B015','STATISTICAL PROCESS CONTROL (SPC)',2,2,'2021-03-16 15:26:47','2021-03-16 15:26:47',NULL),(142,5,'B016','TOTAL QUALITY MANAGEMENT (TQM)',2,2,'2021-03-16 15:26:47','2021-03-16 15:26:47',NULL),(143,5,'B017','BALANCE SCORECARD',2,2,'2021-03-16 15:26:48','2021-03-16 15:26:48',NULL),(144,5,'B018','PENGURUSAN KEWANGAN DAN ANALISIS PRODUKTIVITI',2,2,'2021-03-16 15:26:48','2021-03-16 15:26:48',NULL),(145,5,'B019','AMALAN PERSEKITARAN BERKUALITI (5S/QE) YANG EFEKTIF',2,2,'2021-03-16 15:26:48','2021-03-16 15:26:48',NULL),(146,5,'B020','AUDIT DALAMAN PERSEKITARAN BERKUALITI (5S/QE)',2,2,'2021-03-16 15:26:48','2021-03-16 15:26:48',NULL),(147,5,'B021','KRITERIA AUDIT PERSEKITARAN BERKUALITI (5S/QE)',2,2,'2021-03-16 15:26:48','2021-03-16 15:26:48',NULL),(148,5,'B022','5S SPECIALIST',2,2,'2021-03-16 15:26:48','2021-03-16 15:26:48',NULL),(149,5,'B023','PENYEDIAAN DOKUMENTASI MANUAL 5S/QE',2,2,'2021-03-16 15:26:48','2021-03-16 15:26:48',NULL),(150,5,'B024','DOKUMENTASI UNTUK PENGAUDITAN AMALAN 5S',2,2,'2021-03-16 15:26:48','2021-03-16 15:26:48',NULL),(151,5,'B025','PENGURUSAN FAIL DAN REKOD MELALUI SISTEM 5S',2,2,'2021-03-16 15:26:48','2021-03-16 15:26:48',NULL),(152,5,'B026','PENGURUSAN STOR & STOK MELALUI SISTEM 5S',2,2,'2021-03-16 15:26:48','2021-03-16 15:26:48',NULL),(153,5,'B027','PENGURUSAN STOR & STOK YANG EFEKTIF',2,2,'2021-03-16 15:26:48','2021-03-16 15:26:48',NULL),(154,5,'B028','PENGURUSAN PELUPUSAN FAIL DAN REKOD YANG TIDAK AKTIF',2,2,'2021-03-16 15:26:48','2021-03-16 15:26:48',NULL),(155,5,'B029','BUSINESS EXCELLENCE FOR PRACTITIONER',2,2,'2021-03-16 15:26:48','2021-03-16 15:26:48',NULL),(156,5,'B030','BUSINESS EXCELLENCE FOR ASSESSOR',2,2,'2021-03-16 15:26:48','2021-03-16 15:26:48',NULL),(157,5,'B031','BUSINESS EXCELLENCE FOR CONSULTANT',2,2,'2021-03-16 15:26:48','2021-03-16 15:26:48',NULL),(158,5,'B032','ORGANISATIONAL PROFILE FOR BUSINESS EXCELLENCE',2,2,'2021-03-16 15:26:48','2021-03-16 15:26:48',NULL),(159,5,'B033','BUSINESS EXCELLENCE ASSESSMENT REPORT WRITING FOR ASSESSOR',2,2,'2021-03-16 15:26:48','2021-03-16 15:26:48',NULL),(160,5,'B034','BUSINESS EXCELLENCE DOCUMENTATION FOR ORGANISATION',2,2,'2021-03-16 15:26:48','2021-03-16 15:26:48',NULL),(161,5,'B035','BUSINESS EXCELLENCE DOCUMENTATION FOR AWARD APPLICANTS',2,2,'2021-03-16 15:26:48','2021-03-16 15:26:48',NULL),(162,5,'B036','EFFECTIVE 5S AND LEAN MANAGEMENT IMPLEMENTATION FOR I4.0 ADOPTION',2,2,'2021-03-16 15:26:48','2021-03-16 15:26:48',NULL),(163,5,'B037','KEY PERFORMANCE INDICATOR (KPI/KRA)',2,2,'2021-03-16 15:26:48','2021-03-16 15:26:48',NULL),(164,5,'B038','PENGUKURAN PRODUKTIVITI (COMPASS)',2,2,'2021-03-16 15:26:48','2021-03-16 15:26:48',NULL),(165,5,'B039','PRODUCTIVITY LINKED-WAGE SYSTEM (PLWS)',2,2,'2021-03-16 15:26:48','2021-03-16 15:26:48',NULL),(166,5,'B040','TOTAL PREVENTIVE MAINTENANCE (TPM)',2,2,'2021-03-16 15:26:48','2021-03-16 15:26:48',NULL),(167,5,'B041','MATERIAL FLOW COST ACCOUNTING (MFCA)',2,2,'2021-03-16 15:26:48','2021-03-16 15:26:48',NULL),(168,5,'B042','FAILURE MODE & EFFECT ANALYSIS (FMEA)',2,2,'2021-03-16 15:26:48','2021-03-16 15:26:48',NULL),(169,5,'B043','SUPPLY CHAIN SUSTAINABILITY',2,2,'2021-03-16 15:26:48','2021-03-16 15:26:48',NULL),(170,5,'B044','SUSTAINABILITY IN BUSINESS PROCESS MANAGEMENT',2,2,'2021-03-16 15:26:48','2021-03-16 15:26:48',NULL),(171,5,'B045','INDUSTRIAL SUSTAINABILITY',2,2,'2021-03-16 15:26:48','2021-03-16 15:26:48',NULL),(172,5,'B046','EFFECTIVE COMMUNICATION FOR BUSINESS EXCELLENCE',2,2,'2021-03-16 15:26:48','2021-03-16 15:26:48',NULL),(173,5,'B047','WORKSHOP ON REDUCING ORGANISATIONAL RISK THROUGH EFFECTIVE, RELIABLE DATA AND INFORMATION',2,2,'2021-03-16 15:26:48','2021-03-16 15:26:48',NULL),(174,5,'B048','PROCESS IMPROVEMENT THROUGH LEAN TECHNIQUES',2,2,'2021-03-16 15:26:48','2021-03-16 15:26:48',NULL),(175,5,'B049','ELIMINATING WASTES THROUGH LEAN PRACTICES',2,2,'2021-03-16 15:26:48','2021-03-16 15:26:48',NULL),(176,5,'B050','IMPROVING QUALITY AND PRODUCTIVITY THROUGH LEAN PRODUCTION',2,2,'2021-03-16 15:26:48','2021-03-16 15:26:48',NULL),(177,5,'B051','CERTIFIED PRODUCTIVITY SPECIALIST',2,2,'2021-03-16 15:26:48','2021-03-16 15:26:48',NULL),(178,5,'B052','PRODUCTIVITY GAIN MEASUREMENT',2,2,'2021-03-16 15:26:48','2021-03-16 15:26:48',NULL),(179,5,'B053','MASTERING “DESIGN THINKING” FOR HIGHER RESULT',2,2,'2021-03-16 15:26:48','2021-03-16 15:26:48',NULL),(180,5,'B054','EFFECTIVE TOTAL PRODUCTIVE MAINTENANCE (TPM) FOR SMART MANUFACTURING',2,2,'2021-03-16 15:26:48','2021-03-16 15:26:48',NULL),(181,5,'B055','RISK MANAGEMENT PROFILE AND CHANGE MANAGEMENT FOR BETTER GOVERNANCE',2,2,'2021-03-16 15:26:48','2021-03-16 15:26:48',NULL),(182,5,'B056','WASTE & ROOT CAUSE ANALYSIS FOR LEAN MANAGEMENT IMPLEMENTATION',2,2,'2021-03-16 15:26:48','2021-03-16 15:26:48',NULL),(183,5,'B057','ELIMINATING WASTES THROUGH PRODUCTIVITY TOOLS & TECHNIQUES',2,2,'2021-03-16 15:26:48','2021-03-16 15:26:48',NULL),(184,5,'B058','ANALISA KOS DAN DASAR PENENTUAN HARGA',2,2,'2021-03-16 15:26:48','2021-03-16 15:26:48',NULL),(185,5,'B059','STRATEGI MEMULAKAN PERNIAGAAN',2,2,'2021-03-16 15:26:48','2021-03-16 15:26:48',NULL),(186,5,'B060','PEMBANGUNAN KEUSAHAWANAN',2,2,'2021-03-16 15:26:48','2021-03-16 15:26:48',NULL),(187,5,'B061','STRATEGIC MARKETING',2,2,'2021-03-16 15:26:48','2021-03-16 15:26:48',NULL),(188,5,'B062','LEARN MARKETING SKILLS',2,2,'2021-03-16 15:26:48','2021-03-16 15:26:48',NULL),(189,5,'B063','MARKETING COMMUNICATION AND CONSUMER BEHAVIOUR',2,2,'2021-03-16 15:26:48','2021-03-16 15:26:48',NULL),(190,5,'B064','STRATEGIC BRAND MANAGEMENT',2,2,'2021-03-16 15:26:48','2021-03-16 15:26:48',NULL),(191,5,'B065','BRAND BUILDING STRATEGIES',2,2,'2021-03-16 15:26:48','2021-03-16 15:26:48',NULL),(192,5,'B066','HOW TO BUILD YOUR PERSONAL BRAND',2,2,'2021-03-16 15:26:48','2021-03-16 15:26:48',NULL),(193,5,'B067','AWARENESS ON CREATIVITY AND INNOVATION',2,2,'2021-03-16 15:26:48','2021-03-16 15:26:48',NULL),(194,5,'B068','INNOVATION AND DESIGN THINKING',2,2,'2021-03-16 15:26:48','2021-03-16 15:26:48',NULL),(195,5,'B069','STRATEGIC AND INNOVATION',2,2,'2021-03-16 15:26:48','2021-03-16 15:26:48',NULL),(196,5,'B070','ENTREPRENEURSHIP AND INNOVATION',2,2,'2021-03-16 15:26:48','2021-03-16 15:26:48',NULL),(197,5,'B071','PROBLEM SOLVING TECHNIQUE THROUGH ICC',2,2,'2021-03-16 15:26:48','2021-03-16 15:26:48',NULL),(198,5,'B072','CREATIVE SOLUTION THROUGH ICC',2,2,'2021-03-16 15:26:48','2021-03-16 15:26:48',NULL),(199,5,'B073','KEM ICC',2,2,'2021-03-16 15:26:48','2021-03-16 15:26:48',NULL),(200,5,'B074','PROCESS IMPROVEMENT THROUGH ICC TOOLS',2,2,'2021-03-16 15:26:48','2021-03-16 15:26:48',NULL),(201,5,'B075','ICC DOCUMENTATION',2,2,'2021-03-16 15:26:48','2021-03-16 15:26:48',NULL),(202,5,'B076','JUDGING CRITERIA FOR ICC',2,2,'2021-03-16 15:26:48','2021-03-16 15:26:48',NULL),(203,5,'B077','BENGKEL PENULISAN LAPORAN ICC',2,2,'2021-03-16 15:26:48','2021-03-16 15:26:48',NULL),(204,5,'B078','INNOVATION IN SERVICES SECTOR',2,2,'2021-03-16 15:26:48','2021-03-16 15:26:48',NULL),(205,5,'B079','TRIZ – THE THEORY OF INVENTING PROBLEM SOLVING',2,2,'2021-03-16 15:26:48','2021-03-16 15:26:48',NULL),(206,5,'B080','OVERVIEW OF TRIZ TOOLS',2,2,'2021-03-16 15:26:48','2021-03-16 15:26:48',NULL),(207,5,'B081','CREATIVE PROBLEM SOLVING AND INNOVATIVE THINKING THROUGH TRIZ',2,2,'2021-03-16 15:26:48','2021-03-16 15:26:48',NULL),(208,5,'B082','PRODUCT INNOVATION AND MANAGEMENT',2,2,'2021-03-16 15:26:48','2021-03-16 15:26:48',NULL),(209,5,'B083','LEADERSHIP SUSTAINABILITY',2,2,'2021-03-16 15:26:48','2021-03-16 15:26:48',NULL),(210,5,'B084','SUSTAINABILITY CORPORATE RESPONSIBILITY TRAINING PROGRAM',2,2,'2021-03-16 15:26:48','2021-03-16 15:26:48',NULL),(211,5,'B085','LEADERSHIP DEVELOPMENT TRAINING',2,2,'2021-03-16 15:26:48','2021-03-16 15:26:48',NULL),(212,5,'B086','CHANGE MANAGEMENT TRAINING',2,2,'2021-03-16 15:26:48','2021-03-16 15:26:48',NULL),(213,5,'B087','DEVELOPING LEADERSHIP SKILLS FOR WORKPLACE OF TOMORROW',2,2,'2021-03-16 15:26:48','2021-03-16 15:26:48',NULL),(214,5,'B088','KEMAHIRAN PENGURUSAN BEKERJA DARI RUMAH (WFH)',2,2,'2021-03-16 15:26:48','2021-03-16 15:26:48',NULL),(215,5,'B089','PENGURUSAN PENGAMBILAN MINIT MESYUARAT, PENULISAN SURAT DAN MEMO RASMI',2,2,'2021-03-16 15:26:48','2021-03-16 15:26:48',NULL),(216,5,'B090','IMEJ DAN KETERAMPILAN',2,2,'2021-03-16 15:26:48','2021-03-16 15:26:48',NULL),(217,5,'B091','PENGURUSAN PERKHIDMATAN PELANGGAN BERKUALITI DAN CEMERLANG DI KAUNTER',2,2,'2021-03-16 15:26:48','2021-03-16 15:26:48',NULL),(218,5,'B092','LEADERSHIP WORKSHOP FOR SENIOR MANAGEMENT',2,2,'2021-03-16 15:26:48','2021-03-16 15:26:48',NULL),(219,5,'B093','PSYCHOLOGICAL WELLBEING IN HANDLING STRESS AND WORKPLACE DEPRESSION',2,2,'2021-03-16 15:26:48','2021-03-16 15:26:48',NULL),(220,5,'B094','PSYCHOLOGICAL WELLBEING IN DIGITAL ERA FOR ORGANISATIONAL EXCELLENCE',2,2,'2021-03-16 15:26:48','2021-03-16 15:26:48',NULL),(221,5,'B095','POWER UP FOR LEADERS USING NLP',2,2,'2021-03-16 15:26:48','2021-03-16 15:26:48',NULL),(222,5,'B096','BALANCING WORK AND LIFE WITH OPTIMUM PRODUCTIVITY',2,2,'2021-03-16 15:26:48','2021-03-16 15:26:48',NULL),(223,5,'B097','NLP FOR EFFECTIVE COMMUNICATION IN ORGANISATION',2,2,'2021-03-16 15:26:48','2021-03-16 15:26:48',NULL),(224,5,'B098','DIGITAL MARKETING/ PEMASARAN SECARA DIGITAL',2,2,'2021-03-16 15:26:48','2021-03-16 15:26:48',NULL),(225,5,'B099','IMPROVING PROCESS AND QUALITY THROUGH IOT TECHNOLOGY',2,2,'2021-03-16 15:26:48','2021-03-16 15:26:48',NULL),(226,5,'B100','INDUSTRIAL IOT TECHNOLOGY (IIOT)',2,2,'2021-03-16 15:26:48','2021-03-16 15:26:48',NULL),(227,5,'B101','DIGITIZE YOUR BUSINESS',2,2,'2021-03-16 15:26:48','2021-03-16 15:26:48',NULL),(228,5,'B102','DIGITIZE YOUR BUSINESS PROCESS',2,2,'2021-03-16 15:26:48','2021-03-16 15:26:48',NULL),(229,5,'B103','DIGITIZE YOUR WORKPLACE FOR BETTER EMPLOYEE ENGAGEMENT',2,2,'2021-03-16 15:26:48','2021-03-16 15:26:48',NULL),(230,5,'B104','DIGITAL WORKPLACE STRATEGY',2,2,'2021-03-16 15:26:48','2021-03-16 15:26:48',NULL),(231,5,'B105','DIGITIZING YOUR WORK FOR MAXIMUM PRODUCTIVITY',2,2,'2021-03-16 15:26:48','2021-03-16 15:26:48',NULL),(232,5,'B106','START YOUR E-COMMERCE BUSINESS',2,2,'2021-03-16 15:26:48','2021-03-16 15:26:48',NULL),(233,5,'B107','DEVELOP EFFECTIVE STRATEGIES FOR A DIGITAL AGE',2,2,'2021-03-16 15:26:48','2021-03-16 15:26:48',NULL),(234,5,'B108','DIGITAL TRANSFORMATION INITIATIVES IN THE ORGANISATION',2,2,'2021-03-16 15:26:48','2021-03-16 15:26:48',NULL),(235,5,'B109','INCORPORATE CLOUD BASED TECHNOLOGY',2,2,'2021-03-16 15:26:48','2021-03-16 15:26:48',NULL),(236,5,'B110','SIMULATION & AUGMENTED REALITY',2,2,'2021-03-16 15:26:48','2021-03-16 15:26:48',NULL),(237,5,'B111','UNDERSTANDING I4.0 AS NEW BUSINESS MODELS & SYSTEM INTEGRATION',2,2,'2021-03-16 15:26:48','2021-03-16 15:26:48',NULL),(238,5,'B112','3D PRINTING',2,2,'2021-03-16 15:26:48','2021-03-16 15:26:48',NULL),(239,5,'B113','CYBER SECURITY MANAGEMENT',2,2,'2021-03-16 15:26:48','2021-03-16 15:26:48',NULL),(240,5,'B114','AUTONOMOUS ROBOTS',2,2,'2021-03-16 15:26:48','2021-03-16 15:26:48',NULL),(241,5,'B115','ADDITIVE MANUFACTURING & SUPPLY CHAIN',2,2,'2021-03-16 15:26:48','2021-03-16 15:26:48',NULL),(242,5,'B116','EFFECTIVE APPLICATION OF INTERNET OF THINGS (IOT) FOR GREATER PERFORMANCE',2,2,'2021-03-16 15:26:48','2021-03-16 15:26:48',NULL),(243,5,'B117','EFFECTIVE IMPLEMENTATION OF SMART MANUFACTURING FOR SMES',2,2,'2021-03-16 15:26:48','2021-03-16 15:26:48',NULL),(244,5,'B118','ENHANCING SMES’ DIGITALISATION FOR BETTER BUSINESS PERFORMANCE',2,2,'2021-03-16 15:26:48','2021-03-16 15:26:48',NULL),(245,5,'B119','STRENGTHENING SME PERFORMANCE THROUGH BETTER DATA COLLECTION AND ANALYSIS',2,2,'2021-03-16 15:26:48','2021-03-16 15:26:48',NULL),(246,5,'B120','ARTIFICIAL INTELLIGENCE',2,2,'2021-03-16 15:26:48','2021-03-16 15:26:48',NULL),(247,5,'B121','BIG DATA ANALYTICS FOR BETTER BUSINESS RESULTS',2,2,'2021-03-16 15:26:48','2021-03-16 15:26:48',NULL),(248,5,'B122','SMART MANUFACTURING THROUGH I4.0',2,2,'2021-03-16 15:26:48','2021-03-16 15:26:48',NULL),(249,5,'B123','ENHANCING WORKFORCE PRODUCTIVITY FOR I4.0',2,2,'2021-03-16 15:26:48','2021-03-16 15:26:48',NULL),(250,5,'B124','ORGANISATION TRANSFORMATION TOWARDS I4.0',2,2,'2021-03-16 15:26:48','2021-03-16 15:26:48',NULL),(251,5,'B125','RISK MANAGEMENT',2,2,'2021-03-16 15:26:48','2021-03-16 15:26:48',NULL),(252,5,'B126','MANAGE RISKS WITH NEW OPPORTUNITIES',2,2,'2021-03-16 15:26:48','2021-03-16 15:26:48',NULL),(253,5,'B127','SISTEM PENGURUSAN DOKUMENTASI DAN AUDIT ISO 9001:2008',2,2,'2021-03-16 15:26:48','2021-03-16 15:26:48',NULL),(254,5,'B128','INTERNAL AUDITOR TRAINING ISO 9001:2008',2,2,'2021-03-16 15:26:48','2021-03-16 15:26:48',NULL),(255,5,'B129','SISTEM PENGURUSAN KESELAMATAN MAKANAN ISO 22000:2005',2,2,'2021-03-16 15:26:48','2021-03-16 15:26:48',NULL),(256,5,'B130','SISTEM PENGURUSAN KUALITI INDUSTRI AUTOMOTIF ISO/TS 16949:2002',2,2,'2021-03-16 15:26:48','2021-03-16 15:26:48',NULL),(257,5,'B131','SISTEM PENGURUSAN KUALITI MAKMAL MS ISO/IEC 17025',2,2,'2021-03-16 15:26:48','2021-03-16 15:26:48',NULL),(258,5,'B132','SISTEM PENGURUSAN PERSEKITARAN ISO 14001:2004',2,2,'2021-03-16 15:26:48','2021-03-16 15:26:48',NULL),(259,5,'B133','HAZARD ANALYSIS AND CRITICAL CONTROL POINT (HACCP)',2,2,'2021-03-16 15:26:48','2021-03-16 15:26:48',NULL),(260,5,'B134','KESIHATAN DAN KESELAMATAN DALAM PEKERJAAN (OSHA)',2,2,'2021-03-16 15:26:48','2021-03-16 15:26:48',NULL),(261,5,'B135','AMALAN KEBERSIHAN DAN PERKILANGAN YANG BAIK (GMP)',2,2,'2021-03-16 15:26:48','2021-03-16 15:26:48',NULL),(262,5,'B136','INDUSTRY 4.0 READINESS ASSESSMENT FOR ASSESSOR',2,2,'2021-03-16 15:26:48','2021-03-16 15:26:48',NULL),(263,5,'B137','SISTEM PENGURUSAN KESIHATAN DAN KESELAMATAN PEKERJAAN ISO 45001:2018 (OHSMS)',2,2,'2021-03-16 15:26:48','2021-03-16 15:26:48',NULL),(264,5,'B138','SISTEM PENGURUSAN KESELAMATAN MAKANAN ISO 22000:2018',2,2,'2021-03-16 15:26:48','2021-03-16 15:26:48',NULL),(265,5,'B139','KURSUS PENSIJILAN MINYAK KELAPA SAWIT MAMPAN (MSPO) MS 2530:2013',2,2,'2021-03-16 15:26:48','2021-03-16 15:26:48',NULL),(266,6,'BB140','SPPE - LEAN',2,2,'2021-03-16 15:26:48','2021-03-16 15:26:48',NULL),(267,6,'BB141','SPPE - DIGITALISASI',2,2,'2021-03-16 15:26:48','2021-03-16 15:26:48',NULL),(268,6,'BB142','SPPE – KAIZEN',2,2,'2021-03-16 15:26:48','2021-03-16 15:26:48',NULL),(269,6,'BB143','SPPE – QE/5S (AMALAN PERSEKITARAN BERKUALITI)',2,2,'2021-03-16 15:26:48','2021-03-16 15:26:48',NULL),(270,6,'BB144','SPPE – SISTEM PENGURUSAN KUALITI',2,2,'2021-03-16 15:26:48','2021-03-16 15:26:48',NULL),(271,6,'BB145','SPPE – SISTEM KESELAMATAN MAKANAN',2,2,'2021-03-16 15:26:48','2021-03-16 15:26:48',NULL),(272,6,'BB146','SPPE – BUSINESS EXCELLENCE FRAMEWORK',2,2,'2021-03-16 15:26:48','2021-03-16 15:26:48',NULL),(273,6,'BB147','SPPE – TOTAL PRODUCTIVE MANITENANCE (TPM)',2,2,'2021-03-16 15:26:48','2021-03-16 15:26:48',NULL),(274,6,'BC148','PPKV – MEDAC (LEAN)',2,2,'2021-03-16 15:26:48','2021-03-16 15:26:48',NULL),(275,6,'BC149','PPKV-MEDAC (INDUSTRY 4.0/DIGITALISASI)',2,2,'2021-03-16 15:26:48','2021-03-16 15:26:48',NULL),(276,6,'BC150','PPKV-MEDAC (KAIZEN)',2,2,'2021-03-16 15:26:48','2021-03-16 15:26:48',NULL),(277,6,'BC151','ADVISORY & CONSULTANCY SERVICES (PRODUCTIVITY)',2,2,'2021-03-16 15:26:48','2021-03-16 15:26:48',NULL),(278,8,'C001','POLISI DAN PERATURAN: AGROFOOD PRODUCTIVITY NEXUS',2,2,'2021-03-16 15:27:45','2021-03-16 15:27:45',NULL),(279,8,'C002','POLISI DAN PERATURAN: TOURISM PRODUCTIVITY NEXUS',2,2,'2021-03-16 15:27:45','2021-03-16 15:27:45',NULL),(280,8,'C003','POLISI DAN PERATURAN: RETAIL AND FOOD & BEVERAGE PRODUCTIVITY NEXUS',2,2,'2021-03-16 15:27:45','2021-03-16 15:27:45',NULL),(281,8,'C004','POLISI DAN PERATURAN: CHEMICALS AND CHEMICAL PRODUCTS PRODUCTIVITY NEXUS',2,2,'2021-03-16 15:27:45','2021-03-16 15:27:45',NULL),(282,8,'C005','POLISI DAN PERATURAN: DIGITAL PRODUCTIVITY NEXUS',2,2,'2021-03-16 15:27:45','2021-03-16 15:27:45',NULL),(283,8,'C006','POLISI DAN PERATURAN: PROFESSIONAL SERVICES PRODUCTIVITY NEXUS',2,2,'2021-03-16 15:27:45','2021-03-16 15:27:45',NULL),(284,8,'C007','POLISI DAN PERATURAN: PRIVATE HEALTHCARE PRODUCTIVITY NEXUS',2,2,'2021-03-16 15:27:45','2021-03-16 15:27:45',NULL),(285,8,'C008','POLISI DAN PERATURAN: MACHINERY AND EQUIPMENT PRODUCTIVITY NEXUS',2,2,'2021-03-16 15:27:45','2021-03-16 15:27:45',NULL),(286,8,'C009','POLISI DAN PERATURAN: ELECTRICAL AND ELECTRONICS PRODUCTIVITY NEXUS',2,2,'2021-03-16 15:27:45','2021-03-16 15:27:45',NULL),(287,8,'C010','PRODUCTIVITY IMPROVEMENT',2,2,'2021-03-16 15:27:45','2021-03-16 15:27:45',NULL),(288,8,'C011','STRUKTUR INDUSTRI: AGROFOOD PRODUCTIVITY NEXUS',2,2,'2021-03-16 15:27:45','2021-03-16 15:27:45',NULL),(289,8,'C012','STRUKTUR INDUSTRI: TOURISM PRODUCTIVITY NEXUS',2,2,'2021-03-16 15:27:45','2021-03-16 15:27:45',NULL),(290,8,'C013','STRUKTUR INDUSTRI: RETAIL AND FOOD & BEVERAGE PRODUCTIVITY NEXUS',2,2,'2021-03-16 15:27:45','2021-03-16 15:27:45',NULL),(291,8,'C014','STRUKTUR INDUSTRI: CHEMICALS AND CHEMICAL PRODUCTS PRODUCTIVITY NEXUS',2,2,'2021-03-16 15:27:45','2021-03-16 15:27:45',NULL),(292,8,'C015','STRUKTUR INDUSTRI: DIGITAL PRODUCTIVITY NEXUS',2,2,'2021-03-16 15:27:45','2021-03-16 15:27:45',NULL),(293,8,'C016','STRUKTUR INDUSTRI: PROFESSIONAL SERVICES PRODUCTIVITY NEXUS',2,2,'2021-03-16 15:27:45','2021-03-16 15:27:45',NULL),(294,8,'C017','STRUKTUR INDUSTRI: PRIVATE HEALTHCARE PRODUCTIVITY NEXUS',2,2,'2021-03-16 15:27:45','2021-03-16 15:27:45',NULL),(295,8,'C018','STRUKTUR INDUSTRI: MACHINERY AND EQUIPMENT PRODUCTIVITY NEXUS',2,2,'2021-03-16 15:27:45','2021-03-16 15:27:45',NULL),(296,8,'C019','STRUKTUR INDUSTRI: ELECTRICAL AND ELECTRONICS PRODUCTIVITY NEXUS',2,2,'2021-03-16 15:27:45','2021-03-16 15:27:45',NULL),(297,8,'C020','INSENTIF: AGROFOOD PRODUCTIVITY NEXUS',2,2,'2021-03-16 15:27:45','2021-03-16 15:27:45',NULL),(298,8,'C021','INSENTIF: TOURISM PRODUCTIVITY NEXUS',2,2,'2021-03-16 15:27:45','2021-03-16 15:27:45',NULL),(299,8,'C022','INSENTIF: RETAIL AND FOOD & BEVERAGE PRODUCTIVITY NEXUS',2,2,'2021-03-16 15:27:45','2021-03-16 15:27:45',NULL),(300,8,'C023','INSENTIF: CHEMICALS AND CHEMICAL PRODUCTS PRODUCTIVITY NEXUS',2,2,'2021-03-16 15:27:45','2021-03-16 15:27:45',NULL),(301,8,'C024','INSENTIF: DIGITAL PRODUCTIVITY NEXUS',2,2,'2021-03-16 15:27:45','2021-03-16 15:27:45',NULL),(302,8,'C025','INSENTIF: PROFESSIONAL SERVICES PRODUCTIVITY NEXUS',2,2,'2021-03-16 15:27:45','2021-03-16 15:27:45',NULL),(303,8,'C026','INSENTIF: PRIVATE HEALTHCARE PRODUCTIVITY NEXUS',2,2,'2021-03-16 15:27:45','2021-03-16 15:27:45',NULL),(304,8,'C027','INSENTIF: MACHINERY AND EQUIPMENT PRODUCTIVITY NEXUS',2,2,'2021-03-16 15:27:45','2021-03-16 15:27:45',NULL),(305,8,'C028','INSENTIF: ELECTRICAL AND ELECTRONICS PRODUCTIVITY NEXUS',2,2,'2021-03-16 15:27:45','2021-03-16 15:27:45',NULL),(306,8,'C029','AGROFOOD PRODUCTIVITY NEXUS: TENAGA KERJA (WORKFORCE)',2,2,'2021-03-16 15:27:45','2021-03-16 15:27:45',NULL),(307,8,'C030','AGROFOOD PRODUCTIVITY NEXUS: TEKNOLOGI (TECHNOLOGY)',2,2,'2021-03-16 15:27:45','2021-03-16 15:27:45',NULL),(308,8,'C031','AGROFOOD PRODUCTIVITY NEXUS: DIGITAL',2,2,'2021-03-16 15:27:45','2021-03-16 15:27:45',NULL),(309,8,'C032','AGROFOOD PRODUCTIVITY NEXUS: POLISI & PERATURAN (REGULATION)',2,2,'2021-03-16 15:27:45','2021-03-16 15:27:45',NULL),(310,8,'C033','AGROFOOD PRODUCTIVITY NEXUS: INSENTIF (INCENTIVE)',2,2,'2021-03-16 15:27:45','2021-03-16 15:27:45',NULL),(311,8,'C034','AGROFOOD PRODUCTIVITY NEXUS: INDUSTRY STRUCTURE',2,2,'2021-03-16 15:27:45','2021-03-16 15:27:45',NULL),(312,8,'C035','AGROFOOD PRODUCTIVITY NEXUS: MARKETING STRATEGY',2,2,'2021-03-16 15:27:45','2021-03-16 15:27:45',NULL),(313,8,'C036','AGROFOOD PRODUCTIVITY NEXUS: STANDARD & PENSIJILAN (MYGAP, HALAL, HACCP, GMP, MESTI DAN LAIN-LAIN YANG BERKAITAN)',2,2,'2021-03-16 15:27:45','2021-03-16 15:27:45',NULL),(314,8,'C037','AGROFOOD PRODUCTIVITY NEXUS: FINANCIAL MANAGEMENT',2,2,'2021-03-16 15:27:45','2021-03-16 15:27:45',NULL),(315,8,'C038','AGROFOOD PRODUCTIVITY NEXUS: OPERATION MANAGEMENT',2,2,'2021-03-16 15:27:45','2021-03-16 15:27:45',NULL),(316,8,'C039','AGROFOOD PRODUCTIVITY NEXUS: BUSINESS MANAGEMENT',2,2,'2021-03-16 15:27:45','2021-03-16 15:27:45',NULL),(317,8,'C040','AGROFOOD PRODUCTIVITY NEXUS: PRODUCT DEVELOPMENT',2,2,'2021-03-16 15:27:45','2021-03-16 15:27:45',NULL),(318,8,'C041','AGROFOOD PRODUCTIVITY NEXUS: SYSTEM DEVELOPMENT',2,2,'2021-03-16 15:27:45','2021-03-16 15:27:45',NULL),(319,8,'C042','AGROFOOD PRODUCTIVITY NEXUS: PROFESSIONAL SERVICES',2,2,'2021-03-16 15:27:45','2021-03-16 15:27:45',NULL),(320,8,'C043','AGROFOOD PRODUCTIVITY NEXUS: IMPORT & EXPORT',2,2,'2021-03-16 15:27:45','2021-03-16 15:27:45',NULL),(321,8,'C044','TOURISM PRODUCTIVITY NEXUS: WORKFORCE & TALENT DEVELOPMENT',2,2,'2021-03-16 15:27:45','2021-03-16 15:27:45',NULL),(322,8,'C045','TOURISM PRODUCTIVITY NEXUS: INCENTIVE',2,2,'2021-03-16 15:27:45','2021-03-16 15:27:45',NULL),(323,8,'C046','TOURISM PRODUCTIVITY NEXUS: INDUSTRY STRUCTURE',2,2,'2021-03-16 15:27:45','2021-03-16 15:27:45',NULL),(324,8,'C047','TOURISM PRODUCTIVITY NEXUS: PROMOTION & MARKETING STRATEGY',2,2,'2021-03-16 15:27:45','2021-03-16 15:27:45',NULL),(325,8,'C048','TOURISM PRODUCTIVITY NEXUS: PROGRAM PENSIJILAN PERNIAGAAN MALAYSIA TOURISM EXCELLENCE (MATEX)',2,2,'2021-03-16 15:27:45','2021-03-16 15:27:45',NULL),(326,8,'C049','GARIS PANDUAN PATUH DAN AMAL COVID-19',2,2,'2021-03-16 15:27:45','2021-03-16 15:27:45',NULL),(327,8,'C050','TOURISM PRODUCTIVITY NEXUS: STANDARD & PENSIJILAN INDUSTRY LEVEL (SUB-SECTOR SPECIFIC / ACROSS VALUE CHAIN) STANDARD AND CERTIFICATION',2,2,'2021-03-16 15:27:45','2021-03-16 15:27:45',NULL),(328,8,'C051','TOURISM PRODUCTIVITY NEXUS: STANDARD & PENSIJILAN MALAYSIA TOURISM QUALITY ASSURANCE (MYTQA)',2,2,'2021-03-16 15:27:45','2021-03-16 15:27:45',NULL),(329,8,'C052','TOURISM PRODUCTIVITY NEXUS: STANDARD & PENSIJILAN MALAYSIAN STANDARD / NATIONAL LEVEL / ISO',2,2,'2021-03-16 15:27:45','2021-03-16 15:27:45',NULL),(330,8,'C053','TOURISM PRODUCTIVITY NEXUS: STANDARD & PENSIJILAN UN-WTO / INTERNATIONAL LEVEL / REGIONAL LEVEL / ASEAN LEVEL STANDARD AND CERTIFICATION',2,2,'2021-03-16 15:27:45','2021-03-16 15:27:45',NULL),(331,8,'C054','TOURISM PRODUCTIVITY NEXUS: MANAGEMENT (FINANCIAL, OPERATION, BUSINESS)',2,2,'2021-03-16 15:27:45','2021-03-16 15:27:45',NULL),(332,8,'C055','TOURISM PRODUCTIVITY NEXUS: PRODUCT DEVELOPMENT',2,2,'2021-03-16 15:27:45','2021-03-16 15:27:45',NULL),(333,8,'C056','TOURISM PRODUCTIVITY NEXUS: SYSTEM DEVELOPMENT',2,2,'2021-03-16 15:27:45','2021-03-16 15:27:45',NULL),(334,8,'C057','TOURISM PRODUCTIVITY NEXUS: PROFESSIONAL SERVICES',2,2,'2021-03-16 15:27:45','2021-03-16 15:27:45',NULL),(335,8,'C058','TOURISM PRODUCTIVITY NEXUS: IMPORT & EXPORT',2,2,'2021-03-16 15:27:45','2021-03-16 15:27:45',NULL),(336,8,'C059','TOURISM PRODUCTIVITY NEXUS: CONTENT DEVELOPMENT',2,2,'2021-03-16 15:27:45','2021-03-16 15:27:45',NULL),(337,8,'C060','TOURISM PRODUCTIVITY NEXUS: ECONOMICS',2,2,'2021-03-16 15:27:45','2021-03-16 15:27:45',NULL),(338,8,'C061','TOURISM PRODUCTIVITY NEXUS: SPECIFIC / CURRENT INDUSTRY ISSUES',2,2,'2021-03-16 15:27:45','2021-03-16 15:27:45',NULL),(339,8,'C062','TOURISM PRODUCTIVITY NEXUS: INBOUND TOURISM BOOTCAMP (ITB)',2,2,'2021-03-16 15:27:45','2021-03-16 15:27:45',NULL),(340,8,'C063','TOURISM PRODUCTIVITY NEXUS: INBOUND DESTINATION EXPERTS (IDEX)',2,2,'2021-03-16 15:27:45','2021-03-16 15:27:45',NULL),(341,8,'C064','TOURISM PRODUCTIVITY NEXUS: MALAYSIA VIRTUAL EXPERIENCE (MYVXP)',2,2,'2021-03-16 15:27:45','2021-03-16 15:27:45',NULL),(342,8,'C065','TOURISM PRODUCTIVITY NEXUS: INBOUND TOURISM BUSINESS EXCHANGE (IBEX)',2,2,'2021-03-16 15:27:45','2021-03-16 15:27:45',NULL),(343,8,'C066','TOURISM PRODUCTIVITY NEXUS: SHOWCASING TOURISM PRODUCTS (STP)',2,2,'2021-03-16 15:27:45','2021-03-16 15:27:45',NULL),(344,8,'C067','TOURISM PRODUCTIVITY NEXUS: TPN VIRTUAL ADVISORY CLINICS (T-VAC)',2,2,'2021-03-16 15:27:45','2021-03-16 15:27:45',NULL),(345,8,'C068','TOURISM PRODUCTIVITY NEXUS: INBOUND TOURISM EXCHANGE (INTEX)',2,2,'2021-03-16 15:27:45','2021-03-16 15:27:45',NULL),(346,8,'C069','RETAIL AND FOOD & BEVERAGE PRODUCTIVITY NEXUS: BUSINESS DIGITALISATION',2,2,'2021-03-16 15:27:45','2021-03-16 15:27:45',NULL),(347,8,'C070','RETAIL AND FOOD & BEVERAGE PRODUCTIVITY NEXUS: BRANDING & MARKETING',2,2,'2021-03-16 15:27:45','2021-03-16 15:27:45',NULL),(348,8,'C071','RETAIL AND FOOD & BEVERAGE PRODUCTIVITY NEXUS: SUPPLY CHAIN MANAGEMENT',2,2,'2021-03-16 15:27:45','2021-03-16 15:27:45',NULL),(349,8,'C072','RETAIL AND FOOD & BEVERAGE PRODUCTIVITY NEXUS: BUSINESS OPERATION/ SOP',2,2,'2021-03-16 15:27:45','2021-03-16 15:27:45',NULL),(350,8,'C073','RETAIL AND FOOD & BEVERAGE PRODUCTIVITY NEXUS: HUMAN RESOURCE MANAGEMENT',2,2,'2021-03-16 15:27:45','2021-03-16 15:27:45',NULL),(351,8,'C074','RETAIL AND FOOD & BEVERAGE PRODUCTIVITY NEXUS: BUSINESS FINANCE & FUNDING',2,2,'2021-03-16 15:27:45','2021-03-16 15:27:45',NULL),(352,8,'C075','RETAIL AND FOOD & BEVERAGE PRODUCTIVITY NEXUS: DIGITAL MARKETING AND E-COMMERCE',2,2,'2021-03-16 15:27:45','2021-03-16 15:27:45',NULL),(353,8,'C076','RETAIL AND FOOD & BEVERAGE PRODUCTIVITY NEXUS: DIGITAL BUSINESS OPERATION SYSTEM (ERP)',2,2,'2021-03-16 15:27:45','2021-03-16 15:27:45',NULL),(354,8,'C077','RETAIL AND FOOD & BEVERAGE PRODUCTIVITY NEXUS: RESTAURANT MANAGEMENT',2,2,'2021-03-16 15:27:45','2021-03-16 15:27:45',NULL),(355,8,'C078','RETAIL AND FOOD & BEVERAGE PRODUCTIVITY NEXUS: PERANCANG STRATEGIK ICT (ISP)',2,2,'2021-03-16 15:27:45','2021-03-16 15:27:45',NULL),(356,8,'C079','RETAIL AND FOOD & BEVERAGE PRODUCTIVITY NEXUS: PENGURUSAN MAKLUMAT ICT',2,2,'2021-03-16 15:27:45','2021-03-16 15:27:45',NULL),(357,8,'C080','RETAIL AND FOOD & BEVERAGE PRODUCTIVITY NEXUS: PENGURUSAN NILAI BUKAN FIZIKAL',2,2,'2021-03-16 15:27:45','2021-03-16 15:27:45',NULL),(358,8,'C081','RETAIL AND FOOD & BEVERAGE PRODUCTIVITY NEXUS: PENGURUSAN TELEKOMUNIKASI',2,2,'2021-03-16 15:27:45','2021-03-16 15:27:45',NULL),(359,8,'C082','RETAIL AND FOOD & BEVERAGE PRODUCTIVITY NEXUS: PENSIJILAN DAN PENGIKTIRAFAN UJIAN',2,2,'2021-03-16 15:27:45','2021-03-16 15:27:45',NULL),(360,8,'C083','RETAIL AND FOOD & BEVERAGE PRODUCTIVITY NEXUS: BAHAN BACAAN',2,2,'2021-03-16 15:27:45','2021-03-16 15:27:45',NULL),(361,8,'C084','RETAIL AND FOOD & BEVERAGE PRODUCTIVITY NEXUS: PENERBITAN ELEKTRONIK ATAS TALIAN',2,2,'2021-03-16 15:27:45','2021-03-16 15:27:45',NULL),(362,8,'C085','RETAIL AND FOOD & BEVERAGE PRODUCTIVITY NEXUS: CERTIFICATION OF RETAIL AND F&B WORKFORCE WITH SIJIL KEMAHIRAN MALAYSIA (SKM)',2,2,'2021-03-16 15:27:45','2021-03-16 15:27:45',NULL),(363,8,'C086','RETAIL AND FOOD & BEVERAGE PRODUCTIVITY NEXUS: CERTIFICATE IN F&B OPERATIONS (SERVICE EXCELLENCE)',2,2,'2021-03-16 15:27:45','2021-03-16 15:27:45',NULL),(364,8,'C087','RETAIL AND FOOD & BEVERAGE PRODUCTIVITY NEXUS: RETAIL AND F&B VIRTUAL ADVISORY CLINIC (RFB-VAC)',2,2,'2021-03-16 15:27:45','2021-03-16 15:27:45',NULL),(365,8,'C088','RETAIL AND FOOD & BEVERAGE PRODUCTIVITY NEXUS: PRODUCT DEVELOPMENT',2,2,'2021-03-16 15:27:45','2021-03-16 15:27:45',NULL),(366,8,'C089','CHEMICALS AND CHEMICAL PRODUCTS PRODUCTIVITY NEXUS: BASIC CHEMICALS',2,2,'2021-03-16 15:27:45','2021-03-16 15:27:45',NULL),(367,8,'C090','CHEMICALS AND CHEMICAL PRODUCTS PRODUCTIVITY NEXUS: FERTILIZERS AND NITROGEN COMPOUNDS',2,2,'2021-03-16 15:27:45','2021-03-16 15:27:45',NULL),(368,8,'C091','CHEMICALS AND CHEMICAL PRODUCTS PRODUCTIVITY NEXUS: PLASTICS AND SYNTHETIC RUBBER IN PRIMARY FORMS',2,2,'2021-03-16 15:27:45','2021-03-16 15:27:45',NULL),(369,8,'C092','CHEMICALS AND CHEMICAL PRODUCTS PRODUCTIVITY NEXUS: PESTICIDES AND OTHER AGROCHEMICAL PRODUCTS',2,2,'2021-03-16 15:27:45','2021-03-16 15:27:45',NULL),(370,8,'C093','CHEMICALS AND CHEMICAL PRODUCTS PRODUCTIVITY NEXUS: PAINTS, VARNISHES AND SIMILAR COATINGS, PRINTING INK AND MASTICS',2,2,'2021-03-16 15:27:45','2021-03-16 15:27:45',NULL),(371,8,'C094','CHEMICALS AND CHEMICAL PRODUCTS PRODUCTIVITY NEXUS: SOAP AND DETERGENTS, CLEANING AND POLISHING PREPARATIONS, PERFUMES AND TOILET PREPARATIONS',2,2,'2021-03-16 15:27:45','2021-03-16 15:27:45',NULL),(372,8,'C095','CHEMICALS AND CHEMICAL PRODUCTS PRODUCTIVITY NEXUS: CHEMICAL ENGINEERING',2,2,'2021-03-16 15:27:45','2021-03-16 15:27:45',NULL),(373,8,'C096','CHEMICALS AND CHEMICAL PRODUCTS PRODUCTIVITY NEXUS: PROCESS ENGINEERING',2,2,'2021-03-16 15:27:45','2021-03-16 15:27:45',NULL),(374,8,'C097','CHEMICALS AND CHEMICAL PRODUCTS PRODUCTIVITY NEXUS: CHEMICAL SAFETY',2,2,'2021-03-16 15:27:45','2021-03-16 15:27:45',NULL),(375,8,'C098','CHEMICALS AND CHEMICAL PRODUCTS PRODUCTIVITY NEXUS: REGULATORY COMPLIANCE',2,2,'2021-03-16 15:27:45','2021-03-16 15:27:45',NULL),(376,8,'C099','CHEMICALS AND CHEMICAL PRODUCTS PRODUCTIVITY NEXUS: PHARMACEUTICALS, MEDICINAL CHEMICAL AND',2,2,'2021-03-16 15:27:45','2021-03-16 15:27:45',NULL),(377,8,'','CHEMICALS AND CHEMICAL PRODUCTS PRODUCTIVITY NEXUS: BOTANICAL PRODUCTS',2,2,'2021-03-16 15:27:45','2021-03-16 15:27:45',NULL),(378,8,'C100','CHEMICALS AND CHEMICAL PRODUCTS PRODUCTIVITY NEXUS: MAN-MADE FIBRES',2,2,'2021-03-16 15:27:45','2021-03-16 15:27:45',NULL),(379,8,'C101','CHEMICALS AND CHEMICAL PRODUCTS PRODUCTIVITY NEXUS: HAZARDOUS CHEMICAL',2,2,'2021-03-16 15:27:45','2021-03-16 15:27:45',NULL),(380,8,'C102','CHEMICALS AND CHEMICAL PRODUCTS PRODUCTIVITY NEXUS: INNOVATION BUSINESS OPERATIONS',2,2,'2021-03-16 15:27:45','2021-03-16 15:27:45',NULL),(381,8,'C103','CHEMICALS AND CHEMICAL PRODUCTS PRODUCTIVITY NEXUS: INTELLIGENCE MANUFACTURING SOLUTION',2,2,'2021-03-16 15:27:45','2021-03-16 15:27:45',NULL),(382,8,'C104','CHEMICALS AND CHEMICAL PRODUCTS PRODUCTIVITY NEXUS: FINANCIAL CONSULTATION',2,2,'2021-03-16 15:27:45','2021-03-16 15:27:45',NULL),(383,8,'C105','CHEMICALS AND CHEMICAL PRODUCTS PRODUCTIVITY NEXUS: SUPPLY CHAIN OPERATIONS',2,2,'2021-03-16 15:27:45','2021-03-16 15:27:45',NULL),(384,8,'C106','CHEMICALS AND CHEMICAL PRODUCTS PRODUCTIVITY NEXUS: INFORMATION TECHNOLOGY',2,2,'2021-03-16 15:27:45','2021-03-16 15:27:45',NULL),(385,8,'C107','DIGITAL PRODUCTIVITY NEXUS: TENAGA KERJA (WORKFORCE)',2,2,'2021-03-16 15:27:45','2021-03-16 15:27:45',NULL),(386,8,'C108','DIGITAL PRODUCTIVITY NEXUS: TEKNOLOGI (TECHNOLOGY) & DIGITAL',2,2,'2021-03-16 15:27:45','2021-03-16 15:27:45',NULL),(387,8,'C109','DIGITAL PRODUCTIVITY NEXUS: POLISI & PERATURAN (REGULATION)',2,2,'2021-03-16 15:27:45','2021-03-16 15:27:45',NULL),(388,8,'C110','DIGITAL PRODUCTIVITY NEXUS: INSENTIF (INCENTIVE)',2,2,'2021-03-16 15:27:45','2021-03-16 15:27:45',NULL),(389,8,'C111','DIGITAL PRODUCTIVITY NEXUS: INDUSTRY STRUCTURE',2,2,'2021-03-16 15:27:45','2021-03-16 15:27:45',NULL),(390,8,'C112','DIGITAL PRODUCTIVITY NEXUS: MARKETING STRATEGY',2,2,'2021-03-16 15:27:45','2021-03-16 15:27:45',NULL),(391,8,'C113','DIGITAL PRODUCTIVITY NEXUS: STANDARD & PENSIJILAN',2,2,'2021-03-16 15:27:45','2021-03-16 15:27:45',NULL),(392,8,'C114','DIGITAL PRODUCTIVITY NEXUS: MANAGEMENT',2,2,'2021-03-16 15:27:45','2021-03-16 15:27:45',NULL),(393,8,'C115','PROFESSIONAL SERVICES PRODUCTIVITY NEXUS: WORKFORCE & TALENT DEVELOPMENT',2,2,'2021-03-16 15:27:45','2021-03-16 15:27:45',NULL),(394,8,'C116','PROFESSIONAL SERVICES PRODUCTIVITY NEXUS: TECHNOLOGY & DIGITAL (INTELLIGENT SERVICES SOLUTIONS)',2,2,'2021-03-16 15:27:45','2021-03-16 15:27:45',NULL),(395,8,'C117','PROFESSIONAL SERVICES PRODUCTIVITY NEXUS: INDUSTRY STRUCTURE (INNOVATIVE BUSINESS OPERATION)',2,2,'2021-03-16 15:27:45','2021-03-16 15:27:45',NULL),(396,8,'C118','PROFESSIONAL SERVICES PRODUCTIVITY NEXUS: POLICY & REGULATIONS',2,2,'2021-03-16 15:27:45','2021-03-16 15:27:45',NULL),(397,8,'C119','PROFESSIONAL SERVICES PRODUCTIVITY NEXUS: FINANCIAL CONSULTATION',2,2,'2021-03-16 15:27:45','2021-03-16 15:27:45',NULL),(398,8,'C120','ELECTRICAL AND ELECTRONICS PRODUCTIVITY NEXUS: HACKATHON',2,2,'2021-03-16 15:27:45','2021-03-16 15:27:45',NULL),(399,8,'C121','ELECTRICAL AND ELECTRONICS PRODUCTIVITY NEXUS: PLUGFEST 1.0 (IOT)',2,2,'2021-03-16 15:27:45','2021-03-16 15:27:45',NULL),(400,8,'C122','ELECTRICAL AND ELECTRONICS PRODUCTIVITY NEXUS: PLUGFEST 2.0',2,2,'2021-03-16 15:27:45','2021-03-16 15:27:45',NULL),(401,8,'C123','ELECTRICAL AND ELECTRONICS PRODUCTIVITY NEXUS:  VIRTUAL ADVISORY CLINIC (EEVAC)',2,2,'2021-03-16 15:27:45','2021-03-16 15:27:45',NULL),(402,8,'C124','ELECTRICAL AND ELECTRONICS PRODUCTIVITY NEXUS:  MENTORING FOR INDUSTRY 4.0 (EEMI4.0)',2,2,'2021-03-16 15:27:45','2021-03-16 15:27:45',NULL),(403,8,'C125','ELECTRICAL AND ELECTRONICS PRODUCTIVITY NEXUS: EMBEDDED SYSTEM DESIGN',2,2,'2021-03-16 15:27:45','2021-03-16 15:27:45',NULL),(404,8,'C126','ELECTRICAL AND ELECTRONICS PRODUCTIVITY NEXUS: E TESTING AND ACCREDITATIONS',2,2,'2021-03-16 15:27:45','2021-03-16 15:27:45',NULL),(405,8,'C127','ELECTRICAL AND ELECTRONICS PRODUCTIVITY NEXUS: IC DESIGN & DEVELOPMENT',2,2,'2021-03-16 15:27:45','2021-03-16 15:27:45',NULL),(406,8,'C128','ELECTRICAL AND ELECTRONICS PRODUCTIVITY NEXUS:  AUTOMATION',2,2,'2021-03-16 15:27:45','2021-03-16 15:27:45',NULL),(407,8,'C129','ELECTRICAL AND ELECTRONICS PRODUCTIVITY NEXUS: MCAD',2,2,'2021-03-16 15:27:45','2021-03-16 15:27:45',NULL),(408,8,'C130','ELECTRICAL AND ELECTRONICS PRODUCTIVITY NEXUS: OPERATING SYSTEM (OS) DEVELOPMENT',2,2,'2021-03-16 15:27:45','2021-03-16 15:27:45',NULL),(409,8,'C131','ELECTRICAL AND ELECTRONICS PRODUCTIVITY NEXUS: LED',2,2,'2021-03-16 15:27:45','2021-03-16 15:27:45',NULL),(410,8,'C132','ELECTRICAL AND ELECTRONICS PRODUCTIVITY NEXUS: SOLAR PHOTOVOLTAIC (PV)',2,2,'2021-03-16 15:27:45','2021-03-16 15:27:45',NULL),(411,8,'C133','ELECTRICAL AND ELECTRONICS PRODUCTIVITY NEXUS:  TESTING AND ACCREDITATIONS',2,2,'2021-03-16 15:27:45','2021-03-16 15:27:45',NULL),(412,8,'C134','MACHINERY AND EQUIPMENT PRODUCTIVITY NEXUS: TENAGA KERJA (WORKFORCE)',2,2,'2021-03-16 15:27:45','2021-03-16 15:27:45',NULL),(413,8,'C135','MACHINERY AND EQUIPMENT PRODUCTIVITY NEXUS: PERKHIDMATAN SOKONGAN KEJURUTERAAN TEKNOLOGI I4.0',2,2,'2021-03-16 15:27:45','2021-03-16 15:27:45',NULL),(414,8,'C136','MACHINERY AND EQUIPMENT PRODUCTIVITY NEXUS: POLISI & PERATURAN (REGULATION)',2,2,'2021-03-16 15:27:45','2021-03-16 15:27:45',NULL),(415,8,'C137','MACHINERY AND EQUIPMENT PRODUCTIVITY NEXUS: INSENTIF (INCENTIVE)',2,2,'2021-03-16 15:27:45','2021-03-16 15:27:45',NULL),(416,8,'C138','MACHINERY AND EQUIPMENT PRODUCTIVITY NEXUS: INDUSTRY STRUCTURE, VALUE CHAIN DAN CLUSTER',2,2,'2021-03-16 15:27:45','2021-03-16 15:27:45',NULL),(417,8,'C139','MACHINERY AND EQUIPMENT PRODUCTIVITY NEXUS: STANDARD, PENSIJILAN (LOCAL & INTERNATIONAL) DAN PENILAIAN/PEMERIKSAAN',2,2,'2021-03-16 15:27:45','2021-03-16 15:27:45',NULL),(418,8,'C140','MACHINERY AND EQUIPMENT PRODUCTIVITY NEXUS: MANAGEMENT (FINANCIAL, OPERATION, BUSINESS DEVELOPMENT, SALES, MARKETING, WAREHOUSE, PLANT)',2,2,'2021-03-16 15:27:45','2021-03-16 15:27:45',NULL),(419,8,'C141','PRODUCT DESIGN AND DEVELOPMENT AND R&D',2,2,'2021-03-16 15:27:45','2021-03-16 15:27:45',NULL),(420,8,'C142','MACHINERY AND EQUIPMENT PRODUCTIVITY NEXUS: SYSTEM DEVELOPMENT, INTEGRATION AND TOTAL SOLUTION',2,2,'2021-03-16 15:27:45','2021-03-16 15:27:45',NULL),(421,8,'C143','MACHINERY AND EQUIPMENT PRODUCTIVITY NEXUS: PROFESSIONAL SERVICES IN ENGINEERING RELATED (ELECTRICAL, ELECTRONIC, MECHANICAL & MECHATRONIC)',2,2,'2021-03-16 15:27:45','2021-03-16 15:27:45',NULL),(422,8,'C144','MACHINERY AND EQUIPMENT PRODUCTIVITY NEXUS: IMPORT & EXPORT',2,2,'2021-03-16 15:27:45','2021-03-16 15:27:45',NULL),(423,8,'C145','MACHINERY AND EQUIPMENT PRODUCTIVITY NEXUS: PRODUCTIVITY ANALYSIS',2,2,'2021-03-16 15:27:45','2021-03-16 15:27:45',NULL),(424,8,'C146','MACHINERY AND EQUIPMENT PRODUCTIVITY NEXUS: PRODUCTIVITY TOOLS (LEAN, 5S, KANBAN, KAIZEN, SIX SIGMA, PROBLEM SOLVING, TPM, TQM)',2,2,'2021-03-16 15:27:45','2021-03-16 15:27:45',NULL),(425,8,'C147','MACHINERY AND EQUIPMENT PRODUCTIVITY NEXUS: INDUSTRY SPECIFIC ISSUES, CHALLANGES AND RECOMENDARTION (SOCIO-ECONOMICS)',2,2,'2021-03-16 15:27:45','2021-03-16 15:27:45',NULL),(426,8,'C148','MACHINERY AND EQUIPMENT PRODUCTIVITY NEXUS: AUTOMATION AND DIGITALISATION',2,2,'2021-03-16 15:27:45','2021-03-16 15:27:45',NULL),(427,8,'C149','MACHINERY AND EQUIPMENT PRODUCTIVITY NEXUS: PRODUCTIVITY LINKED TRAINING COURSE FOR TVET INSTITUTIONS IN M&E SECTOR',2,2,'2021-03-16 15:27:45','2021-03-16 15:27:45',NULL),(428,8,'C150','MACHINERY AND EQUIPMENT PRODUCTIVITY NEXUS: OVERALL EQUIPMENT EFFECTIVENESS (OEE)',2,2,'2021-03-16 15:27:45','2021-03-16 15:27:45',NULL),(429,8,'C151','MACHINERY AND EQUIPMENT PRODUCTIVITY NEXUS: EMPOWERMENT OF EXISTING CENTRE OF EXCELLENCE (COE)',2,2,'2021-03-16 15:27:45','2021-03-16 15:27:45',NULL),(430,8,'C152','MACHINERY AND EQUIPMENT PRODUCTIVITY NEXUS: M&E VIRTUAL ADVISORY CLINIC (MEVAC)',2,2,'2021-03-16 15:27:45','2021-03-16 15:27:45',NULL),(431,8,'C153','MACHINERY AND EQUIPMENT PRODUCTIVITY NEXUS: PRODUCTIVITY1010 (PRODUCTIVITY THROUGH DIGITISATION)',2,2,'2021-03-16 15:27:45','2021-03-16 15:27:45',NULL),(432,8,'C154','MACHINERY AND EQUIPMENT PRODUCTIVITY NEXUS: PRODUCTIVITY IMPROVEMENT PROGRAM',2,2,'2021-03-16 15:27:45','2021-03-16 15:27:45',NULL),(433,8,'C155','MACHINERY AND EQUIPMENT PRODUCTIVITY NEXUS: M&E COORDINATION PROGRAM',2,2,'2021-03-16 15:27:45','2021-03-16 15:27:45',NULL),(434,8,'C156','MACHINERY AND EQUIPMENT PRODUCTIVITY NEXUS: M&E CLUSTERING INITIATIVE',2,2,'2021-03-16 15:27:45','2021-03-16 15:27:45',NULL),(435,8,'C157','PRIVATE HEALTHCARE PRODUCTIVITY NEXUS: TENAGA KERJA (WORKFORCE)',2,2,'2021-03-16 15:27:45','2021-03-16 15:27:45',NULL),(436,8,'C158','PRIVATE HEALTHCARE PRODUCTIVITY NEXUS:TEKNOLOGI (TECHNOLOGY) & DIGITAL',2,2,'2021-03-16 15:27:45','2021-03-16 15:27:45',NULL),(437,8,'C159','PRIVATE HEALTHCARE PRODUCTIVITY NEXUS:POLISI & PERATURAN (REGULATION)',2,2,'2021-03-16 15:27:45','2021-03-16 15:27:45',NULL),(438,8,'C160','PRIVATE HEALTHCARE PRODUCTIVITY NEXUS:INSENTIF (INCENTIVE)',2,2,'2021-03-16 15:27:45','2021-03-16 15:27:45',NULL),(439,8,'C161','PRIVATE HEALTHCARE PRODUCTIVITY NEXUS:EKONOMI (ECONOMICS)',2,2,'2021-03-16 15:27:45','2021-03-16 15:27:45',NULL),(440,8,'C162','PRIVATE HEALTHCARE PRODUCTIVITY NEXUS:INDUSTRY STRUCTURE',2,2,'2021-03-16 15:27:45','2021-03-16 15:27:45',NULL),(441,8,'C163','PRIVATE HEALTHCARE PRODUCTIVITY NEXUS:MARKETING STRATEGY',2,2,'2021-03-16 15:27:45','2021-03-16 15:27:45',NULL),(442,8,'C164','PRIVATE HEALTHCARE PRODUCTIVITY NEXUS:STANDARD & PENSIJILAN',2,2,'2021-03-16 15:27:45','2021-03-16 15:27:45',NULL),(443,8,'C165','PRIVATE HEALTHCARE PRODUCTIVITY NEXUS:MANAGEMENT (FINANCIAL, OPERATION, BUSINESS)',2,2,'2021-03-16 15:27:45','2021-03-16 15:27:45',NULL),(444,8,'C166','PRIVATE HEALTHCARE PRODUCTIVITY NEXUS:PRODUCT DEVELOPMENT',2,2,'2021-03-16 15:27:45','2021-03-16 15:27:45',NULL),(445,8,'C167','PRIVATE HEALTHCARE PRODUCTIVITY NEXUS:SYSTEM DEVELOPMENT',2,2,'2021-03-16 15:27:45','2021-03-16 15:27:45',NULL),(446,8,'C168','PRIVATE HEALTHCARE PRODUCTIVITY NEXUS:PROFESSIONAL SERVICES',2,2,'2021-03-16 15:27:45','2021-03-16 15:27:45',NULL),(447,8,'C169','PRIVATE HEALTHCARE PRODUCTIVITY NEXUS:PRIVATE HEALTHCARE – VIRTUAL ADVISORY SERVICES',2,2,'2021-03-16 15:27:45','2021-03-16 15:27:45',NULL),(448,9,'D001','MYRESKILL IOT',210,210,'2021-09-22 06:58:44','2021-09-22 06:58:44',NULL),(449,9,'D002','MYRESKILL WORKFORCE (INDUSTRIAL UPSKILLING) FOR FRESH ENGINEERS',210,210,'2021-09-22 06:59:24','2021-09-22 06:59:24',NULL),(450,9,'D003','MYRESKILL WORKFORCE (INDUSTRIAL UPSKILLING) FOR RETRENCHED ENGINEERS',210,210,'2021-09-22 07:00:54','2021-09-22 07:00:54',NULL),(451,9,'D004','MYRESKILL WORKFORCE (INDUSTRIAL UPSKILLING) FOR TECHNICIANS',210,210,'2021-09-22 07:01:28','2021-09-22 07:01:28',NULL),(452,9,'D005','MYRESKILL WORKFORCE (INDUSTRIAL UPSKILLING) FOR SUPPLY CHAIN PERSONNEL',210,210,'2021-09-22 07:02:03','2021-09-22 07:02:03',NULL),(453,9,'D006','MYRESKILL WORKFORCE (INDUSTRIAL UPSKILLING) FOR SUPPORT FUNCTION PERSONNEL',210,210,'2021-09-22 07:02:35','2021-09-22 07:02:35',NULL);

--
-- Table structure for table `ref_project_category`
--

CREATE TABLE `ref_project_category` (
  `project_category_id` int(11) NOT NULL AUTO_INCREMENT,
  `project_category_code` char(10) DEFAULT NULL,
  `project_category_desc` varchar(100) DEFAULT NULL,
  `created_by` int(11) DEFAULT NULL,
  `updated_by` int(11) DEFAULT NULL,
  `created_at` timestamp NULL DEFAULT NULL,
  `updated_at` timestamp NOT NULL DEFAULT CURRENT_TIMESTAMP,
  `deleted_at` timestamp NULL DEFAULT NULL,
  PRIMARY KEY (`project_category_id`),
  KEY `idx_projcat_code` (`project_category_code`),
  KEY `idx_projcat_createdby` (`created_by`),
  KEY `idx_projcat_updatedby` (`updated_by`)
) ENGINE=InnoDB AUTO_INCREMENT=10 DEFAULT CHARSET=latin1;

--
-- Dumping data for table `ref_project_category`
--

INSERT INTO `ref_project_category` VALUES (1,'AG','GOOD REGULATORY PRACTICE (GRP)',2,2,'2021-03-16 15:08:57','2021-03-16 15:08:57',NULL),(2,'AB','BEHAVIOURAL INSIGHTS',2,2,'2021-03-16 15:08:57','2021-05-29 17:13:57',NULL),(3,'AC','COMPETITIVENESS',2,2,'2021-03-16 15:08:57','2021-03-16 15:08:57',NULL),(4,'AE','PRODUCTIVITY-LINKED WAGE SYSTEM (PLWS)',2,2,'2021-03-16 15:08:57','2021-03-16 15:08:57',NULL),(5,'B','ORGANISATIONAL EXCELLENCE DEVELOPMENT (OED)',2,2,'2021-03-16 15:08:57','2021-03-16 15:08:57',NULL),(6,'BB','SKIM PENINGKATAN PRODUKTIVITI ENTERPRIS (SPPE)',2,2,'2021-03-16 15:08:57','2021-03-16 15:08:57',NULL),(7,'BC','PROGRAM PEMBANGUNAN KAPASITI VENDOR (PPKV)',2,2,'2021-03-16 15:08:57','2021-03-16 15:08:57',NULL),(8,'C','PRODUCTIVITY GROWTH',2,2,'2021-03-16 15:08:57','2021-03-16 15:08:57',NULL),(9,'D','MYRESKILL',210,210,'2021-09-22 06:57:26','2021-09-22 06:57:26',NULL);

--
-- Table structure for table `ref_race`
--

CREATE TABLE `ref_race` (
  `race_id` int(11) NOT NULL AUTO_INCREMENT,
  `race_desc` varchar(50) NOT NULL,
  `created_at` timestamp NULL DEFAULT NULL,
  `updated_at` timestamp NOT NULL DEFAULT CURRENT_TIMESTAMP,
  `deleted_at` timestamp NULL DEFAULT NULL,
  PRIMARY KEY (`race_id`,`updated_at`)
) ENGINE=InnoDB AUTO_INCREMENT=5 DEFAULT CHARSET=latin1;

--
-- Dumping data for table `ref_race`
--

INSERT INTO `ref_race` VALUES (1,'Melayu','2018-12-04 13:29:28','2018-12-04 13:29:07',NULL),(2,'Cina','2018-12-04 13:29:31','2018-12-04 13:29:09',NULL),(3,'India','2018-12-04 13:29:36','2018-12-04 13:29:13',NULL),(4,'Lain-lain','2018-12-04 13:29:39','2018-12-04 13:29:18',NULL);

--
-- Table structure for table `ref_reference_sst`
--

CREATE TABLE `ref_reference_sst` (
  `reference_sst_id` int(11) NOT NULL AUTO_INCREMENT,
  `reference_sst_desc` varchar(100) NOT NULL,
  `startdate` date NOT NULL,
  `enddate` date NOT NULL,
  `created_by` int(11) DEFAULT NULL,
  `updated_by` int(11) DEFAULT NULL,
  `created_at` timestamp NULL DEFAULT NULL,
  `updated_at` timestamp NOT NULL DEFAULT CURRENT_TIMESTAMP,
  `deleted_at` timestamp NULL DEFAULT NULL,
  PRIMARY KEY (`reference_sst_id`,`updated_at`),
  KEY `idx_refsst_createdby` (`created_by`),
  KEY `idx_refsst_updatedby` (`updated_by`)
) ENGINE=InnoDB AUTO_INCREMENT=3 DEFAULT CHARSET=latin1;

--
-- Dumping data for table `ref_reference_sst`
--

INSERT INTO `ref_reference_sst` VALUES (1,'MPC(PCT)499/5/1','2020-01-01','2020-12-31',2,2,'2021-06-07 18:37:30','2021-06-07 18:37:30',NULL),(2,'MPC.100-14/1/21','2021-01-01','2022-12-31',2,390,'2021-06-07 18:38:05','2021-08-11 00:41:44',NULL);

--
-- Table structure for table `ref_religion`
--

CREATE TABLE `ref_religion` (
  `religion_id` int(11) NOT NULL AUTO_INCREMENT,
  `religion_desc` varchar(50) NOT NULL,
  `created_at` timestamp NULL DEFAULT NULL,
  `updated_at` timestamp NOT NULL DEFAULT CURRENT_TIMESTAMP,
  `deleted_at` timestamp NULL DEFAULT NULL,
  PRIMARY KEY (`religion_id`,`updated_at`)
) ENGINE=InnoDB AUTO_INCREMENT=6 DEFAULT CHARSET=latin1;

--
-- Dumping data for table `ref_religion`
--

INSERT INTO `ref_religion` VALUES (1,'Islam','2018-12-04 13:28:12','2018-12-04 13:28:12',NULL),(2,'Kristian','2018-12-04 13:28:12','2018-12-04 13:28:19',NULL),(3,'Buddha','2018-12-04 13:28:12','2018-12-04 13:28:22',NULL),(4,'Hindu','2018-12-04 13:28:12','2018-12-04 13:28:26',NULL),(5,'Lain-lain','2018-12-04 13:28:12','2018-12-04 13:28:43',NULL);

--
-- Table structure for table `ref_service_distance`
--

CREATE TABLE `ref_service_distance` (
  `service_distance_id` int(11) NOT NULL AUTO_INCREMENT,
  `service_distance_desc` varchar(255) DEFAULT NULL,
  `created_by` int(11) DEFAULT NULL,
  `updated_by` int(11) DEFAULT NULL,
  `created_at` timestamp NULL DEFAULT NULL,
  `updated_at` timestamp NOT NULL DEFAULT CURRENT_TIMESTAMP,
  `deleted_at` timestamp NULL DEFAULT NULL,
  PRIMARY KEY (`service_distance_id`),
  KEY `idx_servicedistance_createdby` (`created_by`),
  KEY `idx_servicedistance_updatedby` (`updated_by`)
) ENGINE=InnoDB AUTO_INCREMENT=4 DEFAULT CHARSET=latin1;

--
-- Dumping data for table `ref_service_distance`
--

INSERT INTO `ref_service_distance` VALUES (1,'Kadar Jarak [<100 km]\r\n',2,2,'2021-06-21 16:15:33','2021-06-21 16:15:33',NULL),(2,'Kadar Jarak [>100 km]',2,2,'2021-06-21 16:15:33','2021-06-21 16:15:33',NULL),(3,'Kadar Jarak ke Sabah/Sarawak',2,2,'2021-06-21 16:15:33','2021-06-21 16:15:33',NULL);

--
-- Table structure for table `ref_service_group`
--

CREATE TABLE `ref_service_group` (
  `service_group_id` int(11) NOT NULL AUTO_INCREMENT,
  `service_group_code` varchar(20) DEFAULT NULL,
  `service_group_desc` varchar(50) NOT NULL,
  `created_by` int(11) DEFAULT NULL,
  `updated_by` int(11) DEFAULT NULL,
  `created_at` timestamp NULL DEFAULT NULL,
  `updated_at` timestamp NOT NULL DEFAULT CURRENT_TIMESTAMP,
  `deleted_at` timestamp NULL DEFAULT NULL,
  PRIMARY KEY (`service_group_id`),
  KEY `idx_servicegroup_code` (`service_group_code`),
  KEY `idx_servicegroup_createdby` (`created_by`),
  KEY `idx_servicegroup_updatedby` (`updated_by`)
) ENGINE=InnoDB AUTO_INCREMENT=6 DEFAULT CHARSET=latin1;

--
-- Dumping data for table `ref_service_group`
--

INSERT INTO `ref_service_group` VALUES (1,NULL,'Pengurusan Tertinggi',2,2,'2021-01-13 13:38:37','2021-01-13 13:38:37',NULL),(2,NULL,'Pengurusan & Professional Gred 53 & 54',2,2,'2021-01-13 13:38:37','2021-01-13 13:38:37',NULL),(3,NULL,'Pengurusan & Professional Gred 45 – 52',2,2,'2021-01-13 13:38:37','2021-01-13 13:38:37',NULL),(4,NULL,'Pengurusan & Professional Gred 41 – 44',2,2,'2021-03-19 13:12:21','2021-03-19 13:12:27',NULL),(5,NULL,'Sokongan',2,2,'2021-03-19 13:12:24','2021-03-19 13:12:29',NULL);

--
-- Table structure for table `ref_service_type`
--

CREATE TABLE `ref_service_type` (
  `service_type_id` int(11) NOT NULL AUTO_INCREMENT,
  `service_type_code` varchar(20) DEFAULT NULL,
  `service_type_desc` varchar(50) NOT NULL,
  `created_by` int(11) DEFAULT NULL,
  `updated_by` int(11) DEFAULT NULL,
  `created_at` timestamp NULL DEFAULT NULL,
  `updated_at` timestamp NOT NULL DEFAULT CURRENT_TIMESTAMP,
  `deleted_at` timestamp NULL DEFAULT NULL,
  PRIMARY KEY (`service_type_id`),
  KEY `idx_servicetype_code` (`service_type_code`),
  KEY `idx_servicetype_createdby` (`created_by`),
  KEY `idx_servicetype_updatedby` (`updated_by`)
) ENGINE=InnoDB AUTO_INCREMENT=4 DEFAULT CHARSET=latin1;

--
-- Dumping data for table `ref_service_type`
--

INSERT INTO `ref_service_type` VALUES (1,'P&P','Pengurusan Tertinggi',2,2,'2021-01-13 13:38:37','2021-01-13 13:38:37',NULL),(2,'P&P','Pengurusan & Profesional',2,2,'2021-01-13 13:38:37','2021-01-13 13:38:37',NULL),(3,'Sokongan','Khidmat Sokongan',2,2,'2021-01-13 13:38:37','2021-01-13 13:38:37',NULL);

--
-- Table structure for table `ref_sub_allocation`
--

CREATE TABLE `ref_sub_allocation` (
  `sub_allocation_id` int(11) NOT NULL AUTO_INCREMENT,
  `allocation_id` int(11) NOT NULL,
  `allocation_code` varchar(50) DEFAULT NULL,
  `sub_allocation_code` varchar(50) DEFAULT NULL,
  `sub_allocation_desc` varchar(255) DEFAULT NULL,
  `has_budget` int(11) NOT NULL DEFAULT '0',
  `status` int(11) NOT NULL DEFAULT '1',
  `created_by` int(11) DEFAULT NULL,
  `updated_by` int(11) DEFAULT NULL,
  `created_at` timestamp NULL DEFAULT NULL,
  `updated_at` timestamp NOT NULL DEFAULT CURRENT_TIMESTAMP,
  `deleted_at` timestamp NULL DEFAULT NULL,
  PRIMARY KEY (`sub_allocation_id`),
  KEY `idx_refsuballocation_allocationid` (`allocation_id`),
  KEY `idx_refsuballocation_createdby` (`created_by`),
  KEY `idx_refsuballocation_updatedby` (`updated_by`),
  KEY `idx_refsuballocation_allocation` (`has_budget`),
  KEY `idx_refsuballocation_allocationcode` (`allocation_code`),
  KEY `idx_refsuballocation_suballocationcode` (`sub_allocation_code`),
  KEY `idx_refsuballocation_budget` (`has_budget`)
) ENGINE=InnoDB AUTO_INCREMENT=88 DEFAULT CHARSET=latin1;

--
-- Dumping data for table `ref_sub_allocation`
--

INSERT INTO `ref_sub_allocation` VALUES (1,2,'0005XX10-NPCX','KLEMS-TFP','Capital, Labor, Energy, Material And Services - Total Factor Productivity',1,1,2,2,'2020-10-14 02:28:42','2020-10-14 02:28:42',NULL),(2,2,'0007XX11-NPCX','MBR','Modern Business Regulation',1,1,2,2,'2020-10-14 02:28:42','2020-10-14 02:28:42',NULL),(3,2,'0008XX11-NPCX','NPDIR','Pelaksanaan NPDIR bagi Kerajaan Negeri dan Kerajaan Tempatan',1,1,2,2,'2020-10-14 02:28:42','2020-10-14 02:28:42',NULL),(4,2,'0006XX10-NPCX','EIIP','Enterprise Innovation Intervention Programmed',1,1,2,2,'2020-10-14 02:28:42','2020-10-14 02:28:42','2021-02-03 16:55:07'),(5,2,'0009XX11-NPCX','SPPE-MPB','Skim Peningkatan Produktiviti Entepris Selaras Dengan Malaysia Prod Blueprint',1,1,2,31,'2020-10-14 02:28:42','2021-11-06 07:29:03',NULL),(6,2,'0010XX11-NPCX','MPB-EEPN','Malaysia Productivity Blueprint - Electrical & Electronic',1,1,2,2,'2020-10-14 02:28:42','2020-10-14 02:28:42',NULL),(7,2,'0011XX11-NPCX','MPB-CCPPN','Malaysia Productivity Blueprint - Chemicals & Chemical Products',1,1,2,2,'2020-10-14 02:28:42','2020-10-14 02:28:42',NULL),(8,2,'0012XX11-NPCX','MPB-RFBPN','Malaysia Productivity Blueprint - Retail and F&B',1,1,2,2,'2020-10-14 02:28:42','2020-10-14 02:28:42',NULL),(9,2,'0013XX11-NPCX','MPB-TPN','Malaysia Productivity Blueprint - Tourism Productivity Nexus',1,1,2,2,'2020-10-14 02:28:42','2020-10-14 02:28:42',NULL),(10,2,'0014XX11-NPCX','MPB-AFPN','Malaysia Productivity Blueprint - Agrofood Productivity Nexus',1,1,2,2,'2020-10-14 02:28:42','2020-10-14 02:28:42',NULL),(11,2,'0015XX11-NPCX','MPB-MEPN','Malaysia Productivity Blueprint - Machinery & Equipment Productivity Nexus',1,1,2,2,'2020-10-14 02:28:42','2020-10-14 02:28:42',NULL),(12,2,'0016XX11-NPCX','MPB-PSPN','MALAYSIA PRODUCTIVITY BLUEPRINT - PROFESSIONAL SERVICES PRODUCTIVITY NEXUS',1,1,2,31,'2020-10-14 02:28:42','2020-10-14 02:35:29',NULL),(13,2,'0017XX11-NPCX','MPB-ICT','Malaysia Productivity Blueprint -ICT Productivity Nexus',1,1,2,2,'2020-10-14 02:28:42','2020-10-14 02:28:42',NULL),(14,2,'0018XX11-NPCX','MPB-PHPN','MALAYSIA PRODUCTIVITY BLUEPRINT - PRIVATE HEALTHCARE PRODUCTIVITY NEXUS',1,1,2,31,'2020-10-14 02:28:42','2020-10-14 02:36:14',NULL),(15,2,'0019XX11-NPCX','T5 - MPB','Membentuk Mekanisme Pelaksanaan Yang Padu Selaras Dengan MPB-DMO',1,1,2,2,'2020-10-14 02:28:42','2020-10-14 02:28:42',NULL),(16,2,'0020XX11-NPCX','PTPS','PROGRAM TRANSFORMASI PERATURAN SEDIA ADA',1,1,2,2,'2020-10-14 02:28:42','2020-10-14 02:28:42',NULL),(17,2,'0021XX11-NPCX','NTM','Memudahkan Peraturan Perniagaan Perdagangan Antarabangsa',1,1,2,2,'2020-10-14 02:28:42','2020-10-14 02:28:42',NULL),(18,2,'0023XX11-NPCX','PKP','Peningkatan Kualiti Peraturan',1,1,2,2,'2020-10-14 02:28:42','2020-10-14 02:28:42',NULL),(19,1,'M-NPC-SS20','Usahasama- MTCP/TCTP/JICA','MTCP/TCTP/JICA',1,1,2,2,'2020-10-14 02:28:42','2020-10-14 02:28:42',NULL),(20,1,'U60S0000-PP60','USAHASAMA- INDUSTRY 4.0 (RMK-11)','PROGRAM-INDUSTRY 4WRD (RMK-11)',1,1,2,31,'2020-10-14 02:28:42','2022-01-24 04:42:01',NULL),(21,1,'U70S0000-PP70','Usahasama- PPRN','Kajian Impak Pelaksanaan Inisiatif Public -Private Research Network (PPRN)',1,1,2,2,'2020-10-14 02:28:42','2020-10-14 02:28:42',NULL),(22,1,'U80S0000-PP80','Usahasama- HICoE','Kajian Impak Pelaksanaan Higher - Institutions Centre Of Excellence (HICOE)',1,1,2,2,'2020-10-14 02:28:42','2020-10-14 02:28:42',NULL),(23,1,'U90S0000-PP90','Usahasama- AKI','Anugerah Kecemerlangan Industri (AKI)',1,1,2,2,'2020-10-14 02:28:42','2020-10-14 02:28:42',NULL),(24,1,'M-NPC-SS20','Usahasama- PPV-MED','PPV-MED',1,1,2,2,'2020-10-14 02:28:42','2020-10-14 02:28:42',NULL),(25,1,'U11S0000-RP10','Usahasama- JPA','Kajian Pengukuran Produktiviti Perkhidmatan Awam (JPA)',1,1,2,2,'2020-10-14 02:28:42','2020-10-14 02:28:42',NULL),(26,1,'U12S0000-PP10','Usahasama- MEDAC 2020-LEAN','Kemudahan Latihan Prog Pembangunan Kapasiti Vendor 2019-2020',1,1,2,2,'2020-10-14 02:28:42','2020-10-14 02:28:42',NULL),(27,1,'U13S0000-RM10','Usahasama- HICoE (KEUSAHAWANAN)','Kajian Impak Perlaksanaan Prog Keusahawanan Institusi Pendidikan Tinggi',1,1,2,2,'2020-10-14 02:28:42','2020-10-14 02:28:42',NULL),(28,1,'M-NPC-SS20','Usahasama- DBKL','Kajian Pengukuran Prestasi (DBKL)',1,1,2,2,'2020-10-14 02:28:42','2020-10-14 02:28:42',NULL),(29,1,'U14S0000-LP10','Usahasama- MEDAC 2020-KAIZEN','Kemudahan Latihan Prog Pembangunan Kapasiti Vendor 2019-2020',1,1,2,2,'2020-10-14 02:28:42','2020-10-14 02:28:42',NULL),(30,1,'U15S0000-LP20','Usahasama- MEDAC 2020-I4.0','Kemudahan Latihan Prog Pembangunan Kapasiti Vendor 2019-2020',1,1,2,2,'2020-10-14 02:28:42','2020-10-14 02:28:42',NULL),(31,1,'K001N016-NPCX','Program Khas- NTEx','Konvensyen Team Excellence Kebangsaan',0,1,2,2,'2020-10-14 02:28:42','2020-10-14 02:28:42',NULL),(32,1,'K002N016-NPCX','Program Khas- RTEx (CRO)','Konvensyen Wilayah Tengah',0,1,2,2,'2020-10-14 02:28:42','2020-10-14 02:28:42',NULL),(33,1,'K003N016-NPCX','Program Khas- MTEx (CRO)','Mini Konvensyen Wilayah Tengah',0,1,2,2,'2020-10-14 02:28:42','2020-10-14 02:28:42',NULL),(34,1,'K004N016-WU0X','Program Khas- RTEx (NRO)','Konvensyen Team Excellence Wilayah Utara ',0,1,2,2,'2020-10-14 02:28:42','2020-10-14 02:28:42',NULL),(35,1,'K005N016-JB0X','Program Khas- RTEx (SRO)','Konvensyen Team Excellence Wilayah Selatan',0,1,2,2,'2020-10-14 02:28:42','2020-10-14 02:28:42',NULL),(36,1,'K015N016-KK0X','Program Khas- MTEx (SBO)','Mini Konvensyen Wilayah Sabah',0,1,2,2,'2020-10-14 02:28:42','2020-10-14 02:28:42',NULL),(37,1,'K006N016-PT0X','Program Khas- RTEx (ECR)','Konvensyen Team Excellence Wilayah P. Timur',0,1,2,2,'2020-10-14 02:28:42','2020-10-14 02:28:42',NULL),(38,1,'K007N016-KK0X','Program Khas- RTEx (SBO)','Konvensyen Team Excellence Sabah ',0,1,2,2,'2020-10-14 02:28:42','2020-10-14 02:28:42',NULL),(39,1,'K008N016-SW0X','Program Khas- RTEx (SKO)','Konvensyen Team Excellence Sarawak',0,1,2,2,'2020-10-14 02:28:42','2020-10-14 02:28:42',NULL),(40,1,'K011N016-JB0X','Program Khas- MTEx (SRO)','Mini Konvensyen Wilayah Selatan',0,1,2,2,'2020-10-14 02:28:42','2020-10-14 02:28:42',NULL),(41,1,'K012N016-PT0X','Program Khas- MTEx (ECR)','Mini Konvensyen Wilayah Pantai Timur',0,1,2,2,'2020-10-14 02:28:42','2020-10-14 02:28:42',NULL),(42,1,'K013N016-WU0X','Program Khas- MTEx (NRO)','Mini Konvensyen Wilayah Utara',0,1,2,2,'2020-10-14 02:28:42','2020-10-14 02:28:42',NULL),(43,1,'K014N016-SW0X','Program Khas- MTEx (SKO)','Mini Konvensyen Wilayah Sarawak',0,1,2,2,'2020-10-14 02:28:42','2020-10-14 02:28:42',NULL),(44,1,'K016N016-NPCX','Program Khas- PC','Productivity Conference',0,1,2,2,'2020-10-14 02:28:42','2020-10-14 02:28:42',NULL),(45,1,'K017N016-NPCX','Program Khas- APIC','Annual Productivity & Innovation Conference',0,1,2,2,'2020-10-14 02:28:42','2020-10-14 02:28:42',NULL),(46,1,'K018N016-NPCX','Program Khas- APQC','Asia Pacific Quality Conference',0,1,2,2,'2020-10-14 02:28:42','2020-10-14 02:28:42',NULL),(47,1,'S001N016-NPCX','ICQCC','International Convention on Quality Control Circles',0,1,2,2,'2020-10-14 02:28:42','2020-10-14 02:28:42',NULL),(48,1,'S003N009-NPCX','Seminar/Study Mission Luar Negara','Seminar/Study Mission Luar Negara',0,1,2,2,'2020-10-14 02:28:42','2020-10-14 02:28:42',NULL),(49,1,'S005N016-NPCX','IQPC','INTERNATIONAL QUALITY AND PRODUCTIVITY CONVENTION',0,1,2,31,'2020-10-14 02:28:42','2022-01-24 14:22:26',NULL),(50,1,'M-NPC-JB0','Mengurus-MPC SRO','Mengurus-MPC Wilayah Selatan',0,1,2,2,'2020-10-14 02:28:42','2020-10-14 02:28:42',NULL),(51,1,'M-NPC-WU0','Mengurus-MPC NRO','Mengurus-MPC Wilayah Utara',0,1,2,2,'2020-10-14 02:28:42','2020-10-14 02:28:42',NULL),(52,1,'M-NPC-SW0','Mengurus-MPC SKO','Mengurus-MPC Sarawak',0,1,2,2,'2020-10-14 02:28:42','2020-10-14 02:28:42',NULL),(53,1,'M-NPC-PT0','Mengurus-MPC ECR','Mengurus-MPC Wilayah Pantai Timur',0,1,2,2,'2020-10-14 02:28:42','2020-10-14 02:28:42',NULL),(54,1,'M-NPC-KK0','Mengurus-MPC SBO','Mengurus-MPC Sabah',0,1,2,2,'2020-10-14 02:28:42','2020-10-14 02:28:42',NULL),(55,1,'M-CR0-LP10','MENGURUS-PACS','MENGURUS-PACS',0,1,2,31,'2020-10-14 02:28:42','2021-04-06 06:17:40','2022-01-21 06:17:54'),(56,1,'M-NPC-KP01','MENGURUS-KP','MENGURUS - PEJABAT KETUA PENGARAH',0,1,2,31,'2020-10-14 02:28:42','2021-02-15 02:56:24',NULL),(57,1,'M-NPC-LB10','MENGURUS-OED','MENGURUS - OED',0,1,2,31,'2020-10-14 02:28:42','2021-02-15 02:46:43',NULL),(58,1,'M-NPC-UP30','MENGURUS-BTI','MENGURUS - INOVASI & TRANSFORMASI PERNIAGAAN',0,1,2,31,'2020-10-14 02:28:42','2021-02-15 02:55:35',NULL),(59,1,'M-NPC-RK10','MENGURUS-PCD','MENGURUS - PCD',0,1,2,182,'2020-10-14 02:28:42','2021-02-08 03:59:30',NULL),(60,1,'M-NPC-RM10','Mengurus-PCK','Mengurus-Pembangunan Prod & Daya Saing',0,1,2,2,'2020-10-14 02:28:42','2020-10-14 02:28:42','2021-02-14 18:45:27'),(61,1,'M-NPC-RP10','MENGURUS-PRODUCTIVITY GROWTH','MENGURUS - PRODUCTIVITY GROWTH',0,1,2,182,'2020-10-14 02:28:42','2021-02-08 03:59:00','2021-03-18 23:33:03'),(62,1,'M-NPC-SS10','Mengurus-MSF','Mengurus-Khidmat Pengurusan & Kewangan',0,1,2,2,'2020-10-14 02:28:42','2020-10-14 02:28:42',NULL),(63,1,'M-NPC-SS20','Mengurus-FIN','Mengurus-Unit Kewangan',0,1,2,2,'2020-10-14 02:28:42','2020-10-14 02:28:42',NULL),(64,1,'M-NPC-SS30','Mengurus-PCT','Mengurus-Unit Perolehan',0,1,2,2,'2020-10-14 02:28:42','2020-10-14 02:28:42',NULL),(65,1,'M-NPC-SS50','Mengurus-HRMD','Mengurus-Unit Pengurusan Sumber Manusia',0,1,2,2,'2020-10-14 02:28:42','2020-10-14 02:28:42',NULL),(66,1,'M-NPC-SS60','Mengurus-MIT','Mengurus-Unit Pengurusan Teknologi Maklumat',0,1,2,2,'2020-10-14 02:28:42','2020-10-14 02:28:42',NULL),(67,1,'M-NPC-TP02','MENGURUS-TKP PCD','MENGURUS-TKP PCD',0,1,2,31,'2020-10-14 02:28:42','2021-04-02 02:56:14',NULL),(68,1,'M-NPC-UP10','Mengurus-CSL/IA','Mengurus-Urusetia Perbadanan / Audit Dalam',0,1,2,2,'2020-10-14 02:28:42','2020-10-14 02:28:42',NULL),(69,1,'M-NPC-UP20','Mengurus-Unit Inovasi','Mengurus-Unit Inovasi',0,1,2,2,'2020-10-14 02:28:42','2020-10-14 02:28:42','2021-04-02 02:32:23'),(70,1,'M-NPC-UP20','MENGURUS-ITR','MENGURUS-UNIT PERHUBUNGAN ANTARABANGSA',0,1,2,31,'2020-10-14 02:28:42','2021-02-15 02:43:47',NULL),(71,2,'0022XX11-NPCX','SPN','SPN',1,1,298,31,'2020-10-15 03:18:06','2020-10-15 04:20:20',NULL),(72,2,'0032XX11-NPCX','BI','BEHAVIORAL INSIGHTS',1,1,31,31,'2020-10-15 08:25:26','2020-11-17 05:22:57',NULL),(73,2,'0002XXX7-NPCX','HRD','PEMBANGUNAN SUMBER MANUSIA',1,1,31,31,'2020-11-03 04:29:36','2020-11-03 04:29:36',NULL),(74,2,'0035XX12-NPCX','FORE','MEMBENTUK EKOSISTEM PERATURAN PERNIAGAAN YANG TEGUH',1,1,298,298,'2021-01-17 05:42:06','2021-01-17 05:58:50',NULL),(75,2,'0033XX12-NPCX','SPC 2.0','MELAKSANAKAN INISIATIF PUSAT PRODUKTIVITI PERINGKAT SEKTOR',1,1,298,298,'2021-01-17 07:20:38','2021-01-17 07:20:38',NULL),(76,2,'0034XX12-NPCX','TWIP','TRANSFORMASI UPAH KE ARAH PENINGKATAN PRODUKTIVITI DAN PAMPASAN PEKERJA',1,1,298,298,'2021-01-18 03:30:15','2021-01-18 03:30:15',NULL),(77,2,'0032XX12-NPCX','BI 2.0','PENERAPAN KAEDAH BEHAVIOURAL INSIGHTS (BI) DALAM POLISI AWAM DAN PERATURAN DI MALAYSIA',1,1,91,182,'2021-01-22 00:24:24','2021-02-04 01:59:58',NULL),(78,2,'0009XX12-NPCX','SPPE 2.0','SKIM PENINGKATAN PRODUKTIVITI ENTERPRISE 2.0',1,1,182,182,'2021-02-04 01:58:34','2021-02-04 01:59:46',NULL),(79,1,'M-NPC-RP10','MENGURUS-PG','MENGURUS - PRODUCTIVITY GROWTH',0,1,31,31,'2021-02-15 02:53:59','2021-02-15 02:53:59',NULL),(80,1,'M-NPC-UP10','MENGURUS-CSL/IA','MENGURUS-CSL/INTERNAL AUDIT',0,1,31,31,'2021-03-19 07:35:25','2021-03-19 07:35:25',NULL),(81,1,'M-NPC-PP10','MENGURUS-CPD','MENGURUS-CPD',0,1,31,31,'2021-03-22 08:00:54','2021-03-22 08:00:54',NULL),(82,1,'M-NPC-TP01','MENGURUS-TKP OED','MENGURUS-TKP OED',0,1,31,31,'2021-04-02 02:57:02','2021-04-02 02:57:02',NULL),(83,1,'M-NPC-SS20','USAHASAMA-APO','APO',1,1,31,31,'2021-05-05 08:58:03','2021-05-05 08:58:03',NULL),(84,1,'U60S0000-PP60','USAHASAMA- INDUSTRY 4.0 2021','PROGRAM-INDUSTRY 4WRD',1,1,31,31,'2021-06-11 07:44:00','2021-06-11 07:44:00','2022-01-21 06:17:44'),(85,1,'U22S0000-RP40','USAHASAMA- KWC0-19','KUMPULAN WANG COVID',1,1,31,31,'2021-09-24 03:55:44','2021-09-24 10:09:21',NULL),(86,1,'M-NPC-RM40','MENGURUS-RM40','MENGURUS-RM40 DAYA SAING',1,1,31,31,'2022-01-17 01:56:31','2022-01-28 06:31:16',NULL),(87,1,'U60S0000-PP60','USAHASAMA-INDUSTRY 4.0 (RMK-12)','USAHASAMA-INDUSTRY 4.0 (RMK-12)',1,1,31,31,'2022-01-24 04:41:37','2022-01-24 04:41:37',NULL);

--
-- Table structure for table `ref_supplier`
--

CREATE TABLE `ref_supplier` (
  `supplier_id` int(11) NOT NULL AUTO_INCREMENT,
  `supplier_code` varchar(50) NOT NULL,
  `supplier_name` varchar(100) NOT NULL,
  `supplier_regno` varchar(20) NOT NULL,
  `supplier_address_1` varchar(100) DEFAULT NULL,
  `supplier_address_2` varchar(100) DEFAULT NULL,
  `supplier_address_3` varchar(100) DEFAULT NULL,
  `supplier_postcode` char(5) DEFAULT NULL,
  `district_id` int(11) DEFAULT NULL,
  `state_id` int(11) DEFAULT NULL,
  `supplier_contact_person` varchar(100) DEFAULT NULL,
  `supplier_office_no` varchar(20) DEFAULT NULL,
  `supplier_mobile_no` varchar(20) DEFAULT NULL,
  `supplier_fax_no` varchar(20) DEFAULT NULL,
  `supplier_email` varchar(100) DEFAULT NULL,
  `supplier_account_no` varchar(50) DEFAULT NULL,
  `bank_id` int(11) DEFAULT NULL,
  `created_by` int(11) DEFAULT NULL,
  `created_at` timestamp NULL DEFAULT NULL,
  `updated_by` int(11) DEFAULT NULL,
  `updated_at` timestamp NOT NULL DEFAULT CURRENT_TIMESTAMP,
  `deleted_by` int(11) DEFAULT NULL,
  `deleted_at` timestamp NULL DEFAULT NULL,
  PRIMARY KEY (`supplier_id`)
) ENGINE=InnoDB DEFAULT CHARSET=latin1;

--
-- Dumping data for table `ref_supplier`
--


--
-- Table structure for table `ref_unit`
--

CREATE TABLE `ref_unit` (
  `unit_id` int(11) NOT NULL AUTO_INCREMENT,
  `unit_desc` varchar(200) NOT NULL,
  `purpose` int(11) NOT NULL COMMENT '1-perkhidmatan',
  `is_active` char(1) NOT NULL DEFAULT '1',
  `created_by` int(11) NOT NULL,
  `updated_by` int(11) NOT NULL,
  `created_at` timestamp NULL DEFAULT NULL,
  `updated_at` timestamp NULL DEFAULT CURRENT_TIMESTAMP,
  `deleted_at` timestamp NULL DEFAULT NULL,
  PRIMARY KEY (`unit_id`)
) ENGINE=InnoDB AUTO_INCREMENT=13 DEFAULT CHARSET=latin1;

--
-- Dumping data for table `ref_unit`
--

INSERT INTO `ref_unit` VALUES (1,'JAM',1,'1',2,2,'2021-06-20 14:45:25','2021-06-20 14:45:25',NULL),(2,'HARI',1,'1',2,2,'2021-06-20 14:45:25','2021-06-20 14:45:28',NULL),(3,'KM',1,'1',2,2,'2021-06-20 14:45:25','2021-06-20 14:46:06','2021-06-20 18:27:21'),(4,'MUKASURAT',1,'1',2,2,'2021-06-20 14:45:25','2021-06-20 14:46:40',NULL),(5,'ARTIKAL',1,'1',2,2,'2021-06-20 14:45:25','2021-06-20 14:51:25',NULL),(6,'LAPORAN',1,'1',2,2,'2021-06-20 14:45:25','2021-06-20 14:52:27',NULL),(7,'MESYUARAT',1,'1',2,2,'2021-06-20 14:45:25','2021-06-20 14:52:37',NULL),(8,'AKTIVITI',1,'1',2,2,'2021-06-20 14:45:25','2021-06-20 14:53:37',NULL),(9,'ARTIKAL/LAPORAN',1,'1',2,2,'2021-06-20 14:45:25','2021-06-20 14:53:37',NULL),(10,'MESYUARAT/AKTIVITI',1,'1',2,2,'2021-06-20 18:33:50','2021-06-20 18:33:50',NULL),(11,'SESI',1,'1',2,2,'2021-06-20 18:38:52','2021-06-20 18:38:52',NULL),(12,'KERTAS',1,'1',2,2,'2021-06-20 18:42:04','2021-06-20 18:42:04',NULL);

--
-- Table structure for table `ref_unit_bahagian`
--

CREATE TABLE `ref_unit_bahagian` (
  `unit_bahagian_id` int(11) NOT NULL AUTO_INCREMENT,
  `parent_id` int(11) DEFAULT NULL,
  `unit_bahagian_desc` varchar(100) NOT NULL,
  `is_cawangan` int(11) NOT NULL DEFAULT '0',
  `prefix_running_no` varchar(20) DEFAULT NULL,
  `running_no` int(11) NOT NULL DEFAULT '0',
  `address_1` varchar(100) DEFAULT NULL,
  `address_2` varchar(100) DEFAULT NULL,
  `address_3` varchar(100) DEFAULT NULL,
  `postcode` char(5) DEFAULT NULL,
  `district_id` int(11) DEFAULT NULL,
  `state_id` int(11) DEFAULT NULL,
  `contact_no` varchar(20) DEFAULT NULL,
  `fax_no` varchar(20) DEFAULT NULL,
  `email` varchar(50) DEFAULT NULL,
  `account_no` varchar(20) DEFAULT NULL,
  `bank_id` int(11) DEFAULT NULL,
  `created_by` int(11) DEFAULT NULL,
  `updated_by` int(11) DEFAULT NULL,
  `created_at` timestamp NULL DEFAULT NULL,
  `updated_at` timestamp NOT NULL DEFAULT CURRENT_TIMESTAMP,
  `deleted_at` timestamp NULL DEFAULT NULL,
  PRIMARY KEY (`unit_bahagian_id`)
) ENGINE=InnoDB AUTO_INCREMENT=13 DEFAULT CHARSET=latin1;

--
-- Dumping data for table `ref_unit_bahagian`
--

INSERT INTO `ref_unit_bahagian` VALUES (0,NULL,'HQ',0,NULL,0,NULL,NULL,NULL,NULL,NULL,NULL,NULL,NULL,NULL,NULL,NULL,2,2,'2019-03-29 12:32:26','2019-03-29 12:32:28',NULL),(1,0,'CPD',0,NULL,5,NULL,NULL,NULL,NULL,NULL,NULL,NULL,NULL,NULL,NULL,NULL,2,2,'2019-03-28 17:14:07','2019-03-28 17:14:07',NULL),(2,0,'PACS',1,NULL,21,NULL,NULL,NULL,NULL,NULL,NULL,NULL,NULL,NULL,NULL,NULL,2,2,'2019-03-28 17:14:07','2020-10-15 08:55:30',NULL),(3,0,'DGO',0,NULL,2,NULL,NULL,NULL,NULL,NULL,NULL,NULL,NULL,NULL,NULL,NULL,2,2,'2019-03-28 17:14:07','2019-03-28 17:14:07',NULL),(4,0,'DMO',1,'',68,NULL,NULL,NULL,NULL,NULL,NULL,NULL,NULL,NULL,NULL,NULL,2,2,'2019-03-28 17:14:07','2021-01-05 07:11:26',NULL),(5,0,'MSF',0,NULL,4,NULL,NULL,NULL,NULL,NULL,NULL,NULL,NULL,NULL,NULL,NULL,2,2,'2019-03-28 17:14:07','2019-03-28 17:14:07',NULL),(6,0,'PCD',0,NULL,131,NULL,NULL,NULL,NULL,NULL,NULL,NULL,NULL,NULL,NULL,NULL,2,2,'2019-03-28 17:14:07','2019-03-28 17:14:07',NULL),(7,0,'OED',1,NULL,3,NULL,NULL,NULL,NULL,NULL,NULL,NULL,NULL,NULL,NULL,NULL,2,2,'2019-03-28 17:14:07','2020-10-14 01:48:11',NULL),(8,7,'ECR',1,'K-PT0',3,NULL,NULL,NULL,NULL,NULL,NULL,NULL,NULL,NULL,NULL,NULL,2,2,'2019-03-28 17:14:07','2021-01-05 07:12:35',NULL),(9,7,'NRO',1,'K-WU0',5,NULL,NULL,NULL,NULL,NULL,NULL,NULL,NULL,NULL,NULL,NULL,2,2,'2019-03-28 17:14:07','2019-03-28 17:14:07',NULL),(10,7,'SBO',1,'K-KK0',7,NULL,NULL,NULL,NULL,NULL,NULL,NULL,NULL,NULL,NULL,NULL,2,2,'2019-03-28 17:14:07','2019-03-28 17:14:07',NULL),(11,7,'SKO',1,'K-SW0',13,NULL,NULL,NULL,NULL,NULL,NULL,NULL,NULL,NULL,NULL,NULL,2,2,'2019-03-28 17:14:07','2019-03-28 17:14:07',NULL),(12,7,'SRO',1,'K-JB0',11,NULL,NULL,NULL,NULL,NULL,NULL,NULL,NULL,NULL,NULL,NULL,2,2,'2019-03-28 17:14:07','2019-03-28 17:14:07',NULL);

--
-- Table structure for table `role_has_permissions`
--

CREATE TABLE `role_has_permissions` (
  `permission_id` int(10) unsigned NOT NULL,
  `role_id` int(10) unsigned NOT NULL,
  PRIMARY KEY (`permission_id`,`role_id`),
  KEY `role_has_permissions_role_id_foreign` (`role_id`),
  CONSTRAINT `role_has_permissions_permission_id_foreign` FOREIGN KEY (`permission_id`) REFERENCES `permissions` (`id`) ON DELETE CASCADE,
  CONSTRAINT `role_has_permissions_role_id_foreign` FOREIGN KEY (`role_id`) REFERENCES `roles` (`id`) ON DELETE CASCADE
) ENGINE=InnoDB DEFAULT CHARSET=utf8 COLLATE=utf8_unicode_ci ROW_FORMAT=DYNAMIC COMMENT='ACL related';

--
-- Dumping data for table `role_has_permissions`
--

INSERT INTO `role_has_permissions` VALUES (13,1),(13,2),(13,4),(13,5),(13,6),(13,7),(13,8),(13,12),(13,16),(13,17),(13,18),(13,19),(13,20),(13,21),(13,22),(14,1),(14,2),(14,19),(15,1),(15,2),(15,19),(16,1),(16,2),(16,4),(16,5),(16,6),(16,7),(16,8),(16,12),(16,16),(16,17),(16,18),(16,19),(16,20),(16,21),(16,22),(17,1),(18,1),(19,1),(20,1),(21,1),(22,1),(22,2),(22,19),(29,1),(29,2),(29,19),(30,1),(30,2),(30,19),(101,1),(101,2),(101,12),(101,19),(101,20),(104,1),(104,2),(104,19),(108,2),(108,7),(108,8),(108,12),(108,16),(108,17),(108,18),(108,19),(108,20),(110,1),(110,2),(110,4),(110,5),(110,6),(110,16),(110,17),(110,18),(110,19),(110,21),(110,22),(121,1),(121,2),(121,19),(123,1),(123,2),(123,12),(123,19),(124,1),(124,2),(124,19),(128,1),(128,2),(128,19),(129,4),(129,5),(129,6),(129,7),(129,8),(129,12),(129,16),(129,17),(129,18),(129,20),(129,21),(129,22),(130,2),(130,4),(130,5),(130,6),(130,7),(130,8),(130,12),(130,16),(130,17),(130,18),(130,19),(130,20),(130,21),(130,22),(131,21),(131,22),(132,2),(132,4),(132,7),(132,12),(132,16),(132,17),(132,18),(132,19),(132,20),(132,21),(132,22),(134,1),(134,2),(134,4),(134,5),(134,6),(134,16),(134,17),(134,18),(134,19),(134,21),(134,22),(138,1),(138,2),(138,16),(138,17),(138,18),(138,19),(140,5),(141,6),(150,1),(150,2),(150,4),(150,5),(150,6),(150,12),(150,16),(150,17),(150,18),(150,19),(150,21),(150,22),(156,1),(156,2),(156,19),(157,1),(157,2),(157,12),(157,19),(162,1),(162,2),(162,12),(162,19),(162,20),(163,1),(163,2),(163,12),(163,19),(163,20),(166,1),(166,2),(166,19),(169,1),(169,2),(170,1),(170,2),(170,16),(170,17),(170,18),(170,19),(171,1),(171,2),(171,16),(171,17),(171,18),(171,19),(172,1),(172,2),(172,12),(172,19),(173,1),(173,2),(173,12),(173,19),(174,4),(174,16),(174,17),(174,22),(175,18),(176,1),(176,2),(176,19),(177,1),(177,2),(177,19),(178,1),(178,4),(178,5),(178,6),(178,21),(178,22),(179,2),(179,7),(179,8),(179,12),(179,16),(179,17),(179,18),(179,19),(179,20),(180,1),(180,2),(180,4),(180,5),(180,6),(180,16),(180,17),(180,18),(180,19),(180,21),(180,22),(181,1),(181,2),(181,19),(181,20),(182,4),(182,22),(183,1),(183,2),(183,4),(183,5),(183,6),(183,12),(183,16),(183,17),(183,18),(183,19),(183,20),(183,21),(183,22),(184,2),(184,12),(184,19),(185,1),(185,2),(185,20),(186,1),(186,2),(186,4),(186,5),(186,6),(186,16),(186,17),(186,18),(186,19),(186,21),(186,22);

--
-- Table structure for table `roles`
--

CREATE TABLE `roles` (
  `id` int(10) unsigned NOT NULL AUTO_INCREMENT,
  `name` varchar(255) COLLATE utf8_unicode_ci NOT NULL,
  `description` longtext COLLATE utf8_unicode_ci,
  `is_bigamount_approver` int(1) NOT NULL DEFAULT '0',
  `sort` int(1) NOT NULL DEFAULT '11',
  `created_at` timestamp NULL DEFAULT NULL,
  `updated_at` timestamp NULL DEFAULT NULL,
  `deleted_at` timestamp NULL DEFAULT NULL,
  PRIMARY KEY (`id`),
  UNIQUE KEY `roles_name_unique` (`name`)
) ENGINE=InnoDB AUTO_INCREMENT=23 DEFAULT CHARSET=utf8 COLLATE=utf8_unicode_ci ROW_FORMAT=DYNAMIC COMMENT='ACL related';

--
