-- Table structure for table `master_gender`
--

CREATE TABLE `master_gender` (
  `gender_id` int(11) NOT NULL AUTO_INCREMENT,
  `gender_desc` varchar(20) NOT NULL,
  `created_at` timestamp NULL DEFAULT NULL,
  `updated_at` timestamp NOT NULL DEFAULT '0000-00-00 00:00:00',
  `deleted_at` timestamp NULL DEFAULT NULL,
  PRIMARY KEY (`gender_id`)
) ENGINE=InnoDB AUTO_INCREMENT=4 DEFAULT CHARSET=latin1;

--
-- Dumping data for table `master_gender`
--

INSERT INTO `master_gender` VALUES (1,'MALE','2018-04-20 07:46:31','2018-04-20 07:46:31',NULL),(2,'FEMALE','2018-04-20 07:46:39','2018-04-20 07:46:39',NULL),(3,'OTHER','2018-04-20 07:46:45','2018-04-20 07:46:45',NULL);

--
-- Table structure for table `master_salutation`
--

CREATE TABLE `master_salutation` (
  `salutation_id` int(11) NOT NULL AUTO_INCREMENT,
  `salutation_desc` varchar(100) NOT NULL,
  `created_at` timestamp NULL DEFAULT NULL,
  `updated_at` timestamp NOT NULL DEFAULT '0000-00-00 00:00:00',
  `deleted_at` timestamp NULL DEFAULT NULL,
  PRIMARY KEY (`salutation_id`)
) ENGINE=InnoDB AUTO_INCREMENT=12 DEFAULT CHARSET=latin1;

--
-- Dumping data for table `master_salutation`
--

INSERT INTO `master_salutation` VALUES (1,'EN.','2018-04-23 06:08:17','2018-04-23 06:08:17',NULL),(2,'PN.','2018-04-23 06:08:22','2018-04-23 06:08:22',NULL),(3,'CIK','2018-04-23 06:08:25','2018-04-23 06:08:25',NULL),(4,'SIR','2018-04-23 06:08:30','2018-04-23 06:08:30',NULL),(5,'DATUK','2018-04-23 06:08:35','2018-04-23 06:08:35',NULL),(6,'DATIN','2018-04-23 06:08:47','2018-04-23 06:08:47',NULL),(7,'DATO\'','2018-04-23 06:08:55','2018-04-23 06:08:55',NULL),(8,'DATO\' SERI','2018-04-23 06:09:31','2018-04-23 06:09:31',NULL),(9,'DATIN SERI','2018-04-23 06:09:56','2018-04-23 06:09:56',NULL),(10,'TUN','2018-04-23 06:10:01','2018-04-23 06:10:01',NULL),(11,'TUAN','2018-04-23 06:10:01','2018-04-23 06:10:01',NULL);

--
-- Table structure for table `master_state`
--

CREATE TABLE `master_state` (
  `state_id` int(10) unsigned NOT NULL AUTO_INCREMENT,
  `state_code` char(3) COLLATE utf8_unicode_ci NOT NULL,
  `state_desc` varchar(255) COLLATE utf8_unicode_ci NOT NULL,
  `area_id` int(11) NOT NULL,
  `created_at` timestamp NULL DEFAULT NULL,
  `updated_at` timestamp NOT NULL DEFAULT '0000-00-00 00:00:00',
  `deleted_at` timestamp NULL DEFAULT NULL,
  PRIMARY KEY (`state_id`)
) ENGINE=InnoDB AUTO_INCREMENT=17 DEFAULT CHARSET=utf8 COLLATE=utf8_unicode_ci;

--
-- Dumping data for table `master_state`
--

INSERT INTO `master_state` VALUES (1,'JHR','JOHOR',1,'2018-05-02 03:57:20','2018-05-02 03:57:20',NULL),(2,'KDH','KEDAH',1,'2018-05-02 03:57:20','2018-05-02 03:57:20',NULL),(3,'KTN','KELANTAN',1,'2018-05-02 03:57:20','2018-05-02 03:57:20',NULL),(4,'KUL','WILAYAH PERSEKUTUAN KUALA LUMPUR',1,'2018-05-02 03:57:20','2018-05-02 03:57:20',NULL),(5,'LBN','WILAYAH PERSEKUTUAN LABUAN',2,'2018-05-02 03:57:20','2018-05-02 03:57:20',NULL),(6,'MLK','MELAKA',1,'2018-05-02 03:57:20','2018-05-02 03:57:20',NULL),(7,'NSN','NEGERI SEMBILAN',1,'2018-05-02 03:57:20','2018-05-02 03:57:20',NULL),(8,'PHG','PAHANG',1,'2018-05-02 03:57:20','2018-05-02 03:57:20',NULL),(9,'PJY','WILAYAH PERSEKUTUAN PUTRA JAYA',1,'2018-05-02 03:57:20','2018-05-02 03:57:20',NULL),(10,'PLS','PERLIS',1,'2018-05-02 03:57:20','2018-05-02 03:57:20',NULL),(11,'PNG','PULAU PINANG',1,'2018-05-02 03:57:20','2018-05-02 03:57:20',NULL),(12,'PRK','PERAK',1,'2018-05-02 03:57:20','2018-05-02 03:57:20',NULL),(13,'SBH','SABAH',2,'2018-05-02 03:57:20','2018-05-02 03:57:20',NULL),(14,'SGR','SELANGOR',1,'2018-05-02 03:57:20','2018-05-02 03:57:20',NULL),(15,'SRW','SARAWAK',2,'2018-05-02 03:57:20','2018-05-02 03:57:20',NULL),(16,'TRG','TERENGGANU',1,'2018-05-02 03:57:20','2018-05-02 03:57:20',NULL);

--
-- Table structure for table `meeting`
--

CREATE TABLE `meeting` (
  `meeting_id` int(11) NOT NULL AUTO_INCREMENT,
  `previous_meeting_id` int(11) DEFAULT NULL,
  `meeting_no` varchar(50) DEFAULT NULL COMMENT 'bil mesyuarat',
  `meeting_date` datetime DEFAULT NULL,
  `meeting_location` varchar(200) DEFAULT NULL,
  `meeting_link` text,
  `meeting_remarks` longtext,
  `status` char(1) NOT NULL DEFAULT 'N' COMMENT 'N-new,B-batal,F-finish',
  `created_by` int(11) DEFAULT NULL,
  `updated_by` int(11) DEFAULT NULL,
  `created_at` timestamp NULL DEFAULT NULL,
  `updated_at` timestamp NOT NULL DEFAULT CURRENT_TIMESTAMP,
  `deleted_at` timestamp NULL DEFAULT NULL,
  PRIMARY KEY (`meeting_id`),
  KEY `idx_meeting_createdby` (`created_by`),
  KEY `idx_meeting_updatedby` (`updated_by`),
  KEY `idx_meeting_bil` (`meeting_no`),
  KEY `idx_meeting_previous_meetingid` (`previous_meeting_id`)
) ENGINE=InnoDB AUTO_INCREMENT=25 DEFAULT CHARSET=latin1;

--
-- Dumping data for table `meeting`
--

INSERT INTO `meeting` VALUES (1,NULL,'16/2021','2021-11-19 10:30:00','HQ','https://www.google.com',NULL,'F',166,166,'2021-11-13 15:57:12','2021-11-13 16:55:43',NULL),(2,NULL,'17/2021','2021-11-16 07:45:00','test1',NULL,NULL,'B',166,166,'2021-11-14 02:20:10','2021-11-14 02:32:28',NULL),(3,NULL,'18/2021','2021-11-26 11:30:00','BANGUNAN A, HQ','-',NULL,'F',166,166,'2021-11-17 17:50:48','2021-11-17 18:25:38',NULL),(7,NULL,'19/2021','2021-11-26 14:30:00','Bangunan A, HQ','https://www.google.com',NULL,'B',166,166,'2021-11-19 09:51:17','2021-11-19 09:53:53',NULL),(8,NULL,'20/2021','2021-11-26 11:30:00','BANGUNAN A, HQ','https://www.google.com',NULL,'B',166,166,'2021-11-19 13:06:20','2021-11-19 13:09:10',NULL),(9,NULL,'21/2021','2021-11-29 16:30:00','BANGUNAN B, HQ',NULL,NULL,'B',166,166,'2021-11-19 13:11:10','2021-11-19 13:12:07',NULL),(18,NULL,'22/2021','2021-11-29 11:40:00','ADAS',NULL,NULL,'B',166,166,'2021-11-19 13:21:12','2021-11-19 13:24:27',NULL),(19,NULL,'23/2021','2021-11-30 15:30:00','BANGUNAN B, HQ','http://www.google.com',NULL,'F',166,166,'2021-11-19 13:25:47','2021-11-19 13:50:00',NULL),(20,NULL,'24/2021','2021-12-02 09:30:00','BANGUNAN E, HQ',NULL,NULL,'F',166,166,'2021-11-23 17:49:43','2021-11-23 17:52:04',NULL),(21,NULL,'25/2021','2021-12-06 10:30:00','BILIK MESYUARAT UTAMA, BANGUNAN A, HQ','https://teams.microsoft.com/l/meetup-join/19%3ameeting_ZmYzYmI5ZDMtOTkwNS00NzgwLTk2MjQtNDU3NTNkZGI3OWY1%40thread.v2/0?context=%7b%22Tid%22%3a',NULL,'F',166,166,'2021-11-27 19:01:46','2021-11-27 19:12:14',NULL),(22,NULL,'26/2021','2021-12-29 10:30:00','BLOCK A','https://meet.google.com/bja-fcof-wwu',NULL,'B',31,31,'2021-12-01 16:32:06','2021-12-01 16:41:29',NULL),(23,NULL,'27/2021','2022-01-03 08:15:00','TEST 123',NULL,NULL,'N',166,166,'2021-12-28 23:55:42','2021-12-28 23:55:42',NULL),(24,NULL,'28/2021','2022-01-05 12:40:00','TEST PERMOHONAN','LINK 123',NULL,'F',166,166,'2021-12-29 00:46:55','2021-12-29 06:12:00',NULL);

--
-- Table structure for table `meeting_participant`
--

CREATE TABLE `meeting_participant` (
  `meeting_participant_id` int(11) NOT NULL AUTO_INCREMENT,
  `meeting_id` int(11) NOT NULL,
  `user_id` bigint(20) NOT NULL,
  `attend` int(11) NOT NULL DEFAULT '1',
  `created_by` int(11) DEFAULT NULL,
  `updated_by` int(11) DEFAULT NULL,
  `created_at` timestamp NULL DEFAULT NULL,
  `updated_at` timestamp NOT NULL DEFAULT CURRENT_TIMESTAMP,
  `deleted_at` timestamp NULL DEFAULT NULL,
  PRIMARY KEY (`meeting_participant_id`),
  KEY `idx_meetingparticipant_createdby` (`created_by`),
  KEY `idx_meetingparticipant_updatedby` (`updated_by`),
  KEY `idx_meetingparticipant_participantid` (`user_id`),
  KEY `idx_meetingparticipant_meetingid` (`meeting_id`)
) ENGINE=InnoDB AUTO_INCREMENT=196 DEFAULT CHARSET=latin1;

--
-- Dumping data for table `meeting_participant`
--

INSERT INTO `meeting_participant` VALUES (1,1,304,1,166,166,'2021-11-13 15:57:12','2021-11-13 15:57:12','2021-11-13 08:02:23'),(2,1,307,1,166,166,'2021-11-13 15:57:12','2021-11-13 15:57:12','2021-11-13 08:02:23'),(3,1,9,1,166,166,'2021-11-13 15:57:12','2021-11-13 15:57:12','2021-11-13 08:02:23'),(4,1,166,1,166,166,'2021-11-13 15:57:12','2021-11-13 15:57:12','2021-11-13 08:02:23'),(5,1,23,1,166,166,'2021-11-13 15:57:12','2021-11-13 15:57:12','2021-11-13 08:02:23'),(6,1,29,1,166,166,'2021-11-13 15:57:12','2021-11-13 15:57:12','2021-11-13 08:02:23'),(7,1,304,1,166,166,'2021-11-13 16:02:23','2021-11-13 16:02:23','2021-11-13 08:04:54'),(8,1,307,1,166,166,'2021-11-13 16:02:23','2021-11-13 16:02:23','2021-11-13 08:04:54'),(9,1,9,1,166,166,'2021-11-13 16:02:23','2021-11-13 16:02:23','2021-11-13 08:04:54'),(10,1,166,1,166,166,'2021-11-13 16:02:23','2021-11-13 16:02:23','2021-11-13 08:04:54'),(11,1,23,1,166,166,'2021-11-13 16:02:23','2021-11-13 16:02:23','2021-11-13 08:04:54'),(12,1,29,1,166,166,'2021-11-13 16:02:23','2021-11-13 16:02:23','2021-11-13 08:04:54'),(13,1,304,1,166,166,'2021-11-13 16:04:54','2021-11-13 16:04:54','2021-11-13 08:46:19'),(14,1,307,1,166,166,'2021-11-13 16:04:54','2021-11-13 16:04:54','2021-11-13 08:46:19'),(15,1,9,1,166,166,'2021-11-13 16:04:54','2021-11-13 16:04:54','2021-11-13 08:46:19'),(16,1,166,1,166,166,'2021-11-13 16:04:54','2021-11-13 16:04:54','2021-11-13 08:46:19'),(17,1,23,1,166,166,'2021-11-13 16:04:54','2021-11-13 16:04:54','2021-11-13 08:46:19'),(18,1,29,1,166,166,'2021-11-13 16:04:54','2021-11-13 16:04:54','2021-11-13 08:46:19'),(19,1,304,1,166,166,'2021-11-13 16:46:19','2021-11-13 16:46:19','2021-11-13 08:51:29'),(20,1,307,1,166,166,'2021-11-13 16:46:19','2021-11-13 16:46:19','2021-11-13 08:51:29'),(21,1,9,1,166,166,'2021-11-13 16:46:19','2021-11-13 16:46:19','2021-11-13 08:51:29'),(22,1,166,1,166,166,'2021-11-13 16:46:19','2021-11-13 16:46:19','2021-11-13 08:51:29'),(23,1,23,1,166,166,'2021-11-13 16:46:19','2021-11-13 16:46:19','2021-11-13 08:51:29'),(24,1,29,1,166,166,'2021-11-13 16:46:19','2021-11-13 16:46:19','2021-11-13 08:51:29'),(25,1,304,1,166,166,'2021-11-13 16:51:29','2021-11-13 16:51:29','2021-11-13 08:55:43'),(26,1,307,1,166,166,'2021-11-13 16:51:29','2021-11-13 16:51:29','2021-11-13 08:55:43'),(27,1,9,1,166,166,'2021-11-13 16:51:29','2021-11-13 16:51:29','2021-11-13 08:55:43'),(28,1,166,1,166,166,'2021-11-13 16:51:29','2021-11-13 16:51:29','2021-11-13 08:55:43'),(29,1,23,1,166,166,'2021-11-13 16:51:29','2021-11-13 16:51:29','2021-11-13 08:55:43'),(30,1,29,1,166,166,'2021-11-13 16:51:29','2021-11-13 16:51:29','2021-11-13 08:55:43'),(31,1,304,1,166,166,'2021-11-13 16:55:43','2021-11-13 16:55:43',NULL),(32,1,307,1,166,166,'2021-11-13 16:55:43','2021-11-13 16:55:43',NULL),(33,1,9,1,166,166,'2021-11-13 16:55:43','2021-11-13 16:55:43',NULL),(34,1,166,1,166,166,'2021-11-13 16:55:43','2021-11-13 16:55:43',NULL),(35,1,23,0,166,166,'2021-11-13 16:55:43','2021-11-13 16:55:43',NULL),(36,1,29,0,166,166,'2021-11-13 16:55:43','2021-11-13 16:55:43',NULL),(37,2,304,1,166,166,'2021-11-14 02:20:10','2021-11-14 02:20:10',NULL),(38,2,307,1,166,166,'2021-11-14 02:20:10','2021-11-14 02:20:10',NULL),(39,2,9,1,166,166,'2021-11-14 02:20:10','2021-11-14 02:20:10',NULL),(40,2,166,1,166,166,'2021-11-14 02:20:10','2021-11-14 02:20:10',NULL),(41,3,304,1,166,166,'2021-11-17 17:50:48','2021-11-17 17:50:48','2021-11-17 10:22:31'),(42,3,307,1,166,166,'2021-11-17 17:50:48','2021-11-17 17:50:48','2021-11-17 10:22:31'),(43,3,9,1,166,166,'2021-11-17 17:50:48','2021-11-17 17:50:48','2021-11-17 10:22:31'),(44,3,166,1,166,166,'2021-11-17 17:50:48','2021-11-17 17:50:48','2021-11-17 10:22:31'),(45,3,304,1,166,166,'2021-11-17 18:22:31','2021-11-17 18:22:31','2021-11-17 10:25:38'),(46,3,307,1,166,166,'2021-11-17 18:22:31','2021-11-17 18:22:31','2021-11-17 10:25:38'),(47,3,9,1,166,166,'2021-11-17 18:22:31','2021-11-17 18:22:31','2021-11-17 10:25:38'),(48,3,166,1,166,166,'2021-11-17 18:22:31','2021-11-17 18:22:31','2021-11-17 10:25:38'),(49,3,304,1,166,166,'2021-11-17 18:25:38','2021-11-17 18:25:38',NULL),(50,3,307,1,166,166,'2021-11-17 18:25:38','2021-11-17 18:25:38',NULL),(51,3,9,1,166,166,'2021-11-17 18:25:38','2021-11-17 18:25:38',NULL),(52,3,166,1,166,166,'2021-11-17 18:25:38','2021-11-17 18:25:38',NULL),(68,7,304,1,166,166,'2021-11-19 09:51:17','2021-11-19 09:51:17',NULL),(69,7,307,1,166,166,'2021-11-19 09:51:17','2021-11-19 09:51:17',NULL),(70,7,9,1,166,166,'2021-11-19 09:51:17','2021-11-19 09:51:17',NULL),(71,7,166,1,166,166,'2021-11-19 09:51:17','2021-11-19 09:51:17',NULL),(72,7,67,1,166,166,'2021-11-19 09:51:17','2021-11-19 09:51:17',NULL),(73,8,304,1,166,166,'2021-11-19 13:06:21','2021-11-19 13:06:21','2021-11-19 05:07:49'),(74,8,307,1,166,166,'2021-11-19 13:06:21','2021-11-19 13:06:21','2021-11-19 05:07:49'),(75,8,9,1,166,166,'2021-11-19 13:06:21','2021-11-19 13:06:21','2021-11-19 05:07:49'),(76,8,166,1,166,166,'2021-11-19 13:06:21','2021-11-19 13:06:21','2021-11-19 05:07:49'),(77,8,304,1,166,166,'2021-11-19 13:07:49','2021-11-19 13:07:49',NULL),(78,8,307,1,166,166,'2021-11-19 13:07:49','2021-11-19 13:07:49',NULL),(79,8,9,1,166,166,'2021-11-19 13:07:49','2021-11-19 13:07:49',NULL),(80,8,166,1,166,166,'2021-11-19 13:07:49','2021-11-19 13:07:49',NULL),(81,9,304,1,166,166,'2021-11-19 13:11:10','2021-11-19 13:11:10',NULL),(82,9,307,1,166,166,'2021-11-19 13:11:10','2021-11-19 13:11:10',NULL),(83,9,9,1,166,166,'2021-11-19 13:11:10','2021-11-19 13:11:10',NULL),(84,9,166,1,166,166,'2021-11-19 13:11:10','2021-11-19 13:11:10',NULL),(117,18,304,1,166,166,'2021-11-19 13:21:12','2021-11-19 13:21:12',NULL),(118,18,307,1,166,166,'2021-11-19 13:21:12','2021-11-19 13:21:12',NULL),(119,18,9,1,166,166,'2021-11-19 13:21:12','2021-11-19 13:21:12',NULL),(120,18,166,1,166,166,'2021-11-19 13:21:12','2021-11-19 13:21:12',NULL),(121,19,304,1,166,166,'2021-11-19 13:25:47','2021-11-19 13:25:47','2021-11-19 05:27:43'),(122,19,307,1,166,166,'2021-11-19 13:25:47','2021-11-19 13:25:47','2021-11-19 05:27:43'),(123,19,9,1,166,166,'2021-11-19 13:25:47','2021-11-19 13:25:47','2021-11-19 05:27:43'),(124,19,166,1,166,166,'2021-11-19 13:25:47','2021-11-19 13:25:47','2021-11-19 05:27:43'),(125,19,1176,1,166,166,'2021-11-19 13:25:47','2021-11-19 13:25:47','2021-11-19 05:27:43'),(126,19,304,1,166,166,'2021-11-19 13:27:43','2021-11-19 13:27:43','2021-11-19 05:29:31'),(127,19,307,1,166,166,'2021-11-19 13:27:43','2021-11-19 13:27:43','2021-11-19 05:29:31'),(128,19,9,1,166,166,'2021-11-19 13:27:43','2021-11-19 13:27:43','2021-11-19 05:29:31'),(129,19,166,1,166,166,'2021-11-19 13:27:43','2021-11-19 13:27:43','2021-11-19 05:29:31'),(130,19,1176,1,166,166,'2021-11-19 13:27:43','2021-11-19 13:27:43','2021-11-19 05:29:31'),(131,19,304,1,166,166,'2021-11-19 13:29:31','2021-11-19 13:29:31','2021-11-19 05:29:49'),(132,19,307,1,166,166,'2021-11-19 13:29:31','2021-11-19 13:29:31','2021-11-19 05:29:49'),(133,19,9,1,166,166,'2021-11-19 13:29:31','2021-11-19 13:29:31','2021-11-19 05:29:49'),(134,19,166,1,166,166,'2021-11-19 13:29:31','2021-11-19 13:29:31','2021-11-19 05:29:49'),(135,19,1176,1,166,166,'2021-11-19 13:29:31','2021-11-19 13:29:31','2021-11-19 05:29:49'),(136,19,304,1,166,166,'2021-11-19 13:29:49','2021-11-19 13:29:49','2021-11-19 05:31:25'),(137,19,307,1,166,166,'2021-11-19 13:29:49','2021-11-19 13:29:49','2021-11-19 05:31:25'),(138,19,9,1,166,166,'2021-11-19 13:29:49','2021-11-19 13:29:49','2021-11-19 05:31:25'),(139,19,166,1,166,166,'2021-11-19 13:29:49','2021-11-19 13:29:49','2021-11-19 05:31:25'),(140,19,1176,1,166,166,'2021-11-19 13:29:49','2021-11-19 13:29:49','2021-11-19 05:31:25'),(141,19,304,1,166,166,'2021-11-19 13:31:25','2021-11-19 13:31:25','2021-11-19 05:50:08'),(142,19,307,1,166,166,'2021-11-19 13:31:25','2021-11-19 13:31:25','2021-11-19 05:50:08'),(143,19,9,1,166,166,'2021-11-19 13:31:25','2021-11-19 13:31:25','2021-11-19 05:50:08'),(144,19,166,1,166,166,'2021-11-19 13:31:25','2021-11-19 13:31:25','2021-11-19 05:50:08'),(145,19,1176,1,166,166,'2021-11-19 13:31:25','2021-11-19 13:31:25','2021-11-19 05:50:08'),(146,19,304,1,166,166,'2021-11-19 13:50:08','2021-11-19 13:50:08',NULL),(147,19,307,1,166,166,'2021-11-19 13:50:08','2021-11-19 13:50:08',NULL),(148,19,9,1,166,166,'2021-11-19 13:50:08','2021-11-19 13:50:08',NULL),(149,19,166,1,166,166,'2021-11-19 13:50:08','2021-11-19 13:50:08',NULL),(150,19,1176,1,166,166,'2021-11-19 13:50:08','2021-11-19 13:50:08',NULL),(151,20,304,1,166,166,'2021-11-23 17:49:43','2021-11-23 17:49:43','2021-11-23 09:52:12'),(152,20,307,1,166,166,'2021-11-23 17:49:44','2021-11-23 17:49:44','2021-11-23 09:52:12'),(153,20,9,1,166,166,'2021-11-23 17:49:44','2021-11-23 17:49:44','2021-11-23 09:52:12'),(154,20,166,1,166,166,'2021-11-23 17:49:44','2021-11-23 17:49:44','2021-11-23 09:52:12'),(155,20,304,1,166,166,'2021-11-23 17:52:12','2021-11-23 17:52:12',NULL),(156,20,307,1,166,166,'2021-11-23 17:52:12','2021-11-23 17:52:12',NULL),(157,20,9,1,166,166,'2021-11-23 17:52:12','2021-11-23 17:52:12',NULL),(158,20,166,1,166,166,'2021-11-23 17:52:12','2021-11-23 17:52:12',NULL),(159,21,304,1,166,166,'2021-11-27 19:01:46','2021-11-27 19:01:46','2021-11-27 11:12:17'),(160,21,307,1,166,166,'2021-11-27 19:01:46','2021-11-27 19:01:46','2021-11-27 11:12:17'),(161,21,9,1,166,166,'2021-11-27 19:01:46','2021-11-27 19:01:46','2021-11-27 11:12:17'),(162,21,166,1,166,166,'2021-11-27 19:01:46','2021-11-27 19:01:46','2021-11-27 11:12:17'),(163,21,304,1,166,166,'2021-11-27 19:12:17','2021-11-27 19:12:17',NULL),(164,21,307,1,166,166,'2021-11-27 19:12:17','2021-11-27 19:12:17',NULL),(165,21,9,1,166,166,'2021-11-27 19:12:17','2021-11-27 19:12:17',NULL),(166,21,166,1,166,166,'2021-11-27 19:12:17','2021-11-27 19:12:17',NULL),(167,22,31,1,31,31,'2021-12-01 16:32:06','2021-12-01 16:32:06',NULL),(168,22,304,1,31,31,'2021-12-01 16:32:07','2021-12-01 16:32:07',NULL),(169,22,307,1,31,31,'2021-12-01 16:32:07','2021-12-01 16:32:07',NULL),(170,22,9,1,31,31,'2021-12-01 16:32:07','2021-12-01 16:32:07',NULL),(171,23,131,1,166,166,'2021-12-28 23:55:42','2021-12-28 23:55:42',NULL),(172,23,304,1,166,166,'2021-12-28 23:55:42','2021-12-28 23:55:42',NULL),(173,23,307,1,166,166,'2021-12-28 23:55:42','2021-12-28 23:55:42',NULL),(174,23,9,1,166,166,'2021-12-28 23:55:42','2021-12-28 23:55:42',NULL),(175,23,166,1,166,166,'2021-12-28 23:55:42','2021-12-28 23:55:42',NULL),(176,24,131,1,166,166,'2021-12-29 00:46:55','2021-12-29 00:46:55','2021-12-28 22:11:05'),(177,24,304,1,166,166,'2021-12-29 00:46:55','2021-12-29 00:46:55','2021-12-28 22:11:05'),(178,24,307,1,166,166,'2021-12-29 00:46:55','2021-12-29 00:46:55','2021-12-28 22:11:05'),(179,24,9,1,166,166,'2021-12-29 00:46:55','2021-12-29 00:46:55','2021-12-28 22:11:05'),(180,24,166,1,166,166,'2021-12-29 00:46:55','2021-12-29 00:46:55','2021-12-28 22:11:05'),(181,24,131,1,166,166,'2021-12-29 06:11:05','2021-12-29 06:11:05','2021-12-28 22:11:21'),(182,24,304,1,166,166,'2021-12-29 06:11:05','2021-12-29 06:11:05','2021-12-28 22:11:21'),(183,24,307,0,166,166,'2021-12-29 06:11:05','2021-12-29 06:11:05','2021-12-28 22:11:21'),(184,24,9,1,166,166,'2021-12-29 06:11:05','2021-12-29 06:11:05','2021-12-28 22:11:21'),(185,24,166,1,166,166,'2021-12-29 06:11:05','2021-12-29 06:11:05','2021-12-28 22:11:21'),(186,24,131,1,166,166,'2021-12-29 06:11:21','2021-12-29 06:11:21','2021-12-28 22:12:00'),(187,24,304,1,166,166,'2021-12-29 06:11:21','2021-12-29 06:11:21','2021-12-28 22:12:00'),(188,24,307,0,166,166,'2021-12-29 06:11:21','2021-12-29 06:11:21','2021-12-28 22:12:00'),(189,24,9,1,166,166,'2021-12-29 06:11:21','2021-12-29 06:11:21','2021-12-28 22:12:00'),(190,24,166,1,166,166,'2021-12-29 06:11:21','2021-12-29 06:11:21','2021-12-28 22:12:00'),(191,24,131,1,166,166,'2021-12-29 06:12:00','2021-12-29 06:12:00',NULL),(192,24,304,1,166,166,'2021-12-29 06:12:00','2021-12-29 06:12:00',NULL),(193,24,307,0,166,166,'2021-12-29 06:12:00','2021-12-29 06:12:00',NULL),(194,24,9,1,166,166,'2021-12-29 06:12:00','2021-12-29 06:12:00',NULL),(195,24,166,1,166,166,'2021-12-29 06:12:00','2021-12-29 06:12:00',NULL);

--
-- Table structure for table `meeting_permohonan`
--

CREATE TABLE `meeting_permohonan` (
  `meeting_permohonan_id` int(11) NOT NULL AUTO_INCREMENT,
  `meeting_id` int(11) NOT NULL,
  `permohonan_id` bigint(20) NOT NULL,
  `remarks` longtext,
  `status` char(1) DEFAULT NULL COMMENT 'A-approved,R-notapproved,P-postponed',
  `created_by` int(11) DEFAULT NULL,
  `updated_by` int(11) DEFAULT NULL,
  `created_at` timestamp NULL DEFAULT NULL,
  `updated_at` timestamp NOT NULL DEFAULT CURRENT_TIMESTAMP,
  `deleted_at` timestamp NULL DEFAULT NULL,
  PRIMARY KEY (`meeting_permohonan_id`),
  KEY `idx_meetingpermohonan_createdby` (`created_by`),
  KEY `idx_meetingpermohonan_updatedby` (`updated_by`),
  KEY `idx_meetingpermohonan_permohonanid` (`permohonan_id`),
  KEY `idx_meetingpermohonan_meetingid` (`meeting_id`)
) ENGINE=InnoDB AUTO_INCREMENT=123 DEFAULT CHARSET=latin1;

--
-- Dumping data for table `meeting_permohonan`
--

INSERT INTO `meeting_permohonan` VALUES (1,1,1,NULL,NULL,166,166,'2021-11-13 15:57:12','2021-11-13 15:57:12','2021-11-13 08:02:23'),(2,1,2,NULL,NULL,166,166,'2021-11-13 15:57:12','2021-11-13 15:57:12','2021-11-13 08:02:23'),(3,1,4,NULL,NULL,166,166,'2021-11-13 15:57:12','2021-11-13 15:57:12','2021-11-13 08:02:23'),(4,1,1,NULL,NULL,166,166,'2021-11-13 16:02:23','2021-11-13 16:02:23','2021-11-13 08:04:54'),(5,1,2,NULL,NULL,166,166,'2021-11-13 16:02:23','2021-11-13 16:02:23','2021-11-13 08:04:54'),(6,1,4,NULL,NULL,166,166,'2021-11-13 16:02:23','2021-11-13 16:02:23','2021-11-13 08:04:54'),(7,1,1,NULL,NULL,166,166,'2021-11-13 16:04:54','2021-11-13 16:04:54','2021-11-13 08:46:19'),(8,1,2,NULL,NULL,166,166,'2021-11-13 16:04:54','2021-11-13 16:04:54','2021-11-13 08:46:19'),(9,1,4,NULL,NULL,166,166,'2021-11-13 16:04:54','2021-11-13 16:04:54','2021-11-13 08:46:19'),(13,1,1,NULL,NULL,166,166,'2021-11-13 16:46:19','2021-11-13 16:46:19','2021-11-13 08:51:29'),(14,1,2,NULL,NULL,166,166,'2021-11-13 16:46:19','2021-11-13 16:46:19','2021-11-13 08:51:29'),(15,1,4,NULL,NULL,166,166,'2021-11-13 16:46:19','2021-11-13 16:46:19','2021-11-13 08:51:29'),(16,1,1,NULL,NULL,166,166,'2021-11-13 16:51:29','2021-11-13 16:51:29','2021-11-13 08:55:43'),(17,1,2,NULL,NULL,166,166,'2021-11-13 16:51:29','2021-11-13 16:51:29','2021-11-13 08:55:43'),(18,1,4,NULL,'A',166,166,'2021-11-13 16:51:29','2021-11-13 16:51:29','2021-11-13 08:55:43'),(19,1,1,NULL,'R',166,166,'2021-11-13 16:55:43','2021-11-13 16:55:43',NULL),(20,1,2,NULL,'P',166,166,'2021-11-13 16:55:43','2021-11-13 16:55:43',NULL),(21,1,4,NULL,'A',166,166,'2021-11-13 16:55:43','2021-11-13 16:55:43',NULL),(22,2,2,NULL,NULL,166,166,'2021-11-14 02:20:10','2021-11-14 02:20:10',NULL),(23,3,9,NULL,NULL,166,166,'2021-11-17 17:50:48','2021-11-17 17:50:48','2021-11-17 10:22:31'),(24,3,12,NULL,NULL,166,166,'2021-11-17 17:50:48','2021-11-17 17:50:48','2021-11-17 10:22:31'),(25,3,13,NULL,NULL,166,166,'2021-11-17 17:50:48','2021-11-17 17:50:48','2021-11-17 10:22:31'),(26,3,9,NULL,NULL,166,166,'2021-11-17 18:22:31','2021-11-17 18:22:31','2021-11-17 10:25:38'),(27,3,12,NULL,NULL,166,166,'2021-11-17 18:22:31','2021-11-17 18:22:31','2021-11-17 10:25:38'),(28,3,13,NULL,NULL,166,166,'2021-11-17 18:22:31','2021-11-17 18:22:31','2021-11-17 10:25:38'),(29,3,9,NULL,'A',166,166,'2021-11-17 18:25:38','2021-11-17 18:25:38',NULL),(30,3,12,NULL,'A',166,166,'2021-11-17 18:25:38','2021-11-17 18:25:38',NULL),(31,3,13,NULL,'R',166,166,'2021-11-17 18:25:38','2021-11-17 18:25:38',NULL),(41,7,2,NULL,NULL,166,166,'2021-11-19 09:51:17','2021-11-19 09:51:17',NULL),(42,7,15,NULL,NULL,166,166,'2021-11-19 09:51:17','2021-11-19 09:51:17',NULL),(43,7,16,NULL,NULL,166,166,'2021-11-19 09:51:17','2021-11-19 09:51:17',NULL),(44,8,2,NULL,NULL,166,166,'2021-11-19 13:06:20','2021-11-19 13:06:20','2021-11-19 05:07:49'),(45,8,15,NULL,NULL,166,166,'2021-11-19 13:06:20','2021-11-19 13:06:20','2021-11-19 05:07:49'),(46,8,16,NULL,NULL,166,166,'2021-11-19 13:06:21','2021-11-19 13:06:21','2021-11-19 05:07:49'),(47,8,2,NULL,NULL,166,166,'2021-11-19 13:07:49','2021-11-19 13:07:49',NULL),(48,8,15,NULL,NULL,166,166,'2021-11-19 13:07:49','2021-11-19 13:07:49',NULL),(49,8,16,NULL,NULL,166,166,'2021-11-19 13:07:49','2021-11-19 13:07:49',NULL),(50,9,2,NULL,NULL,166,166,'2021-11-19 13:11:10','2021-11-19 13:11:10',NULL),(51,9,15,NULL,NULL,166,166,'2021-11-19 13:11:10','2021-11-19 13:11:10',NULL),(52,9,16,NULL,NULL,166,166,'2021-11-19 13:11:10','2021-11-19 13:11:10',NULL),(77,18,2,NULL,NULL,166,166,'2021-11-19 13:21:12','2021-11-19 13:21:12',NULL),(78,18,15,NULL,NULL,166,166,'2021-11-19 13:21:12','2021-11-19 13:21:12',NULL),(79,18,16,NULL,NULL,166,166,'2021-11-19 13:21:12','2021-11-19 13:21:12',NULL),(80,19,2,NULL,NULL,166,166,'2021-11-19 13:25:47','2021-11-19 13:25:47','2021-11-19 05:27:43'),(81,19,15,NULL,NULL,166,166,'2021-11-19 13:25:47','2021-11-19 13:25:47','2021-11-19 05:27:43'),(82,19,16,NULL,NULL,166,166,'2021-11-19 13:25:47','2021-11-19 13:25:47','2021-11-19 05:27:43'),(83,19,2,NULL,'P',166,166,'2021-11-19 13:27:43','2021-11-19 13:27:43','2021-11-19 05:29:31'),(84,19,15,NULL,'A',166,166,'2021-11-19 13:27:43','2021-11-19 13:27:43','2021-11-19 05:29:31'),(85,19,16,NULL,NULL,166,166,'2021-11-19 13:27:43','2021-11-19 13:27:43','2021-11-19 05:29:31'),(86,19,2,NULL,'P',166,166,'2021-11-19 13:29:31','2021-11-19 13:29:31','2021-11-19 05:29:49'),(87,19,15,NULL,'A',166,166,'2021-11-19 13:29:31','2021-11-19 13:29:31','2021-11-19 05:29:49'),(88,19,16,NULL,'R',166,166,'2021-11-19 13:29:31','2021-11-19 13:29:31','2021-11-19 05:29:49'),(89,19,2,NULL,NULL,166,166,'2021-11-19 13:29:49','2021-11-19 13:29:49','2021-11-19 05:31:17'),(90,19,15,NULL,NULL,166,166,'2021-11-19 13:29:49','2021-11-19 13:29:49','2021-11-19 05:31:17'),(91,19,16,NULL,NULL,166,166,'2021-11-19 13:29:49','2021-11-19 13:29:49','2021-11-19 05:31:17'),(92,19,2,NULL,'P',166,166,'2021-11-19 13:31:17','2021-11-19 13:31:17','2021-11-19 05:50:00'),(93,19,15,NULL,'A',166,166,'2021-11-19 13:31:17','2021-11-19 13:31:17','2021-11-19 05:50:00'),(94,19,16,NULL,'R',166,166,'2021-11-19 13:31:21','2021-11-19 13:31:21','2021-11-19 05:50:00'),(95,19,2,NULL,'P',166,166,'2021-11-19 13:50:00','2021-11-19 13:50:00',NULL),(96,19,15,NULL,'A',166,166,'2021-11-19 13:50:00','2021-11-19 13:50:00',NULL),(97,19,16,NULL,'R',166,166,'2021-11-19 13:50:05','2021-11-19 13:50:05',NULL),(98,20,8,NULL,NULL,166,166,'2021-11-23 17:49:43','2021-11-23 17:49:43','2021-11-23 09:52:04'),(99,20,12,NULL,NULL,166,166,'2021-11-23 17:49:43','2021-11-23 17:49:43','2021-11-23 09:52:04'),(100,20,8,NULL,'A',166,166,'2021-11-23 17:52:04','2021-11-23 17:52:04',NULL),(101,20,12,NULL,'A',166,166,'2021-11-23 17:52:08','2021-11-23 17:52:08',NULL),(102,21,2,NULL,NULL,166,166,'2021-11-27 19:01:46','2021-11-27 19:01:46','2021-11-27 11:12:14'),(103,21,25,NULL,NULL,166,166,'2021-11-27 19:01:46','2021-11-27 19:01:46','2021-11-27 11:12:14'),(104,21,2,NULL,'P',166,166,'2021-11-27 19:12:14','2021-11-27 19:12:14',NULL),(105,21,25,NULL,'A',166,166,'2021-11-27 19:12:14','2021-11-27 19:12:14',NULL),(106,22,2,NULL,NULL,31,31,'2021-12-01 16:32:06','2021-12-01 16:32:06',NULL),(107,24,34,'test lulus tgk ok dak','A',166,166,'2021-12-29 00:46:55','2021-12-29 06:08:48','2021-12-28 22:11:05'),(108,24,35,NULL,NULL,166,166,'2021-12-29 00:46:55','2021-12-29 00:46:55','2021-12-28 22:11:05'),(109,24,36,'test tak lulus','R',166,166,'2021-12-29 00:46:55','2021-12-29 06:10:28','2021-12-28 22:11:05'),(110,24,37,NULL,NULL,166,166,'2021-12-29 00:46:55','2021-12-29 00:46:55','2021-12-28 22:11:05'),(111,24,34,NULL,NULL,166,166,'2021-12-29 06:11:05','2021-12-29 06:11:05','2021-12-28 22:11:21'),(112,24,35,NULL,NULL,166,166,'2021-12-29 06:11:05','2021-12-29 06:11:05','2021-12-28 22:11:21'),(113,24,36,NULL,NULL,166,166,'2021-12-29 06:11:05','2021-12-29 06:11:05','2021-12-28 22:11:21'),(114,24,37,NULL,NULL,166,166,'2021-12-29 06:11:05','2021-12-29 06:11:05','2021-12-28 22:11:21'),(115,24,34,NULL,NULL,166,166,'2021-12-29 06:11:21','2021-12-29 06:11:21','2021-12-28 22:12:00'),(116,24,35,NULL,NULL,166,166,'2021-12-29 06:11:21','2021-12-29 06:11:21','2021-12-28 22:12:00'),(117,24,36,NULL,NULL,166,166,'2021-12-29 06:11:21','2021-12-29 06:11:21','2021-12-28 22:12:00'),(118,24,37,NULL,NULL,166,166,'2021-12-29 06:11:21','2021-12-29 06:11:21','2021-12-28 22:12:00'),(119,24,34,NULL,'A',166,166,'2021-12-29 06:12:00','2021-12-29 06:12:00',NULL),(120,24,35,NULL,'P',166,166,'2021-12-29 06:12:00','2021-12-29 06:12:00',NULL),(121,24,36,NULL,'R',166,166,'2021-12-29 06:12:00','2021-12-29 06:12:00',NULL),(122,24,37,NULL,'P',166,166,'2021-12-29 06:12:00','2021-12-29 06:12:00',NULL);

--
-- Table structure for table `menus`
--

CREATE TABLE `menus` (
  `id` int(10) unsigned NOT NULL AUTO_INCREMENT,
  `parent_id` int(10) unsigned DEFAULT NULL,
  `title` varchar(255) NOT NULL,
  `label` varchar(255) NOT NULL,
  `url` text NOT NULL,
  `order` int(11) NOT NULL,
  `created_at` timestamp NULL DEFAULT NULL,
  `updated_at` timestamp NOT NULL DEFAULT CURRENT_TIMESTAMP ON UPDATE CURRENT_TIMESTAMP,
  `deleted_at` timestamp NULL DEFAULT NULL,
  PRIMARY KEY (`id`)
) ENGINE=InnoDB AUTO_INCREMENT=6 DEFAULT CHARSET=latin1;

--
-- Dumping data for table `menus`
--

INSERT INTO `menus` VALUES (1,NULL,'test','test','google.com',0,NULL,'2018-07-13 04:44:08','2018-07-12 20:44:08'),(2,1,'test','ting','testing.com',0,NULL,'2018-07-13 04:44:05','2018-07-12 20:44:04'),(3,NULL,'test','ting','google.com',0,NULL,'2018-07-16 08:13:47',NULL),(4,NULL,'tang','tang','otoworkz.my',2,NULL,'2018-07-16 08:13:48',NULL),(5,NULL,'tung','tung','web.com',1,NULL,'2018-07-16 08:13:48',NULL);

--
-- Table structure for table `migrations`
--

CREATE TABLE `migrations` (
  `id` int(10) unsigned NOT NULL AUTO_INCREMENT,
  `migration` varchar(255) COLLATE utf8_unicode_ci NOT NULL,
  `batch` int(11) NOT NULL,
  PRIMARY KEY (`id`)
) ENGINE=InnoDB AUTO_INCREMENT=7 DEFAULT CHARSET=utf8 COLLATE=utf8_unicode_ci ROW_FORMAT=DYNAMIC;

--
-- Dumping data for table `migrations`
--

INSERT INTO `migrations` VALUES (1,'2014_10_12_000000_create_users_table',1),(2,'2014_10_12_100000_create_password_resets_table',1),(3,'2017_08_29_064643_create_admins_table',1),(4,'2017_09_07_041931_create_employees_table',1),(5,'2018_04_02_142137_create_permission_tables',2),(6,'2018_04_07_170349_create_audits_table',3);

--
-- Table structure for table `permissions`
--

CREATE TABLE `permissions` (
  `id` int(10) unsigned NOT NULL AUTO_INCREMENT,
  `name` varchar(255) COLLATE utf8_unicode_ci NOT NULL,
  `description` text COLLATE utf8_unicode_ci,
  `namespace` varchar(255) COLLATE utf8_unicode_ci DEFAULT NULL,
  `controller` varchar(100) COLLATE utf8_unicode_ci DEFAULT NULL,
  `function` varchar(100) COLLATE utf8_unicode_ci DEFAULT NULL,
  `parent_menu` int(11) NOT NULL DEFAULT '0',
  `sort` int(11) NOT NULL,
  `created_at` timestamp NULL DEFAULT NULL,
  `updated_at` timestamp NULL DEFAULT NULL,
  PRIMARY KEY (`id`),
  UNIQUE KEY `permissions_name_unique` (`name`)
) ENGINE=InnoDB AUTO_INCREMENT=183 DEFAULT CHARSET=utf8 COLLATE=utf8_unicode_ci ROW_FORMAT=DYNAMIC COMMENT='ACL related';

--
-- Dumping data for table `permissions`
--

INSERT INTO `permissions` VALUES (13,'home','Dashboard Pengguna','App\\Http\\Controllers','HomeController','index',1,0,'2018-12-17 07:02:13','2018-12-17 07:02:13'),(14,'administration','Pengurusan Pentadbiran','administration','AdminController','na',1,2,'2018-12-17 07:02:13','2018-12-17 07:02:13'),(15,'admin.dashboard','Dashboard Pentadbir','App\\Modules\\Admin\\Controllers','AdminController','index',1,1,'2018-12-17 07:02:13','2018-12-17 07:02:13'),(16,'user.index','Pengurusan Pengguna','App\\Http\\Controllers\\Controller','UserController','index',0,3,'2018-12-17 07:02:13','2018-04-25 05:46:50'),(17,'admin.roles','Pengurusan Peranan','App\\Modules\\Admin\\Controllers','RoleController','index',0,7,'2018-12-17 07:02:13','2021-05-23 11:55:02'),(18,'admin.permission','Pengurusan Permission','App\\Http\\Controllers\\Controller','PermissionController','index',0,8,'2018-12-17 07:02:13','2021-05-23 11:55:02'),(19,'admin.menus','Pengurusan Menu','App\\Modules\\Admin\\Controllers','MenuController','index',0,9,'2018-12-17 07:02:13','2021-05-23 11:55:02'),(20,'admin.logs','Log Sistem','Rap2hpoutre\\LaravelLogViewer','LogViewerController','index',0,10,'2018-12-17 07:02:13','2021-05-23 11:55:02'),(21,'admin.config','Konfigurasi Sistem','App\\Modules\\Admin\\Controllers','AdminController','configuration',0,11,'2018-12-17 07:02:13','2021-05-23 11:55:02'),(22,'admin.auditrail','Log Aktiviti Pengguna','App\\Modules\\Admin\\Controllers','AdminController','auditTrail',0,13,'2018-12-17 07:02:13','2021-08-08 09:22:29'),(29,'user.disable','Nyahaktif Pengguna','App\\Modules\\Admin\\Controllers','UserController','disableUser',0,4,'2018-04-29 22:58:17','2021-05-23 11:55:02'),(30,'user.enable','Pengaktifan Pengguna','App\\Modules\\Admin\\Controllers','UserController','enableUser',0,5,'2018-04-29 22:59:02','2021-05-23 11:55:02'),(101,'data','Pengurusan Data Rujukan','App\\Modules\\Admin\\Controllers','DataManagementController','na',1,15,'2018-11-10 05:06:34','2021-08-08 09:22:29'),(104,'data.jawatan.index','Senarai Jawatan','App\\Modules\\Admin\\Controllers','DataManagementController','jawatanindex',0,21,'2018-11-17 06:59:47','2021-10-25 22:41:02'),(108,'proses.permohonan','Pengurusan Permohonan','App\\Modules\\Permohonan\\Controllers','na','na',1,29,'2018-11-25 15:08:46','2021-10-25 22:41:02'),(110,'report.index','Laporan','App\\Modules\\Report\\Controller','ReportController','index',1,46,'2020-10-08 03:17:32','2021-12-28 09:34:57'),(121,'user.changerole','Tukar Peranan Pengguna','na','na','na',0,14,'2018-12-10 17:41:13','2021-08-08 09:22:29'),(123,'data.announcement.index','Pengumuman','App\\Modules\\Admin\\Controllers','DataManagementController','announcementindex',0,26,'2019-02-26 12:34:56','2021-10-25 22:41:02'),(124,'data.gred.index','Senarai Gred','App\\Modules\\Admin\\Controllers','DataManagementController','gredindex',0,18,'2019-03-20 17:14:43','2021-10-25 22:41:02'),(128,'data.unit.index','Senarai Unit Bahagian','App\\Modules\\Admin\\Controllers','DataManagementController','unitbahagianindex',0,20,'2019-03-20 17:21:11','2021-10-25 22:41:02'),(129,'user.limitupdate','Had Kemaskini Profil','na','na','na',0,6,'2019-03-21 16:51:51','2021-05-23 11:55:02'),(130,'proses.permohonan.baru','Permohonan Baru','App\\Modules\\Permohonan\\Controllers','na','na',0,30,'2019-03-21 17:04:46','2021-10-25 22:41:02'),(131,'proses.permohonan.firstapprovelist','Menyokong Permohonan (Pengarah BOM)','App\\Modules\\Permohonan\\Controllers','na','na',0,36,'2019-03-21 17:06:15','2021-12-28 09:34:57'),(132,'proses.permohonan.verify','Mengesah Permohonan','App\\Modules\\Permohonan\\Controllers','na','na',0,32,'2019-03-21 17:15:41','2021-11-08 09:50:54'),(134,'report.expensessummary.index','Laporan Rumusan Perbelanjaan','App\\Modules\\Report\\Controller','ReportController','expensessummary',0,47,'2019-10-07 05:11:45','2021-12-28 09:34:57'),(137,'proses.permohonan.selesai','Permohonan Selesai','App\\Modules\\Permohonan\\Controllers','na','na',0,39,'2020-07-22 16:51:28','2021-12-28 09:34:57'),(138,'proses.permohonan.caridokumen','Carian Dokumen Permohonan','App\\Modules\\Permohonan\\Controllers','na','na',0,40,'2020-07-22 19:05:46','2021-12-28 09:34:57'),(140,'proses.permohonan.secondapprovelist','Menyokong Permohonan (TKP)','App\\Modules\\Permohonan\\Controllers','na','na',0,37,'2020-09-11 11:24:45','2021-12-28 09:34:57'),(141,'proses.permohonan.thirdapprovelist','Melulus Permohonan (KP)','App\\Modules\\Permohonan\\Controllers','na','na',0,38,'2020-09-11 11:25:49','2021-12-28 09:34:57'),(150,'proses.permohonan.searchall','Carian Semua Permohonan','App\\Modules\\Permohonan\\Controllers','na','na',0,41,'2020-10-08 03:17:32','2021-12-28 09:34:57'),(156,'data.bank.index','Senarai Bank','App\\Modules\\Admin\\Controllers','DataManagementController','bankindex',0,19,'2021-01-05 12:06:12','2021-10-25 22:41:02'),(157,'data.projectcategory.index','Senarai Kategori Projek','App\\Modules\\Admin\\Controllers','DataManagementController','projectcategoryindex',0,23,'2021-05-23 17:35:58','2021-10-25 22:41:02'),(162,'data.kpicategory.index','Senarai Kategori KPI','App\\Modules\\Admin\\Controllers','DataManagementController','kpicategoryindex',0,24,'2021-05-25 09:49:03','2021-10-25 22:41:02'),(163,'data.kpi.index','Senarai KPI','App\\Modules\\Admin\\Controllers','DataManagementController','kpiindex',0,25,'2021-05-25 09:50:13','2021-10-25 22:41:02'),(166,'data.suballocation.index','Senarai Peruntukan','App\\Modules\\Admin\\Controllers','DataManagementController','suballocationindex',0,22,'2021-07-28 07:11:37','2021-10-25 22:41:02'),(169,'admin.adminSettings','Tetapan Sistem','App\\Modules\\Admin\\Controllers','AdminController','adminSettings',0,12,'2021-08-08 17:22:29','2021-08-08 17:22:29'),(170,'proses.permohonan.allocationlist','Pengurusan Data Peruntukan Tahunan','App\\Modules\\Permohonan\\Controllers','PermohonanController','allocationlist',1,27,'2021-10-23 04:51:37','2021-10-25 22:41:02'),(171,'proses.permohonan.createallocation','Tambah/Kemaskini Data Peruntukan Tahunan','App\\Modules\\Permohonan\\Controllers','na','na',0,28,'2021-10-23 04:52:42','2021-10-25 22:41:02'),(172,'data.asset.index','Senarai Kategori Aset','App\\Modules\\Admin\\Controllers','DataManagementController','assetindex',0,16,'2021-10-26 06:40:12','2021-10-26 06:40:12'),(173,'data.assettype.index','Senarai Sub Kategori Aset','App\\Modules\\Admin\\Controllers','DataManagementController','assettypeindex',0,17,'2021-10-26 06:41:02','2021-10-26 06:41:02'),(174,'proses.permohonan.sokong','Menyokong Permohonan KA/Pemilik Bajet','App\\Modules\\Permohonan\\Controllers','na','na',0,34,'2021-10-26 20:57:24','2021-12-28 09:34:57'),(175,'proses.permohonan.feedbacklist','Maklumbalas Permohonan (PCT)','App\\Modules\\Permohonan\\Controllers','na','na',0,35,'2021-10-26 20:58:39','2021-12-28 09:34:57'),(176,'proses.permohonan.meetinglist','Pengurusan Maklumat Mesyuarat','App\\Modules\\Permohonan\\Controllers','PermohonanController','meetinglist',1,43,'2021-10-27 17:29:09','2021-12-28 09:34:57'),(177,'proses.permohonan.createmeeting','Tambah/Kemaskini Mesyuarat','App\\Modules\\Permohonan\\Controllers','na','na',0,44,'2021-10-27 17:30:17','2021-12-28 09:34:57'),(178,'proses.permohonan.allmeetinglist','Carian Semua Mesyuarat','App\\Modules\\Permohonan\\Controllers','na','na',0,45,'2021-10-27 17:35:28','2021-12-28 09:34:57'),(179,'proses.permohonan.shared','Permohonan Bersama Staf Lain','App\\Modules\\Permohonan\\Controllers','na','na',0,31,'2021-11-08 17:50:54','2021-11-08 17:50:54'),(180,'report.kpisummary.index','Laporan KPI','App\\Modules\\Report\\Controller','ReportController','kpisummary',0,48,'2021-12-05 19:03:02','2021-12-28 09:34:57'),(181,'proses.permohonan.searchproject','Carian Semua KPI/Projek','App\\Modules\\Permohonan\\Controllers','na','na',0,42,'2021-12-28 10:18:31','2021-12-28 09:34:57'),(182,'proses.permohonan.secondverify','Sokong Permohonan (Pengarah Bhgn)','App\\Modules\\Permohonan\\Controllers','na','na',0,33,'2021-12-28 17:34:57','2021-12-28 17:34:57');

--
-- Table structure for table `permohonan`
--

CREATE TABLE `permohonan` (
  `permohonan_id` bigint(11) NOT NULL AUTO_INCREMENT,
  `parent_permohonan_id` bigint(11) DEFAULT NULL,
  `previous_permohonan_id` bigint(11) DEFAULT NULL,
  `bom_no` varchar(30) DEFAULT NULL,
  `sub_bom_no` int(11) DEFAULT NULL,
  `unit_bahagian_id` int(11) DEFAULT NULL,
  `has_cost` int(11) NOT NULL DEFAULT '0',
  `permohonan_title` text,
  `permohonan_desc` text,
  `permohonan_background` text,
  `permohonan_objective` text,
  `permohonan_method` text,
  `permohonan_recommendation` text,
  `permohonan_startdate` date DEFAULT NULL,
  `permohonan_enddate` date DEFAULT NULL,
  `has_option` int(11) DEFAULT '0',
  `total_option` int(11) DEFAULT '0',
  `recommended_option_no` int(11) DEFAULT NULL COMMENT 'recommended option - permohonan_option',
  `final_option_no` int(11) DEFAULT NULL COMMENT 'option chose by KP',
  `has_project` int(11) NOT NULL DEFAULT '0',
  `previous1_totalcost` decimal(10,2) NOT NULL DEFAULT '0.00',
  `applied1_totalcost` decimal(10,2) NOT NULL DEFAULT '0.00',
  `previous2_totalcost` decimal(10,2) NOT NULL DEFAULT '0.00',
  `applied2_totalcost` decimal(10,2) NOT NULL DEFAULT '0.00',
  `previous3_totalcost` decimal(10,2) NOT NULL DEFAULT '0.00',
  `applied3_totalcost` decimal(10,2) NOT NULL DEFAULT '0.00',
  `pemohon_id` int(11) DEFAULT NULL,
  `submitted_date` datetime DEFAULT NULL,
  `permohonan_catatan` text,
  `verified_by` int(11) DEFAULT NULL COMMENT 'supervisor1',
  `verified_date` datetime DEFAULT NULL COMMENT 'supervisor1',
  `verified_remarks` text COMMENT 'Sts: S/T/E pengarah bhgn',
  `secondverified_by` int(11) DEFAULT NULL COMMENT 'pengarah bhgn',
  `secondverified_date` datetime DEFAULT NULL COMMENT 'pengarah bhgn',
  `secondverified_remarks` text COMMENT 'Sts: T/E pengarah bhgn',
  `supported_by` int(11) DEFAULT NULL COMMENT 'KA/Pemilik Bajet',
  `supported_date` datetime DEFAULT NULL COMMENT 'KA/Pemilik Bajet',
  `supported_remarks` text COMMENT 'Sts: M/U/R KA/Pemilik Bajet',
  `feedback_procedure` int(11) DEFAULT '0' COMMENT 'PCT',
  `feedback_perolehanterus` int(11) DEFAULT '0' COMMENT 'PCT',
  `feedback_shb` int(11) DEFAULT '0' COMMENT 'PCT',
  `feedback_sha` int(11) DEFAULT '0' COMMENT 'PCT',
  `feedback_tender` int(11) DEFAULT '0' COMMENT 'PCT',
  `feedback_jpp` int(11) DEFAULT '0' COMMENT 'PCT',
  `feedback_jppk` int(11) DEFAULT '0' COMMENT 'PCT',
  `feedback_jpict` int(11) DEFAULT '0' COMMENT 'PCT',
  `feedback_by` int(11) DEFAULT NULL COMMENT 'PCT',
  `feedback_date` datetime DEFAULT NULL COMMENT 'PCT',
  `feedback_remarks` text COMMENT 'Sts: E PCT',
  `approved_by` int(11) DEFAULT NULL COMMENT 'Pengarah Bhgn',
  `approved_date` datetime DEFAULT NULL COMMENT 'Pengarah Bhgn',
  `approved_remarks` text COMMENT 'Sts: F/J Pengarah Bhgn',
  `approved_meeting` int(11) NOT NULL DEFAULT '0' COMMENT 'Pengarah Bhgn',
  `approved2_by` int(11) DEFAULT NULL COMMENT 'TKP',
  `approved2_date` datetime DEFAULT NULL COMMENT 'TKP',
  `approved2_remarks` text COMMENT 'Sts: G/K TKP',
  `approved2_meeting` int(11) NOT NULL DEFAULT '0' COMMENT 'TKP',
  `approved3_by` int(11) DEFAULT NULL COMMENT 'KP',
  `approved3_date` datetime DEFAULT NULL COMMENT 'KP',
  `approved3_remarks` text COMMENT 'Sts: H/L KP',
  `approved3_meeting` int(11) NOT NULL DEFAULT '0' COMMENT 'KP',
  `approvedmeeting_by` int(11) DEFAULT NULL COMMENT 'Pgrah bhgn after meeting',
  `approvedmeeting_date` datetime DEFAULT NULL COMMENT 'Pgrah bhgn after meeting',
  `approvedmeeting_remarks` text COMMENT 'Pgrah bhgn after meeting',
  `approved3meeting_by` int(11) DEFAULT NULL COMMENT 'KP after meeting',
  `approved3meeting_date` datetime DEFAULT NULL COMMENT 'KP after meeting',
  `approved3meeting_remarks` text COMMENT 'KP after meeting',
  `meetingfeedback_by` int(11) DEFAULT NULL COMMENT 'urusetia',
  `meetingfeedback_date` datetime DEFAULT NULL COMMENT 'urusetia',
  `meetingfeedback_remarks` text COMMENT 'urusetia',
  `finalfeedback_by` int(11) DEFAULT NULL COMMENT 'pemohon',
  `finalfeedback_date` datetime DEFAULT NULL COMMENT 'pemohon',
  `finalfeedback_remarks` text COMMENT 'pemohon',
  `keratan_minit_by` int(11) DEFAULT NULL COMMENT 'final urusetia',
  `keratan_minit` mediumtext COMMENT 'final urusetia',
  `keratan_minit_date` datetime DEFAULT NULL COMMENT 'final urusetia',
  `permohonan_expirydate` date DEFAULT NULL COMMENT 'add 4 months from approved3_date',
  `in_meeting` int(11) NOT NULL DEFAULT '0',
  `previous_status` char(1) DEFAULT NULL,
  `status` char(1) NOT NULL DEFAULT 'N',
  `sent_ero` int(11) NOT NULL DEFAULT '0',
  `sent_eiso` int(11) NOT NULL DEFAULT '0',
  `created_by` int(11) NOT NULL,
  `updated_by` int(11) NOT NULL,
  `created_at` timestamp NULL DEFAULT NULL,
  `updated_at` timestamp NOT NULL DEFAULT CURRENT_TIMESTAMP,
  `deleted_at` timestamp NULL DEFAULT NULL,
  PRIMARY KEY (`permohonan_id`),
  KEY `idx_permohonan_no` (`bom_no`),
  KEY `idx_permohonan_status` (`status`),
  KEY `idx_permohonan_pemohon_id` (`pemohon_id`),
  KEY `idx_permohonan_created_by` (`created_by`),
  KEY `idx_permohonan_unitbhagianid` (`unit_bahagian_id`),
  KEY `idx_permohonan_pemohonid` (`pemohon_id`),
  KEY `idx_permohonan_bahagian_id` (`unit_bahagian_id`),
  KEY `idx_permohonan_parent` (`parent_permohonan_id`),
  KEY `idx_permohonan_hascost` (`has_cost`),
  KEY `idx_permohonan_hasproject` (`has_project`),
  KEY `idx_permohonan_firstoption` (`recommended_option_no`),
  KEY `idx_permohonan_finaloption` (`final_option_no`),
  KEY `idx_permohonan_updated_by` (`updated_by`),
  KEY `idx_permohonan_confirmedby` (`verified_by`),
  KEY `idx_permohonan_approvedby` (`approved_by`),
  KEY `idx_permohonan_approved2by` (`approved2_by`),
  KEY `idx_permohonan_approved3by` (`approved3_by`),
  KEY `idx_permohonan_supportedby` (`supported_by`),
  KEY `idx_permohonan_feedbackby` (`feedback_by`),
  KEY `idx_permohonan_prevstatus` (`previous_permohonan_id`),
  KEY `idx_permohonan_inmeeting` (`in_meeting`),
  KEY `idx_permohonan_optionno` (`recommended_option_no`),
  KEY `idx_permohonan_finaloptionno` (`final_option_no`),
  KEY `idx_permohonan_meetingfeedbackby` (`meetingfeedback_by`),
  KEY `idx_permohonan_approved3meetingby` (`approved3meeting_by`),
  KEY `idx_permohonan_approvedmeetingby` (`approvedmeeting_by`),
  KEY `idx_permohonan_keratanminitby` (`keratan_minit_by`),
  KEY `idx_permohonan_secondverifiedby` (`permohonan_id`,`secondverified_by`)
) ENGINE=InnoDB AUTO_INCREMENT=38 DEFAULT CHARSET=latin1;

--
-- Dumping data for table `permohonan`
--

INSERT INTO `permohonan` VALUES (1,NULL,NULL,'0011',NULL,5,0,'PERMOHONAN 1 - TIADA KOS',NULL,NULL,NULL,NULL,NULL,'2021-11-12','2021-11-30',0,0,NULL,NULL,1,0.00,0.00,0.00,0.00,0.00,0.00,6,'2021-11-11 22:12:27',NULL,19,'2021-11-12 12:29:22','SAHKAN. PERMOHONAN TIADA KOS',NULL,NULL,NULL,NULL,NULL,NULL,0,0,0,0,0,0,0,0,NULL,NULL,NULL,131,'2021-11-12 12:33:12','TIDAK JELAS',1,304,'2021-11-13 22:25:09','saya sokong saya sokong',0,9,'2021-11-13 22:32:04','perlu meeting malam antara malam',1,NULL,'2021-11-14 00:55:43','KB 1t',NULL,'2021-11-14 00:55:43','KP1t',166,'2021-11-14 00:55:43','U1t',NULL,NULL,NULL,NULL,NULL,NULL,'2022-03-13',1,NULL,'L',0,0,6,9,'2021-11-11 14:09:53','2021-11-13 16:55:43',NULL),(2,NULL,NULL,'0012',NULL,5,1,'PERMOHONAN 2',NULL,NULL,NULL,NULL,NULL,'2021-11-16','2021-12-10',0,0,NULL,NULL,1,0.00,69000.00,0.00,0.00,0.00,0.00,6,'2021-11-12 01:07:47',NULL,19,'2021-11-13 22:35:37','ok sah',NULL,NULL,NULL,50,'2021-11-13 22:56:32','ok sokong juga',0,0,1,1,0,0,0,1,91,'2021-11-13 23:04:04','hasratnya',131,'2021-11-13 23:06:06','orait',0,307,'2021-11-13 23:07:57',NULL,0,9,'2021-11-13 23:09:33','perlu',1,NULL,'2021-11-14 00:55:43','KB2t',NULL,'2021-11-14 00:55:43','KP2t',166,'2021-11-14 00:55:43','U2t',NULL,NULL,NULL,NULL,NULL,NULL,NULL,0,NULL,'I',0,0,6,9,'2021-11-11 14:26:06','2021-11-27 19:12:14',NULL),(3,NULL,NULL,'0013',NULL,5,1,'PERMOHONAN 3',NULL,NULL,NULL,NULL,NULL,'2021-11-24','2021-12-04',0,0,0,NULL,1,0.00,44000.00,0.00,0.00,0.00,0.00,6,'2021-11-12 11:55:11',NULL,19,NULL,NULL,NULL,NULL,NULL,NULL,NULL,NULL,0,0,0,0,0,0,0,0,NULL,NULL,NULL,NULL,NULL,NULL,0,NULL,NULL,NULL,0,NULL,NULL,NULL,0,NULL,NULL,NULL,NULL,NULL,NULL,NULL,NULL,NULL,NULL,NULL,NULL,NULL,NULL,NULL,NULL,0,NULL,'N',0,0,6,3,'2021-11-12 03:55:11','2021-11-19 14:56:30',NULL),(4,NULL,NULL,'0014',NULL,5,1,'PERMOHONAN 4',NULL,NULL,NULL,NULL,NULL,'2021-11-23','2021-12-03',0,0,NULL,1,1,0.00,23100.00,0.00,0.00,0.00,0.00,6,'2021-11-12 11:59:13',NULL,19,'2021-11-13 22:36:04','sahkan juga',NULL,NULL,NULL,67,'2021-11-13 23:05:00','ok',0,0,0,0,0,0,1,1,91,'2021-11-13 23:05:38','oraittt',131,'2021-11-13 23:06:27','perlu mesorat',1,304,'2021-11-13 23:08:56','perlu mesyuarat',0,9,'2021-11-13 23:10:01','perlu mesyuarat',1,NULL,'2021-11-14 00:55:43','KB3t',NULL,'2021-11-14 00:55:43','KP3t',166,'2021-11-14 00:55:43','U3t',NULL,NULL,NULL,166,'Ulasan Pengarah (MOHD YAZID ABDUL MAJID):\r\nKB3t gggggggggggggggg\r\n\r\nUlasan TKP (ZAHID ISMAIL):\r\nTKP31t gggggggggggggggg\r\n\r\nUlasan TKP (DATIN ZAINON BAKAR):\r\nTKP32t\r\ngggggggggggggggg\r\n\r\nUlasan KP (DATO\' ABDUL LATIF BIN HAJI ABU SEMAN):\r\nKP3t\r\ngggggggggggggggg\r\n\r\nUlasan Urusetia (DR. NOOR AISHAH HASSAN):\r\nU3t\r\ngggggggggggggggggggggggggggggggggggggggggggggggg\r\ngggggggggggggggg','2021-11-16 18:12:23','2022-03-14',1,NULL,'H',0,0,6,9,'2021-11-12 03:59:13','2021-11-16 10:12:23',NULL),(8,NULL,NULL,'0015',NULL,5,1,'PERMOHONAN 5',NULL,NULL,NULL,NULL,NULL,'2021-11-16','2021-12-03',1,3,1,2,1,0.00,3231.00,0.00,666.00,0.00,5200.00,6,'2021-11-15 02:11:53',NULL,19,'2021-11-15 02:47:26',NULL,NULL,NULL,NULL,67,'2021-11-15 02:54:54',NULL,0,0,1,1,0,0,0,1,91,'2021-11-15 09:44:14','maklum ya',131,'2021-11-15 09:44:51','Dalam keadaan tertentu, pihak bank juga boleh dianggap sebagai pengarah bayangan jika bank berkenaan sering mencampuri dan mempengaruhi keputusan lembaga pengarah sesebuah syarikat. Selain daripada itu, pemegang syer yang mengawal dan menguasai sesebuah syarikat atau syarikat pemegang juga boleh dianggap sebagai pengarah bayangan oleh undang-undang: Kuwait Asia Bank EC lwn National Mutual Life Nominees Ltd (1990). Ini kerana seseorang individu atau sesebuah syarikat yang mengawal dan menguasai majoriti daripada modal syer sesebuah syarikat biasanya akan mempunyai pengaruh yang besar ke atas lembaga pengarah dalam menentukan hala cara dan tuju arah sesebuah syarikat itu walaupun mereka tidak dilantik secara rasmi sebagai pengarah syarikat.',0,307,'2021-11-15 09:46:00',NULL,0,9,'2021-11-24 01:41:39','test expiry date',1,NULL,'2021-11-24 01:52:04','pb ok',NULL,'2021-11-24 01:52:04','kp ok',166,'2021-11-24 01:52:04','urusetia ok',NULL,NULL,NULL,NULL,NULL,NULL,'2022-03-24',1,NULL,'H',0,0,6,9,'2021-11-14 08:12:45','2021-11-23 17:52:04',NULL),(9,NULL,NULL,'0017',NULL,5,1,'PERMOHONAN 6 - KOS TIADA OPTION',NULL,NULL,NULL,NULL,NULL,'2021-11-20','2021-12-11',0,0,0,1,1,0.00,6831.00,0.00,0.00,0.00,0.00,6,'2021-11-18 00:40:28',NULL,19,'2021-11-18 00:46:28','PENGESHAAN LAGI',NULL,NULL,NULL,50,'2021-11-18 00:48:32','SOKONGAN PEMILIK BAJET',0,1,0,0,0,0,0,1,91,'2021-11-18 00:49:57','MAKLUMBALAS PCT',131,'2021-11-18 00:52:19','SOKONGAN PENGARAH BAHAGIAN',0,307,'2021-11-18 01:01:29',NULL,0,9,'2021-11-18 01:39:59','PERLU MESYUARAT SUSULAN 3',1,NULL,'2021-11-18 02:25:38','ULASAN PB - PERMOHONAN 6 - KOS TIADA OPTION',NULL,'2021-11-18 02:25:38','ULASAN KP - PERMOHONAN 6 - KOS TIADA OPTION',166,'2021-11-18 02:25:38','ULASAN URUSETIA - PERMOHONAN 6 - KOS TIADA OPTION',NULL,NULL,NULL,NULL,NULL,NULL,'2022-03-18',1,NULL,'H',0,0,6,9,'2021-11-14 17:57:51','2021-11-17 18:25:38',NULL),(11,NULL,NULL,NULL,NULL,5,0,NULL,NULL,NULL,NULL,NULL,NULL,NULL,NULL,0,0,0,NULL,1,0.00,0.00,0.00,0.00,0.00,0.00,31,NULL,NULL,131,NULL,NULL,NULL,NULL,NULL,NULL,NULL,NULL,0,0,0,0,0,0,0,0,NULL,NULL,NULL,NULL,NULL,NULL,0,NULL,NULL,NULL,0,NULL,NULL,NULL,0,NULL,NULL,NULL,NULL,NULL,NULL,NULL,NULL,NULL,NULL,NULL,NULL,NULL,NULL,NULL,NULL,0,NULL,'D',0,0,31,31,'2021-11-15 12:53:15','2021-11-15 12:53:15',NULL),(12,NULL,NULL,'0016',NULL,5,1,'PERMOHONAN 6 - KOS ADA OPTION',NULL,NULL,NULL,NULL,NULL,'2021-11-19','2021-12-08',1,3,1,3,1,0.00,3200.00,0.00,5000.00,0.00,10000.00,6,'2021-11-18 00:36:47',NULL,19,'2021-11-18 00:45:43','PENGESAHAN UNTUK PERMOHONAN',NULL,NULL,NULL,50,'2021-11-18 00:48:05','SOKONGAN PEMILIK BAJET',0,0,1,1,0,0,1,0,91,'2021-11-18 00:49:20','MAKLUMBALAS PCT',131,'2021-11-18 00:52:45','PERLU MESYUARAT',1,307,'2021-11-18 01:01:39',NULL,0,9,'2021-11-24 01:42:19','test expiry date',1,NULL,'2021-11-24 01:52:08','ULASAN PB - PERMOHONAN 6 - KOS ADA OPTION',NULL,'2021-11-24 01:52:08','ULASAN KP - PERMOHONAN 6 - KOS ADA OPTION',166,'2021-11-24 01:52:08','ULASAN URUSETIA - PERMOHONAN 6 - KOS ADA OPTION',NULL,NULL,NULL,NULL,NULL,NULL,'2022-03-24',1,NULL,'H',0,0,6,9,'2021-11-17 16:36:47','2021-11-23 17:52:08',NULL),(13,NULL,NULL,'0018',NULL,5,0,'PERMOHONAN 6 - OPTION TIADA KOS',NULL,NULL,NULL,NULL,NULL,'2021-11-19','2021-12-10',1,2,2,2,1,0.00,0.00,0.00,0.00,0.00,0.00,6,'2021-11-18 00:43:41',NULL,19,'2021-11-18 00:47:10','PENGESAHAN LAGI DAN LAGI',NULL,NULL,NULL,NULL,NULL,NULL,0,0,0,0,0,0,0,0,NULL,NULL,NULL,131,'2021-11-18 00:51:32','PERLU MESYUARAT',1,307,'2021-11-18 01:01:17',NULL,0,9,'2021-11-18 01:39:29','PERLU MESYUARAT SUSULAN 1',1,NULL,'2021-11-18 02:25:38','ULASAN PB - PERMOHONAN 6 - OPTION TIADA KOS',NULL,'2021-11-18 02:25:38','ULASAN KP - PERMOHONAN 6 - OPTION TIADA KOS',166,'2021-11-18 02:25:38','ULASAN URUSETIA - PERMOHONAN 6 - OPTION TIADA KOS',NULL,NULL,NULL,NULL,NULL,NULL,'2022-03-18',1,NULL,'L',0,0,6,9,'2021-11-17 16:43:40','2021-11-17 18:25:38',NULL),(15,NULL,NULL,'0019',NULL,5,1,'PERMOHONAN 7 - ADA KOS',NULL,NULL,NULL,NULL,NULL,'2021-11-22','2021-12-11',1,2,1,2,1,0.00,28300.00,0.00,31410.90,0.00,0.00,6,'2021-11-19 15:11:07',NULL,19,'2021-11-19 15:38:28','pengesahan - dah sah',NULL,NULL,NULL,67,'2021-11-19 15:48:31','sokongan pemilik bajet 2',0,1,0,0,0,0,1,1,91,'2021-11-19 15:54:06','maklumbalas PCT - ok mantap',131,'2021-11-19 15:58:03','sokongan pengarah bahgian - dia kesali',0,307,'2021-11-19 16:03:39','tkp 2 - sokong',0,9,'2021-11-19 16:15:48','KP - perlu mesyuarat',1,NULL,'2021-11-19 21:50:00','PB - PERMOHONAN 7 - ADA KOS',NULL,'2021-11-19 21:50:00','KP - PERMOHONAN 7 - ADA KOS',166,'2021-11-19 21:50:00','URUSETIA - PERMOHONAN 7 - ADA KOS',NULL,NULL,NULL,NULL,NULL,NULL,'2022-03-19',1,NULL,'H',0,0,6,9,'2021-11-19 07:06:23','2021-11-19 13:50:00',NULL),(16,NULL,NULL,'0020',NULL,5,0,'PERMOHONAN 8 - TIADA KOS',NULL,NULL,NULL,NULL,NULL,'2021-11-25','2021-11-27',1,3,2,2,1,0.00,0.00,0.00,0.00,0.00,0.00,6,'2021-11-19 15:15:33',NULL,19,'2021-11-19 15:40:08','pengesahan - tiada kos',NULL,NULL,NULL,NULL,NULL,NULL,0,0,0,0,0,0,0,0,NULL,NULL,NULL,131,'2021-11-19 15:56:42','pengarah bhgian - ni perlu mesyuarat',1,307,'2021-11-19 16:02:11','tkp 2 - perlu mesyuarat',0,9,'2021-11-19 16:16:32','KP2 - perlu mesyuarat',1,NULL,'2021-11-19 21:50:05','PB - PERMOHONAN 8 - TIADA KOS',NULL,'2021-11-19 21:50:05','KP - PERMOHONAN 8 - TIADA KOS  TIDAK LULUS',166,'2021-11-19 21:50:05','URUSETIA- PERMOHONAN 8 - TIADA KOS',NULL,NULL,NULL,NULL,NULL,NULL,'2022-03-19',1,NULL,'L',0,0,6,9,'2021-11-19 07:15:33','2021-11-19 13:50:05',NULL),(17,NULL,NULL,NULL,NULL,5,0,NULL,NULL,NULL,NULL,NULL,NULL,NULL,NULL,0,0,0,NULL,0,0.00,0.00,0.00,0.00,0.00,0.00,6,NULL,NULL,19,NULL,NULL,NULL,NULL,NULL,NULL,NULL,NULL,0,0,0,0,0,0,0,0,NULL,NULL,NULL,NULL,NULL,NULL,0,NULL,NULL,NULL,0,NULL,NULL,NULL,0,NULL,NULL,NULL,NULL,NULL,NULL,NULL,NULL,NULL,NULL,NULL,NULL,NULL,NULL,NULL,NULL,0,NULL,'D',0,0,6,6,'2021-11-19 14:52:55','2021-11-19 14:54:40','2021-11-27 09:57:17'),(18,NULL,NULL,NULL,NULL,5,0,NULL,NULL,NULL,NULL,NULL,NULL,NULL,NULL,0,0,0,NULL,1,0.00,0.00,0.00,0.00,0.00,0.00,6,NULL,NULL,19,NULL,NULL,NULL,NULL,NULL,NULL,NULL,NULL,0,0,0,0,0,0,0,0,NULL,NULL,NULL,NULL,NULL,NULL,0,NULL,NULL,NULL,0,NULL,NULL,NULL,0,NULL,NULL,NULL,NULL,NULL,NULL,NULL,NULL,NULL,NULL,NULL,NULL,NULL,NULL,NULL,NULL,0,NULL,'D',0,0,6,6,'2021-11-20 18:52:43','2021-11-20 18:52:43','2021-11-27 09:57:21'),(21,15,15,'0019/1',1,5,1,'PERMOHONAN 7 - ADA KOS tambahan',NULL,NULL,NULL,NULL,NULL,'2021-11-22','2021-12-11',1,1,1,1,1,0.00,0.00,0.00,0.00,0.00,0.00,6,NULL,NULL,19,NULL,NULL,NULL,NULL,NULL,NULL,NULL,NULL,0,0,0,0,0,0,0,0,NULL,NULL,NULL,NULL,NULL,NULL,0,NULL,NULL,NULL,0,NULL,NULL,NULL,0,NULL,NULL,NULL,NULL,NULL,NULL,NULL,NULL,NULL,NULL,NULL,NULL,NULL,NULL,NULL,NULL,0,NULL,'R',0,0,6,0,'2021-11-24 09:56:10','2021-11-24 09:56:10',NULL),(23,15,21,'0019/2',2,5,1,'PERMOHONAN 7 - ADA KOS tambhaan 2',NULL,NULL,NULL,NULL,NULL,'2021-11-22','2021-12-11',1,1,1,1,1,0.00,0.00,0.00,0.00,0.00,0.00,6,NULL,NULL,19,NULL,NULL,NULL,NULL,NULL,NULL,NULL,NULL,0,0,0,0,0,0,0,0,NULL,NULL,NULL,NULL,NULL,NULL,0,NULL,NULL,NULL,0,NULL,NULL,NULL,0,NULL,NULL,NULL,NULL,NULL,NULL,NULL,NULL,NULL,NULL,NULL,NULL,NULL,NULL,NULL,NULL,0,NULL,'R',0,0,6,0,'2021-11-24 10:03:59','2021-11-24 10:03:59',NULL),(24,15,15,'0019/3',3,5,1,'PERMOHONAN 7 - ADA KOS TAMBAHAN 3',NULL,'Latar Belakang & Justifikasi','Tujuan','Kaedah Pelaksanaan','Syor','2021-11-22','2021-12-11',1,1,1,1,0,0.00,36013.50,0.00,0.00,0.00,0.00,6,NULL,NULL,19,NULL,NULL,NULL,NULL,NULL,NULL,NULL,NULL,0,0,0,0,0,0,0,0,NULL,NULL,NULL,NULL,NULL,NULL,0,NULL,NULL,NULL,0,NULL,NULL,NULL,0,NULL,NULL,NULL,NULL,NULL,NULL,NULL,NULL,NULL,NULL,NULL,NULL,NULL,NULL,NULL,NULL,0,NULL,'D',0,0,6,6,'2021-11-25 14:46:31','2021-12-24 02:53:22',NULL),(25,NULL,NULL,'0021',NULL,5,1,'PENYELENGGARAAN SEMUA ASET MPC',NULL,NULL,NULL,NULL,NULL,'2021-11-29','2022-11-29',1,2,2,1,1,0.00,22620.00,0.00,32180.90,0.00,0.00,6,'2021-11-28 02:13:29',NULL,19,'2021-11-28 02:19:27','Pengesahan Daripada Penyokong',NULL,NULL,NULL,67,'2021-11-28 02:25:52','Sokongan Pemilik Bajet 2',0,0,0,1,0,0,1,1,91,'2021-11-28 02:31:01','Maklumbalas daripada PCT',131,'2021-11-28 02:36:05','Sokongan Pengarah Bahagian',0,307,'2021-11-28 02:41:17','Sokongan TKP Dua',0,9,'2021-11-28 02:57:14','Mesyaurat perlu diadakan untuk pemilihan option',1,NULL,'2021-11-28 03:12:14','Mesyuarat - KP Sokong Penuh Option 2',NULL,'2021-11-28 03:12:14','Mesyuarat - KP Luluskan Option 1',166,'2021-11-28 03:12:14','Mesyuarat sebulat suara memilih Option 1',NULL,NULL,NULL,166,'Ulasan Pengarah (MOHD YAZID ABDUL MAJID):\r\nMesyuarat - KP Sokong Penuh Option 2\r\n\r\nUlasan TKP (ZAHID ISMAIL):\r\nMesyuarat - TKP Satu Sokong Penuh Option 1\r\n\r\nUlasan TKP (DATIN ZAINON BAKAR):\r\nMesyuarat - TKP Satu Sokong Penuh Option 1\r\n\r\nUlasan KP (DATO\' ABDUL LATIF BIN HAJI ABU SEMAN):\r\nMesyuarat - KP Luluskan Option 1\r\n\r\nUlasan Urusetia (DR. NOOR AISHAH HASSAN):\r\nMesyuarat sebulat suara memilih Option 1','2021-11-28 03:16:29','2022-03-28',1,NULL,'H',0,0,6,9,'2021-11-27 18:13:28','2021-11-27 19:16:29',NULL),(26,NULL,NULL,NULL,NULL,5,1,NULL,NULL,'1. pemandangan dll yg men­jadi hiasan bagi sesuatu yg utama (dlm gambar dsb); \r\n\r\n2. dasar atau asas kpd sesuatu perkara (hal, kejadian, peristiwa, dsb); \r\n\r\n3. pengalaman (pendidikan, alam sekitar, dll) seseorang, biasanya yg ada hubungannya atau pengaruh­nya ke atas keadaan dirinya pd sesuatu masa; berlatarbelakangkan mempunyai atau menggunakan sesuatu sbg latar belakang: setelah siap, letakkan gubahan ini di sudut ruang tamu ~ dinding atau sebagainya; novel yg ~ desa Gunung Bayu ini dipersembahkan secara lintasan kembali terhadap hidup lampau seorang ketua kampung.','tujuan 1','kaedah 1','syor 1',NULL,NULL,0,0,0,NULL,0,0.00,9610.00,0.00,0.00,0.00,0.00,6,NULL,NULL,19,NULL,NULL,NULL,NULL,NULL,NULL,NULL,NULL,0,0,0,0,0,0,0,0,NULL,NULL,NULL,NULL,NULL,NULL,0,NULL,NULL,NULL,0,NULL,NULL,NULL,0,NULL,NULL,NULL,NULL,NULL,NULL,NULL,NULL,NULL,NULL,NULL,NULL,NULL,NULL,NULL,NULL,0,NULL,'D',0,0,6,6,'2021-12-23 04:17:06','2021-12-24 02:39:14',NULL),(27,NULL,NULL,'0022',NULL,5,1,'TAJUK 21212',NULL,'latar','dsadsadad','dsfdsfdsfdsf','Ahli Lembaga Pengurusan dipohon untuk mempertimbangkan cadangan fdsfdsfdsfdsfdsf','2022-01-01','2022-01-08',0,0,0,NULL,1,0.00,2600.00,0.00,0.00,0.00,0.00,6,'2021-12-28 23:04:29',NULL,19,'2021-12-28 23:40:10','cun',NULL,NULL,NULL,50,'2021-12-28 23:30:38','test submit type',0,0,0,0,0,0,0,0,NULL,NULL,NULL,NULL,NULL,NULL,0,NULL,NULL,NULL,0,NULL,NULL,NULL,0,NULL,NULL,NULL,NULL,NULL,NULL,NULL,NULL,NULL,NULL,NULL,NULL,NULL,NULL,NULL,NULL,0,NULL,'S',0,0,6,19,'2021-12-28 14:57:54','2021-12-28 15:40:10',NULL),(28,NULL,NULL,'0023',NULL,5,1,'COST SV1==SV2',NULL,'test','test','test','Ahli Lembaga Pengurusan dipohon untuk mempertimbangkan cadangan lalalala','2022-01-02','2022-01-08',0,0,0,NULL,0,0.00,3210.00,0.00,0.00,0.00,0.00,6,'2021-12-29 01:57:14',NULL,131,'2021-12-29 02:01:05','sahkan sv1=sv2',131,'2021-12-29 02:01:05','sahkan sv1=sv2',NULL,NULL,NULL,0,0,0,0,0,0,0,0,NULL,NULL,NULL,NULL,NULL,NULL,0,NULL,NULL,NULL,0,NULL,NULL,NULL,0,NULL,NULL,NULL,NULL,NULL,NULL,NULL,NULL,NULL,NULL,NULL,NULL,NULL,NULL,NULL,NULL,0,NULL,'S',0,0,6,131,'2021-12-28 17:57:14','2021-12-28 18:01:05',NULL),(29,NULL,NULL,'0024',NULL,5,1,'COST SV1 TAK SAMA SV2',NULL,'test taksama','test taksama','test taksama','Ahli Lembaga Pengurusan dipohon untuk mempertimbangkan cadangan','2021-12-31','2022-01-08',0,0,0,NULL,0,0.00,2100.00,0.00,0.00,0.00,0.00,6,'2021-12-29 02:09:31',NULL,19,'2021-12-29 02:10:56','sah dah ni tak sama',131,'2021-12-29 02:10:56','sah dah ni tak sama',50,'2021-12-29 02:54:13','disokong pemilik bajet',1,1,1,1,0,1,0,1,91,'2021-12-29 03:27:20','pct ok dh ni',NULL,NULL,NULL,0,NULL,NULL,NULL,0,NULL,NULL,NULL,0,NULL,NULL,NULL,NULL,NULL,NULL,NULL,NULL,NULL,NULL,NULL,NULL,NULL,NULL,NULL,NULL,0,NULL,'E',0,0,6,91,'2021-12-28 18:09:31','2021-12-28 19:27:20',NULL),(30,NULL,NULL,'0025',NULL,5,0,'NO COST SV1=SV2',NULL,'TEST NO COST SV1=SV2','TEST NO COST SV1=SV2','TEST NO COST SV1=SV2','Ahli Lembaga Pengurusan dipohon untuk mempertimbangkan cadangan TEST NO COST SV1=SV2','2022-01-01','2022-01-08',0,0,0,NULL,1,0.00,0.00,0.00,0.00,0.00,0.00,6,'2021-12-29 02:41:59',NULL,131,'2021-12-29 02:43:14','SAHKAN NO COST SV1=SV2',131,'2021-12-29 02:43:14','SAHKAN NO COST SV1=SV2',NULL,NULL,NULL,0,0,0,0,0,0,0,0,NULL,NULL,NULL,NULL,NULL,NULL,0,NULL,NULL,NULL,0,NULL,NULL,NULL,0,NULL,NULL,NULL,NULL,NULL,NULL,NULL,NULL,NULL,NULL,NULL,NULL,NULL,NULL,NULL,NULL,0,NULL,'E',0,0,6,131,'2021-12-28 18:41:59','2021-12-28 18:43:14',NULL),(31,NULL,NULL,'0026',NULL,5,0,'NO COST SV1 TAK SAMA SV2',NULL,'TEST NO COST SV1 TAK SAMA SV2','TEST NO COST SV1 TAK SAMA SV2','TEST NO COST SV1 TAK SAMA SV2','Ahli Lembaga Pengurusan dipohon untuk mempertimbangkan cadangan TEST NO COST SV1 TAK SAMA SV2','2022-01-01','2022-01-08',0,0,0,NULL,0,0.00,0.00,0.00,0.00,0.00,0.00,6,'2021-12-29 02:47:00',NULL,19,'2021-12-29 02:47:54','SAHKAN NO COST SV1 TAK SAMA SV2',131,'2021-12-29 02:47:54','SAHKAN NO COST SV1 TAK SAMA SV2',NULL,NULL,NULL,0,0,0,0,0,0,0,0,NULL,NULL,NULL,NULL,NULL,NULL,0,NULL,NULL,NULL,0,NULL,NULL,NULL,0,NULL,NULL,NULL,NULL,NULL,NULL,NULL,NULL,NULL,NULL,NULL,NULL,NULL,NULL,NULL,NULL,0,NULL,'E',0,0,6,131,'2021-12-28 18:47:00','2021-12-28 18:50:38',NULL),(32,NULL,NULL,'0027',NULL,5,1,'TEST FULL MAIN',NULL,'Ku kejar engkau di sana\r\nKu lambai wajah serupa\r\nSelalu aku terbayang, oh\r\nSelalu aku terkenang\r\nBiarpun telah berlalu\r\nWajah usia berbeza\r\nNamun tak pernah di hati\r\nSesaat aku terlupa, oh','Ku kenang kembali peristiwa\r\nWalaupun pernah pedih\r\nHati kita, oh-oh\r\nTelah pun kita mencuba\r\nWalau rintangan bersama\r\nSemangat masih menyala oh\r\nMembakar dalam jiwa','Ku kenang kembali peristiwa\r\nWalaupun pernah pedih\r\nHati kita, oh-oh\r\nHati kita, ho-oh\r\nKesan satu rasa\r\nTinggi nilai harganya\r\nTak ternilai kita\r\nLepas dari ini\r\nMungkin seksa yang menanti, oh','Ahli Lembaga Pengurusan dipohon untuk mempertimbangkan cadangan Yang bersuara, akulah yang pernah berkata\r\nYang bersuara, akulah yang pernah berkata\r\nAku cinta\r\nOh-oh-oh-oh\r\nOh-ho-oh-oh\r\nOh-oh-oh-oh\r\nOh-ho-ho-oh','2021-12-31','2022-01-08',0,0,0,0,1,0.00,57010.00,0.00,0.00,0.00,0.00,6,'2021-12-29 05:07:41',NULL,19,'2021-12-29 05:08:39','PENYELIA SAHKAN TEST FULL MAIN 1',131,'2021-12-29 05:08:39','PENYELIA SAHKAN TEST FULL MAIN 1',67,'2021-12-29 05:13:56','SOKONGAN PERBELANJAAN TEST FULL MAIN 1',1,0,1,1,0,0,1,1,91,'2021-12-29 05:15:00','SOKONGAN DARI PCT',131,'2021-12-29 05:18:02','SOKONGAN BOM TEST FULL MAIN 1',1,307,'2021-12-29 05:24:00','TKP KATA PERLU MESYUARAT',0,9,'2021-12-29 05:35:11','Lulus dah ni boss',0,NULL,NULL,NULL,NULL,NULL,NULL,NULL,NULL,NULL,NULL,NULL,NULL,NULL,NULL,NULL,'2022-04-29',0,NULL,'H',0,0,6,9,'2021-12-28 21:07:41','2021-12-28 21:35:11',NULL),(33,32,32,'0027/1',1,5,1,'TEST FULL TAMBAHAN 1',NULL,'Ku kejar engkau di sana\r\nKu lambai wajah serupa\r\nSelalu aku terbayang, oh\r\nSelalu aku terkenang\r\nBiarpun telah berlalu\r\nWajah usia berbeza\r\nNamun tak pernah di hati\r\nSesaat aku terlupa, oh','Ku kenang kembali peristiwa\r\nWalaupun pernah pedih\r\nHati kita, oh-oh\r\nTelah pun kita mencuba\r\nWalau rintangan bersama\r\nSemangat masih menyala oh\r\nMembakar dalam jiwa','Ku kenang kembali peristiwa\r\nWalaupun pernah pedih\r\nHati kita, oh-oh\r\nHati kita, ho-oh\r\nKesan satu rasa\r\nTinggi nilai harganya\r\nTak ternilai kita\r\nLepas dari ini\r\nMungkin seksa yang menanti, oh','Ahli Lembaga Pengurusan dipohon untuk mempertimbangkan cadangan Yang bersuara, akulah yang pernah berkata\r\nYang bersuara, akulah yang pernah berkata\r\nAku cinta\r\nOh-oh-oh-oh\r\nOh-ho-oh-oh\r\nOh-oh-oh-oh\r\nOh-ho-ho-oh','2021-12-31','2022-01-08',0,0,NULL,NULL,0,0.00,0.00,0.00,0.00,0.00,0.00,6,NULL,NULL,19,NULL,NULL,NULL,NULL,NULL,NULL,NULL,NULL,0,0,0,0,0,0,0,0,NULL,NULL,NULL,NULL,NULL,NULL,0,NULL,NULL,NULL,0,NULL,NULL,NULL,0,NULL,NULL,NULL,NULL,NULL,NULL,NULL,NULL,NULL,NULL,NULL,NULL,NULL,NULL,NULL,NULL,0,NULL,'D',0,0,6,0,'2021-12-28 21:47:11','2021-12-28 21:47:11',NULL),(34,NULL,NULL,'0028',NULL,5,1,'TEST MEETING - COST 1',NULL,'Seperti mimpi perkenalan itu cuma seketika\r\nNamun didalam hati dirimu ku terkenang jua\r\nEngkaulah permata didalam genggaman tidak kusedari\r\nKaca yang bersadur keemasan terus kucari','Tertutup pintu hati, minda tak berfungsi diketika itu\r\nTak tahu menilai mana yang tulin mana yang palsu\r\nDiakhir-akhir ini ketika aku dalam kesepian\r\nTerasa kejahilan itu bagiku satu kerugian','Andainya disitu ada ruang\r\nBolehkah kiranya kumenumpang\r\nAndai ada sisa kemaafan\r\nMaafkan diri ini yang dulu melukakan','Ahli Lembaga Pengurusan dipohon untuk mempertimbangkan cadangan Berilah aku kesempatan\r\nKubuktikan erti keikhlasan\r\nAndainya terpaksa aku rela\r\nMenepis ego aku untuk kita (demi suatu masa)','2022-01-01','2022-01-08',0,0,0,0,1,0.00,43100.00,0.00,0.00,0.00,0.00,6,'2021-12-29 06:25:07',NULL,19,'2021-12-29 06:32:51',NULL,131,'2021-12-29 06:32:51',NULL,67,'2021-12-29 06:35:19',NULL,1,1,0,0,1,0,0,1,91,'2021-12-29 06:36:04','ok',131,'2021-12-29 06:37:21',NULL,0,307,'2021-12-29 06:40:44',NULL,0,9,'2021-12-29 06:41:58','perlu meeting',1,NULL,NULL,NULL,NULL,NULL,NULL,NULL,NULL,NULL,NULL,NULL,NULL,166,'test lulus tgk ok dak','2021-12-29 14:08:48',NULL,0,NULL,'H',0,0,6,9,'2021-12-28 22:23:39','2021-12-29 06:08:48',NULL),(35,NULL,NULL,'0029',NULL,5,1,'TEST MEETING - COST 2',NULL,'Izinkan aku titiskan\r\nAirmata keresahan ku\r\nDicengkam kerinduan\r\nYang tak bertepi','Biarkan serpihan rembulan\r\nBerguguran keribaanku\r\nAgar terang kelam malam\r\nYang kita lalui','Ku tebarkan jala cinta\r\nDi persisir pantai hatimu\r\nYang terbuka menantiku\r\n\r\nSegala telah terbukti\r\nCintamu ternyatalah suci\r\nBagaikan mimpi jadi realiti','Ahli Lembaga Pengurusan dipohon untuk mempertimbangkan cadangan Ternyata yang indah sukar dimadah\r\nBak cahaya tak tertadah\r\nSehingga ku sanggup terhimpit didada waktu\r\nWalaupun lena di ulit sepi\r\n\r\nKu kirakan penantian penuh siksaan\r\nRupanya indah bak sesaat dalam semaian\r\nHanya satu pintaku ketulusan hati','2022-01-01','2022-01-07',0,0,0,0,0,0.00,4000.00,0.00,0.00,0.00,0.00,6,'2021-12-29 06:27:34',NULL,19,'2021-12-29 06:32:58',NULL,131,'2021-12-29 06:32:58',NULL,67,'2021-12-29 06:35:25',NULL,0,1,0,1,1,0,1,0,91,'2021-12-29 06:36:16','ok',131,'2021-12-29 06:38:02',NULL,0,307,'2021-12-29 06:40:52','saja nk meeting',0,9,'2021-12-29 06:42:05','perlu meeting',1,NULL,NULL,NULL,NULL,NULL,NULL,NULL,NULL,NULL,NULL,NULL,NULL,NULL,NULL,NULL,NULL,0,NULL,'I',0,0,6,9,'2021-12-28 22:27:34','2021-12-29 06:12:00',NULL),(36,NULL,NULL,'0030',NULL,5,0,'TEST MEETING - NO COST 1',NULL,'Dalam hati ini ada nama mu\r\nNama seorang insan yang aku rindu\r\nDalam diri ini ada sayang mu\r\nSayangnya diri mu tidak mengerti','Dalam senyuman ini ada tangisan\r\nTangisan seorang insan terluka\r\nDalam jiwa ini ada pilunya\r\nPilu yang membuat aku menangis\r\nOh hibanya... ( oh... )','Sungguh terhina letih tidak bermaya\r\nRasa terkilan bunga yang ku puja\r\nKini mekar harum di jambangan orang\r\nKau yang ku sayang\r\nAku yang gundah','Ahli Lembaga Pengurusan dipohon untuk mempertimbangkan cadangan Kalau tahu sakit begini\r\nTidak aku bermain cinta\r\nKalau tahu siksa begini\r\nTidak aku menyanyangi mu\r\nPilu resah di hati ini\r\nMengusung rindu...\r\nKu tak berdaya','2022-01-01','2022-01-08',0,0,0,0,1,0.00,0.00,0.00,0.00,0.00,0.00,6,'2021-12-29 06:30:17',NULL,19,'2021-12-29 06:33:06',NULL,131,'2021-12-29 06:33:06',NULL,NULL,NULL,NULL,0,0,0,0,0,0,0,0,NULL,NULL,NULL,131,'2021-12-29 06:37:12',NULL,0,307,'2021-12-29 06:40:24',NULL,0,9,'2021-12-29 06:41:44','perlu meeting',1,NULL,NULL,NULL,NULL,NULL,NULL,NULL,NULL,NULL,NULL,NULL,NULL,166,'test tak lulus','2021-12-29 14:10:28',NULL,0,NULL,'L',0,0,6,9,'2021-12-28 22:30:17','2021-12-29 06:10:28',NULL),(37,NULL,NULL,'0031',NULL,5,0,'TEST MEETING - NO COST 2',NULL,'Haruskah...\r\nAku terus merayu padamu\r\nHaruskah...\r\nAku taburi janji beribu\r\nUntuk menembusi\r\nTembok hati sanubarimu\r\nAtaupun... aku hanya penanti','Mengapa\r\nDikau meragui keikhlasan\r\nSetelah kuberi\r\nPengorbanan dan kesetiaan\r\nAku jadi perindu\r\nPada istana madu\r\nKini menjadi sangkar hempedu','Kau insan misteri\r\nPenuh rahsia cinta\r\nKulemas dalam arena\r\nMeredah nestapa\r\nSukarnya menguasai\r\nBahasa cinta kita\r\nBerilah kepastian sebuah cinta','Ahli Lembaga Pengurusan dipohon untuk mempertimbangkan cadangan Bisakah\r\nSilap kata menjadi penanda\r\nDapatkah\r\nKecewa ku menjadi harapan\r\nMarilah berganding\r\nMengharungi badai asmara\r\nDunia dikecapi penuh bahgia','2022-01-01','2022-01-08',0,0,0,0,0,0.00,0.00,0.00,0.00,0.00,0.00,6,'2021-12-29 06:31:48',NULL,19,'2021-12-29 06:33:11',NULL,131,'2021-12-29 06:33:11',NULL,NULL,NULL,NULL,0,0,0,0,0,0,0,0,NULL,NULL,NULL,131,'2021-12-29 06:37:16',NULL,0,307,'2021-12-29 06:40:39','saja nk meeting',0,9,'2021-12-29 06:41:52','perlu meeting',1,NULL,NULL,NULL,NULL,NULL,NULL,NULL,NULL,NULL,NULL,NULL,NULL,NULL,NULL,NULL,NULL,0,NULL,'I',0,0,6,9,'2021-12-28 22:31:48','2021-12-29 06:12:00',NULL);

--
-- Table structure for table `permohonan_audit_trail`
--

CREATE TABLE `permohonan_audit_trail` (
  `permohonan_audit_trail_id` bigint(20) NOT NULL AUTO_INCREMENT,
  `permohonan_id` bigint(20) NOT NULL,
  `status` char(1) NOT NULL,
  `remarks` text,
  `created_by` int(11) NOT NULL,
  `created_at` timestamp NULL DEFAULT NULL,
  `updated_at` timestamp NOT NULL DEFAULT CURRENT_TIMESTAMP,
  `deleted_at` timestamp NULL DEFAULT NULL,
  PRIMARY KEY (`permohonan_audit_trail_id`),
  KEY `idx_permohonantrail_permohonanid` (`permohonan_id`),
  KEY `idx_permohonantrail_createdby` (`created_by`)
) ENGINE=InnoDB AUTO_INCREMENT=223 DEFAULT CHARSET=latin1;

--
-- Dumping data for table `permohonan_audit_trail`
--

INSERT INTO `permohonan_audit_trail` VALUES (1,1,'D',NULL,6,'2021-11-11 14:09:53','2021-11-11 14:09:53',NULL),(2,1,'Z',NULL,6,'2021-11-11 14:10:47','2021-11-11 14:10:47',NULL),(3,1,'N',NULL,6,'2021-11-11 14:12:27','2021-11-11 14:12:27',NULL),(4,2,'D',NULL,6,'2021-11-11 14:26:06','2021-11-11 14:26:06',NULL),(5,2,'Z',NULL,6,'2021-11-11 14:28:27','2021-11-11 14:28:27',NULL),(6,2,'Z',NULL,6,'2021-11-11 14:28:57','2021-11-11 14:28:57',NULL),(7,1,'Z',NULL,6,'2021-11-11 17:02:21','2021-11-11 17:02:21',NULL),(8,2,'Z',NULL,6,'2021-11-11 17:02:34','2021-11-11 17:02:34',NULL),(9,1,'Z',NULL,6,'2021-11-11 17:03:46','2021-11-11 17:03:46',NULL),(10,1,'Z',NULL,6,'2021-11-11 17:03:53','2021-11-11 17:03:53',NULL),(11,2,'N',NULL,6,'2021-11-11 17:07:47','2021-11-11 17:07:47',NULL),(12,3,'N',NULL,6,'2021-11-12 03:55:11','2021-11-12 03:55:12',NULL),(13,4,'N',NULL,6,'2021-11-12 03:59:13','2021-11-12 03:59:13',NULL),(14,1,'Q','TIDAK CLEAR',19,'2021-11-12 04:09:26','2021-11-12 04:09:26',NULL),(15,1,'E',NULL,19,'2021-11-12 04:11:12','2021-11-12 04:11:12',NULL),(16,1,'E',NULL,19,'2021-11-12 04:14:32','2021-11-12 04:14:32',NULL),(17,1,'O',NULL,19,'2021-11-12 04:20:27','2021-11-12 04:20:27',NULL),(18,1,'O','SAHKAN. PERMOHONAN TIADA KOS',19,'2021-11-12 04:29:22','2021-11-12 04:29:22',NULL),(19,1,'F','TIDAK JELAS',131,'2021-11-12 04:33:12','2021-11-12 04:33:12',NULL),(20,1,'K','TEST tidak sokong',304,'2021-11-13 13:43:57','2021-11-13 13:43:57',NULL),(21,1,'I','PERLU MESYUARAT 111',307,'2021-11-13 13:58:19','2021-11-13 13:58:19',NULL),(22,1,'I','test lagi perlu mesyuarat',307,'2021-11-13 14:06:39','2021-11-13 14:06:39',NULL),(23,1,'I','ya perlu mesyuarat',304,'2021-11-13 14:21:22','2021-11-13 14:21:22',NULL),(24,1,'I','skali lagi perlu mesyuarat',304,'2021-11-13 14:24:14','2021-11-13 14:24:14',NULL),(25,1,'G','saya sokong saya sokong',304,'2021-11-13 14:25:09','2021-11-13 14:25:09',NULL),(26,1,'L','tidak diluluskan',9,'2021-11-13 14:28:26','2021-11-13 14:28:26',NULL),(27,1,'H','LULUS DH OK NI',9,'2021-11-13 14:29:22','2021-11-13 14:29:22',NULL),(28,1,'I','perlu meeting malam antara malam',9,'2021-11-13 14:32:04','2021-11-13 14:32:04',NULL),(29,2,'S','ok sah',19,'2021-11-13 14:35:37','2021-11-13 14:35:37',NULL),(30,4,'S','sahkan juga',19,'2021-11-13 14:36:04','2021-11-13 14:36:04',NULL),(31,2,'S','sokong permohonan bajet ini 1',67,'2021-11-13 14:39:55','2021-11-13 14:39:55',NULL),(32,2,'M','sokong lagi bajet11',67,'2021-11-13 14:54:10','2021-11-13 14:54:10',NULL),(33,2,'M','ok sokong juga',50,'2021-11-13 14:56:32','2021-11-13 14:56:32',NULL),(34,2,'E','jolo doh ni',91,'2021-11-13 14:59:44','2021-11-13 14:59:44',NULL),(35,2,'E','hasratnya',91,'2021-11-13 15:04:04','2021-11-13 15:04:04',NULL),(36,4,'M','ok',67,'2021-11-13 15:05:00','2021-11-13 15:05:00',NULL),(37,4,'E','oraittt',91,'2021-11-13 15:05:38','2021-11-13 15:05:38',NULL),(38,2,'F','orait',131,'2021-11-13 15:06:06','2021-11-13 15:06:06',NULL),(39,4,'F','perlu mesorat',131,'2021-11-13 15:06:27','2021-11-13 15:06:27',NULL),(40,2,'G',NULL,304,'2021-11-13 15:07:04','2021-11-13 15:07:04',NULL),(41,4,'G',NULL,307,'2021-11-13 15:07:43','2021-11-13 15:07:43',NULL),(42,2,'G',NULL,307,'2021-11-13 15:07:57','2021-11-13 15:07:57',NULL),(43,4,'I','perlu mesyuarat',304,'2021-11-13 15:08:56','2021-11-13 15:08:56',NULL),(44,2,'I','perlu',9,'2021-11-13 15:09:33','2021-11-13 15:09:33',NULL),(45,4,'I','perlu mesyuarat',9,'2021-11-13 15:10:01','2021-11-13 15:10:01',NULL),(46,8,'D',NULL,6,'2021-11-14 08:12:45','2021-11-14 08:12:45',NULL),(47,9,'D',NULL,6,'2021-11-14 17:57:51','2021-11-14 17:57:51',NULL),(48,8,'N',NULL,6,'2021-11-14 18:11:53','2021-11-14 18:11:54',NULL),(49,8,'Z',NULL,6,'2021-11-14 18:45:02','2021-11-14 18:45:02',NULL),(50,8,'Z',NULL,6,'2021-11-14 18:45:15','2021-11-14 18:45:15',NULL),(51,8,'S',NULL,19,'2021-11-14 18:47:26','2021-11-14 18:47:26',NULL),(52,8,'M',NULL,50,'2021-11-14 18:54:22','2021-11-14 18:54:22',NULL),(53,8,'M',NULL,67,'2021-11-14 18:54:54','2021-11-14 18:54:54',NULL),(54,8,'E','maklum ya',91,'2021-11-15 01:44:14','2021-11-15 01:44:15',NULL),(55,8,'F','ok',131,'2021-11-15 01:44:51','2021-11-15 01:44:51',NULL),(56,8,'G','orait',304,'2021-11-15 01:45:22','2021-11-15 01:45:22',NULL),(57,8,'G',NULL,307,'2021-11-15 01:46:00','2021-11-15 01:46:00',NULL),(58,8,'H',NULL,9,'2021-11-15 01:46:31','2021-11-15 01:46:31',NULL),(59,11,'D',NULL,31,'2021-11-15 12:53:15','2021-11-15 12:53:15',NULL),(60,12,'N',NULL,6,'2021-11-17 16:36:47','2021-11-17 16:36:48',NULL),(61,9,'N',NULL,6,'2021-11-17 16:40:28','2021-11-17 16:40:28',NULL),(62,13,'N',NULL,6,'2021-11-17 16:43:41','2021-11-17 16:43:41',NULL),(63,12,'S','PENGESAHAN UNTUK PERMOHONAN',19,'2021-11-17 16:45:43','2021-11-17 16:45:43',NULL),(64,9,'S','PENGESHAAN LAGI',19,'2021-11-17 16:46:28','2021-11-17 16:46:28',NULL),(65,13,'O','PENGESAHAN LAGI DAN LAGI',19,'2021-11-17 16:47:10','2021-11-17 16:47:10',NULL),(66,12,'M','SOKONGAN PEMILIK BAJET',50,'2021-11-17 16:48:05','2021-11-17 16:48:05',NULL),(67,9,'M','SOKONGAN PEMILIK BAJET',50,'2021-11-17 16:48:32','2021-11-17 16:48:32',NULL),(68,12,'E','MAKLUMBALAS PCT',91,'2021-11-17 16:49:20','2021-11-17 16:49:20',NULL),(69,9,'E','MAKLUMBALAS PCT',91,'2021-11-17 16:49:57','2021-11-17 16:49:57',NULL),(70,13,'F','PERLU MESYUARAT',131,'2021-11-17 16:51:32','2021-11-17 16:51:32',NULL),(71,9,'F','SOKONGAN PENGARAH BAHAGIAN',131,'2021-11-17 16:52:19','2021-11-17 16:52:19',NULL),(72,12,'F','PERLU MESYUARAT',131,'2021-11-17 16:52:45','2021-11-17 16:52:45',NULL),(73,13,'I','TKP PERLU MESYUARAT',304,'2021-11-17 16:59:38','2021-11-17 16:59:38',NULL),(74,9,'G','SOKONGAN TKP',304,'2021-11-17 16:59:58','2021-11-17 16:59:58',NULL),(75,12,'I','TKP PERLU MESYUARAT',304,'2021-11-17 17:00:16','2021-11-17 17:00:16',NULL),(76,13,'G',NULL,307,'2021-11-17 17:01:17','2021-11-17 17:01:17',NULL),(77,9,'G',NULL,307,'2021-11-17 17:01:29','2021-11-17 17:01:29',NULL),(78,12,'G',NULL,307,'2021-11-17 17:01:39','2021-11-17 17:01:39',NULL),(79,9,'H','KELULUSAN KP - TIADA OPTION',9,'2021-11-17 17:16:36','2021-11-17 17:16:36',NULL),(80,13,'H','KELULUSAN KP - ADA OPTION TIADA KOS',9,'2021-11-17 17:18:15','2021-11-17 17:18:15',NULL),(81,12,'H','KELULUSAN KP - ADA KOS ADA OPTION',9,'2021-11-17 17:18:35','2021-11-17 17:18:35',NULL),(82,9,'H','SOKONGAN KP',9,'2021-11-17 17:21:42','2021-11-17 17:21:42',NULL),(83,12,'H','KELULUSAN KP - ADA OPTION ADA KOS',9,'2021-11-17 17:29:06','2021-11-17 17:29:06',NULL),(84,12,'H','KELULUSAN KP - ADA OPTION ADA KOS',9,'2021-11-17 17:31:33','2021-11-17 17:31:33',NULL),(85,12,'H','KELULUSAN KP - ADA KOS ADA OPTION',9,'2021-11-17 17:33:03','2021-11-17 17:33:03',NULL),(86,13,'H','KELULUSAN KP - ADA OPTION TIADA KOS',9,'2021-11-17 17:33:43','2021-11-17 17:33:43',NULL),(87,13,'H','KELULUSAN KP - TIADA KOS ADA OPTION',9,'2021-11-17 17:35:48','2021-11-17 17:35:48',NULL),(88,9,'H','KELULUSAN KP - TIADA OPTION',9,'2021-11-17 17:37:40','2021-11-17 17:37:40',NULL),(89,13,'I','PERLU MESYUARAT SUSULAN 1',9,'2021-11-17 17:39:29','2021-11-17 17:39:29',NULL),(90,12,'I','PERLU MESYUARAT SUSULAN 2',9,'2021-11-17 17:39:48','2021-11-17 17:39:48',NULL),(91,9,'I','PERLU MESYUARAT SUSULAN 3',9,'2021-11-17 17:39:59','2021-11-17 17:39:59',NULL),(92,9,'H','Ini hasil daripada keputusan mesyuarat',166,'2021-11-17 18:25:38','2021-11-17 18:25:38',NULL),(93,12,'H','Ini hasil daripada keputusan mesyuarat',166,'2021-11-17 18:25:38','2021-11-17 18:25:38',NULL),(94,13,'L','Ini hasil daripada keputusan mesyuarat',166,'2021-11-17 18:25:38','2021-11-17 18:25:38',NULL),(96,15,'D',NULL,6,'2021-11-19 07:06:23','2021-11-19 07:06:23',NULL),(97,15,'N',NULL,6,'2021-11-19 07:11:07','2021-11-19 07:11:07',NULL),(98,16,'N',NULL,6,'2021-11-19 07:15:33','2021-11-19 07:15:33',NULL),(99,15,'U','pengesahan - tak lengkap',19,'2021-11-19 07:21:47','2021-11-19 07:21:47',NULL),(100,15,'Y',NULL,6,'2021-11-19 07:22:59','2021-11-19 07:22:59',NULL),(101,15,'U','pengesahan - ada lagi tak lengkap',19,'2021-11-19 07:26:51','2021-11-19 07:26:51',NULL),(102,15,'Y',NULL,6,'2021-11-19 07:27:33','2021-11-19 07:27:33',NULL),(103,15,'Q','pengesahan - tidak sah dah ni',19,'2021-11-19 07:29:13','2021-11-19 07:29:13',NULL),(105,15,'S','pengesahan - ok dh ni PB',19,'2021-11-19 07:31:21','2021-11-19 07:31:21',NULL),(109,15,'S','pengesahan - dah sah',19,'2021-11-19 07:38:28','2021-11-19 07:38:28',NULL),(110,16,'O','pengesahan - tiada kos',19,'2021-11-19 07:40:08','2021-11-19 07:40:08',NULL),(111,15,'M','sokongan pemilik bajet 1',50,'2021-11-19 07:45:12','2021-11-19 07:45:12',NULL),(112,15,'M','sokongan pemilik bajet 2',67,'2021-11-19 07:48:31','2021-11-19 07:48:31',NULL),(113,15,'E','maklumbalas PCT - ok mantap',91,'2021-11-19 07:54:06','2021-11-19 07:54:06',NULL),(114,16,'J','pengarah bhgn tak sokong',131,'2021-11-19 07:55:39','2021-11-19 07:55:39',NULL),(115,16,'F','pengarah bhgian - ni perlu mesyuarat',131,'2021-11-19 07:56:42','2021-11-19 07:56:42',NULL),(116,15,'F','sokongan pengarah bahgian - dia kesali',131,'2021-11-19 07:58:03','2021-11-19 07:58:03',NULL),(117,15,'I','tkp - perlu mesyuarat',304,'2021-11-19 08:00:04','2021-11-19 08:00:04',NULL),(118,16,'G','TKP 1 sokong',304,'2021-11-19 08:01:03','2021-11-19 08:01:03',NULL),(119,16,'I','tkp 2 - perlu mesyuarat',307,'2021-11-19 08:02:11','2021-11-19 08:02:11',NULL),(120,15,'G','tkp 2 - sokong',307,'2021-11-19 08:03:39','2021-11-19 08:03:39',NULL),(121,16,'L','KP - tidak lulus',9,'2021-11-19 08:05:51','2021-11-19 08:05:51',NULL),(122,16,'H','KP - lulus pilih option 3',9,'2021-11-19 08:11:09','2021-11-19 08:11:09',NULL),(123,15,'H','KP - LULUS OPTION 2',9,'2021-11-19 08:12:43','2021-11-19 08:12:43',NULL),(124,15,'I','KP - perlu mesyuarat',9,'2021-11-19 08:14:04','2021-11-19 08:14:04',NULL),(125,15,'I','KP - perlu mesyuarat',9,'2021-11-19 08:15:48','2021-11-19 08:15:48',NULL),(126,16,'I','KP2 - perlu mesyuarat',9,'2021-11-19 08:16:32','2021-11-19 08:16:32',NULL),(127,15,'H','Ini hasil daripada keputusan mesyuarat',166,'2021-11-19 13:31:17','2021-11-19 13:31:21',NULL),(128,16,'L','Ini hasil daripada keputusan mesyuarat',166,'2021-11-19 13:31:21','2021-11-19 13:31:25',NULL),(129,15,'H','Hasil daripada keputusan mesyuarat',166,'2021-11-19 13:50:00','2021-11-19 13:50:00',NULL),(130,16,'L','Hasil daripada keputusan mesyuarat',166,'2021-11-19 13:50:05','2021-11-19 13:50:05',NULL),(133,3,'Z',NULL,6,'2021-11-19 14:50:25','2021-11-19 14:50:25',NULL),(134,17,'D',NULL,6,'2021-11-19 14:52:55','2021-11-19 14:52:55','2021-11-27 09:57:17'),(135,3,'Z',NULL,6,'2021-11-19 14:53:07','2021-11-19 14:53:07',NULL),(136,3,'Z',NULL,3,'2021-11-19 14:53:17','2021-11-19 14:53:17',NULL),(137,3,'Z',NULL,6,'2021-11-19 14:54:14','2021-11-19 14:54:14',NULL),(138,3,'Z',NULL,3,'2021-11-19 14:54:53','2021-11-19 14:54:53',NULL),(139,3,'Z',NULL,3,'2021-11-19 14:56:30','2021-11-19 14:56:30',NULL),(140,18,'D',NULL,6,'2021-11-20 18:52:43','2021-11-20 18:52:44','2021-11-27 09:57:21'),(141,8,'H','test expiry date',9,'2021-11-23 17:41:40','2021-11-23 17:41:40',NULL),(142,12,'H','test expiry date',9,'2021-11-23 17:42:20','2021-11-23 17:42:20',NULL),(143,8,'H','Hasil daripada keputusan mesyuarat',166,'2021-11-23 17:52:04','2021-11-23 17:52:04',NULL),(144,12,'H','Hasil daripada keputusan mesyuarat',166,'2021-11-23 17:52:08','2021-11-23 17:52:08',NULL),(145,25,'N',NULL,6,'2021-11-27 18:13:29','2021-11-27 18:13:30',NULL),(146,25,'S','Pengesahan Daripada Penyokong',19,'2021-11-27 18:19:27','2021-11-27 18:19:27',NULL),(147,25,'M','Sokongan Penyelaras Peruntukan/Bajet',50,'2021-11-27 18:23:10','2021-11-27 18:23:10',NULL),(148,25,'M','Sokongan Pemilik Bajet 2',67,'2021-11-27 18:25:52','2021-11-27 18:25:52',NULL),(149,25,'E','Maklumbalas daripada PCT',91,'2021-11-27 18:31:01','2021-11-27 18:31:02',NULL),(150,25,'F','Sokongan Pengarah Bahagian',131,'2021-11-27 18:36:05','2021-11-27 18:36:05',NULL),(151,25,'G','Sokongan TKP Satu',304,'2021-11-27 18:39:19','2021-11-27 18:39:19',NULL),(152,25,'G','Sokongan TKP Dua',307,'2021-11-27 18:41:17','2021-11-27 18:41:17',NULL),(153,25,'H','Kelulusan Terus daripada KP',9,'2021-11-27 18:53:51','2021-11-27 18:53:51','2021-11-27 18:53:51'),(154,25,'I','Mesyaurat perlu diadakan untuk pemilihan option',9,'2021-11-27 18:57:14','2021-11-27 18:57:14',NULL),(155,25,'H','Hasil daripada keputusan mesyuarat',166,'2021-11-27 19:12:14','2021-11-27 19:12:14',NULL),(156,26,'D',NULL,6,'2021-12-23 04:17:06','2021-12-23 04:17:06',NULL),(157,27,'D',NULL,6,'2021-12-28 14:57:54','2021-12-28 14:57:54',NULL),(158,27,'N',NULL,6,'2021-12-28 15:04:29','2021-12-28 15:04:30',NULL),(159,27,'S',NULL,19,'2021-12-28 15:06:17','2021-12-28 15:06:17',NULL),(160,27,'U','test PB semakan semula',50,'2021-12-28 15:18:26','2021-12-28 15:18:26',NULL),(161,27,'Y',NULL,6,'2021-12-28 15:19:25','2021-12-28 15:19:25',NULL),(162,27,'S','ok dh ni',19,'2021-12-28 15:20:29','2021-12-28 15:20:29',NULL),(163,27,'P','test submit type',50,'2021-12-28 15:30:38','2021-12-28 15:30:38',NULL),(164,27,'Y',NULL,6,'2021-12-28 15:39:11','2021-12-28 15:39:11',NULL),(165,27,'S','cun',19,'2021-12-28 15:40:10','2021-12-28 15:40:10',NULL),(166,28,'N',NULL,6,'2021-12-28 17:57:14','2021-12-28 17:57:14',NULL),(167,28,'S','sahkan sv1=sv2',131,'2021-12-28 18:01:05','2021-12-28 18:01:05',NULL),(168,29,'N',NULL,6,'2021-12-28 18:09:31','2021-12-28 18:09:31',NULL),(169,29,'T','sah dah ni tak sama',19,'2021-12-28 18:10:56','2021-12-28 18:10:56',NULL),(170,29,'S','sah dah ni tak sama',131,'2021-12-28 18:38:31','2021-12-28 18:38:31',NULL),(171,30,'N',NULL,6,'2021-12-28 18:41:59','2021-12-28 18:41:59',NULL),(172,30,'O','SAHKAN NO COST SV1=SV2',131,'2021-12-28 18:43:14','2021-12-28 18:43:14',NULL),(173,31,'N',NULL,6,'2021-12-28 18:47:00','2021-12-28 18:47:00',NULL),(174,31,'O','SAHKAN NO COST SV1 TAK SAMA SV2',19,'2021-12-28 18:47:54','2021-12-28 18:47:54',NULL),(175,31,'E','SAHKAN NO COST SV1 TAK SAMA SV2',131,'2021-12-28 18:50:38','2021-12-28 18:50:38',NULL),(176,29,'M','disokong pemilik bajet',50,'2021-12-28 18:54:13','2021-12-28 18:54:13',NULL),(177,29,'E','pct ok dh ni',91,'2021-12-28 19:27:20','2021-12-28 19:27:21',NULL),(178,32,'N',NULL,6,'2021-12-28 21:07:41','2021-12-28 21:07:41',NULL),(179,32,'T','PENYELIA SAHKAN TEST FULL MAIN 1',19,'2021-12-28 21:08:39','2021-12-28 21:08:39',NULL),(180,32,'S','PENYELIA SAHKAN TEST FULL MAIN 1',131,'2021-12-28 21:11:20','2021-12-28 21:11:20',NULL),(181,32,'M','SOKONG PERBELANJAAN TEST FULL MAIN 1',50,'2021-12-28 21:12:51','2021-12-28 21:12:51',NULL),(182,32,'M','SOKONGAN PERBELANJAAN TEST FULL MAIN 1',67,'2021-12-28 21:13:56','2021-12-28 21:13:56',NULL),(183,32,'E','SOKONGAN DARI PCT',91,'2021-12-28 21:15:00','2021-12-28 21:15:01',NULL),(184,32,'F','SOKONGAN BOM TEST FULL MAIN 1',131,'2021-12-28 21:18:02','2021-12-28 21:18:02',NULL),(185,32,'G','SOKONGAN DARI TKP',304,'2021-12-28 21:22:29','2021-12-28 21:22:29',NULL),(186,32,'I','TKP KATA PERLU MESYUARAT',307,'2021-12-28 21:24:00','2021-12-28 21:24:01',NULL),(187,32,'H','Lulus dah ni boss',9,'2021-12-28 21:35:11','2021-12-28 21:35:11',NULL),(188,34,'D',NULL,6,'2021-12-28 22:23:39','2021-12-28 22:23:39',NULL),(189,34,'N',NULL,6,'2021-12-28 22:25:07','2021-12-28 22:25:07',NULL),(190,35,'N',NULL,6,'2021-12-28 22:27:34','2021-12-28 22:27:34',NULL),(191,36,'N',NULL,6,'2021-12-28 22:30:17','2021-12-28 22:30:17',NULL),(192,37,'N',NULL,6,'2021-12-28 22:31:48','2021-12-28 22:31:48',NULL),(193,34,'T',NULL,19,'2021-12-28 22:32:51','2021-12-28 22:32:51',NULL),(194,35,'T',NULL,19,'2021-12-28 22:32:58','2021-12-28 22:32:58',NULL),(195,36,'O',NULL,19,'2021-12-28 22:33:06','2021-12-28 22:33:06',NULL),(196,37,'O',NULL,19,'2021-12-28 22:33:11','2021-12-28 22:33:11',NULL),(197,34,'S',NULL,131,'2021-12-28 22:34:11','2021-12-28 22:34:11',NULL),(198,35,'S',NULL,131,'2021-12-28 22:34:17','2021-12-28 22:34:17',NULL),(199,36,'E',NULL,131,'2021-12-28 22:34:22','2021-12-28 22:34:22',NULL),(200,37,'E',NULL,131,'2021-12-28 22:34:27','2021-12-28 22:34:27',NULL),(201,34,'M',NULL,67,'2021-12-28 22:35:19','2021-12-28 22:35:19',NULL),(202,35,'M',NULL,67,'2021-12-28 22:35:25','2021-12-28 22:35:25',NULL),(203,34,'E','ok',91,'2021-12-28 22:36:04','2021-12-28 22:36:04',NULL),(204,35,'E','ok',91,'2021-12-28 22:36:16','2021-12-28 22:36:16',NULL),(205,36,'F',NULL,131,'2021-12-28 22:37:12','2021-12-28 22:37:12',NULL),(206,37,'F',NULL,131,'2021-12-28 22:37:28','2021-12-28 22:37:28',NULL),(207,34,'F',NULL,131,'2021-12-28 22:37:28','2021-12-28 22:37:28',NULL),(208,35,'F',NULL,131,'2021-12-28 22:38:02','2021-12-28 22:38:02',NULL),(209,36,'I','saja nk meeting',304,'2021-12-28 22:39:13','2021-12-28 22:39:13',NULL),(210,37,'G',NULL,304,'2021-12-28 22:39:23','2021-12-28 22:39:23',NULL),(211,34,'I','saja nk meeting',304,'2021-12-28 22:39:30','2021-12-28 22:39:30',NULL),(212,35,'G',NULL,304,'2021-12-28 22:39:36','2021-12-28 22:39:36',NULL),(213,36,'G',NULL,307,'2021-12-28 22:40:24','2021-12-28 22:40:24',NULL),(214,37,'I','saja nk meeting',307,'2021-12-28 22:40:39','2021-12-28 22:40:39',NULL),(215,34,'G',NULL,307,'2021-12-28 22:40:44','2021-12-28 22:40:44',NULL),(216,35,'I','saja nk meeting',307,'2021-12-28 22:40:52','2021-12-28 22:40:52',NULL),(217,36,'I','perlu meeting',9,'2021-12-28 22:41:44','2021-12-28 22:41:44',NULL),(218,37,'I','perlu meeting',9,'2021-12-28 22:41:52','2021-12-28 22:41:52',NULL),(219,34,'I','perlu meeting',9,'2021-12-28 22:41:58','2021-12-28 22:41:58',NULL),(220,35,'I','perlu meeting',9,'2021-12-28 22:42:05','2021-12-28 22:42:05',NULL),(221,34,'H','test lulus tgk ok dak',166,'2021-12-29 06:08:48','2021-12-29 06:08:48',NULL),(222,36,'L','test tak lulus',166,'2021-12-29 06:10:28','2021-12-29 06:10:28',NULL);

--
-- Table structure for table `permohonan_cost`
--

CREATE TABLE `permohonan_cost` (
  `permohonan_cost_id` bigint(20) NOT NULL AUTO_INCREMENT,
  `permohonan_id` bigint(20) NOT NULL,
  `option_no` int(11) NOT NULL DEFAULT '1',
  `cost_desc` varchar(255) DEFAULT NULL,
  `is_bom_tambahan` int(11) NOT NULL DEFAULT '0',
  `sub_allocation_id` int(11) NOT NULL,
  `allocation_year_id` int(11) DEFAULT NULL,
  `owned_by` int(11) DEFAULT NULL COMMENT 'budget owner',
  `owner_response_status` char(1) NOT NULL DEFAULT 'P' COMMENT 'P-pending response,R-tidak sokong,A-sokong',
  `owner_response_remarks` text,
  `owner_response_date` datetime DEFAULT NULL,
  `previous_cost` decimal(10,2) NOT NULL DEFAULT '0.00',
  `applied_cost` decimal(10,2) NOT NULL DEFAULT '0.00',
  `asset_id` int(11) NOT NULL,
  `asset_type_id` int(11) NOT NULL,
  `expiry_date` date DEFAULT NULL,
  `is_approved` int(11) NOT NULL DEFAULT '0',
  `created_by` int(11) NOT NULL,
  `updated_by` int(11) NOT NULL,
  `created_at` timestamp NULL DEFAULT NULL,
  `updated_at` timestamp NOT NULL DEFAULT CURRENT_TIMESTAMP,
  `deleted_at` timestamp NULL DEFAULT NULL,
  PRIMARY KEY (`permohonan_cost_id`),
  KEY `idx_permohonancost_permohonanid` (`permohonan_id`),
  KEY `idx_permohonancost_suballocation` (`sub_allocation_id`),
  KEY `idx_permohonancost_asset` (`asset_id`),
  KEY `idx_permohonancost_assettype` (`asset_type_id`),
  KEY `idx_permohonancost_createdby` (`created_by`),
  KEY `idx_permohonancost_updatedby` (`updated_by`),
  KEY `idx_permohonancost_allocationyear` (`allocation_year_id`),
  KEY `idx_permohonancost_owner` (`owned_by`),
  KEY `idx_permohonancost_responsestatus` (`owner_response_status`),
  KEY `idx_permohonancost_optionno` (`option_no`)
) ENGINE=InnoDB AUTO_INCREMENT=192 DEFAULT CHARSET=latin1;

--
-- Dumping data for table `permohonan_cost`
--

INSERT INTO `permohonan_cost` VALUES (1,2,1,'PERKARA 1',0,3,11,67,'A','sokong lagi bajet11','2021-11-13 22:54:10',0.00,23000.00,2,0,'2022-11-24',0,6,6,'2021-11-11 17:07:47','2021-11-11 17:07:47',NULL),(2,2,1,'PERKARA 2',0,3,11,67,'A','sokong lagi bajet11','2021-11-13 22:54:10',0.00,12000.00,3,0,'2022-11-24',0,6,6,'2021-11-11 17:07:47','2021-11-11 17:07:47',NULL),(3,2,1,'PERKARA 3',0,21,10,50,'A','ok sokong juga','2021-11-13 22:56:32',0.00,34000.00,30,0,'2022-11-24',0,6,6,'2021-11-11 17:07:47','2021-11-11 17:07:47',NULL),(4,3,1,'PERKARA 1',0,3,11,67,'P',NULL,NULL,0.00,23000.00,3,0,'2022-11-24',0,6,6,'2021-11-12 03:55:12','2021-11-12 03:55:12','2021-11-19 06:50:25'),(5,3,1,'PERKARA 2',0,21,10,50,'P',NULL,NULL,0.00,21000.00,2,0,'2022-11-24',0,6,6,'2021-11-12 03:55:12','2021-11-12 03:55:12','2021-11-19 06:50:25'),(6,4,1,'YAHOO',0,3,11,67,'A','ok','2021-11-13 23:05:00',0.00,23100.00,3,0,'2022-11-24',1,6,6,'2021-11-12 03:59:13','2021-11-12 03:59:13',NULL),(7,8,1,'OPT 11',0,3,11,67,'P',NULL,NULL,0.00,3100.00,3,0,'2022-11-24',0,6,6,'2021-11-14 16:53:00','2021-11-14 16:53:00','2021-11-14 08:56:22'),(8,8,1,'OPT 12',0,21,10,50,'P',NULL,NULL,0.00,2310.00,4,0,'2022-11-24',0,6,6,'2021-11-14 16:53:00','2021-11-14 16:53:00','2021-11-14 08:56:22'),(9,8,2,'OPT21',0,21,10,50,'P',NULL,NULL,0.00,2300.00,1,0,'2022-11-24',1,6,6,'2021-11-14 16:53:00','2021-11-14 16:53:00','2021-11-14 08:56:22'),(10,8,2,'OPT22',0,3,11,67,'P',NULL,NULL,0.00,1100.00,6,0,'2022-11-24',1,6,6,'2021-11-14 16:53:00','2021-11-14 16:53:00','2021-11-14 08:56:22'),(11,8,2,'OPT23',0,21,10,50,'P',NULL,NULL,0.00,11.00,2,0,'2022-11-24',1,6,6,'2021-11-14 16:53:00','2021-11-14 16:53:00','2021-11-14 08:56:22'),(12,8,3,'OPT31',0,21,10,50,'P',NULL,NULL,0.00,7810.00,3,0,'2022-11-24',0,6,6,'2021-11-14 16:53:00','2021-11-14 16:53:00','2021-11-14 08:56:22'),(13,8,3,'OPT32',0,3,11,67,'P',NULL,NULL,0.00,1123.00,25,0,'2022-11-24',0,6,6,'2021-11-14 16:53:00','2021-11-14 16:53:00','2021-11-14 08:56:22'),(14,8,3,'OPT31',0,21,10,50,'P',NULL,NULL,0.00,7810.00,3,0,'2022-11-24',0,6,6,'2021-11-14 16:56:22','2021-11-14 16:56:22','2021-11-14 08:58:11'),(15,8,3,'OPT32',0,3,11,67,'P',NULL,NULL,0.00,1123.00,25,0,'2022-11-24',0,6,6,'2021-11-14 16:56:22','2021-11-14 16:56:22','2021-11-14 08:58:11'),(16,8,1,'OPT13',0,21,10,50,'P',NULL,NULL,0.00,2100.00,18,0,'2022-11-24',0,6,6,'2021-11-14 16:56:22','2021-11-14 16:56:22','2021-11-14 08:58:11'),(17,8,2,'OPT23',0,21,10,50,'P',NULL,NULL,0.00,11.00,2,0,'2022-11-24',1,6,6,'2021-11-14 16:56:22','2021-11-14 16:56:22','2021-11-14 08:58:11'),(18,8,2,'OPT24',0,3,11,67,'P',NULL,NULL,0.00,43001.00,27,0,'2022-11-24',1,6,6,'2021-11-14 16:56:22','2021-11-14 16:56:22','2021-11-14 08:58:11'),(19,8,3,'OPT33',0,21,10,50,'P',NULL,NULL,0.00,2100.00,11,0,'2022-11-24',0,6,6,'2021-11-14 16:56:22','2021-11-14 16:56:22','2021-11-14 08:58:11'),(20,8,3,'OPT31',0,21,10,50,'P',NULL,NULL,0.00,7810.00,3,0,'2022-11-24',0,6,6,'2021-11-14 16:58:11','2021-11-14 16:58:11','2021-11-14 08:58:20'),(21,8,1,'OPT11',0,3,11,67,'P',NULL,NULL,0.00,2300.00,2,0,'2022-11-24',0,6,6,'2021-11-14 16:58:11','2021-11-14 16:58:11','2021-11-14 08:58:20'),(22,8,1,'OPT12',0,21,10,50,'P',NULL,NULL,0.00,1100.00,3,0,'2022-11-24',0,6,6,'2021-11-14 16:58:11','2021-11-14 16:58:11','2021-11-14 08:58:20'),(23,8,3,'OPT32',0,3,11,67,'P',NULL,NULL,0.00,1123.00,25,0,'2022-11-24',0,6,6,'2021-11-14 16:58:11','2021-11-14 16:58:11','2021-11-14 08:58:20'),(24,8,3,'OPT33',0,21,10,50,'P',NULL,NULL,0.00,2100.00,11,0,'2022-11-24',0,6,6,'2021-11-14 16:58:11','2021-11-14 16:58:11','2021-11-14 08:58:20'),(25,8,3,'OPT31',0,21,10,50,'P',NULL,NULL,0.00,7810.00,3,0,'2022-11-24',0,6,6,'2021-11-14 16:58:20','2021-11-14 16:58:20','2021-11-14 08:58:49'),(26,8,3,'OPT32',0,3,11,67,'P',NULL,NULL,0.00,1123.00,25,0,'2022-11-24',0,6,6,'2021-11-14 16:58:20','2021-11-14 16:58:20','2021-11-14 08:58:49'),(27,8,3,'OPT33',0,21,10,50,'P',NULL,NULL,0.00,2100.00,11,0,'2022-11-24',0,6,6,'2021-11-14 16:58:20','2021-11-14 16:58:20','2021-11-14 08:58:49'),(28,8,3,'OPT31',0,21,10,50,'P',NULL,NULL,0.00,7810.00,3,0,'2022-11-24',0,6,6,'2021-11-14 16:58:49','2021-11-14 16:58:49','2021-11-14 08:59:12'),(29,8,3,'OPT32',0,3,11,67,'P',NULL,NULL,0.00,1123.00,25,0,'2022-11-24',0,6,6,'2021-11-14 16:58:49','2021-11-14 16:58:49','2021-11-14 08:59:12'),(30,8,3,'OPT33',0,21,10,50,'P',NULL,NULL,0.00,2100.00,11,0,'2022-11-24',0,6,6,'2021-11-14 16:58:49','2021-11-14 16:58:49','2021-11-14 08:59:12'),(31,8,3,'OPT31',0,21,10,50,'P',NULL,NULL,0.00,7810.00,3,0,'2022-11-24',0,6,6,'2021-11-14 16:59:12','2021-11-14 16:59:12','2021-11-14 09:01:50'),(32,8,3,'OPT32',0,3,11,67,'P',NULL,NULL,0.00,1123.00,25,0,'2022-11-24',0,6,6,'2021-11-14 16:59:12','2021-11-14 16:59:12','2021-11-14 09:01:50'),(33,8,3,'OPT33',0,21,10,50,'P',NULL,NULL,0.00,2100.00,11,0,'2022-11-24',0,6,6,'2021-11-14 16:59:12','2021-11-14 16:59:12','2021-11-14 09:01:50'),(34,8,3,'OPT34',0,21,10,50,'P',NULL,NULL,0.00,3100.00,3,0,'2022-11-24',0,6,6,'2021-11-14 16:59:12','2021-11-14 16:59:12','2021-11-14 09:01:50'),(35,8,1,'OPT11',0,3,11,67,'P',NULL,NULL,0.00,21.00,2,0,'2022-11-24',0,6,6,'2021-11-14 17:07:20','2021-11-14 17:07:20','2021-11-14 09:24:58'),(36,8,1,'OPT12',0,21,10,50,'P',NULL,NULL,0.00,24.00,2,0,'2022-11-24',0,6,6,'2021-11-14 17:07:20','2021-11-14 17:07:20','2021-11-14 09:24:58'),(37,8,2,'OPT21',0,3,11,67,'P',NULL,NULL,0.00,11.00,3,0,'2022-11-24',1,6,6,'2021-11-14 17:07:20','2021-11-14 17:07:20','2021-11-14 09:24:58'),(38,8,2,'OPT22',0,3,11,67,'P',NULL,NULL,0.00,22.00,2,0,'2022-11-24',1,6,6,'2021-11-14 17:07:20','2021-11-14 17:07:20','2021-11-14 09:24:58'),(39,8,2,'OPT23',0,21,10,50,'P',NULL,NULL,0.00,33.00,8,0,'2022-11-24',1,6,6,'2021-11-14 17:07:20','2021-11-14 17:07:20','2021-11-14 09:24:58'),(40,8,3,'OPT31',0,21,10,50,'P',NULL,NULL,0.00,230.00,2,0,'2022-11-24',0,6,6,'2021-11-14 17:07:20','2021-11-14 17:07:20','2021-11-14 09:24:58'),(41,8,1,'OPT11',0,3,11,67,'P',NULL,NULL,0.00,21.00,2,0,'2022-11-24',0,6,6,'2021-11-14 17:24:58','2021-11-14 17:24:58','2021-11-14 09:37:38'),(42,8,1,'OPT13',0,21,10,50,'P',NULL,NULL,0.00,3210.00,3,0,'2022-11-24',0,6,6,'2021-11-14 17:24:58','2021-11-14 17:24:58','2021-11-14 09:37:38'),(43,8,2,'OPT21',0,3,11,67,'P',NULL,NULL,0.00,11.00,3,0,'2022-11-24',1,6,6,'2021-11-14 17:24:58','2021-11-14 17:24:58','2021-11-14 09:37:38'),(44,8,2,'OPT23',0,21,10,50,'P',NULL,NULL,0.00,33.00,8,0,'2022-11-24',1,6,6,'2021-11-14 17:24:58','2021-11-14 17:24:58','2021-11-14 09:37:38'),(45,8,2,'OPT24',0,3,11,67,'P',NULL,NULL,0.00,0.00,2,0,'2022-11-24',1,6,6,'2021-11-14 17:24:58','2021-11-14 17:24:58','2021-11-14 09:37:38'),(46,8,3,'OPT32',0,21,10,50,'P',NULL,NULL,0.00,1200.00,1,0,'2022-11-24',0,6,6,'2021-11-14 17:24:58','2021-11-14 17:24:58','2021-11-14 09:37:38'),(47,8,3,'OPT33',0,21,10,50,'P',NULL,NULL,0.00,1100.00,8,0,'2022-11-24',0,6,6,'2021-11-14 17:24:58','2021-11-14 17:24:58','2021-11-14 09:37:38'),(48,8,1,'OPT11',0,3,11,67,'P',NULL,NULL,0.00,21.00,2,0,'2022-11-24',0,6,6,'2021-11-14 17:37:38','2021-11-14 17:37:38','2021-11-14 09:38:05'),(49,8,1,'OPT13',0,21,10,50,'P',NULL,NULL,0.00,3210.00,3,0,'2022-11-24',0,6,6,'2021-11-14 17:37:38','2021-11-14 17:37:38','2021-11-14 09:38:05'),(50,8,2,'OPT21',0,3,11,67,'P',NULL,NULL,0.00,111.00,3,0,'2022-11-24',1,6,6,'2021-11-14 17:37:38','2021-11-14 17:37:38','2021-11-14 09:38:05'),(51,8,2,'OPT23',0,21,10,50,'P',NULL,NULL,0.00,222.00,8,0,'2022-11-24',1,6,6,'2021-11-14 17:37:38','2021-11-14 17:37:38','2021-11-14 09:38:05'),(52,8,2,'OPT24',0,3,11,67,'P',NULL,NULL,0.00,333.00,2,0,'2022-11-24',1,6,6,'2021-11-14 17:37:38','2021-11-14 17:37:38','2021-11-14 09:38:05'),(53,8,3,'OPT32',0,21,10,50,'P',NULL,NULL,0.00,2100.00,1,0,'2022-11-24',0,6,6,'2021-11-14 17:37:38','2021-11-14 17:37:38','2021-11-14 09:38:05'),(54,8,3,'OPT33',0,21,10,50,'P',NULL,NULL,0.00,3100.00,8,0,'2022-11-24',0,6,6,'2021-11-14 17:37:38','2021-11-14 17:37:38','2021-11-14 09:38:05'),(55,8,1,'OPT11',0,3,11,67,'P',NULL,NULL,0.00,21.00,2,0,'2022-11-24',0,6,6,'2021-11-14 17:38:05','2021-11-14 17:38:05','2021-11-14 09:52:08'),(56,8,1,'OPT13',0,21,10,50,'P',NULL,NULL,0.00,3210.00,3,0,'2022-11-24',0,6,6,'2021-11-14 17:38:05','2021-11-14 17:38:05','2021-11-14 09:52:08'),(57,8,2,'OPT21',0,3,11,67,'P',NULL,NULL,0.00,111.00,3,0,'2022-11-24',1,6,6,'2021-11-14 17:38:05','2021-11-14 17:38:05','2021-11-14 09:52:08'),(58,8,2,'OPT23',0,21,10,50,'P',NULL,NULL,0.00,222.00,8,0,'2022-11-24',1,6,6,'2021-11-14 17:38:05','2021-11-14 17:38:05','2021-11-14 09:52:08'),(59,8,2,'OPT24',0,3,11,67,'P',NULL,NULL,0.00,333.00,2,0,'2022-11-24',1,6,6,'2021-11-14 17:38:05','2021-11-14 17:38:05','2021-11-14 09:52:08'),(60,8,3,'OPT32',0,21,10,50,'P',NULL,NULL,0.00,2100.00,1,0,'2022-11-24',0,6,6,'2021-11-14 17:38:05','2021-11-14 17:38:05','2021-11-14 09:52:08'),(61,8,3,'OPT33',0,21,10,50,'P',NULL,NULL,0.00,3100.00,8,0,'2022-11-24',0,6,6,'2021-11-14 17:38:05','2021-11-14 17:38:05','2021-11-14 09:52:08'),(62,8,1,'OPT11',0,3,11,67,'P',NULL,NULL,0.00,21.00,2,0,'2022-11-24',0,6,6,'2021-11-14 17:52:08','2021-11-14 17:52:08','2021-11-14 10:02:02'),(63,8,1,'OPT13',0,21,10,50,'P',NULL,NULL,0.00,3210.00,3,0,'2022-11-24',0,6,6,'2021-11-14 17:52:08','2021-11-14 17:52:08','2021-11-14 10:02:02'),(64,8,2,'OPT21',0,3,11,67,'P',NULL,NULL,0.00,111.00,3,0,'2022-11-24',1,6,6,'2021-11-14 17:52:08','2021-11-14 17:52:08','2021-11-14 10:02:02'),(65,8,2,'OPT23',0,21,10,50,'P',NULL,NULL,0.00,222.00,8,0,'2022-11-24',1,6,6,'2021-11-14 17:52:08','2021-11-14 17:52:08','2021-11-14 10:02:02'),(66,8,2,'OPT24',0,3,11,67,'P',NULL,NULL,0.00,333.00,2,0,'2022-11-24',1,6,6,'2021-11-14 17:52:08','2021-11-14 17:52:08','2021-11-14 10:02:02'),(67,8,3,'OPT32',0,21,10,50,'P',NULL,NULL,0.00,2100.00,1,0,'2022-11-24',0,6,6,'2021-11-14 17:52:08','2021-11-14 17:52:08','2021-11-14 10:02:02'),(68,8,3,'OPT33',0,21,10,50,'P',NULL,NULL,0.00,3100.00,8,0,'2022-11-24',0,6,6,'2021-11-14 17:52:08','2021-11-14 17:52:08','2021-11-14 10:02:02'),(69,8,1,'OPT11',0,3,11,67,'P',NULL,NULL,0.00,21.00,2,0,'2022-11-24',0,6,6,'2021-11-14 18:02:02','2021-11-14 18:02:02','2021-11-14 10:11:54'),(70,8,1,'OPT13',0,21,10,50,'P',NULL,NULL,0.00,3210.00,3,0,'2022-11-24',0,6,6,'2021-11-14 18:02:02','2021-11-14 18:02:02','2021-11-14 10:11:54'),(71,8,2,'OPT21',0,3,11,67,'P',NULL,NULL,0.00,111.00,3,0,'2022-11-24',1,6,6,'2021-11-14 18:02:02','2021-11-14 18:02:02','2021-11-14 10:11:54'),(72,8,2,'OPT23',0,21,10,50,'P',NULL,NULL,0.00,222.00,8,0,'2022-11-24',1,6,6,'2021-11-14 18:02:02','2021-11-14 18:02:02','2021-11-14 10:11:54'),(73,8,2,'OPT24',0,3,11,67,'P',NULL,NULL,0.00,333.00,2,0,'2022-11-24',1,6,6,'2021-11-14 18:02:02','2021-11-14 18:02:02','2021-11-14 10:11:54'),(74,8,3,'OPT32',0,21,10,50,'P',NULL,NULL,0.00,2100.00,1,0,'2022-11-24',0,6,6,'2021-11-14 18:02:02','2021-11-14 18:02:02','2021-11-14 10:11:54'),(75,8,3,'OPT33',0,21,10,50,'P',NULL,NULL,0.00,3100.00,8,0,'2022-11-24',0,6,6,'2021-11-14 18:02:02','2021-11-14 18:02:02','2021-11-14 10:11:54'),(76,8,1,'OPT11',0,3,11,67,'P',NULL,NULL,0.00,21.00,2,0,'2022-11-24',0,6,6,'2021-11-14 18:11:54','2021-11-14 18:11:54','2021-11-14 10:45:02'),(77,8,1,'OPT13',0,21,10,50,'P',NULL,NULL,0.00,3210.00,3,0,'2022-11-24',0,6,6,'2021-11-14 18:11:54','2021-11-14 18:11:54','2021-11-14 10:45:02'),(78,8,2,'OPT21',0,3,11,67,'P',NULL,NULL,0.00,111.00,3,0,'2022-11-24',1,6,6,'2021-11-14 18:11:54','2021-11-14 18:11:54','2021-11-14 10:45:02'),(79,8,2,'OPT23',0,21,10,50,'P',NULL,NULL,0.00,222.00,8,0,'2022-11-24',1,6,6,'2021-11-14 18:11:54','2021-11-14 18:11:54','2021-11-14 10:45:02'),(80,8,2,'OPT24',0,3,11,67,'P',NULL,NULL,0.00,333.00,2,0,'2022-11-24',1,6,6,'2021-11-14 18:11:54','2021-11-14 18:11:54','2021-11-14 10:45:02'),(81,8,3,'OPT32',0,21,10,50,'P',NULL,NULL,0.00,2100.00,1,0,'2022-11-24',0,6,6,'2021-11-14 18:11:54','2021-11-14 18:11:54','2021-11-14 10:45:02'),(82,8,3,'OPT33',0,21,10,50,'P',NULL,NULL,0.00,3100.00,8,0,'2022-11-24',0,6,6,'2021-11-14 18:11:54','2021-11-14 18:11:54','2021-11-14 10:45:02'),(83,8,1,'OPT11',0,3,11,67,'P',NULL,NULL,0.00,21.00,2,0,'2022-11-24',0,6,6,'2021-11-14 18:45:02','2021-11-14 18:45:02','2021-11-14 10:45:15'),(84,8,1,'OPT13',0,21,10,50,'P',NULL,NULL,0.00,3210.00,3,0,'2022-11-24',0,6,6,'2021-11-14 18:45:02','2021-11-14 18:45:02','2021-11-14 10:45:15'),(85,8,2,'OPT21',0,3,11,67,'P',NULL,NULL,0.00,111.00,3,0,'2022-11-24',1,6,6,'2021-11-14 18:45:02','2021-11-14 18:45:02','2021-11-14 10:45:15'),(86,8,2,'OPT23',0,21,10,50,'P',NULL,NULL,0.00,222.00,8,0,'2022-11-24',1,6,6,'2021-11-14 18:45:02','2021-11-14 18:45:02','2021-11-14 10:45:15'),(87,8,2,'OPT24',0,3,11,67,'P',NULL,NULL,0.00,333.00,2,0,'2022-11-24',1,6,6,'2021-11-14 18:45:02','2021-11-14 18:45:02','2021-11-14 10:45:15'),(88,8,3,'OPT32',0,21,10,50,'P',NULL,NULL,0.00,2100.00,1,0,'2022-11-24',0,6,6,'2021-11-14 18:45:02','2021-11-14 18:45:02','2021-11-14 10:45:15'),(89,8,3,'OPT33',0,21,10,50,'P',NULL,NULL,0.00,3100.00,8,0,'2022-11-24',0,6,6,'2021-11-14 18:45:02','2021-11-14 18:45:02','2021-11-14 10:45:15'),(90,8,1,'OPT11',0,3,11,67,'A',NULL,'2021-11-15 02:54:54',0.00,21.00,2,0,'2022-11-24',0,6,6,'2021-11-14 18:45:15','2021-11-14 18:45:15',NULL),(91,8,1,'OPT13',0,21,10,50,'A',NULL,'2021-11-15 02:54:22',0.00,3210.00,3,0,'2022-11-24',0,6,6,'2021-11-14 18:45:15','2021-11-14 18:45:15',NULL),(92,8,2,'OPT21',0,3,11,67,'A',NULL,'2021-11-15 02:54:54',0.00,111.00,3,0,'2022-11-24',1,6,6,'2021-11-14 18:45:15','2021-11-14 18:45:15',NULL),(93,8,2,'OPT23',0,21,10,50,'A',NULL,'2021-11-15 02:54:22',0.00,222.00,8,0,'2022-11-24',1,6,6,'2021-11-14 18:45:15','2021-11-14 18:45:15',NULL),(94,8,2,'OPT24',0,3,11,67,'A',NULL,'2021-11-15 02:54:54',0.00,333.00,2,0,'2022-11-24',1,6,6,'2021-11-14 18:45:15','2021-11-14 18:45:15',NULL),(95,8,3,'OPT32',0,21,10,50,'A',NULL,'2021-11-15 02:54:22',0.00,2100.00,1,0,'2022-11-24',0,6,6,'2021-11-14 18:45:15','2021-11-14 18:45:15',NULL),(96,8,3,'OPT33',0,21,10,50,'A',NULL,'2021-11-15 02:54:22',0.00,3100.00,8,0,'2022-11-24',0,6,6,'2021-11-14 18:45:15','2021-11-14 18:45:15',NULL),(97,12,1,'PERKARA 1',0,21,10,50,'A','SOKONGAN PEMILIK BAJET','2021-11-18 00:48:05',0.00,3200.00,2,0,'2022-11-24',0,6,6,'2021-11-17 16:36:47','2021-11-17 16:36:47',NULL),(98,12,2,'PERKARA 2',0,21,10,50,'A','SOKONGAN PEMILIK BAJET','2021-11-18 00:48:05',0.00,5000.00,3,0,'2022-11-24',0,6,6,'2021-11-17 16:36:48','2021-11-17 16:36:48',NULL),(99,12,3,'PERKARA 3',0,21,10,50,'A','SOKONGAN PEMILIK BAJET','2021-11-18 00:48:05',0.00,10000.00,7,0,'2022-11-24',1,6,6,'2021-11-17 16:36:48','2021-11-17 16:36:48',NULL),(100,9,1,'KOS 1',0,21,10,50,'A','SOKONGAN PEMILIK BAJET','2021-11-18 00:48:32',0.00,3421.00,3,0,'2022-11-24',1,6,6,'2021-11-17 16:40:28','2021-11-17 16:40:28',NULL),(101,9,1,'KOS 2',0,21,10,50,'A','SOKONGAN PEMILIK BAJET','2021-11-18 00:48:32',0.00,3410.00,32,0,'2022-11-24',1,6,6,'2021-11-17 16:40:28','2021-11-17 16:40:28',NULL),(105,15,1,'PERKARA EXPENSE 1',0,21,10,50,'P',NULL,NULL,0.00,23100.00,1,0,'2022-11-24',0,6,6,'2021-11-19 07:10:42','2021-11-19 07:10:42','2021-11-18 23:11:07'),(106,15,1,'PERKARA EXPENSE 2',0,3,11,67,'P',NULL,NULL,0.00,2100.00,2,0,'2022-11-24',0,6,6,'2021-11-19 07:10:42','2021-11-19 07:10:42','2021-11-18 23:11:07'),(107,15,1,'PERKARA EXPENSE 3',0,21,10,50,'P',NULL,NULL,0.00,3100.00,3,0,'2022-11-24',0,6,6,'2021-11-19 07:10:42','2021-11-19 07:10:42','2021-11-18 23:11:07'),(108,15,2,'PERKARA EXPENSE 4',0,3,11,67,'P',NULL,NULL,0.00,31200.00,4,0,'2022-11-24',1,6,6,'2021-11-19 07:10:42','2021-11-19 07:10:42','2021-11-18 23:11:07'),(109,15,2,'PERKARA EXPENSE 5',0,21,10,50,'P',NULL,NULL,0.00,210.90,16,0,'2022-11-24',1,6,6,'2021-11-19 07:10:42','2021-11-19 07:10:42','2021-11-18 23:11:07'),(110,15,1,'PERKARA EXPENSE 1',0,21,10,50,'P',NULL,NULL,0.00,23100.00,1,0,'2022-11-24',0,6,6,'2021-11-19 07:11:07','2021-11-19 07:11:07','2021-11-18 23:22:59'),(111,15,1,'PERKARA EXPENSE 2',0,3,11,67,'P',NULL,NULL,0.00,2100.00,2,0,'2022-11-24',0,6,6,'2021-11-19 07:11:07','2021-11-19 07:11:07','2021-11-18 23:22:59'),(112,15,1,'PERKARA EXPENSE 3',0,21,10,50,'P',NULL,NULL,0.00,3100.00,3,0,'2022-11-24',0,6,6,'2021-11-19 07:11:07','2021-11-19 07:11:07','2021-11-18 23:22:59'),(113,15,2,'PERKARA EXPENSE 4',0,3,11,67,'P',NULL,NULL,0.00,31200.00,4,0,'2022-11-24',1,6,6,'2021-11-19 07:11:07','2021-11-19 07:11:07','2021-11-18 23:22:59'),(114,15,2,'PERKARA EXPENSE 5',0,21,10,50,'P',NULL,NULL,0.00,210.90,16,0,'2022-11-24',1,6,6,'2021-11-19 07:11:07','2021-11-19 07:11:07','2021-11-18 23:22:59'),(115,15,1,'PERKARA EXPENSE 1',0,21,10,50,'P',NULL,NULL,0.00,23100.00,1,0,'2022-11-24',0,6,6,'2021-11-19 07:22:59','2021-11-19 07:22:59','2021-11-18 23:27:33'),(116,15,1,'PERKARA EXPENSE 2',0,3,11,67,'P',NULL,NULL,0.00,2100.00,2,0,'2022-11-24',0,6,6,'2021-11-19 07:22:59','2021-11-19 07:22:59','2021-11-18 23:27:33'),(117,15,1,'PERKARA EXPENSE 3',0,21,10,50,'P',NULL,NULL,0.00,3100.00,3,0,'2022-11-24',0,6,6,'2021-11-19 07:22:59','2021-11-19 07:22:59','2021-11-18 23:27:33'),(118,15,2,'PERKARA EXPENSE 4',0,3,11,67,'P',NULL,NULL,0.00,31200.00,4,0,'2022-11-24',1,6,6,'2021-11-19 07:22:59','2021-11-19 07:22:59','2021-11-18 23:27:33'),(119,15,2,'PERKARA EXPENSE 5',0,21,10,50,'P',NULL,NULL,0.00,210.90,16,0,'2022-11-24',1,6,6,'2021-11-19 07:22:59','2021-11-19 07:22:59','2021-11-18 23:27:33'),(120,15,1,'PERKARA EXPENSE 1',0,21,10,50,'A','sokongan pemilik bajet 1','2021-11-19 15:45:12',0.00,23100.00,1,0,'2022-11-24',0,6,6,'2021-11-19 07:27:33','2021-11-19 07:27:33',NULL),(121,15,1,'PERKARA EXPENSE 2',0,3,11,67,'A','sokongan pemilik bajet 2','2021-11-19 15:48:31',0.00,2100.00,2,0,'2022-11-24',0,6,6,'2021-11-19 07:27:33','2021-11-19 07:27:33',NULL),(122,15,1,'PERKARA EXPENSE 3',0,21,10,50,'A','sokongan pemilik bajet 1','2021-11-19 15:45:12',0.00,3100.00,3,0,'2022-11-24',0,6,6,'2021-11-19 07:27:33','2021-11-19 07:27:33',NULL),(123,15,2,'PERKARA EXPENSE 4',0,3,11,67,'A','sokongan pemilik bajet 2','2021-11-19 15:48:31',0.00,31200.00,4,0,'2022-11-24',1,6,6,'2021-11-19 07:27:33','2021-11-19 07:27:33',NULL),(124,15,2,'PERKARA EXPENSE 5',0,21,10,50,'A','sokongan pemilik bajet 1','2021-11-19 15:45:12',0.00,210.90,16,0,'2022-11-24',1,6,6,'2021-11-19 07:27:33','2021-11-19 07:27:33',NULL),(130,3,1,'PERKARA 1',0,3,11,67,'P',NULL,NULL,0.00,23000.00,3,0,'2022-11-24',0,6,6,'2021-11-19 14:50:25','2021-11-19 14:50:25','2021-11-19 06:53:07'),(131,3,1,'PERKARA 2',0,21,10,50,'P',NULL,NULL,0.00,21000.00,2,0,'2022-11-24',0,6,6,'2021-11-19 14:50:25','2021-11-19 14:50:25','2021-11-19 06:53:07'),(132,3,1,'PERKARA 1',0,3,11,67,'P',NULL,NULL,0.00,23000.00,3,0,'2022-11-24',0,6,6,'2021-11-19 14:53:07','2021-11-19 14:53:07','2021-11-19 06:53:17'),(133,3,1,'PERKARA 2',0,21,10,50,'P',NULL,NULL,0.00,21000.00,2,0,'2022-11-24',0,6,6,'2021-11-19 14:53:07','2021-11-19 14:53:07','2021-11-19 06:53:17'),(134,3,1,'PERKARA 1',0,3,11,67,'P',NULL,NULL,0.00,23000.00,3,0,'2022-11-24',0,3,3,'2021-11-19 14:53:17','2021-11-19 14:53:17','2021-11-19 06:54:14'),(135,3,1,'PERKARA 2',0,21,10,50,'P',NULL,NULL,0.00,21000.00,2,0,'2022-11-24',0,3,3,'2021-11-19 14:53:17','2021-11-19 14:53:17','2021-11-19 06:54:14'),(136,3,1,'PERKARA 1',0,3,11,67,'P',NULL,NULL,0.00,23000.00,3,0,'2022-11-24',0,6,6,'2021-11-19 14:54:14','2021-11-19 14:54:14','2021-11-19 06:54:53'),(137,3,1,'PERKARA 2',0,21,10,50,'P',NULL,NULL,0.00,21000.00,2,0,'2022-11-24',0,6,6,'2021-11-19 14:54:14','2021-11-19 14:54:14','2021-11-19 06:54:53'),(138,3,1,'PERKARA 1',0,3,11,67,'P',NULL,NULL,0.00,23000.00,3,0,'2022-11-24',0,3,3,'2021-11-19 14:54:53','2021-11-19 14:54:53','2021-11-19 06:56:30'),(139,3,1,'PERKARA 2',0,21,10,50,'P',NULL,NULL,0.00,21000.00,2,0,'2022-11-24',0,3,3,'2021-11-19 14:54:53','2021-11-19 14:54:53','2021-11-19 06:56:30'),(140,3,1,'PERKARA 1',0,3,11,67,'P',NULL,NULL,0.00,23000.00,3,0,'2022-11-24',0,3,3,'2021-11-19 14:56:30','2021-11-19 14:56:30',NULL),(141,3,1,'PERKARA 2',0,21,10,50,'P',NULL,NULL,0.00,21000.00,2,0,'2022-11-24',0,3,3,'2021-11-19 14:56:30','2021-11-19 14:56:30',NULL),(142,3,1,'PERKARA 4',0,21,10,50,'P',NULL,NULL,0.00,0.00,3,0,'2022-11-24',0,3,3,'2021-11-19 14:56:30','2021-11-19 14:56:30',NULL),(143,21,1,'PERKARA EXPENSE 4',0,3,11,67,'P',NULL,NULL,31200.00,0.00,4,0,NULL,0,6,6,'2021-11-24 09:56:10','2021-11-24 09:56:10',NULL),(144,21,1,'PERKARA EXPENSE 5',0,21,10,50,'P',NULL,NULL,210.90,0.00,16,0,NULL,0,6,6,'2021-11-24 09:56:10','2021-11-24 09:56:10',NULL),(145,23,1,'PERKARA EXPENSE 4',0,3,11,67,'P',NULL,NULL,31200.00,0.00,4,0,NULL,0,6,6,'2021-11-24 10:03:59','2021-11-24 10:03:59',NULL),(146,23,1,'PERKARA EXPENSE 5',0,21,10,50,'P',NULL,NULL,210.90,0.00,16,0,NULL,0,6,6,'2021-11-24 10:03:59','2021-11-24 10:03:59',NULL),(147,24,1,'PERKARA EXPENSE 4',0,3,11,67,'P',NULL,NULL,31200.00,31000.00,4,0,NULL,0,6,6,'2021-11-25 14:46:31','2021-12-24 02:53:22',NULL),(148,24,1,'PERKARA EXPENSE 5',0,21,10,50,'P',NULL,NULL,210.90,210.80,16,0,NULL,0,6,6,'2021-11-25 14:46:31','2021-12-24 02:53:22',NULL),(149,25,1,'OPTION SATU - PERKARA SATU',0,3,11,67,'A','Sokongan Pemilik Bajet 2','2021-11-28 02:25:52',0.00,12500.00,3,0,'2022-11-28',1,6,6,'2021-11-27 18:13:29','2021-11-27 18:13:29',NULL),(150,25,1,'OPTION SATU - PERKARA DUA',0,21,10,50,'A','Sokongan Penyelaras Peruntukan/Bajet','2021-11-28 02:23:10',0.00,10120.00,2,0,'2022-11-28',1,6,6,'2021-11-27 18:13:29','2021-11-27 18:13:29',NULL),(151,25,2,'OPTION DUA - PERKARA SATU',0,21,10,50,'A','Sokongan Penyelaras Peruntukan/Bajet','2021-11-28 02:23:10',0.00,32180.90,32,0,NULL,0,6,6,'2021-11-27 18:13:29','2021-11-27 18:13:29',NULL),(152,25,2,'OPTION DUA - PERKARA DUA',0,3,11,67,'A','Sokongan Pemilik Bajet 2','2021-11-28 02:25:52',0.00,0.00,3,0,NULL,0,6,6,'2021-11-27 18:13:29','2021-11-27 18:13:29',NULL),(153,24,1,'PERKARA EXPENSE 6',1,3,11,67,'P',NULL,NULL,0.00,400.20,4,0,NULL,0,6,6,'2021-12-01 15:38:58','2021-12-01 15:38:58','2021-12-01 07:39:18'),(154,24,1,'PERKARA EXPENSE 7',1,21,10,50,'P',NULL,NULL,0.00,320.10,2,0,NULL,0,6,6,'2021-12-01 15:38:58','2021-12-01 15:38:58','2021-12-01 07:39:18'),(155,24,1,'PERKARA EXPENSE 6',1,3,11,67,'P',NULL,NULL,0.00,400.20,4,0,NULL,0,6,6,'2021-12-01 15:39:18','2021-12-01 15:39:18','2021-12-01 07:39:49'),(156,24,1,'PERKARA EXPENSE 7',1,21,10,50,'P',NULL,NULL,0.00,320.10,2,0,NULL,0,6,6,'2021-12-01 15:39:18','2021-12-01 15:39:18','2021-12-01 07:39:49'),(157,24,1,'PERKARA EXPENSE 6',1,3,11,67,'P',NULL,NULL,0.00,500.90,4,0,NULL,0,6,6,'2021-12-01 15:39:49','2021-12-01 15:39:49','2021-12-01 07:42:00'),(158,24,1,'PERKARA EXPENSE 7',1,21,10,50,'P',NULL,NULL,0.00,300.90,2,0,NULL,0,6,6,'2021-12-01 15:39:49','2021-12-01 15:39:49','2021-12-01 07:42:00'),(159,24,1,'PERKARA EXPENSE 6',1,3,11,67,'P',NULL,NULL,0.00,500.90,4,0,NULL,0,6,6,'2021-12-01 15:42:00','2021-12-01 15:42:00','2021-12-23 18:53:22'),(160,24,1,'PERKARA EXPENSE 7',1,21,10,50,'P',NULL,NULL,0.00,300.90,2,0,NULL,0,6,6,'2021-12-01 15:42:00','2021-12-01 15:42:00','2021-12-23 18:53:22'),(161,26,1,'PERKARA 1',0,3,11,67,'P',NULL,NULL,0.00,2310.00,3,0,NULL,0,6,6,'2021-12-24 02:37:52','2021-12-24 02:37:52','2021-12-23 18:38:16'),(162,26,1,'PERKARA 3',0,21,10,50,'P',NULL,NULL,0.00,1200.00,2,0,NULL,0,6,6,'2021-12-24 02:37:52','2021-12-24 02:37:52','2021-12-23 18:38:16'),(163,26,1,'PEERKARA 4',0,21,10,50,'P',NULL,NULL,0.00,1200.00,3,0,NULL,0,6,6,'2021-12-24 02:37:52','2021-12-24 02:37:52','2021-12-23 18:38:16'),(164,26,1,'PERKARA 1',0,3,11,67,'P',NULL,NULL,0.00,2310.00,3,0,NULL,0,6,6,'2021-12-24 02:38:16','2021-12-24 02:38:16','2021-12-23 18:39:14'),(165,26,1,'PERKARA 3',0,21,10,50,'P',NULL,NULL,0.00,1200.00,2,0,NULL,0,6,6,'2021-12-24 02:38:16','2021-12-24 02:38:16','2021-12-23 18:39:14'),(166,26,1,'PEERKARA 4',0,21,10,50,'P',NULL,NULL,0.00,1200.00,3,0,NULL,0,6,6,'2021-12-24 02:38:16','2021-12-24 02:38:16','2021-12-23 18:39:14'),(167,26,1,'PERKARA 1',0,3,11,67,'P',NULL,NULL,0.00,2310.00,3,0,NULL,0,6,6,'2021-12-24 02:39:14','2021-12-24 02:39:14',NULL),(168,26,1,'PERKARA 3',0,21,10,50,'P',NULL,NULL,0.00,1200.00,2,0,NULL,0,6,6,'2021-12-24 02:39:14','2021-12-24 02:39:14',NULL),(169,26,1,'PEERKARA 4',0,21,10,50,'P',NULL,NULL,0.00,1200.00,3,0,NULL,0,6,6,'2021-12-24 02:39:14','2021-12-24 02:39:14',NULL),(170,26,1,'PERKARA 7',0,3,11,67,'P',NULL,NULL,0.00,1200.00,1,0,NULL,0,6,6,'2021-12-24 02:39:14','2021-12-24 02:39:14',NULL),(171,26,1,'PERKARA 8',0,21,10,50,'P',NULL,NULL,0.00,2400.00,1,0,NULL,0,6,6,'2021-12-24 02:39:14','2021-12-24 02:39:14',NULL),(172,26,1,'PERKARA 10',0,21,10,50,'P',NULL,NULL,0.00,1300.00,30,0,NULL,0,6,6,'2021-12-24 02:39:14','2021-12-24 02:39:14',NULL),(173,24,1,'PERKARA EXPENSE 6',1,3,11,67,'P',NULL,NULL,0.00,500.90,4,0,NULL,0,6,6,'2021-12-24 02:53:22','2021-12-24 02:53:22',NULL),(174,24,1,'PERKARA EXPENSE 7',1,21,10,50,'P',NULL,NULL,0.00,300.90,2,0,NULL,0,6,6,'2021-12-24 02:53:22','2021-12-24 02:53:22',NULL),(175,24,1,'PERKARA EXPENSE 9',1,21,10,50,'P',NULL,NULL,0.00,4000.90,3,0,NULL,0,6,6,'2021-12-24 02:53:22','2021-12-24 02:53:22',NULL),(176,27,1,'TEST 123',0,3,11,67,'P',NULL,NULL,0.00,200.00,0,77,NULL,0,6,6,'2021-12-28 14:57:54','2021-12-28 14:57:54','2021-12-28 07:02:53'),(177,27,1,'TEST 123',0,3,11,67,'P',NULL,NULL,0.00,200.00,0,77,NULL,0,6,6,'2021-12-28 15:02:53','2021-12-28 15:02:53','2021-12-28 07:04:29'),(178,27,1,'TEST 123',0,3,11,67,'P',NULL,NULL,0.00,200.00,0,77,NULL,0,6,6,'2021-12-28 15:04:29','2021-12-28 15:04:29','2021-12-28 07:19:25'),(179,27,1,'TEST 456',0,21,10,50,'R','test PB semakan semula','2021-12-28 23:18:26',0.00,400.00,0,65,NULL,0,6,6,'2021-12-28 15:04:29','2021-12-28 15:04:29','2021-12-28 07:19:25'),(180,27,1,'TEST 123',0,3,11,67,'P',NULL,NULL,0.00,200.00,0,77,NULL,0,6,6,'2021-12-28 15:19:25','2021-12-28 15:19:25','2021-12-28 07:39:11'),(181,27,1,'TEST 456',0,21,10,50,'R','test submit type','2021-12-28 23:30:38',0.00,400.00,0,65,NULL,0,6,6,'2021-12-28 15:19:25','2021-12-28 15:19:25','2021-12-28 07:39:11'),(182,27,1,'TEST 123',0,3,11,67,'P',NULL,NULL,0.00,1200.00,0,77,NULL,0,6,6,'2021-12-28 15:39:11','2021-12-28 15:39:11',NULL),(183,27,1,'TEST 456',0,21,10,50,'P',NULL,NULL,0.00,1400.00,0,65,NULL,0,6,6,'2021-12-28 15:39:11','2021-12-28 15:39:11',NULL),(184,28,1,'TEST 1234',0,3,11,67,'P',NULL,NULL,0.00,3210.00,0,80,NULL,0,6,6,'2021-12-28 17:57:14','2021-12-28 17:57:14',NULL),(185,29,1,'TEST TAKSMA',0,21,10,50,'A','disokong pemilik bajet','2021-12-29 02:54:13',0.00,2100.00,0,75,NULL,0,6,6,'2021-12-28 18:09:31','2021-12-28 18:09:31',NULL),(186,32,1,'PERKARA SEMNGAT MAIN 1',0,3,11,67,'A','SOKONGAN PERBELANJAAN TEST FULL MAIN 1','2021-12-29 05:13:56',0.00,23010.00,0,65,'2022-12-29',1,6,6,'2021-12-28 21:07:41','2021-12-28 21:07:41',NULL),(187,32,1,'PERKARA SEMNGAT MAIN 2',0,21,10,50,'A','SOKONG PERBELANJAAN TEST FULL MAIN 1','2021-12-29 05:12:51',0.00,34000.00,0,2,'2022-12-29',1,6,6,'2021-12-28 21:07:41','2021-12-28 21:07:41',NULL),(188,33,1,'PERKARA SEMNGAT MAIN 1',0,3,11,67,'P',NULL,NULL,23010.00,23010.00,0,65,NULL,0,6,6,'2021-12-28 21:47:11','2021-12-28 21:47:11',NULL),(189,33,1,'PERKARA SEMNGAT MAIN 2',0,21,10,50,'P',NULL,NULL,34000.00,34000.00,0,2,NULL,0,6,6,'2021-12-28 21:47:11','2021-12-28 21:47:11',NULL),(190,34,1,'PERKARA 1 TEST MEETING - COST 1',0,3,11,67,'A',NULL,'2021-12-29 06:35:19',0.00,43100.00,0,40,'2022-12-29',1,6,6,'2021-12-28 22:25:07','2021-12-28 22:25:07',NULL),(191,35,1,'PERKARA 2 TEST MEETING - COST 2',0,3,11,67,'A',NULL,'2021-12-29 06:35:25',0.00,4000.00,0,46,NULL,0,6,6,'2021-12-28 22:27:34','2021-12-28 22:27:34',NULL);

--
-- Table structure for table `permohonan_description`
--

CREATE TABLE `permohonan_description` (
  `permohonan_description_id` bigint(20) NOT NULL AUTO_INCREMENT,
  `permohonan_id` bigint(20) NOT NULL,
  `description_desc` varchar(255) DEFAULT NULL,
  `created_by` int(11) NOT NULL,
  `updated_by` int(11) NOT NULL,
  `created_at` timestamp NULL DEFAULT NULL,
  `updated_at` timestamp NOT NULL DEFAULT CURRENT_TIMESTAMP,
  `deleted_at` timestamp NULL DEFAULT NULL,
  PRIMARY KEY (`permohonan_description_id`),
  KEY `idx_permohonandesc_permohonanid` (`permohonan_id`),
  KEY `idx_permohonandesc_createdby` (`created_by`),
  KEY `idx_permohonandesc_updatedby` (`updated_by`)
) ENGINE=InnoDB AUTO_INCREMENT=107 DEFAULT CHARSET=latin1;

--
-- Dumping data for table `permohonan_description`
--

INSERT INTO `permohonan_description` VALUES (1,1,'keterangan 1',6,6,'2021-11-11 14:09:53','2021-11-11 14:09:53','2021-11-11 06:10:47'),(2,1,'keterangan 2',6,6,'2021-11-11 14:09:53','2021-11-11 14:09:53','2021-11-11 06:10:47'),(3,1,'keterangan 1',6,6,'2021-11-11 14:10:47','2021-11-11 14:10:47','2021-11-11 06:12:27'),(4,1,'keterangan 2',6,6,'2021-11-11 14:10:47','2021-11-11 14:10:47','2021-11-11 06:12:27'),(5,1,'keterangan 1',6,6,'2021-11-11 14:12:27','2021-11-11 14:12:27','2021-11-11 08:44:19'),(6,1,'keterangan 2',6,6,'2021-11-11 14:12:27','2021-11-11 14:12:27','2021-11-11 08:44:19'),(7,1,'keterangan 1',6,6,'2021-11-11 16:44:19','2021-11-11 16:44:19','2021-11-11 08:48:17'),(8,1,'keterangan 2',6,6,'2021-11-11 16:44:19','2021-11-11 16:44:19','2021-11-11 08:48:17'),(9,1,'KETERANGAN 1',6,6,'2021-11-11 16:48:17','2021-11-11 16:48:17','2021-11-11 08:54:36'),(10,1,'KETERANGAN 2',6,6,'2021-11-11 16:48:17','2021-11-11 16:48:17','2021-11-11 08:54:36'),(11,1,'KETERANGAN 1',6,6,'2021-11-11 16:54:36','2021-11-11 16:54:36','2021-11-11 08:56:21'),(12,1,'KETERANGAN 2',6,6,'2021-11-11 16:54:36','2021-11-11 16:54:36','2021-11-11 08:56:21'),(13,1,'KE',6,6,'2021-11-11 16:54:36','2021-11-11 16:54:36','2021-11-11 08:56:21'),(17,1,'KETERANGAN 1',6,6,'2021-11-11 16:56:21','2021-11-11 16:56:21','2021-11-11 08:56:35'),(18,1,'KETERANGAN 2',6,6,'2021-11-11 16:56:21','2021-11-11 16:56:21','2021-11-11 08:56:35'),(19,1,'KE',6,6,'2021-11-11 16:56:21','2021-11-11 16:56:21','2021-11-11 08:56:35'),(20,1,'KETERANGAN 1',6,6,'2021-11-11 16:56:35','2021-11-11 16:56:35','2021-11-11 09:02:21'),(21,1,'KETERANGAN 2',6,6,'2021-11-11 16:56:35','2021-11-11 16:56:35','2021-11-11 09:02:21'),(22,1,'KE',6,6,'2021-11-11 16:56:35','2021-11-11 16:56:35','2021-11-11 09:02:21'),(23,1,'KETERANGAN 1',6,6,'2021-11-11 17:02:21','2021-11-11 17:02:21','2021-11-11 09:03:46'),(24,1,'KETERANGAN 2',6,6,'2021-11-11 17:02:21','2021-11-11 17:02:21','2021-11-11 09:03:46'),(25,1,'KE',6,6,'2021-11-11 17:02:21','2021-11-11 17:02:21','2021-11-11 09:03:46'),(26,1,'KETERANGAN 1',6,6,'2021-11-11 17:03:46','2021-11-11 17:03:46','2021-11-11 09:03:53'),(27,1,'KETERANGAN 2',6,6,'2021-11-11 17:03:46','2021-11-11 17:03:46','2021-11-11 09:03:53'),(28,1,'KE',6,6,'2021-11-11 17:03:46','2021-11-11 17:03:46','2021-11-11 09:03:53'),(29,1,'KETERANGAN 1',6,6,'2021-11-11 17:03:53','2021-11-11 17:03:53',NULL),(30,1,'KETERANGAN 2',6,6,'2021-11-11 17:03:53','2021-11-11 17:03:53',NULL),(31,1,'KE',6,6,'2021-11-11 17:03:53','2021-11-11 17:03:53',NULL),(32,2,'PERENGGAN 1',6,6,'2021-11-11 17:06:08','2021-11-11 17:06:08','2021-11-11 09:07:47'),(33,2,'PERENGGAN 1',6,6,'2021-11-11 17:07:47','2021-11-11 17:07:47',NULL),(34,3,'KETERANGAN 1',6,6,'2021-11-12 03:55:12','2021-11-12 03:55:12','2021-11-19 06:50:25'),(35,4,'KETERANGAN 1',6,6,'2021-11-12 03:59:13','2021-11-12 03:59:13',NULL),(36,8,'PERENGGAN 1',6,6,'2021-11-14 16:53:00','2021-11-14 16:53:00','2021-11-14 08:56:22'),(37,8,'PERENGGAN 1',6,6,'2021-11-14 16:56:22','2021-11-14 16:56:22','2021-11-14 08:58:11'),(38,8,'PERENGGAN 1',6,6,'2021-11-14 16:58:11','2021-11-14 16:58:11','2021-11-14 08:58:20'),(39,8,'PERENGGAN 1',6,6,'2021-11-14 16:58:20','2021-11-14 16:58:20','2021-11-14 08:58:49'),(40,8,'PERENGGAN 1',6,6,'2021-11-14 16:58:49','2021-11-14 16:58:49','2021-11-14 08:59:12'),(41,8,'PERENGGAN 1',6,6,'2021-11-14 16:59:12','2021-11-14 16:59:12','2021-11-14 09:01:50'),(42,8,'PERENGGAN 1',6,6,'2021-11-14 17:01:50','2021-11-14 17:01:50','2021-11-14 09:07:20'),(43,8,'PERENGGAN 1',6,6,'2021-11-14 17:07:20','2021-11-14 17:07:20','2021-11-14 09:24:58'),(44,8,'PERENGGAN 1',6,6,'2021-11-14 17:24:58','2021-11-14 17:24:58','2021-11-14 09:37:38'),(45,8,'PERENGGAN 1',6,6,'2021-11-14 17:37:38','2021-11-14 17:37:38','2021-11-14 09:38:05'),(46,8,'PERENGGAN 1',6,6,'2021-11-14 17:38:05','2021-11-14 17:38:05','2021-11-14 09:52:08'),(47,8,'PERENGGAN 1',6,6,'2021-11-14 17:52:08','2021-11-14 17:52:08','2021-11-14 10:02:02'),(48,8,'PERENGGAN 1',6,6,'2021-11-14 18:02:02','2021-11-14 18:02:02','2021-11-14 10:11:53'),(49,8,'PERENGGAN 2',6,6,'2021-11-14 18:02:02','2021-11-14 18:02:02','2021-11-14 10:11:53'),(50,8,'PERENGGAN 1',6,6,'2021-11-14 18:11:53','2021-11-14 18:11:53','2021-11-14 10:45:02'),(51,8,'PERENGGAN 2',6,6,'2021-11-14 18:11:53','2021-11-14 18:11:53','2021-11-14 10:45:02'),(52,8,'PERENGGAN 1',6,6,'2021-11-14 18:45:02','2021-11-14 18:45:02','2021-11-14 10:45:15'),(53,8,'PERENGGAN 2',6,6,'2021-11-14 18:45:02','2021-11-14 18:45:02','2021-11-14 10:45:15'),(54,8,'PERENGGAN 1',6,6,'2021-11-14 18:45:15','2021-11-14 18:45:15',NULL),(55,8,'PERENGGAN 2',6,6,'2021-11-14 18:45:15','2021-11-14 18:45:15',NULL),(56,12,'KETERANGAN 1',6,6,'2021-11-17 16:36:47','2021-11-17 16:36:47',NULL),(57,9,'KETERANGAN 1',6,6,'2021-11-17 16:40:28','2021-11-17 16:40:28',NULL),(58,13,'KETERANGAN 1',6,6,'2021-11-17 16:43:41','2021-11-17 16:43:41',NULL),(60,15,'KETERANGAN 1100',6,6,'2021-11-19 07:10:42','2021-11-19 07:10:42','2021-11-18 23:11:07'),(61,15,'KETEREANGAN 1101',6,6,'2021-11-19 07:10:42','2021-11-19 07:10:42','2021-11-18 23:11:07'),(62,15,'KETERANGAN 1100',6,6,'2021-11-19 07:11:07','2021-11-19 07:11:07','2021-11-18 23:22:59'),(63,15,'KETEREANGAN 1101',6,6,'2021-11-19 07:11:07','2021-11-19 07:11:07','2021-11-18 23:22:59'),(64,16,'KETERANGAN 21090',6,6,'2021-11-19 07:15:33','2021-11-19 07:15:33',NULL),(65,15,'KETERANGAN 1100',6,6,'2021-11-19 07:22:59','2021-11-19 07:22:59','2021-11-18 23:27:33'),(66,15,'KETEREANGAN 1101',6,6,'2021-11-19 07:22:59','2021-11-19 07:22:59','2021-11-18 23:27:33'),(67,15,'KETERANGAN 1100',6,6,'2021-11-19 07:27:33','2021-11-19 07:27:33',NULL),(68,15,'KETEREANGAN 1101',6,6,'2021-11-19 07:27:33','2021-11-19 07:27:33',NULL),(72,3,'KETERANGAN 1',6,6,'2021-11-19 14:50:25','2021-11-19 14:50:25','2021-11-19 06:53:07'),(73,3,'KETERANGAN 1',6,6,'2021-11-19 14:53:07','2021-11-19 14:53:07','2021-11-19 06:53:17'),(74,3,'KETERANGAN 1',3,3,'2021-11-19 14:53:17','2021-11-19 14:53:17','2021-11-19 06:54:14'),(75,3,'KETERANGAN 1',6,6,'2021-11-19 14:54:14','2021-11-19 14:54:14','2021-11-19 06:54:53'),(76,3,'KETERANGAN 1',3,3,'2021-11-19 14:54:53','2021-11-19 14:54:53','2021-11-19 06:56:30'),(77,3,'KETERANGAN 1',3,3,'2021-11-19 14:56:30','2021-11-19 14:56:30',NULL),(78,3,'KETERANGAN 2',3,3,'2021-11-19 14:56:30','2021-11-19 14:56:30',NULL),(83,21,'KETERANGAN 1100',6,6,'2021-11-24 09:56:10','2021-11-24 09:56:10',NULL),(84,21,'KETEREANGAN 1101',6,6,'2021-11-24 09:56:10','2021-11-24 09:56:10',NULL),(87,23,'KETERANGAN 1100',6,6,'2021-11-24 10:03:59','2021-11-24 10:03:59',NULL),(88,23,'KETEREANGAN 1101',6,6,'2021-11-24 10:03:59','2021-11-24 10:03:59',NULL),(89,24,'KETERANGAN 1100',6,6,'2021-11-25 14:46:31','2021-11-25 14:46:31','2021-12-01 07:37:32'),(90,24,'KETEREANGAN 1101',6,6,'2021-11-25 14:46:31','2021-11-25 14:46:31','2021-12-01 07:37:32'),(91,25,'KETERANGAN SELENGGARAAN SATU',6,6,'2021-11-27 18:13:29','2021-11-27 18:13:29',NULL),(92,24,'KETERANGAN 1100',6,6,'2021-12-01 15:37:32','2021-12-01 15:37:32','2021-12-01 07:38:58'),(93,24,'KETEREANGAN 1101',6,6,'2021-12-01 15:37:32','2021-12-01 15:37:32','2021-12-01 07:38:58'),(94,24,'KETEREANGAN 1102',6,6,'2021-12-01 15:37:32','2021-12-01 15:37:32','2021-12-01 07:38:58'),(95,24,'KETERANGAN 1100',6,6,'2021-12-01 15:38:58','2021-12-01 15:38:58','2021-12-01 07:39:18'),(96,24,'KETEREANGAN 1101',6,6,'2021-12-01 15:38:58','2021-12-01 15:38:58','2021-12-01 07:39:18'),(97,24,'KETEREANGAN 1102',6,6,'2021-12-01 15:38:58','2021-12-01 15:38:58','2021-12-01 07:39:18'),(98,24,'KETERANGAN 1100',6,6,'2021-12-01 15:39:18','2021-12-01 15:39:18','2021-12-01 07:39:49'),(99,24,'KETEREANGAN 1101',6,6,'2021-12-01 15:39:18','2021-12-01 15:39:18','2021-12-01 07:39:49'),(100,24,'KETEREANGAN 1102',6,6,'2021-12-01 15:39:18','2021-12-01 15:39:18','2021-12-01 07:39:49'),(101,24,'KETERANGAN 1100',6,6,'2021-12-01 15:39:49','2021-12-01 15:39:49','2021-12-01 07:42:00'),(102,24,'KETEREANGAN 1101',6,6,'2021-12-01 15:39:49','2021-12-01 15:39:49','2021-12-01 07:42:00'),(103,24,'KETEREANGAN 1102',6,6,'2021-12-01 15:39:49','2021-12-01 15:39:49','2021-12-01 07:42:00'),(104,24,'KETERANGAN 1100',6,6,'2021-12-01 15:42:00','2021-12-01 15:42:00',NULL),(105,24,'KETEREANGAN 1101',6,6,'2021-12-01 15:42:00','2021-12-01 15:42:00',NULL),(106,24,'KETEREANGAN 1102',6,6,'2021-12-01 15:42:00','2021-12-01 15:42:00',NULL);

--
-- Table structure for table `permohonan_detail`
--

CREATE TABLE `permohonan_detail` (
  `permohonan_detail_id` bigint(11) NOT NULL AUTO_INCREMENT,
  `permohonan_id` bigint(11) NOT NULL,
  `is_main` int(11) NOT NULL DEFAULT '0',
  `main_id` bigint(11) DEFAULT NULL COMMENT 'permohonan_detail_id',
  `is_online` int(11) NOT NULL DEFAULT '0',
  `program_location` varchar(200) DEFAULT NULL,
  `supplier_service_id` int(11) DEFAULT NULL,
  `service_distance_id` int(11) DEFAULT NULL,
  `permohonan_item` text,
  `permohonan_item_extra` text,
  `quantity` decimal(10,2) NOT NULL DEFAULT '0.00',
  `unit_id` int(11) DEFAULT NULL,
  `quantity_unit` varchar(20) DEFAULT NULL,
  `price_perunit` decimal(10,2) NOT NULL DEFAULT '0.00',
  `price_total` decimal(10,2) NOT NULL DEFAULT '0.00',
  `detail_startdate` date DEFAULT NULL,
  `detail_enddate` date DEFAULT NULL,
  `detail_starttime` time DEFAULT NULL,
  `detail_endtime` time DEFAULT NULL,
  `created_at` timestamp NULL DEFAULT NULL,
  `updated_at` timestamp NOT NULL DEFAULT CURRENT_TIMESTAMP,
  `deleted_at` timestamp NULL DEFAULT NULL,
  PRIMARY KEY (`permohonan_detail_id`),
  KEY `idx_permohonandetail_permohonanid` (`permohonan_id`),
  KEY `idx_permohonandetail_ismain` (`is_main`),
  KEY `idx_permohonandetail_mainid` (`main_id`),
  KEY `idx_permohonandetail_serviceid` (`supplier_service_id`),
  KEY `idx_permohonandetail_unitid` (`unit_id`),
  KEY `idx_permohonandetail_distanceid` (`service_distance_id`)
) ENGINE=InnoDB DEFAULT CHARSET=latin1;

--
-- Dumping data for table `permohonan_detail`
--


--
-- Table structure for table `permohonan_email`
--

CREATE TABLE `permohonan_email` (
  `id` bigint(20) NOT NULL AUTO_INCREMENT,
  `permohonan_id` int(11) NOT NULL,
  `email_to` varchar(100) DEFAULT NULL,
  `role_id` int(11) DEFAULT NULL,
  `subject` text CHARACTER SET latin1,
  `message` text,
  `completed` int(11) NOT NULL DEFAULT '0',
  `created_at` timestamp NULL DEFAULT NULL,
  `updated_at` timestamp NOT NULL DEFAULT CURRENT_TIMESTAMP,
  `deleted_at` timestamp NULL DEFAULT NULL,
  PRIMARY KEY (`id`),
  KEY `idx_permohonanemail_id` (`permohonan_id`),
  KEY `idx_permohonanemail_roleid` (`role_id`),
  KEY `idx_permohonanemail_completed` (`completed`)
) ENGINE=InnoDB DEFAULT CHARSET=utf8mb4;

--
-- Dumping data for table `permohonan_email`
--


--
-- Table structure for table `permohonan_objective`
--

CREATE TABLE `permohonan_objective` (
  `permohonan_objective_id` bigint(20) NOT NULL AUTO_INCREMENT,
  `permohonan_id` bigint(20) NOT NULL,
  `objective_desc` varchar(255) DEFAULT NULL,
  `created_by` int(11) NOT NULL,
  `updated_by` int(11) NOT NULL,
  `created_at` timestamp NULL DEFAULT NULL,
  `updated_at` timestamp NOT NULL DEFAULT CURRENT_TIMESTAMP,
  `deleted_at` timestamp NULL DEFAULT NULL,
  PRIMARY KEY (`permohonan_objective_id`),
  KEY `idx_permohonanobjective_permohonanid` (`permohonan_id`),
  KEY `idx_permohonanobjective_createdby` (`created_by`),
  KEY `idx_permohonanobjective_updatedby` (`updated_by`)
) ENGINE=InnoDB AUTO_INCREMENT=111 DEFAULT CHARSET=latin1;

--
-- Dumping data for table `permohonan_objective`
--

INSERT INTO `permohonan_objective` VALUES (1,1,'objektif 1',6,6,'2021-11-11 14:09:53','2021-11-11 14:09:53','2021-11-11 06:10:47'),(2,1,'objektif 2',6,6,'2021-11-11 14:09:53','2021-11-11 14:09:53','2021-11-11 06:10:47'),(3,1,'objektif 1',6,6,'2021-11-11 14:10:47','2021-11-11 14:10:47','2021-11-11 06:12:27'),(4,1,'objektif 2',6,6,'2021-11-11 14:10:47','2021-11-11 14:10:47','2021-11-11 06:12:27'),(5,1,'objektif 1',6,6,'2021-11-11 14:12:27','2021-11-11 14:12:27','2021-11-11 08:44:19'),(6,1,'objektif 2',6,6,'2021-11-11 14:12:27','2021-11-11 14:12:27','2021-11-11 08:44:19'),(7,1,'objektif 1',6,6,'2021-11-11 16:44:19','2021-11-11 16:44:19','2021-11-11 08:48:17'),(8,1,'objektif 2',6,6,'2021-11-11 16:44:19','2021-11-11 16:44:19','2021-11-11 08:48:17'),(9,1,'OBJEKTIF 1',6,6,'2021-11-11 16:48:17','2021-11-11 16:48:17','2021-11-11 08:54:36'),(10,1,'OBJEKTIF 2',6,6,'2021-11-11 16:48:17','2021-11-11 16:48:17','2021-11-11 08:54:36'),(11,1,'OBJEKTIF 1',6,6,'2021-11-11 16:54:36','2021-11-11 16:54:36','2021-11-11 08:56:21'),(12,1,'OBJEKTIF 2',6,6,'2021-11-11 16:54:36','2021-11-11 16:54:36','2021-11-11 08:56:21'),(13,1,'O',6,6,'2021-11-11 16:54:36','2021-11-11 16:54:36','2021-11-11 08:56:21'),(17,1,'OBJEKTIF 1',6,6,'2021-11-11 16:56:21','2021-11-11 16:56:21','2021-11-11 08:56:35'),(18,1,'OBJEKTIF 2',6,6,'2021-11-11 16:56:21','2021-11-11 16:56:21','2021-11-11 08:56:35'),(19,1,'O',6,6,'2021-11-11 16:56:21','2021-11-11 16:56:21','2021-11-11 08:56:35'),(20,1,'OBJEKTIF 1',6,6,'2021-11-11 16:56:35','2021-11-11 16:56:35','2021-11-11 09:02:21'),(21,1,'OBJEKTIF 2',6,6,'2021-11-11 16:56:35','2021-11-11 16:56:35','2021-11-11 09:02:21'),(22,1,'O',6,6,'2021-11-11 16:56:35','2021-11-11 16:56:35','2021-11-11 09:02:21'),(23,1,'OBJEKTIF 1',6,6,'2021-11-11 17:02:21','2021-11-11 17:02:21','2021-11-11 09:03:46'),(24,1,'OBJEKTIF 2',6,6,'2021-11-11 17:02:21','2021-11-11 17:02:21','2021-11-11 09:03:46'),(25,1,'O',6,6,'2021-11-11 17:02:21','2021-11-11 17:02:21','2021-11-11 09:03:46'),(26,1,'OBJEKTIF 1',6,6,'2021-11-11 17:03:46','2021-11-11 17:03:46','2021-11-11 09:03:53'),(27,1,'OBJEKTIF 2',6,6,'2021-11-11 17:03:46','2021-11-11 17:03:46','2021-11-11 09:03:53'),(28,1,'O',6,6,'2021-11-11 17:03:46','2021-11-11 17:03:46','2021-11-11 09:03:53'),(29,1,'OBJEKTIF 1',6,6,'2021-11-11 17:03:53','2021-11-11 17:03:53',NULL),(30,1,'OBJEKTIF 2',6,6,'2021-11-11 17:03:53','2021-11-11 17:03:53',NULL),(31,1,'O',6,6,'2021-11-11 17:03:53','2021-11-11 17:03:53',NULL),(32,2,'OBJEKTIF 11',6,6,'2021-11-11 17:06:08','2021-11-11 17:06:08','2021-11-11 09:07:47'),(33,2,'OBJEKTIF 11',6,6,'2021-11-11 17:07:47','2021-11-11 17:07:47',NULL),(34,3,'OBJ 1',6,6,'2021-11-12 03:55:12','2021-11-12 03:55:12','2021-11-19 06:50:25'),(35,4,'OBJEKTIF 1',6,6,'2021-11-12 03:59:13','2021-11-12 03:59:13',NULL),(36,8,'OBJ 1',6,6,'2021-11-14 08:50:35','2021-11-14 08:50:35','2021-11-14 00:57:37'),(37,8,'OBJ 1',6,6,'2021-11-14 08:57:37','2021-11-14 08:57:37','2021-11-14 00:57:46'),(38,8,'OBJ 1',6,6,'2021-11-14 08:57:46','2021-11-14 08:57:46','2021-11-14 08:53:00'),(39,8,'OBJ 1',6,6,'2021-11-14 16:53:00','2021-11-14 16:53:00','2021-11-14 08:56:22'),(40,8,'OBJ 4',6,6,'2021-11-14 16:53:00','2021-11-14 16:53:00','2021-11-14 08:56:22'),(41,8,'OBJ 1',6,6,'2021-11-14 16:56:22','2021-11-14 16:56:22','2021-11-14 08:58:11'),(42,8,'OBJ 4',6,6,'2021-11-14 16:56:22','2021-11-14 16:56:22','2021-11-14 08:58:11'),(43,8,'OBJ 1',6,6,'2021-11-14 16:58:11','2021-11-14 16:58:11','2021-11-14 08:58:20'),(44,8,'OBJ 4',6,6,'2021-11-14 16:58:11','2021-11-14 16:58:11','2021-11-14 08:58:20'),(45,8,'OBJ 1',6,6,'2021-11-14 16:58:20','2021-11-14 16:58:20','2021-11-14 08:58:49'),(46,8,'OBJ 4',6,6,'2021-11-14 16:58:20','2021-11-14 16:58:20','2021-11-14 08:58:49'),(47,8,'OBJ 1',6,6,'2021-11-14 16:58:49','2021-11-14 16:58:49','2021-11-14 08:59:12'),(48,8,'OBJ 4',6,6,'2021-11-14 16:58:49','2021-11-14 16:58:49','2021-11-14 08:59:12'),(49,8,'OBJ 1',6,6,'2021-11-14 16:59:12','2021-11-14 16:59:12','2021-11-14 09:01:50'),(50,8,'OBJ 4',6,6,'2021-11-14 16:59:12','2021-11-14 16:59:12','2021-11-14 09:01:50'),(51,8,'OBJ 1',6,6,'2021-11-14 17:01:50','2021-11-14 17:01:50','2021-11-14 09:07:20'),(52,8,'OBJ 4',6,6,'2021-11-14 17:01:50','2021-11-14 17:01:50','2021-11-14 09:07:20'),(53,8,'OBJ 1',6,6,'2021-11-14 17:07:20','2021-11-14 17:07:20','2021-11-14 09:24:58'),(54,8,'OBJ 4',6,6,'2021-11-14 17:07:20','2021-11-14 17:07:20','2021-11-14 09:24:58'),(55,8,'OBJ 1',6,6,'2021-11-14 17:24:58','2021-11-14 17:24:58','2021-11-14 09:37:38'),(56,8,'OBJ 4',6,6,'2021-11-14 17:24:58','2021-11-14 17:24:58','2021-11-14 09:37:38'),(57,8,'OBJ 1',6,6,'2021-11-14 17:37:38','2021-11-14 17:37:38','2021-11-14 09:38:05'),(58,8,'OBJ 4',6,6,'2021-11-14 17:37:38','2021-11-14 17:37:38','2021-11-14 09:38:05'),(59,8,'OBJ 1',6,6,'2021-11-14 17:38:05','2021-11-14 17:38:05','2021-11-14 09:52:08'),(60,8,'OBJ 4',6,6,'2021-11-14 17:38:05','2021-11-14 17:38:05','2021-11-14 09:52:08'),(61,8,'OBJ 1',6,6,'2021-11-14 17:52:08','2021-11-14 17:52:08','2021-11-14 10:02:02'),(62,8,'OBJ 4',6,6,'2021-11-14 17:52:08','2021-11-14 17:52:08','2021-11-14 10:02:02'),(63,8,'OBJ 1',6,6,'2021-11-14 18:02:02','2021-11-14 18:02:02','2021-11-14 10:11:53'),(64,8,'OBJ 4',6,6,'2021-11-14 18:02:02','2021-11-14 18:02:02','2021-11-14 10:11:53'),(65,8,'OBJ 1',6,6,'2021-11-14 18:11:53','2021-11-14 18:11:53','2021-11-14 10:45:02'),(66,8,'OBJ 4',6,6,'2021-11-14 18:11:53','2021-11-14 18:11:53','2021-11-14 10:45:02'),(67,8,'OBJ 1',6,6,'2021-11-14 18:45:02','2021-11-14 18:45:02','2021-11-14 10:45:15'),(68,8,'OBJ 4',6,6,'2021-11-14 18:45:02','2021-11-14 18:45:02','2021-11-14 10:45:15'),(69,8,'OBJ 1',6,6,'2021-11-14 18:45:15','2021-11-14 18:45:15',NULL),(70,8,'OBJ 4',6,6,'2021-11-14 18:45:15','2021-11-14 18:45:15',NULL),(71,12,'OBJEKTIF 1',6,6,'2021-11-17 16:36:47','2021-11-17 16:36:47',NULL),(72,9,'OBJEKTIF 1',6,6,'2021-11-17 16:40:28','2021-11-17 16:40:28',NULL),(73,13,'TUJUAN 1',6,6,'2021-11-17 16:43:41','2021-11-17 16:43:41',NULL),(75,15,'OBJEKTIF 2021',6,6,'2021-11-19 07:10:42','2021-11-19 07:10:42','2021-11-18 23:11:07'),(76,15,'OBJEKTIF 2021',6,6,'2021-11-19 07:11:07','2021-11-19 07:11:07','2021-11-18 23:22:59'),(77,16,'OBJEKTIF 6510',6,6,'2021-11-19 07:15:33','2021-11-19 07:15:33',NULL),(78,15,'OBJEKTIF 2021',6,6,'2021-11-19 07:22:59','2021-11-19 07:22:59','2021-11-18 23:27:33'),(79,15,'OBJEKTIF 2021',6,6,'2021-11-19 07:27:33','2021-11-19 07:27:33',NULL),(83,3,'OBJ 1',6,6,'2021-11-19 14:50:25','2021-11-19 14:50:25','2021-11-19 06:53:07'),(84,3,'OBJ 1',6,6,'2021-11-19 14:53:07','2021-11-19 14:53:07','2021-11-19 06:53:17'),(85,3,'OBJ 1',3,3,'2021-11-19 14:53:17','2021-11-19 14:53:17','2021-11-19 06:54:14'),(86,3,'OBJ 1',6,6,'2021-11-19 14:54:14','2021-11-19 14:54:14','2021-11-19 06:54:53'),(87,3,'OBJ 1',3,3,'2021-11-19 14:54:53','2021-11-19 14:54:53','2021-11-19 06:56:30'),(88,3,'OBJ 1',3,3,'2021-11-19 14:56:30','2021-11-19 14:56:30',NULL),(89,3,'OBJ 3',3,3,'2021-11-19 14:56:30','2021-11-19 14:56:30',NULL),(91,21,'OBJEKTIF 2021',6,6,'2021-11-24 09:56:10','2021-11-24 09:56:10',NULL),(93,23,'OBJEKTIF 2021',6,6,'2021-11-24 10:03:59','2021-11-24 10:03:59',NULL),(94,24,'OBJEKTIF 2021',6,6,'2021-11-25 14:46:31','2021-11-25 14:46:31','2021-12-01 07:37:32'),(95,25,'OBJEKTIF PERMOHONAN SATU',6,6,'2021-11-27 18:13:29','2021-11-27 18:13:29',NULL),(96,24,'OBJEKTIF 2021',6,6,'2021-12-01 15:37:32','2021-12-01 15:37:32','2021-12-01 07:38:58'),(97,24,'OBJEKTIF 2022',6,6,'2021-12-01 15:37:32','2021-12-01 15:37:32','2021-12-01 07:38:58'),(98,24,'OBJEKTIF 2023',6,6,'2021-12-01 15:37:32','2021-12-01 15:37:32','2021-12-01 07:38:58'),(99,24,'OBJEKTIF 2021',6,6,'2021-12-01 15:38:58','2021-12-01 15:38:58','2021-12-01 07:39:18'),(100,24,'OBJEKTIF 2022',6,6,'2021-12-01 15:38:58','2021-12-01 15:38:58','2021-12-01 07:39:18'),(101,24,'OBJEKTIF 2023',6,6,'2021-12-01 15:38:58','2021-12-01 15:38:58','2021-12-01 07:39:18'),(102,24,'OBJEKTIF 2021',6,6,'2021-12-01 15:39:18','2021-12-01 15:39:18','2021-12-01 07:39:49'),(103,24,'OBJEKTIF 2022',6,6,'2021-12-01 15:39:18','2021-12-01 15:39:18','2021-12-01 07:39:49'),(104,24,'OBJEKTIF 2023',6,6,'2021-12-01 15:39:18','2021-12-01 15:39:18','2021-12-01 07:39:49'),(105,24,'OBJEKTIF 2021',6,6,'2021-12-01 15:39:49','2021-12-01 15:39:49','2021-12-01 07:42:00'),(106,24,'OBJEKTIF 2022',6,6,'2021-12-01 15:39:49','2021-12-01 15:39:49','2021-12-01 07:42:00'),(107,24,'OBJEKTIF 2023',6,6,'2021-12-01 15:39:49','2021-12-01 15:39:49','2021-12-01 07:42:00'),(108,24,'OBJEKTIF 2021',6,6,'2021-12-01 15:42:00','2021-12-01 15:42:00',NULL),(109,24,'OBJEKTIF 2022',6,6,'2021-12-01 15:42:00','2021-12-01 15:42:00',NULL),(110,24,'OBJEKTIF 2023',6,6,'2021-12-01 15:42:00','2021-12-01 15:42:00',NULL);

--
-- Table structure for table `permohonan_option`
--

CREATE TABLE `permohonan_option` (
  `permohonan_option_id` bigint(20) NOT NULL AUTO_INCREMENT,
  `permohonan_id` bigint(20) NOT NULL,
  `option_no` int(11) NOT NULL DEFAULT '1',
  `is_main` int(11) NOT NULL DEFAULT '0',
  `main_id` bigint(11) DEFAULT NULL,
  `option_desc` varchar(255) DEFAULT NULL,
  `recommended` int(11) NOT NULL DEFAULT '0',
  `created_by` int(11) NOT NULL,
  `updated_by` int(11) NOT NULL,
  `created_at` timestamp NULL DEFAULT NULL,
  `updated_at` timestamp NOT NULL DEFAULT CURRENT_TIMESTAMP,
  `deleted_at` timestamp NULL DEFAULT NULL,
  PRIMARY KEY (`permohonan_option_id`),
  KEY `idx_permohonanoption_permohonanid` (`permohonan_id`),
  KEY `idx_permohonanoption_recommended` (`recommended`),
  KEY `idx_permohonanoption_createdby` (`created_by`),
  KEY `idx_permohonanoption_updatedby` (`updated_by`),
  KEY `idx_permohonanoption_ismain` (`is_main`),
  KEY `idx_permohonanoption_mainid` (`main_id`),
  KEY `idx_permohonanoption_optionno` (`option_no`)
) ENGINE=InnoDB AUTO_INCREMENT=343 DEFAULT CHARSET=latin1;

--
-- Dumping data for table `permohonan_option`
--

INSERT INTO `permohonan_option` VALUES (1,8,1,1,NULL,'test opt 1',0,6,6,'2021-11-14 08:12:45','2021-11-14 08:12:45','2021-11-14 00:13:20'),(2,8,1,0,1,'A',0,6,6,'2021-11-14 08:12:45','2021-11-14 08:12:45','2021-11-14 00:13:20'),(3,8,1,0,1,'B',0,6,6,'2021-11-14 08:12:45','2021-11-14 08:12:45','2021-11-14 00:13:20'),(4,8,1,0,1,'C',0,6,6,'2021-11-14 08:12:45','2021-11-14 08:12:45','2021-11-14 00:13:20'),(5,8,2,1,NULL,'test opt 2',0,6,6,'2021-11-14 08:12:45','2021-11-14 08:12:45','2021-11-14 00:13:20'),(6,8,2,0,5,'D',0,6,6,'2021-11-14 08:12:45','2021-11-14 08:12:45','2021-11-14 00:13:20'),(7,8,2,0,5,'E',0,6,6,'2021-11-14 08:12:45','2021-11-14 08:12:45','2021-11-14 00:13:20'),(8,8,3,1,NULL,'test opt 3',0,6,6,'2021-11-14 08:12:45','2021-11-14 08:12:45','2021-11-14 00:13:20'),(9,8,3,0,8,'F',0,6,6,'2021-11-14 08:12:45','2021-11-14 08:12:45','2021-11-14 00:13:20'),(10,8,3,0,8,'G',0,6,6,'2021-11-14 08:12:45','2021-11-14 08:12:45','2021-11-14 00:13:20'),(11,8,3,0,8,'H',0,6,6,'2021-11-14 08:12:45','2021-11-14 08:12:45','2021-11-14 00:13:20'),(12,8,1,1,NULL,'test opt 1',0,6,6,'2021-11-14 08:13:20','2021-11-14 08:13:20','2021-11-14 00:18:21'),(13,8,1,0,12,'A',0,6,6,'2021-11-14 08:13:20','2021-11-14 08:13:20','2021-11-14 00:18:21'),(14,8,1,0,12,'B',0,6,6,'2021-11-14 08:13:20','2021-11-14 08:13:20','2021-11-14 00:18:21'),(15,8,1,0,12,'C',0,6,6,'2021-11-14 08:13:20','2021-11-14 08:13:20','2021-11-14 00:18:21'),(16,8,2,1,NULL,'test opt 2',0,6,6,'2021-11-14 08:13:20','2021-11-14 08:13:20','2021-11-14 00:18:21'),(17,8,2,0,16,'D',0,6,6,'2021-11-14 08:13:20','2021-11-14 08:13:20','2021-11-14 00:18:21'),(18,8,2,0,16,'E',0,6,6,'2021-11-14 08:13:20','2021-11-14 08:13:20','2021-11-14 00:18:21'),(19,8,3,1,NULL,'test opt 3',0,6,6,'2021-11-14 08:13:20','2021-11-14 08:13:20','2021-11-14 00:18:21'),(20,8,3,0,19,'F',0,6,6,'2021-11-14 08:13:20','2021-11-14 08:13:20','2021-11-14 00:18:21'),(21,8,3,0,19,'G',0,6,6,'2021-11-14 08:13:20','2021-11-14 08:13:20','2021-11-14 00:18:21'),(22,8,3,0,19,'H',0,6,6,'2021-11-14 08:13:20','2021-11-14 08:13:20','2021-11-14 00:18:21'),(23,8,1,1,NULL,'test opt 1',0,6,6,'2021-11-14 08:18:21','2021-11-14 08:18:21','2021-11-14 00:18:34'),(24,8,1,0,23,'A',0,6,6,'2021-11-14 08:18:21','2021-11-14 08:18:21','2021-11-14 00:18:34'),(25,8,1,0,23,'AA',0,6,6,'2021-11-14 08:18:21','2021-11-14 08:18:21','2021-11-14 00:18:34'),(26,8,1,0,23,'AAA',0,6,6,'2021-11-14 08:18:21','2021-11-14 08:18:21','2021-11-14 00:18:34'),(27,8,1,0,23,'AAAA',0,6,6,'2021-11-14 08:18:21','2021-11-14 08:18:21','2021-11-14 00:18:34'),(28,8,2,1,NULL,'test opt 2',0,6,6,'2021-11-14 08:18:21','2021-11-14 08:18:21','2021-11-14 00:18:34'),(29,8,2,0,28,'DD',0,6,6,'2021-11-14 08:18:21','2021-11-14 08:18:21','2021-11-14 00:18:34'),(30,8,2,0,28,'DDD',0,6,6,'2021-11-14 08:18:21','2021-11-14 08:18:21','2021-11-14 00:18:34'),(31,8,3,1,NULL,'test opt 3',0,6,6,'2021-11-14 08:18:21','2021-11-14 08:18:21','2021-11-14 00:18:34'),(32,8,3,0,31,'FFF',0,6,6,'2021-11-14 08:18:21','2021-11-14 08:18:21','2021-11-14 00:18:34'),(33,8,3,0,31,'FFFF',0,6,6,'2021-11-14 08:18:21','2021-11-14 08:18:21','2021-11-14 00:18:34'),(34,8,3,0,31,'FFFFF',0,6,6,'2021-11-14 08:18:21','2021-11-14 08:18:21','2021-11-14 00:18:34'),(35,8,1,1,NULL,'test opt 1',0,6,6,'2021-11-14 08:18:34','2021-11-14 08:18:34','2021-11-14 00:30:44'),(36,8,1,0,35,'A',0,6,6,'2021-11-14 08:18:34','2021-11-14 08:18:34','2021-11-14 00:30:44'),(37,8,1,0,35,'AA',0,6,6,'2021-11-14 08:18:34','2021-11-14 08:18:34','2021-11-14 00:30:44'),(38,8,1,0,35,'AAA',0,6,6,'2021-11-14 08:18:34','2021-11-14 08:18:34','2021-11-14 00:30:44'),(39,8,1,0,35,'AAAA',0,6,6,'2021-11-14 08:18:34','2021-11-14 08:18:34','2021-11-14 00:30:44'),(40,8,2,1,NULL,'test opt 2',0,6,6,'2021-11-14 08:18:34','2021-11-14 08:18:34','2021-11-14 00:30:44'),(41,8,2,0,40,'DD',0,6,6,'2021-11-14 08:18:34','2021-11-14 08:18:34','2021-11-14 00:30:44'),(42,8,2,0,40,'DDD',0,6,6,'2021-11-14 08:18:34','2021-11-14 08:18:34','2021-11-14 00:30:44'),(43,8,1,1,NULL,'test opt 1',0,6,6,'2021-11-14 08:30:44','2021-11-14 08:30:44','2021-11-14 00:50:35'),(44,8,1,0,43,'A',0,6,6,'2021-11-14 08:30:44','2021-11-14 08:30:44','2021-11-14 00:50:35'),(45,8,1,0,43,'AA',0,6,6,'2021-11-14 08:30:44','2021-11-14 08:30:44','2021-11-14 00:50:35'),(46,8,1,0,43,'AAA',0,6,6,'2021-11-14 08:30:44','2021-11-14 08:30:44','2021-11-14 00:50:35'),(47,8,1,0,43,'AAAA',0,6,6,'2021-11-14 08:30:44','2021-11-14 08:30:44','2021-11-14 00:50:35'),(48,8,2,1,NULL,'test opt 2',1,6,6,'2021-11-14 08:30:44','2021-11-14 08:30:44','2021-11-14 00:50:35'),(49,8,2,0,48,'DD',1,6,6,'2021-11-14 08:30:44','2021-11-14 08:30:44','2021-11-14 00:50:35'),(50,8,2,0,48,'DDD',1,6,6,'2021-11-14 08:30:44','2021-11-14 08:30:44','2021-11-14 00:50:35'),(51,8,1,1,NULL,'test opt 1',1,6,6,'2021-11-14 08:50:35','2021-11-14 08:50:35','2021-11-14 00:57:37'),(52,8,1,0,51,'A',1,6,6,'2021-11-14 08:50:35','2021-11-14 08:50:35','2021-11-14 00:57:37'),(53,8,1,0,51,'AA',1,6,6,'2021-11-14 08:50:35','2021-11-14 08:50:35','2021-11-14 00:57:37'),(54,8,1,0,51,'AAA',1,6,6,'2021-11-14 08:50:35','2021-11-14 08:50:35','2021-11-14 00:57:37'),(55,8,1,0,51,'AAAA',1,6,6,'2021-11-14 08:50:35','2021-11-14 08:50:35','2021-11-14 00:57:37'),(56,8,2,1,NULL,'test opt 2',0,6,6,'2021-11-14 08:50:35','2021-11-14 08:50:35','2021-11-14 00:57:37'),(57,8,2,0,56,'DD',0,6,6,'2021-11-14 08:50:35','2021-11-14 08:50:35','2021-11-14 00:57:37'),(58,8,2,0,56,'DDD',0,6,6,'2021-11-14 08:50:35','2021-11-14 08:50:35','2021-11-14 00:57:37'),(59,8,3,1,NULL,NULL,0,6,6,'2021-11-14 08:50:35','2021-11-14 08:50:35','2021-11-14 00:57:37'),(60,8,3,0,59,NULL,0,6,6,'2021-11-14 08:50:35','2021-11-14 08:50:35','2021-11-14 00:57:37'),(61,8,1,1,NULL,'test opt 1',0,6,6,'2021-11-14 08:57:37','2021-11-14 08:57:37','2021-11-14 00:57:46'),(62,8,1,0,61,'A',0,6,6,'2021-11-14 08:57:37','2021-11-14 08:57:37','2021-11-14 00:57:46'),(63,8,1,0,61,'AA',0,6,6,'2021-11-14 08:57:37','2021-11-14 08:57:37','2021-11-14 00:57:46'),(64,8,1,0,61,'AAA',0,6,6,'2021-11-14 08:57:37','2021-11-14 08:57:37','2021-11-14 00:57:46'),(65,8,1,0,61,'AAAA',0,6,6,'2021-11-14 08:57:37','2021-11-14 08:57:37','2021-11-14 00:57:46'),(66,8,2,1,NULL,'test opt 2',1,6,6,'2021-11-14 08:57:37','2021-11-14 08:57:37','2021-11-14 00:57:46'),(67,8,2,0,66,'DD',1,6,6,'2021-11-14 08:57:37','2021-11-14 08:57:37','2021-11-14 00:57:46'),(68,8,2,0,66,'DDD',1,6,6,'2021-11-14 08:57:37','2021-11-14 08:57:37','2021-11-14 00:57:46'),(69,8,3,1,NULL,'sasas',0,6,6,'2021-11-14 08:57:37','2021-11-14 08:57:37','2021-11-14 00:57:46'),(70,8,3,0,69,'saaaasasgfgffg',0,6,6,'2021-11-14 08:57:37','2021-11-14 08:57:37','2021-11-14 00:57:46'),(71,8,1,1,NULL,'test opt 1',1,6,6,'2021-11-14 08:57:46','2021-11-14 08:57:46','2021-11-14 08:53:00'),(72,8,1,0,71,'A',1,6,6,'2021-11-14 08:57:46','2021-11-14 08:57:46','2021-11-14 08:53:00'),(73,8,1,0,71,'AA',1,6,6,'2021-11-14 08:57:46','2021-11-14 08:57:46','2021-11-14 08:53:00'),(74,8,1,0,71,'AAA',1,6,6,'2021-11-14 08:57:46','2021-11-14 08:57:46','2021-11-14 08:53:00'),(75,8,1,0,71,'AAAA',1,6,6,'2021-11-14 08:57:46','2021-11-14 08:57:46','2021-11-14 08:53:00'),(76,8,2,1,NULL,'test opt 2',0,6,6,'2021-11-14 08:57:46','2021-11-14 08:57:46','2021-11-14 08:53:00'),(77,8,2,0,76,'DD',0,6,6,'2021-11-14 08:57:46','2021-11-14 08:57:46','2021-11-14 08:53:00'),(78,8,2,0,76,'DDD',0,6,6,'2021-11-14 08:57:46','2021-11-14 08:57:46','2021-11-14 08:53:00'),(79,8,3,1,NULL,'sasas',0,6,6,'2021-11-14 08:57:46','2021-11-14 08:57:46','2021-11-14 08:53:00'),(80,8,3,0,79,'saaaasasgfgffg',0,6,6,'2021-11-14 08:57:46','2021-11-14 08:57:46','2021-11-14 08:53:00'),(81,8,1,1,NULL,'test opt 1',1,6,6,'2021-11-14 16:53:00','2021-11-14 16:53:00','2021-11-14 08:56:22'),(82,8,1,0,81,'A',1,6,6,'2021-11-14 16:53:00','2021-11-14 16:53:00','2021-11-14 08:56:22'),(83,8,1,0,81,'AA',1,6,6,'2021-11-14 16:53:00','2021-11-14 16:53:00','2021-11-14 08:56:22'),(84,8,1,0,81,'AAA',1,6,6,'2021-11-14 16:53:00','2021-11-14 16:53:00','2021-11-14 08:56:22'),(85,8,1,0,81,'AAAA',1,6,6,'2021-11-14 16:53:00','2021-11-14 16:53:00','2021-11-14 08:56:22'),(86,8,2,1,NULL,'test opt 2',0,6,6,'2021-11-14 16:53:00','2021-11-14 16:53:00','2021-11-14 08:56:22'),(87,8,2,0,86,'DD',0,6,6,'2021-11-14 16:53:00','2021-11-14 16:53:00','2021-11-14 08:56:22'),(88,8,2,0,86,'DDD',0,6,6,'2021-11-14 16:53:00','2021-11-14 16:53:00','2021-11-14 08:56:22'),(89,8,3,1,NULL,'sasas',0,6,6,'2021-11-14 16:53:00','2021-11-14 16:53:00','2021-11-14 08:56:22'),(90,8,3,0,89,'EEEEEEE',0,6,6,'2021-11-14 16:53:00','2021-11-14 16:53:00','2021-11-14 08:56:22'),(91,8,3,0,89,'eefffeeeff',0,6,6,'2021-11-14 16:53:00','2021-11-14 16:53:00','2021-11-14 08:56:22'),(92,8,1,1,NULL,'test opt 1',1,6,6,'2021-11-14 16:56:22','2021-11-14 16:56:22','2021-11-14 08:58:11'),(93,8,1,0,92,'A',1,6,6,'2021-11-14 16:56:22','2021-11-14 16:56:22','2021-11-14 08:58:11'),(94,8,1,0,92,'AA',1,6,6,'2021-11-14 16:56:22','2021-11-14 16:56:22','2021-11-14 08:58:11'),(95,8,1,0,92,'AAA',1,6,6,'2021-11-14 16:56:22','2021-11-14 16:56:22','2021-11-14 08:58:11'),(96,8,1,0,92,'AAAA',1,6,6,'2021-11-14 16:56:22','2021-11-14 16:56:22','2021-11-14 08:58:11'),(97,8,2,1,NULL,'test opt 2',0,6,6,'2021-11-14 16:56:22','2021-11-14 16:56:22','2021-11-14 08:58:11'),(98,8,2,0,97,'DD',0,6,6,'2021-11-14 16:56:22','2021-11-14 16:56:22','2021-11-14 08:58:11'),(99,8,2,0,97,'DDD',0,6,6,'2021-11-14 16:56:22','2021-11-14 16:56:22','2021-11-14 08:58:11'),(100,8,3,1,NULL,'sasas',0,6,6,'2021-11-14 16:56:22','2021-11-14 16:56:22','2021-11-14 08:58:11'),(101,8,3,0,100,'EEEEEEE',0,6,6,'2021-11-14 16:56:22','2021-11-14 16:56:22','2021-11-14 08:58:11'),(102,8,3,0,100,'eefffeeeff',0,6,6,'2021-11-14 16:56:22','2021-11-14 16:56:22','2021-11-14 08:58:11'),(103,8,1,1,NULL,'test opt 1',1,6,6,'2021-11-14 16:58:11','2021-11-14 16:58:11','2021-11-14 08:58:20'),(104,8,1,0,103,'A',1,6,6,'2021-11-14 16:58:11','2021-11-14 16:58:11','2021-11-14 08:58:20'),(105,8,1,0,103,'AA',1,6,6,'2021-11-14 16:58:11','2021-11-14 16:58:11','2021-11-14 08:58:20'),(106,8,1,0,103,'AAA',1,6,6,'2021-11-14 16:58:11','2021-11-14 16:58:11','2021-11-14 08:58:20'),(107,8,1,0,103,'AAAA',1,6,6,'2021-11-14 16:58:11','2021-11-14 16:58:11','2021-11-14 08:58:20'),(108,8,2,1,NULL,'test opt 2',0,6,6,'2021-11-14 16:58:11','2021-11-14 16:58:11','2021-11-14 08:58:20'),(109,8,2,0,108,'DD',0,6,6,'2021-11-14 16:58:11','2021-11-14 16:58:11','2021-11-14 08:58:20'),(110,8,2,0,108,'DDD',0,6,6,'2021-11-14 16:58:11','2021-11-14 16:58:11','2021-11-14 08:58:20'),(111,8,3,1,NULL,'sasas',0,6,6,'2021-11-14 16:58:11','2021-11-14 16:58:11','2021-11-14 08:58:20'),(112,8,3,0,111,'EEEEEEE',0,6,6,'2021-11-14 16:58:11','2021-11-14 16:58:11','2021-11-14 08:58:20'),(113,8,3,0,111,'eefffeeeff',0,6,6,'2021-11-14 16:58:11','2021-11-14 16:58:11','2021-11-14 08:58:20'),(114,8,1,1,NULL,'test opt 1',1,6,6,'2021-11-14 16:58:20','2021-11-14 16:58:20','2021-11-14 08:58:49'),(115,8,1,0,114,'A',1,6,6,'2021-11-14 16:58:20','2021-11-14 16:58:20','2021-11-14 08:58:49'),(116,8,1,0,114,'AA',1,6,6,'2021-11-14 16:58:20','2021-11-14 16:58:20','2021-11-14 08:58:49'),(117,8,1,0,114,'AAA',1,6,6,'2021-11-14 16:58:20','2021-11-14 16:58:20','2021-11-14 08:58:49'),(118,8,1,0,114,'AAAA',1,6,6,'2021-11-14 16:58:20','2021-11-14 16:58:20','2021-11-14 08:58:49'),(119,8,2,1,NULL,'test opt 2',0,6,6,'2021-11-14 16:58:20','2021-11-14 16:58:20','2021-11-14 08:58:49'),(120,8,2,0,119,'DD',0,6,6,'2021-11-14 16:58:20','2021-11-14 16:58:20','2021-11-14 08:58:49'),(121,8,2,0,119,'DDD',0,6,6,'2021-11-14 16:58:20','2021-11-14 16:58:20','2021-11-14 08:58:49'),(122,8,3,1,NULL,'sasas',0,6,6,'2021-11-14 16:58:20','2021-11-14 16:58:20','2021-11-14 08:58:49'),(123,8,3,0,122,'EEEEEEE',0,6,6,'2021-11-14 16:58:20','2021-11-14 16:58:20','2021-11-14 08:58:49'),(124,8,3,0,122,'eefffeeeff',0,6,6,'2021-11-14 16:58:20','2021-11-14 16:58:20','2021-11-14 08:58:49'),(125,8,1,1,NULL,'test opt 1',1,6,6,'2021-11-14 16:58:49','2021-11-14 16:58:49','2021-11-14 08:59:12'),(126,8,1,0,125,'A',1,6,6,'2021-11-14 16:58:49','2021-11-14 16:58:49','2021-11-14 08:59:12'),(127,8,1,0,125,'AA',1,6,6,'2021-11-14 16:58:49','2021-11-14 16:58:49','2021-11-14 08:59:12'),(128,8,1,0,125,'AAA',1,6,6,'2021-11-14 16:58:49','2021-11-14 16:58:49','2021-11-14 08:59:12'),(129,8,1,0,125,'AAAA',1,6,6,'2021-11-14 16:58:49','2021-11-14 16:58:49','2021-11-14 08:59:12'),(130,8,2,1,NULL,'test opt 2',0,6,6,'2021-11-14 16:58:49','2021-11-14 16:58:49','2021-11-14 08:59:12'),(131,8,2,0,130,'DD',0,6,6,'2021-11-14 16:58:49','2021-11-14 16:58:49','2021-11-14 08:59:12'),(132,8,2,0,130,'DDD',0,6,6,'2021-11-14 16:58:49','2021-11-14 16:58:49','2021-11-14 08:59:12'),(133,8,3,1,NULL,'sasas',0,6,6,'2021-11-14 16:58:49','2021-11-14 16:58:49','2021-11-14 08:59:12'),(134,8,3,0,133,'EEEEEEE',0,6,6,'2021-11-14 16:58:49','2021-11-14 16:58:49','2021-11-14 08:59:12'),(135,8,3,0,133,'eefffeeeff',0,6,6,'2021-11-14 16:58:49','2021-11-14 16:58:49','2021-11-14 08:59:12'),(136,8,1,1,NULL,'test opt 1',1,6,6,'2021-11-14 16:59:12','2021-11-14 16:59:12','2021-11-14 09:01:50'),(137,8,1,0,136,'A',1,6,6,'2021-11-14 16:59:12','2021-11-14 16:59:12','2021-11-14 09:01:50'),(138,8,1,0,136,'AA',1,6,6,'2021-11-14 16:59:12','2021-11-14 16:59:12','2021-11-14 09:01:50'),(139,8,1,0,136,'AAA',1,6,6,'2021-11-14 16:59:12','2021-11-14 16:59:12','2021-11-14 09:01:50'),(140,8,1,0,136,'AAAA',1,6,6,'2021-11-14 16:59:12','2021-11-14 16:59:12','2021-11-14 09:01:50'),(141,8,2,1,NULL,'test opt 2',0,6,6,'2021-11-14 16:59:12','2021-11-14 16:59:12','2021-11-14 09:01:50'),(142,8,2,0,141,'DD',0,6,6,'2021-11-14 16:59:12','2021-11-14 16:59:12','2021-11-14 09:01:50'),(143,8,2,0,141,'DDD',0,6,6,'2021-11-14 16:59:12','2021-11-14 16:59:12','2021-11-14 09:01:50'),(144,8,3,1,NULL,'sasas',0,6,6,'2021-11-14 16:59:12','2021-11-14 16:59:12','2021-11-14 09:01:50'),(145,8,3,0,144,'EEEEEEE',0,6,6,'2021-11-14 16:59:12','2021-11-14 16:59:12','2021-11-14 09:01:50'),(146,8,3,0,144,'eefffeeeff',0,6,6,'2021-11-14 16:59:12','2021-11-14 16:59:12','2021-11-14 09:01:50'),(147,8,1,1,NULL,'test opt 1',1,6,6,'2021-11-14 17:01:50','2021-11-14 17:01:50','2021-11-14 09:07:20'),(148,8,1,0,147,'A',1,6,6,'2021-11-14 17:01:50','2021-11-14 17:01:50','2021-11-14 09:07:20'),(149,8,1,0,147,'AA',1,6,6,'2021-11-14 17:01:50','2021-11-14 17:01:50','2021-11-14 09:07:20'),(150,8,1,0,147,'AAA',1,6,6,'2021-11-14 17:01:50','2021-11-14 17:01:50','2021-11-14 09:07:20'),(151,8,1,0,147,'AAAA',1,6,6,'2021-11-14 17:01:50','2021-11-14 17:01:50','2021-11-14 09:07:20'),(152,8,2,1,NULL,'test opt 2',0,6,6,'2021-11-14 17:01:50','2021-11-14 17:01:50','2021-11-14 09:07:20'),(153,8,2,0,152,'DD',0,6,6,'2021-11-14 17:01:50','2021-11-14 17:01:50','2021-11-14 09:07:20'),(154,8,2,0,152,'DDD',0,6,6,'2021-11-14 17:01:50','2021-11-14 17:01:50','2021-11-14 09:07:20'),(155,8,3,1,NULL,'sasas',0,6,6,'2021-11-14 17:01:50','2021-11-14 17:01:50','2021-11-14 09:07:20'),(156,8,3,0,155,'EEEEEEE',0,6,6,'2021-11-14 17:01:50','2021-11-14 17:01:50','2021-11-14 09:07:20'),(157,8,3,0,155,'eefffeeeff',0,6,6,'2021-11-14 17:01:50','2021-11-14 17:01:50','2021-11-14 09:07:20'),(158,8,1,1,NULL,'test opt 1',1,6,6,'2021-11-14 17:07:20','2021-11-14 17:07:20','2021-11-14 09:24:58'),(159,8,1,0,158,'A',1,6,6,'2021-11-14 17:07:20','2021-11-14 17:07:20','2021-11-14 09:24:58'),(160,8,1,0,158,'AA',1,6,6,'2021-11-14 17:07:20','2021-11-14 17:07:20','2021-11-14 09:24:58'),(161,8,1,0,158,'AAA',1,6,6,'2021-11-14 17:07:20','2021-11-14 17:07:20','2021-11-14 09:24:58'),(162,8,1,0,158,'AAAA',1,6,6,'2021-11-14 17:07:20','2021-11-14 17:07:20','2021-11-14 09:24:58'),(163,8,2,1,NULL,'test opt 2',0,6,6,'2021-11-14 17:07:20','2021-11-14 17:07:20','2021-11-14 09:24:58'),(164,8,2,0,163,'DD',0,6,6,'2021-11-14 17:07:20','2021-11-14 17:07:20','2021-11-14 09:24:58'),(165,8,2,0,163,'DDD',0,6,6,'2021-11-14 17:07:20','2021-11-14 17:07:20','2021-11-14 09:24:58'),(166,8,3,1,NULL,'sasas',0,6,6,'2021-11-14 17:07:20','2021-11-14 17:07:20','2021-11-14 09:24:58'),(167,8,3,0,166,'EEEEEEE',0,6,6,'2021-11-14 17:07:20','2021-11-14 17:07:20','2021-11-14 09:24:58'),(168,8,3,0,166,'eefffeeeff',0,6,6,'2021-11-14 17:07:20','2021-11-14 17:07:20','2021-11-14 09:24:58'),(169,8,1,1,NULL,'test opt 1',1,6,6,'2021-11-14 17:24:58','2021-11-14 17:24:58','2021-11-14 09:37:38'),(170,8,1,0,169,'A',1,6,6,'2021-11-14 17:24:58','2021-11-14 17:24:58','2021-11-14 09:37:38'),(171,8,1,0,169,'AA',1,6,6,'2021-11-14 17:24:58','2021-11-14 17:24:58','2021-11-14 09:37:38'),(172,8,1,0,169,'AAA',1,6,6,'2021-11-14 17:24:58','2021-11-14 17:24:58','2021-11-14 09:37:38'),(173,8,1,0,169,'AAAA',1,6,6,'2021-11-14 17:24:58','2021-11-14 17:24:58','2021-11-14 09:37:38'),(174,8,2,1,NULL,'test opt 2',0,6,6,'2021-11-14 17:24:58','2021-11-14 17:24:58','2021-11-14 09:37:38'),(175,8,2,0,174,'DD',0,6,6,'2021-11-14 17:24:58','2021-11-14 17:24:58','2021-11-14 09:37:38'),(176,8,2,0,174,'DDD',0,6,6,'2021-11-14 17:24:58','2021-11-14 17:24:58','2021-11-14 09:37:38'),(177,8,3,1,NULL,'sasas',0,6,6,'2021-11-14 17:24:58','2021-11-14 17:24:58','2021-11-14 09:37:38'),(178,8,3,0,177,'EEEEEEE',0,6,6,'2021-11-14 17:24:58','2021-11-14 17:24:58','2021-11-14 09:37:38'),(179,8,3,0,177,'eefffeeeff',0,6,6,'2021-11-14 17:24:58','2021-11-14 17:24:58','2021-11-14 09:37:38'),(180,8,1,1,NULL,'test opt 1',1,6,6,'2021-11-14 17:37:38','2021-11-14 17:37:38','2021-11-14 09:38:05'),(181,8,1,0,180,'A',1,6,6,'2021-11-14 17:37:38','2021-11-14 17:37:38','2021-11-14 09:38:05'),(182,8,1,0,180,'AA',1,6,6,'2021-11-14 17:37:38','2021-11-14 17:37:38','2021-11-14 09:38:05'),(183,8,1,0,180,'AAA',1,6,6,'2021-11-14 17:37:38','2021-11-14 17:37:38','2021-11-14 09:38:05'),(184,8,1,0,180,'AAAA',1,6,6,'2021-11-14 17:37:38','2021-11-14 17:37:38','2021-11-14 09:38:05'),(185,8,2,1,NULL,'test opt 2',0,6,6,'2021-11-14 17:37:38','2021-11-14 17:37:38','2021-11-14 09:38:05'),(186,8,2,0,185,'DD',0,6,6,'2021-11-14 17:37:38','2021-11-14 17:37:38','2021-11-14 09:38:05'),(187,8,2,0,185,'DDD',0,6,6,'2021-11-14 17:37:38','2021-11-14 17:37:38','2021-11-14 09:38:05'),(188,8,3,1,NULL,'sasas',0,6,6,'2021-11-14 17:37:38','2021-11-14 17:37:38','2021-11-14 09:38:05'),(189,8,3,0,188,'EEEEEEE',0,6,6,'2021-11-14 17:37:38','2021-11-14 17:37:38','2021-11-14 09:38:05'),(190,8,3,0,188,'eefffeeeff',0,6,6,'2021-11-14 17:37:38','2021-11-14 17:37:38','2021-11-14 09:38:05'),(191,8,1,1,NULL,'test opt 1',1,6,6,'2021-11-14 17:38:05','2021-11-14 17:38:05','2021-11-14 09:52:08'),(192,8,1,0,191,'A',1,6,6,'2021-11-14 17:38:05','2021-11-14 17:38:05','2021-11-14 09:52:08'),(193,8,1,0,191,'AA',1,6,6,'2021-11-14 17:38:05','2021-11-14 17:38:05','2021-11-14 09:52:08'),(194,8,1,0,191,'AAA',1,6,6,'2021-11-14 17:38:05','2021-11-14 17:38:05','2021-11-14 09:52:08'),(195,8,1,0,191,'AAAA',1,6,6,'2021-11-14 17:38:05','2021-11-14 17:38:05','2021-11-14 09:52:08'),(196,8,2,1,NULL,'test opt 2',0,6,6,'2021-11-14 17:38:05','2021-11-14 17:38:05','2021-11-14 09:52:08'),(197,8,2,0,196,'DD',0,6,6,'2021-11-14 17:38:05','2021-11-14 17:38:05','2021-11-14 09:52:08'),(198,8,2,0,196,'DDD',0,6,6,'2021-11-14 17:38:05','2021-11-14 17:38:05','2021-11-14 09:52:08'),(199,8,3,1,NULL,'sasas',0,6,6,'2021-11-14 17:38:05','2021-11-14 17:38:05','2021-11-14 09:52:08'),(200,8,3,0,199,'EEEEEEE',0,6,6,'2021-11-14 17:38:05','2021-11-14 17:38:05','2021-11-14 09:52:08'),(201,8,3,0,199,'eefffeeeff',0,6,6,'2021-11-14 17:38:05','2021-11-14 17:38:05','2021-11-14 09:52:08'),(202,8,1,1,NULL,'test opt 1',0,6,6,'2021-11-14 17:52:08','2021-11-14 17:52:08','2021-11-14 10:02:02'),(203,8,1,0,202,'A',0,6,6,'2021-11-14 17:52:08','2021-11-14 17:52:08','2021-11-14 10:02:02'),(204,8,1,0,202,'AA',0,6,6,'2021-11-14 17:52:08','2021-11-14 17:52:08','2021-11-14 10:02:02'),(205,8,1,0,202,'AAA',0,6,6,'2021-11-14 17:52:08','2021-11-14 17:52:08','2021-11-14 10:02:02'),(206,8,1,0,202,'AAAA',0,6,6,'2021-11-14 17:52:08','2021-11-14 17:52:08','2021-11-14 10:02:02'),(207,8,2,1,NULL,'test opt 2',0,6,6,'2021-11-14 17:52:08','2021-11-14 17:52:08','2021-11-14 10:02:02'),(208,8,2,0,207,'DD',0,6,6,'2021-11-14 17:52:08','2021-11-14 17:52:08','2021-11-14 10:02:02'),(209,8,2,0,207,'DDD',0,6,6,'2021-11-14 17:52:08','2021-11-14 17:52:08','2021-11-14 10:02:02'),(210,8,3,1,NULL,'sasas',1,6,6,'2021-11-14 17:52:08','2021-11-14 17:52:08','2021-11-14 10:02:02'),(211,8,3,0,210,'EEEEEEE',1,6,6,'2021-11-14 17:52:08','2021-11-14 17:52:08','2021-11-14 10:02:02'),(212,8,3,0,210,'eefffeeeff',1,6,6,'2021-11-14 17:52:08','2021-11-14 17:52:08','2021-11-14 10:02:02'),(213,9,1,1,NULL,'test 1111',0,6,6,'2021-11-14 17:57:51','2021-11-14 17:57:51','2021-11-17 08:40:28'),(214,9,1,0,213,'sub test 11111',0,6,6,'2021-11-14 17:57:51','2021-11-14 17:57:51','2021-11-17 08:40:28'),(215,8,1,1,NULL,'test opt 1',0,6,6,'2021-11-14 18:02:02','2021-11-14 18:02:02','2021-11-14 10:11:54'),(216,8,1,0,215,'A',0,6,6,'2021-11-14 18:02:02','2021-11-14 18:02:02','2021-11-14 10:11:54'),(217,8,1,0,215,'AA',0,6,6,'2021-11-14 18:02:02','2021-11-14 18:02:02','2021-11-14 10:11:54'),(218,8,1,0,215,'AAA',0,6,6,'2021-11-14 18:02:02','2021-11-14 18:02:02','2021-11-14 10:11:54'),(219,8,1,0,215,'AAAA',0,6,6,'2021-11-14 18:02:02','2021-11-14 18:02:02','2021-11-14 10:11:54'),(220,8,2,1,NULL,'test opt 2',1,6,6,'2021-11-14 18:02:02','2021-11-14 18:02:02','2021-11-14 10:11:54'),(221,8,2,0,220,'DD',1,6,6,'2021-11-14 18:02:02','2021-11-14 18:02:02','2021-11-14 10:11:54'),(222,8,2,0,220,'DDD',1,6,6,'2021-11-14 18:02:02','2021-11-14 18:02:02','2021-11-14 10:11:54'),(223,8,3,1,NULL,'sasas',0,6,6,'2021-11-14 18:02:02','2021-11-14 18:02:02','2021-11-14 10:11:54'),(224,8,3,0,223,'EEEEEEE',0,6,6,'2021-11-14 18:02:02','2021-11-14 18:02:02','2021-11-14 10:11:54'),(225,8,3,0,223,'eefffeeeff',0,6,6,'2021-11-14 18:02:02','2021-11-14 18:02:02','2021-11-14 10:11:54'),(226,8,1,1,NULL,'test opt 1',1,6,6,'2021-11-14 18:11:54','2021-11-14 18:11:54','2021-11-14 10:45:02'),(227,8,1,0,226,'A',1,6,6,'2021-11-14 18:11:54','2021-11-14 18:11:54','2021-11-14 10:45:02'),(228,8,1,0,226,'AA',1,6,6,'2021-11-14 18:11:54','2021-11-14 18:11:54','2021-11-14 10:45:02'),(229,8,1,0,226,'AAA',1,6,6,'2021-11-14 18:11:54','2021-11-14 18:11:54','2021-11-14 10:45:02'),(230,8,1,0,226,'AAAA',1,6,6,'2021-11-14 18:11:54','2021-11-14 18:11:54','2021-11-14 10:45:02'),(231,8,2,1,NULL,'test opt 2',0,6,6,'2021-11-14 18:11:54','2021-11-14 18:11:54','2021-11-14 10:45:02'),(232,8,2,0,231,'DD',0,6,6,'2021-11-14 18:11:54','2021-11-14 18:11:54','2021-11-14 10:45:02'),(233,8,2,0,231,'DDD',0,6,6,'2021-11-14 18:11:54','2021-11-14 18:11:54','2021-11-14 10:45:02'),(234,8,3,1,NULL,'sasas',0,6,6,'2021-11-14 18:11:54','2021-11-14 18:11:54','2021-11-14 10:45:02'),(235,8,3,0,234,'EEEEEEE',0,6,6,'2021-11-14 18:11:54','2021-11-14 18:11:54','2021-11-14 10:45:02'),(236,8,3,0,234,'eefffeeeff',0,6,6,'2021-11-14 18:11:54','2021-11-14 18:11:54','2021-11-14 10:45:02'),(237,8,1,1,NULL,'test opt 1',1,6,6,'2021-11-14 18:45:02','2021-11-14 18:45:02','2021-11-14 10:45:15'),(238,8,1,0,237,'A',1,6,6,'2021-11-14 18:45:02','2021-11-14 18:45:02','2021-11-14 10:45:15'),(239,8,1,0,237,'AA',1,6,6,'2021-11-14 18:45:02','2021-11-14 18:45:02','2021-11-14 10:45:15'),(240,8,1,0,237,'AAA',1,6,6,'2021-11-14 18:45:02','2021-11-14 18:45:02','2021-11-14 10:45:15'),(241,8,1,0,237,'AAAA',1,6,6,'2021-11-14 18:45:02','2021-11-14 18:45:02','2021-11-14 10:45:15'),(242,8,2,1,NULL,'test opt 2',0,6,6,'2021-11-14 18:45:02','2021-11-14 18:45:02','2021-11-14 10:45:15'),(243,8,2,0,242,'DD',0,6,6,'2021-11-14 18:45:02','2021-11-14 18:45:02','2021-11-14 10:45:15'),(244,8,2,0,242,'DDD',0,6,6,'2021-11-14 18:45:02','2021-11-14 18:45:02','2021-11-14 10:45:15'),(245,8,3,1,NULL,'sasas',0,6,6,'2021-11-14 18:45:02','2021-11-14 18:45:02','2021-11-14 10:45:15'),(246,8,3,0,245,'EEEEEEE',0,6,6,'2021-11-14 18:45:02','2021-11-14 18:45:02','2021-11-14 10:45:15'),(247,8,3,0,245,'eefffeeeff',0,6,6,'2021-11-14 18:45:02','2021-11-14 18:45:02','2021-11-14 10:45:15'),(248,8,1,1,NULL,'test opt 1',1,6,6,'2021-11-14 18:45:15','2021-11-14 18:45:15',NULL),(249,8,1,0,248,'A',1,6,6,'2021-11-14 18:45:15','2021-11-14 18:45:15',NULL),(250,8,1,0,248,'AA',1,6,6,'2021-11-14 18:45:15','2021-11-14 18:45:15',NULL),(251,8,1,0,248,'AAA',1,6,6,'2021-11-14 18:45:15','2021-11-14 18:45:15',NULL),(252,8,1,0,248,'AAAA',1,6,6,'2021-11-14 18:45:15','2021-11-14 18:45:15',NULL),(253,8,2,1,NULL,'test opt 2',0,6,6,'2021-11-14 18:45:15','2021-11-14 18:45:15',NULL),(254,8,2,0,253,'DD',0,6,6,'2021-11-14 18:45:15','2021-11-14 18:45:15',NULL),(255,8,2,0,253,'DDD',0,6,6,'2021-11-14 18:45:15','2021-11-14 18:45:15',NULL),(256,8,3,1,NULL,'sasas',0,6,6,'2021-11-14 18:45:15','2021-11-14 18:45:15',NULL),(257,8,3,0,256,'EEEEEEE',0,6,6,'2021-11-14 18:45:15','2021-11-14 18:45:15',NULL),(258,8,3,0,256,'eefffeeeff',0,6,6,'2021-11-14 18:45:15','2021-11-14 18:45:15',NULL),(259,12,1,1,NULL,'OPTION 1',1,6,6,'2021-11-17 16:36:47','2021-11-17 16:36:47',NULL),(260,12,1,0,259,'SUB OPTION 1',1,6,6,'2021-11-17 16:36:47','2021-11-17 16:36:47',NULL),(261,12,2,1,NULL,'OPTION 2',0,6,6,'2021-11-17 16:36:47','2021-11-17 16:36:47',NULL),(262,12,2,0,261,'SUB OPTION 2',0,6,6,'2021-11-17 16:36:47','2021-11-17 16:36:47',NULL),(263,12,3,1,NULL,'OPTION 3',0,6,6,'2021-11-17 16:36:47','2021-11-17 16:36:47',NULL),(264,12,3,0,263,'SUB OPTION 3',0,6,6,'2021-11-17 16:36:47','2021-11-17 16:36:47',NULL),(265,13,1,1,NULL,'OPTION 11',0,6,6,'2021-11-17 16:43:41','2021-11-17 16:43:41',NULL),(266,13,1,0,265,'SUB OPTION 11',0,6,6,'2021-11-17 16:43:41','2021-11-17 16:43:41',NULL),(267,13,1,0,265,'SUB OPTION 1111',0,6,6,'2021-11-17 16:43:41','2021-11-17 16:43:41',NULL),(268,13,2,1,NULL,'OPTION 22',1,6,6,'2021-11-17 16:43:41','2021-11-17 16:43:41',NULL),(269,13,2,0,268,'SUB OPTION 22',1,6,6,'2021-11-17 16:43:41','2021-11-17 16:43:41',NULL),(270,13,2,0,268,'SUB OPTION 222',1,6,6,'2021-11-17 16:43:41','2021-11-17 16:43:41',NULL),(275,15,1,1,NULL,'OPTION 1100',1,6,6,'2021-11-19 07:10:42','2021-11-19 07:10:42','2021-11-18 23:11:07'),(276,15,1,0,275,'SUB OPTION 1100',1,6,6,'2021-11-19 07:10:42','2021-11-19 07:10:42','2021-11-18 23:11:07'),(277,15,2,1,NULL,'OPTION 2201',0,6,6,'2021-11-19 07:10:42','2021-11-19 07:10:42','2021-11-18 23:11:07'),(278,15,2,0,277,'SUB OPTION 2201',0,6,6,'2021-11-19 07:10:42','2021-11-19 07:10:42','2021-11-18 23:11:07'),(279,15,2,0,277,'SUB OPTION 2202',0,6,6,'2021-11-19 07:10:42','2021-11-19 07:10:42','2021-11-18 23:11:07'),(280,15,1,1,NULL,'OPTION 1100',1,6,6,'2021-11-19 07:11:07','2021-11-19 07:11:07','2021-11-18 23:22:59'),(281,15,1,0,280,'SUB OPTION 1100',1,6,6,'2021-11-19 07:11:07','2021-11-19 07:11:07','2021-11-18 23:22:59'),(282,15,2,1,NULL,'OPTION 2201',0,6,6,'2021-11-19 07:11:07','2021-11-19 07:11:07','2021-11-18 23:22:59'),(283,15,2,0,282,'SUB OPTION 2201',0,6,6,'2021-11-19 07:11:07','2021-11-19 07:11:07','2021-11-18 23:22:59'),(284,15,2,0,282,'SUB OPTION 2202',0,6,6,'2021-11-19 07:11:07','2021-11-19 07:11:07','2021-11-18 23:22:59'),(285,16,1,1,NULL,'TINGGAL KAU HARAPAN',0,6,6,'2021-11-19 07:15:33','2021-11-19 07:15:33',NULL),(286,16,1,0,285,'SUB OPTION 1',0,6,6,'2021-11-19 07:15:33','2021-11-19 07:15:33',NULL),(287,16,2,1,NULL,'JALANKU PULANGKAN',1,6,6,'2021-11-19 07:15:33','2021-11-19 07:15:33',NULL),(288,16,2,0,287,'SUB OPTION 2',1,6,6,'2021-11-19 07:15:33','2021-11-19 07:15:33',NULL),(289,16,3,1,NULL,'YANG TERANG',0,6,6,'2021-11-19 07:15:33','2021-11-19 07:15:33',NULL),(290,16,3,0,289,'SUB OPTION 3',0,6,6,'2021-11-19 07:15:33','2021-11-19 07:15:33',NULL),(291,15,1,1,NULL,'OPTION 1100',1,6,6,'2021-11-19 07:22:59','2021-11-19 07:22:59','2021-11-18 23:27:33'),(292,15,1,0,291,'SUB OPTION 1100',1,6,6,'2021-11-19 07:22:59','2021-11-19 07:22:59','2021-11-18 23:27:33'),(293,15,2,1,NULL,'OPTION 2201',0,6,6,'2021-11-19 07:22:59','2021-11-19 07:22:59','2021-11-18 23:27:33'),(294,15,2,0,293,'SUB OPTION 2201',0,6,6,'2021-11-19 07:22:59','2021-11-19 07:22:59','2021-11-18 23:27:33'),(295,15,2,0,293,'SUB OPTION 2202',0,6,6,'2021-11-19 07:22:59','2021-11-19 07:22:59','2021-11-18 23:27:33'),(296,15,1,1,NULL,'OPTION 1100',1,6,6,'2021-11-19 07:27:33','2021-11-19 07:27:33',NULL),(297,15,1,0,296,'SUB OPTION 1100',1,6,6,'2021-11-19 07:27:33','2021-11-19 07:27:33',NULL),(298,15,2,1,NULL,'OPTION 2201',0,6,6,'2021-11-19 07:27:33','2021-11-19 07:27:33',NULL),(299,15,2,0,298,'SUB OPTION 2201',0,6,6,'2021-11-19 07:27:33','2021-11-19 07:27:33',NULL),(300,15,2,0,298,'SUB OPTION 3222',0,6,6,'2021-11-19 07:27:33','2021-11-19 07:27:33',NULL),(301,15,2,0,298,'SUB OPTION 2202',0,6,6,'2021-11-19 07:27:33','2021-11-19 07:27:33',NULL),(302,21,1,0,NULL,'OPTION 2201',1,6,6,'2021-11-24 09:56:10','2021-11-24 09:56:10',NULL),(303,21,1,0,302,'SUB OPTION 2201',1,6,6,'2021-11-24 09:56:10','2021-11-24 09:56:10',NULL),(304,21,1,0,302,'SUB OPTION 3222',1,6,6,'2021-11-24 09:56:10','2021-11-24 09:56:10',NULL),(305,21,1,0,302,'SUB OPTION 2202',1,6,6,'2021-11-24 09:56:10','2021-11-24 09:56:10',NULL),(306,23,1,1,NULL,'OPTION 2201',1,6,6,'2021-11-24 10:03:59','2021-11-24 10:03:59',NULL),(307,23,1,0,306,'SUB OPTION 2201',1,6,6,'2021-11-24 10:03:59','2021-11-24 10:03:59',NULL),(308,23,1,0,306,'SUB OPTION 3222',1,6,6,'2021-11-24 10:03:59','2021-11-24 10:03:59',NULL),(309,23,1,0,306,'SUB OPTION 2202',1,6,6,'2021-11-24 10:03:59','2021-11-24 10:03:59',NULL),(310,24,1,1,NULL,'OPTION 2201',1,6,6,'2021-11-25 14:46:31','2021-11-25 14:46:31','2021-12-01 07:37:32'),(311,24,1,0,310,'SUB OPTION 2201',1,6,6,'2021-11-25 14:46:31','2021-11-25 14:46:31','2021-12-01 07:37:32'),(312,24,1,0,310,'SUB OPTION 3222',1,6,6,'2021-11-25 14:46:31','2021-11-25 14:46:31','2021-12-01 07:37:32'),(313,24,1,0,310,'SUB OPTION 2202',1,6,6,'2021-11-25 14:46:31','2021-11-25 14:46:31','2021-12-01 07:37:32'),(314,25,1,1,NULL,'OPTION PERMOHONAN SATU',0,6,6,'2021-11-27 18:13:29','2021-11-27 18:13:29',NULL),(315,25,1,0,314,'SUB OPTION PERMOHONAN SATU',0,6,6,'2021-11-27 18:13:29','2021-11-27 18:13:29',NULL),(316,25,2,1,NULL,'OPTION PERMOHONAN DUA',1,6,6,'2021-11-27 18:13:29','2021-11-27 18:13:29',NULL),(317,25,2,0,316,'SUB OPTION PERMOHONAN DUA',1,6,6,'2021-11-27 18:13:29','2021-11-27 18:13:29',NULL),(318,24,1,1,NULL,'OPTION 220111',1,6,6,'2021-12-01 15:37:32','2021-12-01 15:37:32','2021-12-01 07:38:58'),(319,24,1,0,318,'SUB OPTION 220111',1,6,6,'2021-12-01 15:37:32','2021-12-01 15:37:32','2021-12-01 07:38:58'),(320,24,1,0,318,'SUB OPTION 322211',1,6,6,'2021-12-01 15:37:32','2021-12-01 15:37:32','2021-12-01 07:38:58'),(321,24,1,0,318,'SUB OPTION 220211',1,6,6,'2021-12-01 15:37:32','2021-12-01 15:37:32','2021-12-01 07:38:58'),(322,24,1,0,318,'SUB OPTION 220411',1,6,6,'2021-12-01 15:37:32','2021-12-01 15:37:32','2021-12-01 07:38:58'),(323,24,1,1,NULL,'OPTION 220111',1,6,6,'2021-12-01 15:38:58','2021-12-01 15:38:58','2021-12-01 07:39:18'),(324,24,1,0,323,'SUB OPTION 220111',1,6,6,'2021-12-01 15:38:58','2021-12-01 15:38:58','2021-12-01 07:39:18'),(325,24,1,0,323,'SUB OPTION 322211',1,6,6,'2021-12-01 15:38:58','2021-12-01 15:38:58','2021-12-01 07:39:18'),(326,24,1,0,323,'SUB OPTION 220211',1,6,6,'2021-12-01 15:38:58','2021-12-01 15:38:58','2021-12-01 07:39:18'),(327,24,1,0,323,'SUB OPTION 220411',1,6,6,'2021-12-01 15:38:58','2021-12-01 15:38:58','2021-12-01 07:39:18'),(328,24,1,1,NULL,'OPTION 220111',1,6,6,'2021-12-01 15:39:18','2021-12-01 15:39:18','2021-12-01 07:39:49'),(329,24,1,0,328,'SUB OPTION 220111',1,6,6,'2021-12-01 15:39:18','2021-12-01 15:39:18','2021-12-01 07:39:49'),(330,24,1,0,328,'SUB OPTION 322211',1,6,6,'2021-12-01 15:39:18','2021-12-01 15:39:18','2021-12-01 07:39:49'),(331,24,1,0,328,'SUB OPTION 220211',1,6,6,'2021-12-01 15:39:18','2021-12-01 15:39:18','2021-12-01 07:39:49'),(332,24,1,0,328,'SUB OPTION 220411',1,6,6,'2021-12-01 15:39:18','2021-12-01 15:39:18','2021-12-01 07:39:49'),(333,24,1,1,NULL,'OPTION 220111',1,6,6,'2021-12-01 15:39:49','2021-12-01 15:39:49','2021-12-01 07:42:00'),(334,24,1,0,333,'SUB OPTION 220111',1,6,6,'2021-12-01 15:39:49','2021-12-01 15:39:49','2021-12-01 07:42:00'),(335,24,1,0,333,'SUB OPTION 322211',1,6,6,'2021-12-01 15:39:49','2021-12-01 15:39:49','2021-12-01 07:42:00'),(336,24,1,0,333,'SUB OPTION 220211',1,6,6,'2021-12-01 15:39:49','2021-12-01 15:39:49','2021-12-01 07:42:00'),(337,24,1,0,333,'SUB OPTION 220411',1,6,6,'2021-12-01 15:39:49','2021-12-01 15:39:49','2021-12-01 07:42:00'),(338,24,1,1,NULL,'OPTION 220111',1,6,6,'2021-12-01 15:42:00','2021-12-01 15:42:00',NULL),(339,24,1,0,338,'SUB OPTION 220111',1,6,6,'2021-12-01 15:42:00','2021-12-01 15:42:00',NULL),(340,24,1,0,338,'SUB OPTION 322211',1,6,6,'2021-12-01 15:42:00','2021-12-01 15:42:00',NULL),(341,24,1,0,338,'SUB OPTION 220211',1,6,6,'2021-12-01 15:42:00','2021-12-01 15:42:00',NULL),(342,24,1,0,338,'SUB OPTION 220411',1,6,6,'2021-12-01 15:42:00','2021-12-01 15:42:00',NULL);

--
-- Table structure for table `permohonan_project`
--

CREATE TABLE `permohonan_project` (
  `permohonan_project_id` bigint(20) NOT NULL AUTO_INCREMENT,
  `permohonan_id` bigint(20) NOT NULL,
  `is_main` int(11) NOT NULL DEFAULT '0',
  `main_id` bigint(11) DEFAULT NULL,
  `project_desc` varchar(255) DEFAULT NULL,
  `kpi_id` int(11) NOT NULL,
  `targeted_value` decimal(10,2) NOT NULL DEFAULT '0.00',
  `achieved_value` decimal(10,2) NOT NULL DEFAULT '0.00',
  `percentage_value` decimal(10,2) NOT NULL DEFAULT '0.00',
  `project_final_value` decimal(10,2) NOT NULL DEFAULT '0.00',
  `status` char(1) NOT NULL DEFAULT 'N',
  `justification` text,
  `created_by` int(11) NOT NULL,
  `updated_by` int(11) NOT NULL,
  `created_at` timestamp NULL DEFAULT NULL,
  `updated_at` timestamp NOT NULL DEFAULT CURRENT_TIMESTAMP,
  `deleted_at` timestamp NULL DEFAULT NULL,
  PRIMARY KEY (`permohonan_project_id`),
  KEY `idx_permohonanproject_permohonanid` (`permohonan_id`),
  KEY `idx_permohonanproject_createdby` (`created_by`),
  KEY `idx_permohonanproject_updatedby` (`updated_by`),
  KEY `idx_permohonanproject_ismain` (`is_main`),
  KEY `idx_permohonanproject_mainid` (`main_id`),
  KEY `idx_permohonanproject_kpiid` (`kpi_id`)
) ENGINE=InnoDB AUTO_INCREMENT=387 DEFAULT CHARSET=latin1;

--
-- Dumping data for table `permohonan_project`
--

INSERT INTO `permohonan_project` VALUES (1,1,1,NULL,'PROJEK 1',0,0.00,0.00,0.00,0.00,'N',NULL,6,6,'2021-11-11 14:12:27','2021-11-11 14:12:27','2021-11-11 08:44:19'),(2,1,0,1,NULL,22,2100.00,0.00,0.00,0.00,'N',NULL,6,6,'2021-11-11 14:12:27','2021-11-11 14:12:27','2021-11-11 08:44:19'),(3,1,0,1,NULL,5,3100.00,0.00,0.00,0.00,'N',NULL,6,6,'2021-11-11 14:12:27','2021-11-11 14:12:27','2021-11-11 08:44:19'),(4,2,1,NULL,NULL,0,0.00,0.00,0.00,0.00,'N',NULL,6,6,'2021-11-11 14:26:06','2021-11-11 14:26:06','2021-11-11 06:28:27'),(5,2,0,4,NULL,11,0.00,0.00,0.00,0.00,'N',NULL,6,6,'2021-11-11 14:26:06','2021-11-11 14:26:06','2021-11-11 06:28:27'),(6,2,0,4,NULL,18,0.00,0.00,0.00,0.00,'N',NULL,6,6,'2021-11-11 14:26:06','2021-11-11 14:26:06','2021-11-11 06:28:27'),(7,2,0,4,NULL,13,0.00,0.00,0.00,0.00,'N',NULL,6,6,'2021-11-11 14:26:06','2021-11-11 14:26:06','2021-11-11 06:28:27'),(8,2,1,NULL,'projek name 1',0,0.00,0.00,0.00,0.00,'N',NULL,6,6,'2021-11-11 14:28:27','2021-11-11 14:28:27','2021-11-11 06:28:57'),(9,2,0,8,NULL,11,1900.00,0.00,0.00,0.00,'N',NULL,6,6,'2021-11-11 14:28:27','2021-11-11 14:28:27','2021-11-11 06:28:57'),(10,2,0,8,NULL,18,4300.00,0.00,0.00,0.00,'N',NULL,6,6,'2021-11-11 14:28:27','2021-11-11 14:28:27','2021-11-11 06:28:57'),(11,2,0,8,NULL,13,2910.00,0.00,0.00,0.00,'N',NULL,6,6,'2021-11-11 14:28:27','2021-11-11 14:28:27','2021-11-11 06:28:57'),(12,2,1,NULL,'projek name 2',0,0.00,0.00,0.00,0.00,'N',NULL,6,6,'2021-11-11 14:28:27','2021-11-11 14:28:27','2021-11-11 06:28:57'),(13,2,0,12,NULL,22,2100.00,0.00,0.00,0.00,'N',NULL,6,6,'2021-11-11 14:28:27','2021-11-11 14:28:27','2021-11-11 06:28:57'),(14,2,0,12,NULL,13,3100.00,0.00,0.00,0.00,'N',NULL,6,6,'2021-11-11 14:28:27','2021-11-11 14:28:27','2021-11-11 06:28:57'),(15,2,0,12,NULL,12,4300.00,0.00,0.00,0.00,'N',NULL,6,6,'2021-11-11 14:28:27','2021-11-11 14:28:27','2021-11-11 06:28:57'),(16,2,1,NULL,'projek name 3',0,0.00,0.00,0.00,0.00,'N',NULL,6,6,'2021-11-11 14:28:27','2021-11-11 14:28:27','2021-11-11 06:28:57'),(17,2,0,16,NULL,19,1100.00,0.00,0.00,0.00,'N',NULL,6,6,'2021-11-11 14:28:27','2021-11-11 14:28:27','2021-11-11 06:28:57'),(18,2,0,16,NULL,11,4100.00,0.00,0.00,0.00,'N',NULL,6,6,'2021-11-11 14:28:27','2021-11-11 14:28:27','2021-11-11 06:28:57'),(19,2,1,NULL,'projek name 1',0,0.00,0.00,0.00,0.00,'N',NULL,6,6,'2021-11-11 14:28:57','2021-11-11 14:28:57','2021-11-11 06:31:02'),(20,2,0,19,NULL,11,1900.00,0.00,0.00,0.00,'N',NULL,6,6,'2021-11-11 14:28:57','2021-11-11 14:28:57','2021-11-11 06:31:02'),(21,2,0,19,NULL,18,4300.00,0.00,0.00,0.00,'N',NULL,6,6,'2021-11-11 14:28:57','2021-11-11 14:28:57','2021-11-11 06:31:02'),(22,2,0,19,NULL,13,2910.00,0.00,0.00,0.00,'N',NULL,6,6,'2021-11-11 14:28:57','2021-11-11 14:28:57','2021-11-11 06:31:02'),(23,2,1,NULL,'projek name 2',0,0.00,0.00,0.00,0.00,'N',NULL,6,6,'2021-11-11 14:28:57','2021-11-11 14:28:57','2021-11-11 06:31:02'),(24,2,0,23,NULL,22,2100.00,0.00,0.00,0.00,'N',NULL,6,6,'2021-11-11 14:28:57','2021-11-11 14:28:57','2021-11-11 06:31:02'),(25,2,0,23,NULL,13,3100.00,0.00,0.00,0.00,'N',NULL,6,6,'2021-11-11 14:28:57','2021-11-11 14:28:57','2021-11-11 06:31:02'),(26,2,0,23,NULL,12,4300.00,0.00,0.00,0.00,'N',NULL,6,6,'2021-11-11 14:28:57','2021-11-11 14:28:57','2021-11-11 06:31:02'),(27,2,1,NULL,'projek name 3',0,0.00,0.00,0.00,0.00,'N',NULL,6,6,'2021-11-11 14:28:57','2021-11-11 14:28:57','2021-11-11 06:31:02'),(28,2,0,27,NULL,19,1100.00,0.00,0.00,0.00,'N',NULL,6,6,'2021-11-11 14:28:57','2021-11-11 14:28:57','2021-11-11 06:31:02'),(29,2,0,27,NULL,11,4100.00,0.00,0.00,0.00,'N',NULL,6,6,'2021-11-11 14:28:57','2021-11-11 14:28:57','2021-11-11 06:31:02'),(30,2,1,NULL,'projek name 1',0,0.00,0.00,0.00,0.00,'N',NULL,6,6,'2021-11-11 14:31:02','2021-11-11 14:31:02','2021-11-11 06:31:08'),(31,2,0,30,NULL,11,1900.00,0.00,0.00,0.00,'N',NULL,6,6,'2021-11-11 14:31:02','2021-11-11 14:31:02','2021-11-11 06:31:08'),(32,2,0,30,NULL,18,4300.00,0.00,0.00,0.00,'N',NULL,6,6,'2021-11-11 14:31:02','2021-11-11 14:31:02','2021-11-11 06:31:08'),(33,2,0,30,NULL,13,2910.00,0.00,0.00,0.00,'N',NULL,6,6,'2021-11-11 14:31:02','2021-11-11 14:31:02','2021-11-11 06:31:08'),(34,2,1,NULL,'projek name 2',0,0.00,0.00,0.00,0.00,'N',NULL,6,6,'2021-11-11 14:31:02','2021-11-11 14:31:02','2021-11-11 06:31:08'),(35,2,0,34,NULL,22,2100.00,0.00,0.00,0.00,'N',NULL,6,6,'2021-11-11 14:31:02','2021-11-11 14:31:02','2021-11-11 06:31:08'),(36,2,0,34,NULL,13,3100.00,0.00,0.00,0.00,'N',NULL,6,6,'2021-11-11 14:31:02','2021-11-11 14:31:02','2021-11-11 06:31:08'),(37,2,0,34,NULL,12,4300.00,0.00,0.00,0.00,'N',NULL,6,6,'2021-11-11 14:31:02','2021-11-11 14:31:02','2021-11-11 06:31:08'),(38,2,1,NULL,'projek name 3',0,0.00,0.00,0.00,0.00,'N',NULL,6,6,'2021-11-11 14:31:02','2021-11-11 14:31:02','2021-11-11 06:31:08'),(39,2,0,38,NULL,19,1100.00,0.00,0.00,0.00,'N',NULL,6,6,'2021-11-11 14:31:02','2021-11-11 14:31:02','2021-11-11 06:31:08'),(40,2,0,38,NULL,11,4100.00,0.00,0.00,0.00,'N',NULL,6,6,'2021-11-11 14:31:02','2021-11-11 14:31:02','2021-11-11 06:31:08'),(41,2,1,NULL,'projek name 1',0,0.00,0.00,0.00,0.00,'N',NULL,6,6,'2021-11-11 14:31:08','2021-11-11 14:31:08','2021-11-11 09:02:34'),(42,2,0,41,NULL,11,1900.00,0.00,0.00,0.00,'N',NULL,6,6,'2021-11-11 14:31:08','2021-11-11 14:31:08','2021-11-11 09:02:34'),(43,2,0,41,NULL,18,4300.00,0.00,0.00,0.00,'N',NULL,6,6,'2021-11-11 14:31:08','2021-11-11 14:31:08','2021-11-11 09:02:34'),(44,2,0,41,NULL,13,2910.00,0.00,0.00,0.00,'N',NULL,6,6,'2021-11-11 14:31:08','2021-11-11 14:31:08','2021-11-11 09:02:34'),(45,2,1,NULL,'projek name 2',0,0.00,0.00,0.00,0.00,'N',NULL,6,6,'2021-11-11 14:31:08','2021-11-11 14:31:08','2021-11-11 09:02:34'),(46,2,0,45,NULL,22,2100.00,0.00,0.00,0.00,'N',NULL,6,6,'2021-11-11 14:31:08','2021-11-11 14:31:08','2021-11-11 09:02:34'),(47,2,0,45,NULL,13,3100.00,0.00,0.00,0.00,'N',NULL,6,6,'2021-11-11 14:31:08','2021-11-11 14:31:08','2021-11-11 09:02:34'),(48,2,0,45,NULL,12,4300.00,0.00,0.00,0.00,'N',NULL,6,6,'2021-11-11 14:31:08','2021-11-11 14:31:08','2021-11-11 09:02:34'),(49,2,1,NULL,'projek name 3',0,0.00,0.00,0.00,0.00,'N',NULL,6,6,'2021-11-11 14:31:08','2021-11-11 14:31:08','2021-11-11 09:02:34'),(50,2,0,49,NULL,19,1100.00,0.00,0.00,0.00,'N',NULL,6,6,'2021-11-11 14:31:08','2021-11-11 14:31:08','2021-11-11 09:02:34'),(51,2,0,49,NULL,11,4100.00,0.00,0.00,0.00,'N',NULL,6,6,'2021-11-11 14:31:08','2021-11-11 14:31:08','2021-11-11 09:02:34'),(52,1,1,NULL,'PROJEK 1',0,0.00,0.00,0.00,0.00,'N',NULL,6,6,'2021-11-11 16:44:19','2021-11-11 16:44:19','2021-11-11 08:48:17'),(53,1,0,52,NULL,22,2100.00,0.00,0.00,0.00,'N',NULL,6,6,'2021-11-11 16:44:19','2021-11-11 16:44:19','2021-11-11 08:48:17'),(54,1,0,52,NULL,5,3100.00,0.00,0.00,0.00,'N',NULL,6,6,'2021-11-11 16:44:19','2021-11-11 16:44:19','2021-11-11 08:48:17'),(55,1,1,NULL,'PROJEK 1',0,0.00,0.00,0.00,0.00,'N',NULL,6,6,'2021-11-11 16:48:17','2021-11-11 16:48:17','2021-11-11 08:54:36'),(56,1,0,55,NULL,22,2100.00,0.00,0.00,0.00,'N',NULL,6,6,'2021-11-11 16:48:17','2021-11-11 16:48:17','2021-11-11 08:54:36'),(57,1,0,55,NULL,5,3100.00,0.00,0.00,0.00,'N',NULL,6,6,'2021-11-11 16:48:17','2021-11-11 16:48:17','2021-11-11 08:54:36'),(58,1,1,NULL,'PROJEK 1',0,0.00,0.00,0.00,0.00,'N',NULL,6,6,'2021-11-11 16:54:36','2021-11-11 16:54:36','2021-11-11 08:56:21'),(59,1,0,58,NULL,22,2100.00,0.00,0.00,0.00,'N',NULL,6,6,'2021-11-11 16:54:36','2021-11-11 16:54:36','2021-11-11 08:56:21'),(60,1,0,58,NULL,5,3100.00,0.00,0.00,0.00,'N',NULL,6,6,'2021-11-11 16:54:36','2021-11-11 16:54:36','2021-11-11 08:56:21'),(61,1,1,NULL,'',0,0.00,0.00,0.00,0.00,'N',NULL,6,6,'2021-11-11 16:54:36','2021-11-11 16:54:36','2021-11-11 08:56:21'),(62,1,0,61,NULL,22,0.00,0.00,0.00,0.00,'N',NULL,6,6,'2021-11-11 16:54:36','2021-11-11 16:54:36','2021-11-11 08:56:21'),(68,1,1,NULL,'PROJEK 1',0,0.00,0.00,0.00,0.00,'N',NULL,6,6,'2021-11-11 16:56:21','2021-11-11 16:56:21','2021-11-11 08:56:35'),(69,1,0,68,NULL,22,2100.00,0.00,0.00,0.00,'N',NULL,6,6,'2021-11-11 16:56:21','2021-11-11 16:56:21','2021-11-11 08:56:35'),(70,1,0,68,NULL,5,3100.00,0.00,0.00,0.00,'N',NULL,6,6,'2021-11-11 16:56:21','2021-11-11 16:56:21','2021-11-11 08:56:35'),(71,1,1,NULL,'',0,0.00,0.00,0.00,0.00,'N',NULL,6,6,'2021-11-11 16:56:21','2021-11-11 16:56:21','2021-11-11 08:56:35'),(72,1,0,71,NULL,22,0.00,0.00,0.00,0.00,'N',NULL,6,6,'2021-11-11 16:56:21','2021-11-11 16:56:21','2021-11-11 08:56:35'),(73,1,1,NULL,'PROJEK 1',0,0.00,0.00,0.00,0.00,'N',NULL,6,6,'2021-11-11 16:56:35','2021-11-11 16:56:35','2021-11-11 09:02:21'),(74,1,0,73,NULL,22,2100.00,0.00,0.00,0.00,'N',NULL,6,6,'2021-11-11 16:56:35','2021-11-11 16:56:35','2021-11-11 09:02:21'),(75,1,0,73,NULL,5,3100.00,0.00,0.00,0.00,'N',NULL,6,6,'2021-11-11 16:56:35','2021-11-11 16:56:35','2021-11-11 09:02:21'),(76,1,1,NULL,'',0,0.00,0.00,0.00,0.00,'N',NULL,6,6,'2021-11-11 16:56:35','2021-11-11 16:56:35','2021-11-11 09:02:21'),(77,1,0,76,NULL,22,0.00,0.00,0.00,0.00,'N',NULL,6,6,'2021-11-11 16:56:35','2021-11-11 16:56:35','2021-11-11 09:02:21'),(78,1,1,NULL,'PROJEK 1',0,0.00,0.00,0.00,0.00,'N',NULL,6,6,'2021-11-11 17:02:21','2021-11-11 17:02:21','2021-11-11 09:03:46'),(79,1,0,78,NULL,22,2100.00,0.00,0.00,0.00,'N',NULL,6,6,'2021-11-11 17:02:21','2021-11-11 17:02:21','2021-11-11 09:03:46'),(80,1,0,78,NULL,5,3100.00,0.00,0.00,0.00,'N',NULL,6,6,'2021-11-11 17:02:21','2021-11-11 17:02:21','2021-11-11 09:03:46'),(81,1,1,NULL,'',0,0.00,0.00,0.00,0.00,'N',NULL,6,6,'2021-11-11 17:02:21','2021-11-11 17:02:21','2021-11-11 09:03:46'),(82,1,0,81,NULL,22,0.00,0.00,0.00,0.00,'N',NULL,6,6,'2021-11-11 17:02:21','2021-11-11 17:02:21','2021-11-11 09:03:46'),(83,2,1,NULL,'PROJEK NAME 1',0,0.00,0.00,0.00,0.00,'N',NULL,6,6,'2021-11-11 17:02:34','2021-11-11 17:02:34','2021-11-11 09:03:29'),(84,2,0,83,NULL,11,1900.00,0.00,0.00,0.00,'N',NULL,6,6,'2021-11-11 17:02:34','2021-11-11 17:02:34','2021-11-11 09:03:29'),(85,2,0,83,NULL,18,4300.00,0.00,0.00,0.00,'N',NULL,6,6,'2021-11-11 17:02:34','2021-11-11 17:02:34','2021-11-11 09:03:29'),(86,2,0,83,NULL,13,2910.00,0.00,0.00,0.00,'N',NULL,6,6,'2021-11-11 17:02:34','2021-11-11 17:02:34','2021-11-11 09:03:29'),(87,2,1,NULL,'PROJEK NAME 2',0,0.00,0.00,0.00,0.00,'N',NULL,6,6,'2021-11-11 17:02:34','2021-11-11 17:02:34','2021-11-11 09:03:29'),(88,2,0,87,NULL,22,2100.00,0.00,0.00,0.00,'N',NULL,6,6,'2021-11-11 17:02:34','2021-11-11 17:02:34','2021-11-11 09:03:29'),(89,2,0,87,NULL,13,3100.00,0.00,0.00,0.00,'N',NULL,6,6,'2021-11-11 17:02:34','2021-11-11 17:02:34','2021-11-11 09:03:29'),(90,2,0,87,NULL,12,4300.00,0.00,0.00,0.00,'N',NULL,6,6,'2021-11-11 17:02:34','2021-11-11 17:02:34','2021-11-11 09:03:29'),(91,2,1,NULL,'PROJEK NAME 3',0,0.00,0.00,0.00,0.00,'N',NULL,6,6,'2021-11-11 17:02:34','2021-11-11 17:02:34','2021-11-11 09:03:29'),(92,2,0,91,NULL,19,1100.00,0.00,0.00,0.00,'N',NULL,6,6,'2021-11-11 17:02:34','2021-11-11 17:02:34','2021-11-11 09:03:29'),(93,2,0,91,NULL,11,4100.00,0.00,0.00,0.00,'N',NULL,6,6,'2021-11-11 17:02:34','2021-11-11 17:02:34','2021-11-11 09:03:29'),(94,2,1,NULL,'PROJEK NAME 1',0,0.00,0.00,0.00,0.00,'N',NULL,6,6,'2021-11-11 17:03:29','2021-11-11 17:03:29','2021-11-11 09:03:36'),(95,2,0,94,NULL,11,1900.00,0.00,0.00,0.00,'N',NULL,6,6,'2021-11-11 17:03:29','2021-11-11 17:03:29','2021-11-11 09:03:36'),(96,2,0,94,NULL,18,4300.00,0.00,0.00,0.00,'N',NULL,6,6,'2021-11-11 17:03:29','2021-11-11 17:03:29','2021-11-11 09:03:36'),(97,2,0,94,NULL,13,2910.00,0.00,0.00,0.00,'N',NULL,6,6,'2021-11-11 17:03:29','2021-11-11 17:03:29','2021-11-11 09:03:36'),(98,2,1,NULL,'PROJEK NAME 2',0,0.00,0.00,0.00,0.00,'N',NULL,6,6,'2021-11-11 17:03:29','2021-11-11 17:03:29','2021-11-11 09:03:36'),(99,2,0,98,NULL,22,2100.00,0.00,0.00,0.00,'N',NULL,6,6,'2021-11-11 17:03:29','2021-11-11 17:03:29','2021-11-11 09:03:36'),(100,2,0,98,NULL,13,3100.00,0.00,0.00,0.00,'N',NULL,6,6,'2021-11-11 17:03:29','2021-11-11 17:03:29','2021-11-11 09:03:36'),(101,2,0,98,NULL,12,4300.00,0.00,0.00,0.00,'N',NULL,6,6,'2021-11-11 17:03:29','2021-11-11 17:03:29','2021-11-11 09:03:36'),(102,2,1,NULL,'PROJEK NAME 3',0,0.00,0.00,0.00,0.00,'N',NULL,6,6,'2021-11-11 17:03:29','2021-11-11 17:03:29','2021-11-11 09:03:36'),(103,2,0,102,NULL,19,1100.00,0.00,0.00,0.00,'N',NULL,6,6,'2021-11-11 17:03:29','2021-11-11 17:03:29','2021-11-11 09:03:36'),(104,2,0,102,NULL,11,4100.00,0.00,0.00,0.00,'N',NULL,6,6,'2021-11-11 17:03:29','2021-11-11 17:03:29','2021-11-11 09:03:36'),(105,2,1,NULL,'PROJEK NAME 1',0,0.00,0.00,0.00,0.00,'N',NULL,6,6,'2021-11-11 17:03:36','2021-11-11 17:03:36','2021-11-11 09:06:08'),(106,2,0,105,NULL,11,1900.00,0.00,0.00,0.00,'N',NULL,6,6,'2021-11-11 17:03:36','2021-11-11 17:03:36','2021-11-11 09:06:08'),(107,2,0,105,NULL,18,4300.00,0.00,0.00,0.00,'N',NULL,6,6,'2021-11-11 17:03:36','2021-11-11 17:03:36','2021-11-11 09:06:08'),(108,2,0,105,NULL,13,2910.00,0.00,0.00,0.00,'N',NULL,6,6,'2021-11-11 17:03:36','2021-11-11 17:03:36','2021-11-11 09:06:08'),(109,2,1,NULL,'PROJEK NAME 2',0,0.00,0.00,0.00,0.00,'N',NULL,6,6,'2021-11-11 17:03:36','2021-11-11 17:03:36','2021-11-11 09:06:08'),(110,2,0,109,NULL,22,2100.00,0.00,0.00,0.00,'N',NULL,6,6,'2021-11-11 17:03:36','2021-11-11 17:03:36','2021-11-11 09:06:08'),(111,2,0,109,NULL,13,3100.00,0.00,0.00,0.00,'N',NULL,6,6,'2021-11-11 17:03:36','2021-11-11 17:03:36','2021-11-11 09:06:08'),(112,2,0,109,NULL,12,4300.00,0.00,0.00,0.00,'N',NULL,6,6,'2021-11-11 17:03:36','2021-11-11 17:03:36','2021-11-11 09:06:08'),(113,2,1,NULL,'PROJEK NAME 3',0,0.00,0.00,0.00,0.00,'N',NULL,6,6,'2021-11-11 17:03:36','2021-11-11 17:03:36','2021-11-11 09:06:08'),(114,2,0,113,NULL,19,1100.00,0.00,0.00,0.00,'N',NULL,6,6,'2021-11-11 17:03:36','2021-11-11 17:03:36','2021-11-11 09:06:08'),(115,2,0,113,NULL,11,4100.00,0.00,0.00,0.00,'N',NULL,6,6,'2021-11-11 17:03:36','2021-11-11 17:03:36','2021-11-11 09:06:08'),(116,1,1,NULL,'PROJEK 1',0,0.00,0.00,0.00,0.00,'N',NULL,6,6,'2021-11-11 17:03:46','2021-11-11 17:03:46','2021-11-11 09:03:53'),(117,1,0,116,NULL,22,2100.00,0.00,0.00,0.00,'N',NULL,6,6,'2021-11-11 17:03:46','2021-11-11 17:03:46','2021-11-11 09:03:53'),(118,1,0,116,NULL,5,3100.00,0.00,0.00,0.00,'N',NULL,6,6,'2021-11-11 17:03:46','2021-11-11 17:03:46','2021-11-11 09:03:53'),(119,1,1,NULL,'',0,0.00,0.00,0.00,0.00,'N',NULL,6,6,'2021-11-11 17:03:46','2021-11-11 17:03:46','2021-11-11 09:03:53'),(120,1,0,119,NULL,22,0.00,0.00,0.00,0.00,'N',NULL,6,6,'2021-11-11 17:03:46','2021-11-11 17:03:46','2021-11-11 09:03:53'),(121,1,1,NULL,'PROJEK 1',0,0.00,0.00,0.00,0.00,'N',NULL,6,6,'2021-11-11 17:03:53','2021-11-11 17:03:53',NULL),(122,1,0,121,NULL,22,2100.00,0.00,0.00,0.00,'N',NULL,6,6,'2021-11-11 17:03:53','2021-11-11 17:03:53',NULL),(123,1,0,121,NULL,5,3100.00,0.00,0.00,0.00,'N',NULL,6,6,'2021-11-11 17:03:53','2021-11-11 17:03:53',NULL),(124,1,1,NULL,'',0,0.00,0.00,0.00,0.00,'N',NULL,6,6,'2021-11-11 17:03:53','2021-11-11 17:03:53',NULL),(125,1,0,124,NULL,22,0.00,0.00,0.00,0.00,'N',NULL,6,6,'2021-11-11 17:03:53','2021-11-11 17:03:53',NULL),(126,2,1,NULL,'PROJEK NAME 1',0,0.00,0.00,0.00,0.00,'N',NULL,6,6,'2021-11-11 17:06:08','2021-11-11 17:06:08','2021-11-11 09:07:47'),(127,2,0,126,NULL,11,1900.00,0.00,0.00,0.00,'N',NULL,6,6,'2021-11-11 17:06:08','2021-11-11 17:06:08','2021-11-11 09:07:47'),(128,2,0,126,NULL,18,4300.00,0.00,0.00,0.00,'N',NULL,6,6,'2021-11-11 17:06:08','2021-11-11 17:06:08','2021-11-11 09:07:47'),(129,2,0,126,NULL,13,2910.00,0.00,0.00,0.00,'N',NULL,6,6,'2021-11-11 17:06:08','2021-11-11 17:06:08','2021-11-11 09:07:47'),(130,2,1,NULL,'PROJEK NAME 2',0,0.00,0.00,0.00,0.00,'N',NULL,6,6,'2021-11-11 17:06:08','2021-11-11 17:06:08','2021-11-11 09:07:47'),(131,2,0,130,NULL,22,2100.00,0.00,0.00,0.00,'N',NULL,6,6,'2021-11-11 17:06:08','2021-11-11 17:06:08','2021-11-11 09:07:47'),(132,2,0,130,NULL,13,3100.00,0.00,0.00,0.00,'N',NULL,6,6,'2021-11-11 17:06:08','2021-11-11 17:06:08','2021-11-11 09:07:47'),(133,2,0,130,NULL,12,4300.00,0.00,0.00,0.00,'N',NULL,6,6,'2021-11-11 17:06:08','2021-11-11 17:06:08','2021-11-11 09:07:47'),(134,2,1,NULL,'PROJEK NAME 3',0,0.00,0.00,0.00,0.00,'N',NULL,6,6,'2021-11-11 17:06:08','2021-11-11 17:06:08','2021-11-11 09:07:47'),(135,2,0,134,NULL,19,1100.00,0.00,0.00,0.00,'N',NULL,6,6,'2021-11-11 17:06:08','2021-11-11 17:06:08','2021-11-11 09:07:47'),(136,2,0,134,NULL,11,4100.00,0.00,0.00,0.00,'N',NULL,6,6,'2021-11-11 17:06:08','2021-11-11 17:06:08','2021-11-11 09:07:47'),(137,2,1,NULL,'PROJEK NAME 1',0,0.00,0.00,0.00,0.00,'N',NULL,6,6,'2021-11-11 17:07:47','2021-11-11 17:07:47',NULL),(138,2,0,137,NULL,11,1900.00,0.00,0.00,0.00,'N',NULL,6,6,'2021-11-11 17:07:47','2021-11-11 17:07:47',NULL),(139,2,0,137,NULL,18,4300.00,0.00,0.00,0.00,'N',NULL,6,6,'2021-11-11 17:07:47','2021-11-11 17:07:47',NULL),(140,2,0,137,NULL,13,2910.00,0.00,0.00,0.00,'N',NULL,6,6,'2021-11-11 17:07:47','2021-11-11 17:07:47',NULL),(141,2,1,NULL,'PROJEK NAME 2',0,0.00,0.00,0.00,0.00,'N',NULL,6,6,'2021-11-11 17:07:47','2021-11-11 17:07:47',NULL),(142,2,0,141,NULL,22,2100.00,0.00,0.00,0.00,'N',NULL,6,6,'2021-11-11 17:07:47','2021-11-11 17:07:47',NULL),(143,2,0,141,NULL,13,3100.00,0.00,0.00,0.00,'N',NULL,6,6,'2021-11-11 17:07:47','2021-11-11 17:07:47',NULL),(144,2,0,141,NULL,12,4300.00,0.00,0.00,0.00,'N',NULL,6,6,'2021-11-11 17:07:47','2021-11-11 17:07:47',NULL),(145,2,1,NULL,'PROJEK NAME 3',0,0.00,0.00,0.00,0.00,'N',NULL,6,6,'2021-11-11 17:07:47','2021-11-11 17:07:47',NULL),(146,2,0,145,NULL,19,1100.00,0.00,0.00,0.00,'N',NULL,6,6,'2021-11-11 17:07:47','2021-11-11 17:07:47',NULL),(147,2,0,145,NULL,11,4100.00,0.00,0.00,0.00,'N',NULL,6,6,'2021-11-11 17:07:47','2021-11-11 17:07:47',NULL),(148,3,1,NULL,'PROJEK 123',0,0.00,0.00,0.00,0.00,'N',NULL,6,6,'2021-11-12 03:55:12','2021-11-12 03:55:12','2021-11-19 06:50:25'),(149,3,0,148,NULL,22,21000.00,0.00,0.00,0.00,'N',NULL,6,6,'2021-11-12 03:55:12','2021-11-12 03:55:12','2021-11-19 06:50:25'),(150,3,0,148,NULL,18,34000.00,0.00,0.00,0.00,'N',NULL,6,6,'2021-11-12 03:55:12','2021-11-12 03:55:12','2021-11-19 06:50:25'),(151,4,1,NULL,'PROJEK 2',0,0.00,0.00,0.00,0.00,'N',NULL,6,6,'2021-11-12 03:59:13','2021-11-14 19:04:43',NULL),(152,4,0,151,NULL,22,100.00,0.00,0.00,0.00,'N',NULL,6,6,'2021-11-12 03:59:13','2021-11-14 19:04:43',NULL),(153,4,1,NULL,'PROJEK 4',0,0.00,0.00,0.00,0.00,'N',NULL,6,6,'2021-11-12 03:59:13','2021-11-12 03:59:13',NULL),(154,4,0,153,NULL,22,200.00,0.00,0.00,0.00,'N',NULL,6,6,'2021-11-12 03:59:13','2021-11-12 03:59:13',NULL),(155,8,1,NULL,'PROJEK 1',0,0.00,0.00,0.00,0.00,'N',NULL,6,6,'2021-11-14 16:53:00','2021-11-14 16:53:00','2021-11-14 08:56:22'),(156,8,0,155,NULL,22,2100.00,0.00,0.00,0.00,'N',NULL,6,6,'2021-11-14 16:53:00','2021-11-14 16:53:00','2021-11-14 08:56:22'),(157,8,0,155,NULL,18,1222.00,0.00,0.00,0.00,'N',NULL,6,6,'2021-11-14 16:53:00','2021-11-14 16:53:00','2021-11-14 08:56:22'),(158,8,1,NULL,'PROJEK 2',0,0.00,0.00,0.00,0.00,'N',NULL,6,6,'2021-11-14 16:53:00','2021-11-14 16:53:00','2021-11-14 08:56:22'),(159,8,0,158,NULL,22,4310.00,0.00,0.00,0.00,'N',NULL,6,6,'2021-11-14 16:53:00','2021-11-14 16:53:00','2021-11-14 08:56:22'),(160,8,1,NULL,'PROJEK 1',0,0.00,0.00,0.00,0.00,'N',NULL,6,6,'2021-11-14 16:56:22','2021-11-14 16:56:22','2021-11-14 08:58:11'),(161,8,0,160,NULL,22,2100.00,0.00,0.00,0.00,'N',NULL,6,6,'2021-11-14 16:56:22','2021-11-14 16:56:22','2021-11-14 08:58:11'),(162,8,0,160,NULL,18,1222.00,0.00,0.00,0.00,'N',NULL,6,6,'2021-11-14 16:56:22','2021-11-14 16:56:22','2021-11-14 08:58:11'),(163,8,1,NULL,'PROJEK 2',0,0.00,0.00,0.00,0.00,'N',NULL,6,6,'2021-11-14 16:56:22','2021-11-14 16:56:22','2021-11-14 08:58:11'),(164,8,0,163,NULL,22,4310.00,0.00,0.00,0.00,'N',NULL,6,6,'2021-11-14 16:56:22','2021-11-14 16:56:22','2021-11-14 08:58:11'),(165,8,1,NULL,'PROJEK 1',0,0.00,0.00,0.00,0.00,'N',NULL,6,6,'2021-11-14 16:58:11','2021-11-14 16:58:11','2021-11-14 08:58:20'),(166,8,0,165,NULL,22,2100.00,0.00,0.00,0.00,'N',NULL,6,6,'2021-11-14 16:58:11','2021-11-14 16:58:11','2021-11-14 08:58:20'),(167,8,0,165,NULL,18,1222.00,0.00,0.00,0.00,'N',NULL,6,6,'2021-11-14 16:58:11','2021-11-14 16:58:11','2021-11-14 08:58:20'),(168,8,1,NULL,'PROJEK 2',0,0.00,0.00,0.00,0.00,'N',NULL,6,6,'2021-11-14 16:58:11','2021-11-14 16:58:11','2021-11-14 08:58:20'),(169,8,0,168,NULL,22,4310.00,0.00,0.00,0.00,'N',NULL,6,6,'2021-11-14 16:58:11','2021-11-14 16:58:11','2021-11-14 08:58:20'),(170,8,1,NULL,'PROJEK 1',0,0.00,0.00,0.00,0.00,'N',NULL,6,6,'2021-11-14 16:58:20','2021-11-14 16:58:20','2021-11-14 08:58:49'),(171,8,0,170,NULL,22,2100.00,0.00,0.00,0.00,'N',NULL,6,6,'2021-11-14 16:58:20','2021-11-14 16:58:20','2021-11-14 08:58:49'),(172,8,0,170,NULL,18,1222.00,0.00,0.00,0.00,'N',NULL,6,6,'2021-11-14 16:58:20','2021-11-14 16:58:20','2021-11-14 08:58:49'),(173,8,1,NULL,'PROJEK 2',0,0.00,0.00,0.00,0.00,'N',NULL,6,6,'2021-11-14 16:58:20','2021-11-14 16:58:20','2021-11-14 08:58:49'),(174,8,0,173,NULL,22,4310.00,0.00,0.00,0.00,'N',NULL,6,6,'2021-11-14 16:58:20','2021-11-14 16:58:20','2021-11-14 08:58:49'),(175,8,1,NULL,'PROJEK 1',0,0.00,0.00,0.00,0.00,'N',NULL,6,6,'2021-11-14 16:58:49','2021-11-14 16:58:49','2021-11-14 08:59:12'),(176,8,0,175,NULL,22,2100.00,0.00,0.00,0.00,'N',NULL,6,6,'2021-11-14 16:58:49','2021-11-14 16:58:49','2021-11-14 08:59:12'),(177,8,0,175,NULL,18,1222.00,0.00,0.00,0.00,'N',NULL,6,6,'2021-11-14 16:58:49','2021-11-14 16:58:49','2021-11-14 08:59:12'),(178,8,1,NULL,'PROJEK 2',0,0.00,0.00,0.00,0.00,'N',NULL,6,6,'2021-11-14 16:58:49','2021-11-14 16:58:49','2021-11-14 08:59:12'),(179,8,0,178,NULL,22,4310.00,0.00,0.00,0.00,'N',NULL,6,6,'2021-11-14 16:58:49','2021-11-14 16:58:49','2021-11-14 08:59:12'),(180,8,1,NULL,'PROJEK 1',0,0.00,0.00,0.00,0.00,'N',NULL,6,6,'2021-11-14 16:59:12','2021-11-14 16:59:12','2021-11-14 09:01:50'),(181,8,0,180,NULL,22,2100.00,0.00,0.00,0.00,'N',NULL,6,6,'2021-11-14 16:59:12','2021-11-14 16:59:12','2021-11-14 09:01:50'),(182,8,0,180,NULL,18,1222.00,0.00,0.00,0.00,'N',NULL,6,6,'2021-11-14 16:59:12','2021-11-14 16:59:12','2021-11-14 09:01:50'),(183,8,1,NULL,'PROJEK 2',0,0.00,0.00,0.00,0.00,'N',NULL,6,6,'2021-11-14 16:59:12','2021-11-14 16:59:12','2021-11-14 09:01:50'),(184,8,0,183,NULL,22,4310.00,0.00,0.00,0.00,'N',NULL,6,6,'2021-11-14 16:59:12','2021-11-14 16:59:12','2021-11-14 09:01:50'),(185,8,1,NULL,'PROJEK 1',0,0.00,0.00,0.00,0.00,'N',NULL,6,6,'2021-11-14 17:01:50','2021-11-14 17:01:50','2021-11-14 09:07:20'),(186,8,0,185,NULL,22,2100.00,0.00,0.00,0.00,'N',NULL,6,6,'2021-11-14 17:01:50','2021-11-14 17:01:50','2021-11-14 09:07:20'),(187,8,0,185,NULL,18,1222.00,0.00,0.00,0.00,'N',NULL,6,6,'2021-11-14 17:01:50','2021-11-14 17:01:50','2021-11-14 09:07:20'),(188,8,1,NULL,'PROJEK 2',0,0.00,0.00,0.00,0.00,'N',NULL,6,6,'2021-11-14 17:01:50','2021-11-14 17:01:50','2021-11-14 09:07:20'),(189,8,0,188,NULL,22,4310.00,0.00,0.00,0.00,'N',NULL,6,6,'2021-11-14 17:01:50','2021-11-14 17:01:50','2021-11-14 09:07:20'),(190,8,1,NULL,'PROJEK 1',0,0.00,0.00,0.00,0.00,'N',NULL,6,6,'2021-11-14 17:07:20','2021-11-14 17:07:20','2021-11-14 09:24:58'),(191,8,0,190,NULL,22,2100.00,0.00,0.00,0.00,'N',NULL,6,6,'2021-11-14 17:07:20','2021-11-14 17:07:20','2021-11-14 09:24:58'),(192,8,0,190,NULL,18,1222.00,0.00,0.00,0.00,'N',NULL,6,6,'2021-11-14 17:07:20','2021-11-14 17:07:20','2021-11-14 09:24:58'),(193,8,1,NULL,'PROJEK 2',0,0.00,0.00,0.00,0.00,'N',NULL,6,6,'2021-11-14 17:07:20','2021-11-14 17:07:20','2021-11-14 09:24:58'),(194,8,0,193,NULL,22,4310.00,0.00,0.00,0.00,'N',NULL,6,6,'2021-11-14 17:07:20','2021-11-14 17:07:20','2021-11-14 09:24:58'),(195,8,1,NULL,'PROJEK 1',0,0.00,0.00,0.00,0.00,'N',NULL,6,6,'2021-11-14 17:24:58','2021-11-14 17:24:58','2021-11-14 09:37:38'),(196,8,0,195,NULL,22,2100.00,0.00,0.00,0.00,'N',NULL,6,6,'2021-11-14 17:24:58','2021-11-14 17:24:58','2021-11-14 09:37:38'),(197,8,0,195,NULL,18,1222.00,0.00,0.00,0.00,'N',NULL,6,6,'2021-11-14 17:24:58','2021-11-14 17:24:58','2021-11-14 09:37:38'),(198,8,1,NULL,'PROJEK 2',0,0.00,0.00,0.00,0.00,'N',NULL,6,6,'2021-11-14 17:24:58','2021-11-14 17:24:58','2021-11-14 09:37:38'),(199,8,0,198,NULL,22,4310.00,0.00,0.00,0.00,'N',NULL,6,6,'2021-11-14 17:24:58','2021-11-14 17:24:58','2021-11-14 09:37:38'),(200,8,1,NULL,'PROJEK 1',0,0.00,0.00,0.00,0.00,'N',NULL,6,6,'2021-11-14 17:37:38','2021-11-14 17:37:38','2021-11-14 09:38:05'),(201,8,0,200,NULL,22,2100.00,0.00,0.00,0.00,'N',NULL,6,6,'2021-11-14 17:37:38','2021-11-14 17:37:38','2021-11-14 09:38:05'),(202,8,0,200,NULL,18,1222.00,0.00,0.00,0.00,'N',NULL,6,6,'2021-11-14 17:37:38','2021-11-14 17:37:38','2021-11-14 09:38:05'),(203,8,1,NULL,'PROJEK 2',0,0.00,0.00,0.00,0.00,'N',NULL,6,6,'2021-11-14 17:37:38','2021-11-14 17:37:38','2021-11-14 09:38:05'),(204,8,0,203,NULL,22,4310.00,0.00,0.00,0.00,'N',NULL,6,6,'2021-11-14 17:37:38','2021-11-14 17:37:38','2021-11-14 09:38:05'),(205,8,1,NULL,'PROJEK 1',0,0.00,0.00,0.00,0.00,'N',NULL,6,6,'2021-11-14 17:38:05','2021-11-14 17:38:05','2021-11-14 09:52:08'),(206,8,0,205,NULL,22,2100.00,0.00,0.00,0.00,'N',NULL,6,6,'2021-11-14 17:38:05','2021-11-14 17:38:05','2021-11-14 09:52:08'),(207,8,0,205,NULL,18,1222.00,0.00,0.00,0.00,'N',NULL,6,6,'2021-11-14 17:38:05','2021-11-14 17:38:05','2021-11-14 09:52:08'),(208,8,1,NULL,'PROJEK 2',0,0.00,0.00,0.00,0.00,'N',NULL,6,6,'2021-11-14 17:38:05','2021-11-14 17:38:05','2021-11-14 09:52:08'),(209,8,0,208,NULL,22,4310.00,0.00,0.00,0.00,'N',NULL,6,6,'2021-11-14 17:38:05','2021-11-14 17:38:05','2021-11-14 09:52:08'),(210,8,1,NULL,'PROJEK 3',0,0.00,0.00,0.00,0.00,'N',NULL,6,6,'2021-11-14 17:38:05','2021-11-14 17:38:05','2021-11-14 09:52:08'),(211,8,0,210,NULL,13,2311.00,0.00,0.00,0.00,'N',NULL,6,6,'2021-11-14 17:38:05','2021-11-14 17:38:05','2021-11-14 09:52:08'),(212,8,1,NULL,'PROJEK 1',0,0.00,0.00,0.00,0.00,'N',NULL,6,6,'2021-11-14 17:52:08','2021-11-14 17:52:08','2021-11-14 10:02:02'),(213,8,0,212,NULL,22,2100.00,0.00,0.00,0.00,'N',NULL,6,6,'2021-11-14 17:52:08','2021-11-14 17:52:08','2021-11-14 10:02:02'),(214,8,0,212,NULL,18,1222.00,0.00,0.00,0.00,'N',NULL,6,6,'2021-11-14 17:52:08','2021-11-14 17:52:08','2021-11-14 10:02:02'),(215,8,1,NULL,'PROJEK 2',0,0.00,0.00,0.00,0.00,'N',NULL,6,6,'2021-11-14 17:52:08','2021-11-14 17:52:08','2021-11-14 10:02:02'),(216,8,0,215,NULL,22,4310.00,0.00,0.00,0.00,'N',NULL,6,6,'2021-11-14 17:52:08','2021-11-14 17:52:08','2021-11-14 10:02:02'),(217,8,1,NULL,'PROJEK 3',0,0.00,0.00,0.00,0.00,'N',NULL,6,6,'2021-11-14 17:52:08','2021-11-14 17:52:08','2021-11-14 10:02:02'),(218,8,0,217,NULL,13,2311.00,0.00,0.00,0.00,'N',NULL,6,6,'2021-11-14 17:52:08','2021-11-14 17:52:08','2021-11-14 10:02:02'),(219,8,1,NULL,'PROJEK 1',0,0.00,0.00,0.00,0.00,'N',NULL,6,6,'2021-11-14 18:02:02','2021-11-14 18:02:02','2021-11-14 10:11:54'),(220,8,0,219,NULL,22,2100.00,0.00,0.00,0.00,'N',NULL,6,6,'2021-11-14 18:02:02','2021-11-14 18:02:02','2021-11-14 10:11:54'),(221,8,0,219,NULL,18,1222.00,0.00,0.00,0.00,'N',NULL,6,6,'2021-11-14 18:02:02','2021-11-14 18:02:02','2021-11-14 10:11:54'),(222,8,1,NULL,'PROJEK 2',0,0.00,0.00,0.00,0.00,'N',NULL,6,6,'2021-11-14 18:02:02','2021-11-14 18:02:02','2021-11-14 10:11:54'),(223,8,0,222,NULL,22,4310.00,0.00,0.00,0.00,'N',NULL,6,6,'2021-11-14 18:02:02','2021-11-14 18:02:02','2021-11-14 10:11:54'),(224,8,1,NULL,'PROJEK 3',0,0.00,0.00,0.00,0.00,'N',NULL,6,6,'2021-11-14 18:02:02','2021-11-14 18:02:02','2021-11-14 10:11:54'),(225,8,0,224,NULL,13,2311.00,0.00,0.00,0.00,'N',NULL,6,6,'2021-11-14 18:02:02','2021-11-14 18:02:02','2021-11-14 10:11:54'),(226,8,1,NULL,'PROJEK 1',0,0.00,0.00,0.00,0.00,'N',NULL,6,6,'2021-11-14 18:11:54','2021-11-14 18:11:54','2021-11-14 10:45:02'),(227,8,0,226,NULL,22,2100.00,0.00,0.00,0.00,'N',NULL,6,6,'2021-11-14 18:11:54','2021-11-14 18:11:54','2021-11-14 10:45:02'),(228,8,0,226,NULL,18,1222.00,0.00,0.00,0.00,'N',NULL,6,6,'2021-11-14 18:11:54','2021-11-14 18:11:54','2021-11-14 10:45:02'),(229,8,1,NULL,'PROJEK 2',0,0.00,0.00,0.00,0.00,'N',NULL,6,6,'2021-11-14 18:11:54','2021-11-14 18:11:54','2021-11-14 10:45:02'),(230,8,0,229,NULL,22,4310.00,0.00,0.00,0.00,'N',NULL,6,6,'2021-11-14 18:11:54','2021-11-14 18:11:54','2021-11-14 10:45:02'),(231,8,1,NULL,'PROJEK 3',0,0.00,0.00,0.00,0.00,'N',NULL,6,6,'2021-11-14 18:11:54','2021-11-14 18:11:54','2021-11-14 10:45:02'),(232,8,0,231,NULL,13,2311.00,0.00,0.00,0.00,'N',NULL,6,6,'2021-11-14 18:11:54','2021-11-14 18:11:54','2021-11-14 10:45:02'),(233,8,1,NULL,'PROJEK 1',0,0.00,0.00,0.00,0.00,'N',NULL,6,6,'2021-11-14 18:45:02','2021-11-14 18:45:02','2021-11-14 10:45:15'),(234,8,0,233,NULL,22,2100.00,0.00,0.00,0.00,'N',NULL,6,6,'2021-11-14 18:45:02','2021-11-14 18:45:02','2021-11-14 10:45:15'),(235,8,0,233,NULL,18,1222.00,0.00,0.00,0.00,'N',NULL,6,6,'2021-11-14 18:45:02','2021-11-14 18:45:02','2021-11-14 10:45:15'),(236,8,1,NULL,'PROJEK 2',0,0.00,0.00,0.00,0.00,'N',NULL,6,6,'2021-11-14 18:45:02','2021-11-14 18:45:02','2021-11-14 10:45:15'),(237,8,0,236,NULL,22,4310.00,0.00,0.00,0.00,'N',NULL,6,6,'2021-11-14 18:45:02','2021-11-14 18:45:02','2021-11-14 10:45:15'),(238,8,0,236,NULL,22,22.00,0.00,0.00,0.00,'N',NULL,6,6,'2021-11-14 18:45:02','2021-11-14 18:45:02','2021-11-14 10:45:15'),(239,8,1,NULL,'PROJEK 3',0,0.00,0.00,0.00,0.00,'N',NULL,6,6,'2021-11-14 18:45:02','2021-11-14 18:45:02','2021-11-14 10:45:15'),(240,8,0,239,NULL,22,321.00,0.00,0.00,0.00,'N',NULL,6,6,'2021-11-14 18:45:02','2021-11-14 18:45:02','2021-11-14 10:45:15'),(241,8,0,239,NULL,12,440.00,0.00,0.00,0.00,'N',NULL,6,6,'2021-11-14 18:45:02','2021-11-14 18:45:02','2021-11-14 10:45:15'),(242,8,1,NULL,'PROJEK 1',0,0.00,0.00,0.00,15.11,'N',NULL,6,6,'2021-11-14 18:45:15','2021-11-15 17:03:52',NULL),(243,8,0,242,NULL,22,2100.00,100.00,4.76,0.00,'N',NULL,6,6,'2021-11-14 18:45:15','2021-11-15 17:03:52',NULL),(244,8,0,242,NULL,18,1222.00,222.00,18.17,0.00,'N',NULL,6,6,'2021-11-14 18:45:15','2021-11-15 17:03:52',NULL),(245,8,1,NULL,'PROJEK 2',0,0.00,0.00,0.00,21.96,'N',NULL,6,6,'2021-11-14 18:45:15','2021-11-15 17:18:35',NULL),(246,8,0,245,NULL,22,4310.00,0.00,0.00,0.00,'N',NULL,6,6,'2021-11-14 18:45:15','2021-11-15 17:18:35',NULL),(247,8,0,245,NULL,1,22.00,0.00,0.00,0.00,'N',NULL,6,6,'2021-11-14 18:45:15','2021-11-15 17:18:35',NULL),(248,8,1,NULL,'PROJEK 3',0,0.00,0.00,0.00,20.15,'N',NULL,6,6,'2021-11-14 18:45:15','2021-11-15 17:34:58',NULL),(249,8,0,248,NULL,22,321.00,150.00,46.73,0.00,'N',NULL,6,6,'2021-11-14 18:45:15','2021-11-15 17:34:58',NULL),(250,8,0,248,NULL,12,440.00,0.00,0.00,0.00,'N',NULL,6,6,'2021-11-14 18:45:15','2021-11-15 17:34:58',NULL),(251,11,1,NULL,'',0,0.00,0.00,0.00,0.00,'N',NULL,31,31,'2021-11-15 12:53:15','2021-11-15 12:53:15',NULL),(252,11,0,251,NULL,22,0.00,0.00,0.00,0.00,'N',NULL,31,31,'2021-11-15 12:53:15','2021-11-15 12:53:15',NULL),(253,11,0,251,NULL,22,0.00,0.00,0.00,0.00,'N',NULL,31,31,'2021-11-15 12:53:15','2021-11-15 12:53:15',NULL),(254,11,0,251,NULL,22,0.00,0.00,0.00,0.00,'N',NULL,31,31,'2021-11-15 12:53:15','2021-11-15 12:53:15',NULL),(255,11,1,NULL,'',0,0.00,0.00,0.00,0.00,'N',NULL,31,31,'2021-11-15 12:53:15','2021-11-15 12:53:15',NULL),(256,11,0,255,NULL,22,0.00,0.00,0.00,0.00,'N',NULL,31,31,'2021-11-15 12:53:15','2021-11-15 12:53:15',NULL),(257,11,0,255,NULL,22,0.00,0.00,0.00,0.00,'N',NULL,31,31,'2021-11-15 12:53:15','2021-11-15 12:53:15',NULL),(258,8,0,242,NULL,18,670.00,150.00,22.39,0.00,'N',NULL,6,6,'2021-11-15 17:02:47','2021-11-15 17:03:52',NULL),(259,8,0,245,NULL,12,340.00,56.10,16.50,0.00,'N',NULL,6,6,'2021-11-15 17:10:00','2021-11-15 17:18:35',NULL),(260,8,0,242,NULL,26,1200.00,250.50,20.88,0.00,'N',NULL,6,6,'2021-11-15 17:10:40','2021-11-15 17:10:40',NULL),(261,8,0,245,NULL,21,450.00,321.00,71.33,0.00,'N',NULL,6,6,'2021-11-15 17:17:53','2021-11-15 17:17:53',NULL),(262,8,0,248,NULL,18,2100.00,320.90,15.28,0.00,'N',NULL,6,6,'2021-11-15 17:26:02','2021-11-15 17:34:58',NULL),(263,8,0,248,NULL,11,650.00,120.90,18.60,0.00,'N',NULL,6,6,'2021-11-15 17:32:34','2021-11-15 17:34:58',NULL),(264,8,0,248,NULL,21,1400.00,210.00,15.00,0.00,'N',NULL,6,6,'2021-11-15 17:37:23','2021-11-15 17:37:23',NULL),(265,8,0,248,NULL,27,100.00,50.00,50.00,0.00,'N',NULL,6,6,'2021-11-15 17:37:43','2021-11-15 17:37:43',NULL),(266,12,1,NULL,'PROJEK 1',0,0.00,0.00,0.00,0.00,'N',NULL,6,6,'2021-11-17 16:36:48','2021-11-17 16:36:48',NULL),(267,12,0,266,NULL,22,8.00,0.00,0.00,0.00,'N',NULL,6,6,'2021-11-17 16:36:48','2021-11-17 16:36:48',NULL),(268,12,0,266,NULL,12,4.00,0.00,0.00,0.00,'N',NULL,6,6,'2021-11-17 16:36:48','2021-11-17 16:36:48',NULL),(269,12,1,NULL,'PROJEK 2',0,0.00,0.00,0.00,0.00,'N',NULL,6,6,'2021-11-17 16:36:48','2021-11-17 16:36:48',NULL),(270,12,0,269,NULL,22,60.00,0.00,0.00,0.00,'N',NULL,6,6,'2021-11-17 16:36:48','2021-11-17 16:36:48',NULL),(271,9,1,NULL,'PROJEK 231',0,0.00,0.00,0.00,0.00,'N',NULL,6,6,'2021-11-17 16:40:28','2021-11-17 16:40:28',NULL),(272,9,0,271,NULL,22,56.00,0.00,0.00,0.00,'N',NULL,6,6,'2021-11-17 16:40:28','2021-11-17 16:40:28',NULL),(273,9,0,271,NULL,13,44.00,0.00,0.00,0.00,'N',NULL,6,6,'2021-11-17 16:40:28','2021-11-17 16:40:28',NULL),(274,13,1,NULL,'PROJEK 123456',0,0.00,0.00,0.00,0.00,'N',NULL,6,6,'2021-11-17 16:43:41','2021-11-17 16:43:41',NULL),(275,13,0,274,NULL,22,7.00,0.00,0.00,0.00,'N',NULL,6,6,'2021-11-17 16:43:41','2021-11-17 16:43:41',NULL),(276,13,0,274,NULL,13,432.00,0.00,0.00,0.00,'N',NULL,6,6,'2021-11-17 16:43:41','2021-11-17 16:43:41',NULL),(280,15,1,NULL,'PROJEK 2',0,0.00,0.00,0.00,0.00,'N',NULL,6,6,'2021-11-19 07:10:42','2021-11-19 07:10:42','2021-11-18 23:11:07'),(281,15,0,280,NULL,22,100.00,0.00,0.00,0.00,'N',NULL,6,6,'2021-11-19 07:10:42','2021-11-19 07:10:42','2021-11-18 23:11:07'),(282,15,0,280,NULL,12,250.00,0.00,0.00,0.00,'N',NULL,6,6,'2021-11-19 07:10:42','2021-11-19 07:10:42','2021-11-18 23:11:07'),(283,15,1,NULL,'PROJEK 3',0,0.00,0.00,0.00,0.00,'N',NULL,6,6,'2021-11-19 07:10:42','2021-11-19 07:10:42','2021-11-18 23:11:07'),(284,15,0,283,NULL,13,32100.00,0.00,0.00,0.00,'N',NULL,6,6,'2021-11-19 07:10:42','2021-11-19 07:10:42','2021-11-18 23:11:07'),(285,15,1,NULL,'PROJEK 2',0,0.00,0.00,0.00,0.00,'N',NULL,6,6,'2021-11-19 07:11:07','2021-11-19 07:11:07','2021-11-18 23:22:59'),(286,15,0,285,NULL,22,100.00,0.00,0.00,0.00,'N',NULL,6,6,'2021-11-19 07:11:07','2021-11-19 07:11:07','2021-11-18 23:22:59'),(287,15,0,285,NULL,12,250.00,0.00,0.00,0.00,'N',NULL,6,6,'2021-11-19 07:11:07','2021-11-19 07:11:07','2021-11-18 23:22:59'),(288,15,1,NULL,'PROJEK 3',0,0.00,0.00,0.00,0.00,'N',NULL,6,6,'2021-11-19 07:11:07','2021-11-19 07:11:07','2021-11-18 23:22:59'),(289,15,0,288,NULL,13,32100.00,0.00,0.00,0.00,'N',NULL,6,6,'2021-11-19 07:11:07','2021-11-19 07:11:07','2021-11-18 23:22:59'),(290,16,1,NULL,'PROJEK 123',0,0.00,0.00,0.00,0.00,'N',NULL,6,6,'2021-11-19 07:15:33','2021-11-19 07:15:33',NULL),(291,16,0,290,NULL,22,150.00,0.00,0.00,0.00,'N',NULL,6,6,'2021-11-19 07:15:33','2021-11-19 07:15:33',NULL),(292,16,0,290,NULL,5,250.00,0.00,0.00,0.00,'N',NULL,6,6,'2021-11-19 07:15:33','2021-11-19 07:15:33',NULL),(293,15,1,NULL,'PROJEK 2',0,0.00,0.00,0.00,0.00,'N',NULL,6,6,'2021-11-19 07:22:59','2021-11-19 07:22:59','2021-11-18 23:27:33'),(294,15,0,293,NULL,22,100.00,0.00,0.00,0.00,'N',NULL,6,6,'2021-11-19 07:22:59','2021-11-19 07:22:59','2021-11-18 23:27:33'),(295,15,0,293,NULL,12,250.00,0.00,0.00,0.00,'N',NULL,6,6,'2021-11-19 07:22:59','2021-11-19 07:22:59','2021-11-18 23:27:33'),(296,15,1,NULL,'PROJEK 3',0,0.00,0.00,0.00,0.00,'N',NULL,6,6,'2021-11-19 07:22:59','2021-11-19 07:22:59','2021-11-18 23:27:33'),(297,15,0,296,NULL,13,32100.00,0.00,0.00,0.00,'N',NULL,6,6,'2021-11-19 07:22:59','2021-11-19 07:22:59','2021-11-18 23:27:33'),(298,15,1,NULL,'PROJEK 2',0,0.00,0.00,0.00,57.50,'N',NULL,6,6,'2021-11-19 07:27:33','2021-12-05 02:20:11',NULL),(299,15,0,298,NULL,22,100.00,25.00,25.00,0.00,'N','hahahahaha--lallalalala',6,6,'2021-11-19 07:27:33','2021-12-05 02:20:11',NULL),(300,15,0,298,NULL,12,250.00,100.00,40.00,0.00,'N','hihihihihihihi',6,6,'2021-11-19 07:27:33','2021-12-05 02:20:11',NULL),(301,15,1,NULL,'PROJEK 3',0,0.00,0.00,0.00,81.85,'N',NULL,6,6,'2021-11-19 07:27:33','2021-11-30 07:20:40',NULL),(302,15,0,301,NULL,13,32100.00,21000.00,100.00,0.00,'N','bla bla bla',6,6,'2021-11-19 07:27:33','2021-11-30 07:20:40',NULL),(311,3,1,NULL,'PROJEK 123',0,0.00,0.00,0.00,0.00,'N',NULL,6,6,'2021-11-19 14:50:25','2021-11-19 14:50:25','2021-11-19 06:53:07'),(312,3,0,311,NULL,22,21000.00,0.00,0.00,0.00,'N',NULL,6,6,'2021-11-19 14:50:25','2021-11-19 14:50:25','2021-11-19 06:53:07'),(313,3,0,311,NULL,18,34000.00,0.00,0.00,0.00,'N',NULL,6,6,'2021-11-19 14:50:25','2021-11-19 14:50:25','2021-11-19 06:53:07'),(314,3,1,NULL,'PROJEK 123',0,0.00,0.00,0.00,0.00,'N',NULL,6,6,'2021-11-19 14:53:07','2021-11-19 14:53:07','2021-11-19 06:53:17'),(315,3,0,314,NULL,22,21000.00,0.00,0.00,0.00,'N',NULL,6,6,'2021-11-19 14:53:07','2021-11-19 14:53:07','2021-11-19 06:53:17'),(316,3,0,314,NULL,18,34000.00,0.00,0.00,0.00,'N',NULL,6,6,'2021-11-19 14:53:07','2021-11-19 14:53:07','2021-11-19 06:53:17'),(317,3,1,NULL,'PROJEK 123',0,0.00,0.00,0.00,0.00,'N',NULL,3,3,'2021-11-19 14:53:17','2021-11-19 14:53:17','2021-11-19 06:54:14'),(318,3,0,317,NULL,22,21000.00,0.00,0.00,0.00,'N',NULL,3,3,'2021-11-19 14:53:17','2021-11-19 14:53:17','2021-11-19 06:54:14'),(319,3,0,317,NULL,18,34000.00,0.00,0.00,0.00,'N',NULL,3,3,'2021-11-19 14:53:17','2021-11-19 14:53:17','2021-11-19 06:54:14'),(320,3,1,NULL,'PROJEK 123',0,0.00,0.00,0.00,0.00,'N',NULL,6,6,'2021-11-19 14:54:14','2021-11-19 14:54:14','2021-11-19 06:54:53'),(321,3,0,320,NULL,22,21000.00,0.00,0.00,0.00,'N',NULL,6,6,'2021-11-19 14:54:14','2021-11-19 14:54:14','2021-11-19 06:54:53'),(322,3,0,320,NULL,18,34000.00,0.00,0.00,0.00,'N',NULL,6,6,'2021-11-19 14:54:14','2021-11-19 14:54:14','2021-11-19 06:54:53'),(323,3,1,NULL,'PROJEK 123',0,0.00,0.00,0.00,0.00,'N',NULL,3,3,'2021-11-19 14:54:53','2021-11-19 14:54:53','2021-11-19 06:56:30'),(324,3,0,323,NULL,22,21000.00,0.00,0.00,0.00,'N',NULL,3,3,'2021-11-19 14:54:53','2021-11-19 14:54:53','2021-11-19 06:56:30'),(325,3,0,323,NULL,18,34000.00,0.00,0.00,0.00,'N',NULL,3,3,'2021-11-19 14:54:53','2021-11-19 14:54:53','2021-11-19 06:56:30'),(326,3,1,NULL,'PROJEK 1232341',0,0.00,0.00,0.00,0.00,'N',NULL,3,3,'2021-11-19 14:56:30','2021-11-19 14:56:30',NULL),(327,3,0,326,NULL,5,1111.00,0.00,0.00,0.00,'N',NULL,3,3,'2021-11-19 14:56:30','2021-11-19 14:56:30',NULL),(328,3,0,326,NULL,22,21000.00,0.00,0.00,0.00,'N',NULL,3,3,'2021-11-19 14:56:30','2021-11-19 14:56:30',NULL),(329,3,0,326,NULL,12,2222.00,0.00,0.00,0.00,'N',NULL,3,3,'2021-11-19 14:56:30','2021-11-19 14:56:30',NULL),(330,3,0,326,NULL,18,34000.00,0.00,0.00,0.00,'N',NULL,3,3,'2021-11-19 14:56:30','2021-11-19 14:56:30',NULL),(331,15,0,301,NULL,13,23100.00,23100.00,74.19,0.00,'N',NULL,6,6,'2021-11-20 17:21:20','2021-11-30 07:20:40',NULL),(332,15,0,301,NULL,12,2130.00,2130.00,100.00,0.00,'N',NULL,6,6,'2021-11-20 17:52:56','2021-11-30 07:20:40',NULL),(333,15,0,301,NULL,7,3100.00,2300.00,33.33,0.00,'N','justification 1',6,6,'2021-11-20 17:58:18','2021-11-30 07:20:40',NULL),(334,15,0,301,NULL,21,2410.00,2410.00,100.00,0.00,'N','justification 2',6,6,'2021-11-20 18:24:19','2021-11-30 07:20:40',NULL),(335,15,0,301,NULL,14,3000.00,1000.00,33.33,0.00,'N','yezza',6,6,'2021-11-20 18:25:57','2021-11-30 07:20:40',NULL),(336,15,0,301,NULL,14,1000.00,1000.00,100.00,0.00,'N',NULL,6,6,'2021-11-20 18:26:37','2021-11-30 07:20:40',NULL),(337,15,0,298,NULL,25,2000.00,1000.00,50.00,0.00,'N',NULL,6,6,'2021-11-20 18:28:11','2021-12-05 02:20:11',NULL),(338,15,0,298,NULL,7,1000.00,1000.00,100.00,0.00,'N',NULL,6,6,'2021-11-20 18:28:25','2021-12-05 02:20:11',NULL),(339,18,1,NULL,'',0,0.00,0.00,0.00,0.00,'N',NULL,6,6,'2021-11-20 18:52:44','2021-11-20 18:52:44','2021-11-27 09:57:21'),(340,18,0,339,NULL,22,2311.00,0.00,0.00,0.00,'N',NULL,6,6,'2021-11-20 18:52:44','2021-11-20 18:52:44','2021-11-27 09:57:21'),(341,18,0,339,NULL,22,2410.00,0.00,0.00,0.00,'N',NULL,6,6,'2021-11-20 18:52:44','2021-11-20 18:52:44','2021-11-27 09:57:21'),(342,18,1,NULL,'',0,0.00,0.00,0.00,0.00,'N',NULL,6,6,'2021-11-20 18:52:44','2021-11-20 18:52:44','2021-11-27 09:57:21'),(343,18,0,342,NULL,22,650.00,0.00,0.00,0.00,'N',NULL,6,6,'2021-11-20 18:52:44','2021-11-20 18:52:44','2021-11-27 09:57:21'),(344,18,1,NULL,'',0,0.00,0.00,0.00,0.00,'N',NULL,6,6,'2021-11-20 18:52:44','2021-11-20 18:52:44','2021-11-27 09:57:21'),(345,18,0,344,NULL,22,34111.00,0.00,0.00,0.00,'N',NULL,6,6,'2021-11-20 18:52:44','2021-11-20 18:52:44','2021-11-27 09:57:21'),(346,15,0,298,NULL,14,2500.00,2500.00,100.00,0.00,'N',NULL,6,6,'2021-11-21 08:22:45','2021-12-05 02:20:11',NULL),(347,15,0,298,NULL,17,1000.00,300.00,30.00,0.00,'N','ok dh ni',6,6,'2021-11-21 08:23:08','2021-12-05 02:20:11',NULL),(348,25,1,NULL,'PROJEK SATU',0,0.00,0.00,0.00,98.57,'N',NULL,6,6,'2021-11-27 18:13:29','2021-11-27 19:59:16',NULL),(349,25,0,348,NULL,22,7000.00,6900.00,98.57,0.00,'N',NULL,6,6,'2021-11-27 18:13:29','2021-11-27 19:59:16',NULL),(350,25,1,NULL,'PROJEK 2',0,0.00,0.00,0.00,55.00,'N',NULL,6,6,'2021-11-27 18:13:29','2021-11-27 19:59:57',NULL),(351,25,0,350,NULL,5,200.00,200.00,100.00,0.00,'N',NULL,6,6,'2021-11-27 18:13:29','2021-11-27 19:59:57',NULL),(352,25,0,350,NULL,22,1000.00,100.00,10.00,0.00,'N',NULL,6,6,'2021-11-27 18:13:29','2021-11-27 19:59:57',NULL),(353,15,0,298,NULL,3,300.00,100.00,33.33,0.00,'N',NULL,6,6,'2021-11-30 07:14:20','2021-12-05 02:20:11',NULL),(354,15,0,298,NULL,26,400.00,200.00,50.00,0.00,'N',NULL,6,6,'2021-11-30 07:14:58','2021-12-05 02:20:11',NULL),(355,27,1,NULL,'PROJEK 1DADSADSADSADADASDA',0,0.00,0.00,0.00,0.00,'N',NULL,6,6,'2021-12-28 15:02:53','2021-12-28 15:02:53','2021-12-28 07:04:30'),(356,27,0,355,NULL,22,5.00,0.00,0.00,0.00,'N',NULL,6,6,'2021-12-28 15:02:53','2021-12-28 15:02:53','2021-12-28 07:04:30'),(357,27,0,355,NULL,19,5.00,0.00,0.00,0.00,'N',NULL,6,6,'2021-12-28 15:02:53','2021-12-28 15:02:53','2021-12-28 07:04:30'),(358,27,0,355,NULL,13,98.00,0.00,0.00,0.00,'N',NULL,6,6,'2021-12-28 15:02:53','2021-12-28 15:02:53','2021-12-28 07:04:30'),(359,27,1,NULL,'PROJEK 1DADSADSADSADADASDA',0,0.00,0.00,0.00,0.00,'N',NULL,6,6,'2021-12-28 15:04:30','2021-12-28 15:04:30','2021-12-28 07:19:25'),(360,27,0,359,NULL,22,5.00,0.00,0.00,0.00,'N',NULL,6,6,'2021-12-28 15:04:30','2021-12-28 15:04:30','2021-12-28 07:19:25'),(361,27,0,359,NULL,19,5.00,0.00,0.00,0.00,'N',NULL,6,6,'2021-12-28 15:04:30','2021-12-28 15:04:30','2021-12-28 07:19:25'),(362,27,0,359,NULL,13,98.00,0.00,0.00,0.00,'N',NULL,6,6,'2021-12-28 15:04:30','2021-12-28 15:04:30','2021-12-28 07:19:25'),(363,27,1,NULL,'PROJEK 1DADSADSADSADADASDA',0,0.00,0.00,0.00,0.00,'N',NULL,6,6,'2021-12-28 15:19:25','2021-12-28 15:19:25','2021-12-28 07:39:11'),(364,27,0,363,NULL,22,5.00,0.00,0.00,0.00,'N',NULL,6,6,'2021-12-28 15:19:25','2021-12-28 15:19:25','2021-12-28 07:39:11'),(365,27,0,363,NULL,19,5.00,0.00,0.00,0.00,'N',NULL,6,6,'2021-12-28 15:19:25','2021-12-28 15:19:25','2021-12-28 07:39:11'),(366,27,0,363,NULL,13,98.00,0.00,0.00,0.00,'N',NULL,6,6,'2021-12-28 15:19:25','2021-12-28 15:19:25','2021-12-28 07:39:11'),(367,27,1,NULL,'PROJEK 1DADSADSADSADADASDA',0,0.00,0.00,0.00,0.00,'N',NULL,6,6,'2021-12-28 15:39:11','2021-12-28 15:39:11',NULL),(368,27,0,367,NULL,22,5.00,0.00,0.00,0.00,'N',NULL,6,6,'2021-12-28 15:39:11','2021-12-28 15:39:11',NULL),(369,27,0,367,NULL,19,5.00,0.00,0.00,0.00,'N',NULL,6,6,'2021-12-28 15:39:11','2021-12-28 15:39:11',NULL),(370,27,0,367,NULL,13,98.00,0.00,0.00,0.00,'N',NULL,6,6,'2021-12-28 15:39:11','2021-12-28 15:39:11',NULL),(371,30,1,NULL,'PROJEK TEST NO COST SV1=SV2',0,0.00,0.00,0.00,0.00,'N',NULL,6,6,'2021-12-28 18:41:59','2021-12-28 18:41:59',NULL),(372,30,0,371,NULL,22,340.00,0.00,0.00,0.00,'N',NULL,6,6,'2021-12-28 18:41:59','2021-12-28 18:41:59',NULL),(373,32,1,NULL,'PROJEK MAIN 1',0,0.00,0.00,0.00,0.00,'N',NULL,6,6,'2021-12-28 21:07:41','2021-12-28 21:07:41',NULL),(374,32,0,373,NULL,22,3100.00,0.00,0.00,0.00,'N',NULL,6,6,'2021-12-28 21:07:41','2021-12-28 21:07:41',NULL),(375,32,0,373,NULL,13,2100.00,0.00,0.00,0.00,'N',NULL,6,6,'2021-12-28 21:07:41','2021-12-28 21:07:41',NULL),(376,32,0,373,NULL,5,4310.00,0.00,0.00,0.00,'N',NULL,6,6,'2021-12-28 21:07:41','2021-12-28 21:07:41',NULL),(377,32,1,NULL,'PROJEK MAIN 2',0,0.00,0.00,0.00,0.00,'N',NULL,6,6,'2021-12-28 21:07:41','2021-12-28 21:07:41',NULL),(378,32,0,377,NULL,11,2310.00,0.00,0.00,0.00,'N',NULL,6,6,'2021-12-28 21:07:41','2021-12-28 21:07:41',NULL),(379,32,0,377,NULL,26,4500.00,0.00,0.00,0.00,'N',NULL,6,6,'2021-12-28 21:07:41','2021-12-28 21:07:41',NULL),(380,34,1,NULL,'PROJEK 1 PERKARA TEST MEETING - COST 1',0,0.00,0.00,0.00,0.00,'N',NULL,6,6,'2021-12-28 22:25:07','2021-12-28 22:25:07',NULL),(381,34,0,380,NULL,18,500.00,0.00,0.00,0.00,'N',NULL,6,6,'2021-12-28 22:25:07','2021-12-28 22:25:07',NULL),(382,36,1,NULL,'PROJEK 1 TEST MEETING - NO COST 1',0,0.00,0.00,0.00,0.00,'N',NULL,6,6,'2021-12-28 22:30:17','2021-12-28 22:30:17',NULL),(383,36,0,382,NULL,18,100.00,0.00,0.00,0.00,'N',NULL,6,6,'2021-12-28 22:30:17','2021-12-28 22:30:17',NULL),(384,36,0,382,NULL,13,200.00,0.00,0.00,0.00,'N',NULL,6,6,'2021-12-28 22:30:17','2021-12-28 22:30:17',NULL),(385,36,1,NULL,'PROJEK 2 TEST MEETING - NO COST 1',0,0.00,0.00,0.00,0.00,'N',NULL,6,6,'2021-12-28 22:30:17','2021-12-28 22:30:17',NULL),(386,36,0,385,NULL,12,200.00,0.00,0.00,0.00,'N',NULL,6,6,'2021-12-28 22:30:17','2021-12-28 22:30:17',NULL);

--
-- Table structure for table `permohonan_project_audit_trail`
--

CREATE TABLE `permohonan_project_audit_trail` (
  `permohonan_project_audit_trail_id` bigint(20) NOT NULL AUTO_INCREMENT,
  `permohonan_project_id` bigint(20) NOT NULL,
  `status` char(1) NOT NULL,
  `remarks` text,
  `created_by` int(11) NOT NULL,
  `created_at` timestamp NULL DEFAULT NULL,
  `updated_at` timestamp NOT NULL DEFAULT CURRENT_TIMESTAMP,
  `deleted_at` timestamp NULL DEFAULT NULL,
  PRIMARY KEY (`permohonan_project_audit_trail_id`),
  KEY `idx_permohonanprojecttrail_permohonanid` (`permohonan_project_id`),
  KEY `idx_permohonanprojecttrail_createdby` (`created_by`)
) ENGINE=InnoDB AUTO_INCREMENT=89 DEFAULT CHARSET=latin1;

--
-- Dumping data for table `permohonan_project_audit_trail`
--

INSERT INTO `permohonan_project_audit_trail` VALUES (1,121,'H',NULL,9,'2021-11-13 14:29:22','2021-11-13 14:29:22',NULL),(2,124,'H',NULL,9,'2021-11-13 14:29:22','2021-11-13 14:29:22',NULL),(3,151,'H',NULL,166,'2021-11-13 16:55:43','2021-11-13 16:55:43',NULL),(4,153,'H',NULL,166,'2021-11-13 16:55:43','2021-11-13 16:55:43',NULL),(5,151,'Z',NULL,6,'2021-11-14 19:04:43','2021-11-14 19:04:43',NULL),(6,242,'H',NULL,9,'2021-11-15 01:46:30','2021-11-15 01:46:30',NULL),(7,245,'H',NULL,9,'2021-11-15 01:46:30','2021-11-15 01:46:30',NULL),(8,248,'H',NULL,9,'2021-11-15 01:46:30','2021-11-15 01:46:30',NULL),(9,242,'Z',NULL,6,'2021-11-15 01:47:19','2021-11-15 01:47:19',NULL),(10,242,'Z',NULL,6,'2021-11-15 01:48:14','2021-11-15 01:48:14',NULL),(11,242,'Z',NULL,6,'2021-11-15 17:03:52','2021-11-15 17:03:52',NULL),(12,245,'Z',NULL,6,'2021-11-15 17:17:53','2021-11-15 17:17:53',NULL),(13,245,'Z',NULL,6,'2021-11-15 17:18:35','2021-11-15 17:18:35',NULL),(14,248,'Z',NULL,6,'2021-11-15 17:23:15','2021-11-15 17:23:15',NULL),(15,248,'Z',NULL,6,'2021-11-15 17:23:55','2021-11-15 17:23:55',NULL),(16,248,'Z',NULL,6,'2021-11-15 17:26:02','2021-11-15 17:26:02',NULL),(17,248,'Z',NULL,6,'2021-11-15 17:32:34','2021-11-15 17:32:34',NULL),(18,248,'Z',NULL,6,'2021-11-15 17:34:38','2021-11-15 17:34:38',NULL),(19,248,'Z',NULL,6,'2021-11-15 17:34:58','2021-11-15 17:34:58',NULL),(20,248,'Z',NULL,6,'2021-11-15 17:37:23','2021-11-15 17:37:23',NULL),(21,248,'Z',NULL,6,'2021-11-15 17:37:43','2021-11-15 17:37:43',NULL),(22,271,'H',NULL,9,'2021-11-17 17:16:36','2021-11-17 17:16:36',NULL),(23,274,'H',NULL,9,'2021-11-17 17:18:15','2021-11-17 17:18:15',NULL),(24,266,'H',NULL,9,'2021-11-17 17:18:35','2021-11-17 17:18:35',NULL),(25,269,'H',NULL,9,'2021-11-17 17:18:35','2021-11-17 17:18:35',NULL),(26,271,'H',NULL,9,'2021-11-17 17:21:42','2021-11-17 17:21:42',NULL),(27,266,'H',NULL,9,'2021-11-17 17:29:06','2021-11-17 17:29:06',NULL),(28,269,'H',NULL,9,'2021-11-17 17:29:06','2021-11-17 17:29:06',NULL),(29,266,'H',NULL,9,'2021-11-17 17:31:33','2021-11-17 17:31:33',NULL),(30,269,'H',NULL,9,'2021-11-17 17:31:33','2021-11-17 17:31:33',NULL),(31,266,'H',NULL,9,'2021-11-17 17:33:03','2021-11-17 17:33:03',NULL),(32,269,'H',NULL,9,'2021-11-17 17:33:03','2021-11-17 17:33:03',NULL),(33,274,'H',NULL,9,'2021-11-17 17:33:43','2021-11-17 17:33:43',NULL),(34,274,'H',NULL,9,'2021-11-17 17:35:48','2021-11-17 17:35:48',NULL),(35,271,'H',NULL,9,'2021-11-17 17:37:40','2021-11-17 17:37:40',NULL),(36,271,'H',NULL,166,'2021-11-17 18:25:38','2021-11-17 18:25:38',NULL),(37,266,'H',NULL,166,'2021-11-17 18:25:38','2021-11-17 18:25:38',NULL),(38,269,'H',NULL,166,'2021-11-17 18:25:38','2021-11-17 18:25:38',NULL),(39,290,'H',NULL,9,'2021-11-19 08:11:09','2021-11-19 08:11:09',NULL),(40,298,'H',NULL,9,'2021-11-19 08:12:43','2021-11-19 08:12:43',NULL),(41,301,'H',NULL,9,'2021-11-19 08:12:43','2021-11-19 08:12:43',NULL),(42,298,'H',NULL,166,'2021-11-19 13:31:17','2021-11-19 13:31:17',NULL),(43,301,'H',NULL,166,'2021-11-19 13:31:17','2021-11-19 13:31:17',NULL),(44,298,'H',NULL,166,'2021-11-19 13:50:00','2021-11-19 13:50:00',NULL),(45,301,'H',NULL,166,'2021-11-19 13:50:00','2021-11-19 13:50:00',NULL),(46,301,'Z',NULL,6,'2021-11-20 17:21:20','2021-11-20 17:21:20',NULL),(47,301,'Z',NULL,6,'2021-11-20 17:48:11','2021-11-20 17:48:11',NULL),(48,301,'Z',NULL,6,'2021-11-20 17:52:56','2021-11-20 17:52:56',NULL),(49,301,'Z',NULL,6,'2021-11-20 17:57:56','2021-11-20 17:57:56',NULL),(50,301,'Z',NULL,6,'2021-11-20 17:58:18','2021-11-20 17:58:18',NULL),(51,301,'Z',NULL,6,'2021-11-20 17:58:32','2021-11-20 17:58:32',NULL),(52,301,'Z',NULL,6,'2021-11-20 18:23:30','2021-11-20 18:23:30',NULL),(53,301,'Z',NULL,6,'2021-11-20 18:24:19','2021-11-20 18:24:19',NULL),(54,301,'Z',NULL,6,'2021-11-20 18:25:57','2021-11-20 18:25:57',NULL),(55,301,'Z',NULL,6,'2021-11-20 18:26:37','2021-11-20 18:26:37',NULL),(56,298,'Z',NULL,6,'2021-11-20 18:28:11','2021-11-20 18:28:11',NULL),(57,298,'Z',NULL,6,'2021-11-20 18:28:25','2021-11-20 18:28:25',NULL),(58,301,'Z',NULL,6,'2021-11-21 07:54:03','2021-11-21 07:54:03',NULL),(59,298,'Z',NULL,6,'2021-11-21 08:22:45','2021-11-21 08:22:45',NULL),(60,298,'Z',NULL,6,'2021-11-21 08:23:08','2021-11-21 08:23:08',NULL),(61,298,'Z',NULL,6,'2021-11-21 08:39:48','2021-11-21 08:39:48',NULL),(62,298,'Z',NULL,6,'2021-11-21 08:49:52','2021-11-21 08:49:52',NULL),(63,242,'H',NULL,9,'2021-11-23 17:41:39','2021-11-23 17:41:39',NULL),(64,245,'H',NULL,9,'2021-11-23 17:41:39','2021-11-23 17:41:39',NULL),(65,248,'H',NULL,9,'2021-11-23 17:41:39','2021-11-23 17:41:39',NULL),(66,266,'H',NULL,9,'2021-11-23 17:42:19','2021-11-23 17:42:19',NULL),(67,269,'H',NULL,9,'2021-11-23 17:42:20','2021-11-23 17:42:20',NULL),(68,242,'H',NULL,166,'2021-11-23 17:52:04','2021-11-23 17:52:04',NULL),(69,245,'H',NULL,166,'2021-11-23 17:52:04','2021-11-23 17:52:04',NULL),(70,248,'H',NULL,166,'2021-11-23 17:52:04','2021-11-23 17:52:04',NULL),(71,266,'H',NULL,166,'2021-11-23 17:52:08','2021-11-23 17:52:08',NULL),(72,269,'H',NULL,166,'2021-11-23 17:52:08','2021-11-23 17:52:08',NULL),(73,348,'H',NULL,9,'2021-11-27 18:53:51','2021-11-27 18:53:51','2021-11-27 18:53:51'),(74,350,'H',NULL,9,'2021-11-27 18:53:51','2021-11-27 18:53:51','2021-11-27 18:53:51'),(75,348,'H',NULL,166,'2021-11-27 19:12:14','2021-11-27 19:12:14',NULL),(76,350,'H',NULL,166,'2021-11-27 19:12:14','2021-11-27 19:12:14',NULL),(77,348,'Z',NULL,6,'2021-11-27 19:59:16','2021-11-27 19:59:16',NULL),(78,350,'Z',NULL,6,'2021-11-27 19:59:57','2021-11-27 19:59:57',NULL),(79,298,'Z',NULL,6,'2021-11-30 07:14:20','2021-11-30 07:14:20',NULL),(80,298,'Z',NULL,6,'2021-11-30 07:14:58','2021-11-30 07:14:58',NULL),(81,301,'Z',NULL,6,'2021-11-30 07:19:44','2021-11-30 07:19:44',NULL),(82,301,'Z',NULL,6,'2021-11-30 07:20:11','2021-11-30 07:20:11',NULL),(83,301,'Z',NULL,6,'2021-11-30 07:20:40','2021-11-30 07:20:40',NULL),(84,298,'Z',NULL,6,'2021-12-05 02:20:11','2021-12-05 02:20:11',NULL),(85,373,'H',NULL,9,'2021-12-28 21:35:11','2021-12-28 21:35:11',NULL),(86,377,'H',NULL,9,'2021-12-28 21:35:11','2021-12-28 21:35:11',NULL),(88,380,'H',NULL,166,'2021-12-29 06:08:48','2021-12-29 06:08:48',NULL);

--
-- Table structure for table `permohonan_project_history`
--

CREATE TABLE `permohonan_project_history` (
  `permohonan_project_history_id` bigint(20) NOT NULL AUTO_INCREMENT,
  `permohonan_project_id` bigint(20) NOT NULL,
  `targeted_value` decimal(10,2) NOT NULL DEFAULT '0.00',
  `achieved_value` decimal(10,2) NOT NULL DEFAULT '0.00',
  `percentage_value` decimal(10,2) NOT NULL DEFAULT '0.00',
  `project_final_value` decimal(10,2) NOT NULL DEFAULT '0.00',
  `created_by` int(11) NOT NULL,
  `updated_by` int(11) NOT NULL,
  `created_at` timestamp NULL DEFAULT NULL,
  `updated_at` timestamp NOT NULL DEFAULT CURRENT_TIMESTAMP,
  `deleted_at` timestamp NULL DEFAULT NULL,
  PRIMARY KEY (`permohonan_project_history_id`),
  KEY `idx_permohonanproject_permohonanprojectid` (`permohonan_project_id`),
  KEY `idx_permohonanproject_createdby` (`created_by`),
  KEY `idx_permohonanproject_updatedby` (`updated_by`)
) ENGINE=InnoDB AUTO_INCREMENT=211 DEFAULT CHARSET=latin1;

--
-- Dumping data for table `permohonan_project_history`
--

INSERT INTO `permohonan_project_history` VALUES (1,121,0.00,0.00,0.00,0.00,9,9,'2021-11-13 14:29:22','2021-11-13 14:29:22',NULL),(2,122,2100.00,0.00,0.00,0.00,9,9,'2021-11-13 14:29:22','2021-11-13 14:29:22',NULL),(3,123,3100.00,0.00,0.00,0.00,9,9,'2021-11-13 14:29:22','2021-11-13 14:29:22',NULL),(4,124,0.00,0.00,0.00,0.00,9,9,'2021-11-13 14:29:22','2021-11-13 14:29:22',NULL),(5,125,0.00,0.00,0.00,0.00,9,9,'2021-11-13 14:29:22','2021-11-13 14:29:22',NULL),(6,151,0.00,0.00,0.00,0.00,166,166,'2021-11-13 16:55:43','2021-11-13 16:55:43',NULL),(7,152,100.00,0.00,0.00,0.00,166,166,'2021-11-13 16:55:43','2021-11-13 16:55:43',NULL),(8,153,0.00,0.00,0.00,0.00,166,166,'2021-11-13 16:55:43','2021-11-13 16:55:43',NULL),(9,154,200.00,0.00,0.00,0.00,166,166,'2021-11-13 16:55:43','2021-11-13 16:55:43',NULL),(10,152,100.00,0.00,0.00,0.00,6,6,'2021-11-14 19:04:43','2021-11-14 19:04:43',NULL),(11,151,0.00,0.00,0.00,0.00,6,6,'2021-11-14 19:04:43','2021-11-14 19:04:43',NULL),(12,242,0.00,0.00,0.00,0.00,9,9,'2021-11-15 01:46:30','2021-11-15 01:46:30',NULL),(13,243,2100.00,0.00,0.00,0.00,9,9,'2021-11-15 01:46:30','2021-11-15 01:46:30',NULL),(14,244,1222.00,0.00,0.00,0.00,9,9,'2021-11-15 01:46:30','2021-11-15 01:46:30',NULL),(15,245,0.00,0.00,0.00,0.00,9,9,'2021-11-15 01:46:30','2021-11-15 01:46:30',NULL),(16,246,4310.00,0.00,0.00,0.00,9,9,'2021-11-15 01:46:30','2021-11-15 01:46:30',NULL),(17,247,22.00,0.00,0.00,0.00,9,9,'2021-11-15 01:46:30','2021-11-15 01:46:30',NULL),(18,248,0.00,0.00,0.00,0.00,9,9,'2021-11-15 01:46:30','2021-11-15 01:46:30',NULL),(19,249,321.00,0.00,0.00,0.00,9,9,'2021-11-15 01:46:30','2021-11-15 01:46:30',NULL),(20,250,440.00,0.00,0.00,0.00,9,9,'2021-11-15 01:46:31','2021-11-15 01:46:31',NULL),(21,243,2100.00,0.00,0.00,0.00,6,6,'2021-11-15 01:47:19','2021-11-15 01:47:19',NULL),(22,244,1222.00,0.00,0.00,0.00,6,6,'2021-11-15 01:47:19','2021-11-15 01:47:19',NULL),(23,242,0.00,0.00,0.00,0.00,6,6,'2021-11-15 01:47:19','2021-11-15 01:47:19',NULL),(24,243,2100.00,100.00,4.76,0.00,6,6,'2021-11-15 01:48:14','2021-11-15 01:48:14',NULL),(25,244,1222.00,222.00,18.17,0.00,6,6,'2021-11-15 01:48:14','2021-11-15 01:48:14',NULL),(26,242,0.00,0.00,0.00,11.46,6,6,'2021-11-15 01:48:14','2021-11-15 01:48:14',NULL),(27,243,2100.00,100.00,4.76,0.00,6,6,'2021-11-15 17:03:52','2021-11-15 17:03:52',NULL),(28,244,1222.00,222.00,18.17,0.00,6,6,'2021-11-15 17:03:52','2021-11-15 17:03:52',NULL),(29,258,670.00,150.00,22.39,0.00,6,6,'2021-11-15 17:03:52','2021-11-15 17:03:52',NULL),(30,242,0.00,0.00,0.00,15.11,6,6,'2021-11-15 17:03:52','2021-11-15 17:03:52',NULL),(31,261,450.00,321.00,71.33,0.00,6,6,'2021-11-15 17:17:53','2021-11-15 17:17:53',NULL),(32,246,4310.00,0.00,0.00,0.00,6,6,'2021-11-15 17:18:35','2021-11-15 17:18:35',NULL),(33,247,22.00,0.00,0.00,0.00,6,6,'2021-11-15 17:18:35','2021-11-15 17:18:35',NULL),(34,259,340.00,56.10,16.50,0.00,6,6,'2021-11-15 17:18:35','2021-11-15 17:18:35',NULL),(35,245,0.00,0.00,0.00,21.96,6,6,'2021-11-15 17:18:35','2021-11-15 17:18:35',NULL),(36,248,0.00,0.00,0.00,15.57,6,6,'2021-11-15 17:23:15','2021-11-15 17:23:15',NULL),(37,249,321.00,150.00,46.73,0.00,6,6,'2021-11-15 17:23:55','2021-11-15 17:23:55',NULL),(38,248,0.00,0.00,0.00,23.36,6,6,'2021-11-15 17:23:55','2021-11-15 17:23:55',NULL),(39,262,2100.00,320.70,15.27,0.00,6,6,'2021-11-15 17:26:02','2021-11-15 17:26:02',NULL),(40,263,650.00,120.90,18.60,0.00,6,6,'2021-11-15 17:32:34','2021-11-15 17:32:34',NULL),(41,248,0.00,0.00,0.00,23.36,6,6,'2021-11-15 17:34:38','2021-11-15 17:34:38',NULL),(42,262,2100.00,320.90,15.28,0.00,6,6,'2021-11-15 17:34:58','2021-11-15 17:34:58',NULL),(43,248,0.00,0.00,0.00,20.15,6,6,'2021-11-15 17:34:58','2021-11-15 17:34:58',NULL),(44,264,1400.00,210.00,15.00,0.00,6,6,'2021-11-15 17:37:23','2021-11-15 17:37:23',NULL),(45,265,100.00,50.00,50.00,0.00,6,6,'2021-11-15 17:37:43','2021-11-15 17:37:43',NULL),(46,271,0.00,0.00,0.00,0.00,9,9,'2021-11-17 17:16:36','2021-11-17 17:16:36',NULL),(47,272,56.00,0.00,0.00,0.00,9,9,'2021-11-17 17:16:36','2021-11-17 17:16:36',NULL),(48,273,44.00,0.00,0.00,0.00,9,9,'2021-11-17 17:16:36','2021-11-17 17:16:36',NULL),(49,274,0.00,0.00,0.00,0.00,9,9,'2021-11-17 17:18:15','2021-11-17 17:18:15',NULL),(50,275,7.00,0.00,0.00,0.00,9,9,'2021-11-17 17:18:15','2021-11-17 17:18:15',NULL),(51,276,432.00,0.00,0.00,0.00,9,9,'2021-11-17 17:18:15','2021-11-17 17:18:15',NULL),(52,266,0.00,0.00,0.00,0.00,9,9,'2021-11-17 17:18:35','2021-11-17 17:18:35',NULL),(53,267,8.00,0.00,0.00,0.00,9,9,'2021-11-17 17:18:35','2021-11-17 17:18:35',NULL),(54,268,4.00,0.00,0.00,0.00,9,9,'2021-11-17 17:18:35','2021-11-17 17:18:35',NULL),(55,269,0.00,0.00,0.00,0.00,9,9,'2021-11-17 17:18:35','2021-11-17 17:18:35',NULL),(56,270,60.00,0.00,0.00,0.00,9,9,'2021-11-17 17:18:35','2021-11-17 17:18:35',NULL),(57,271,0.00,0.00,0.00,0.00,9,9,'2021-11-17 17:21:42','2021-11-17 17:21:42',NULL),(58,272,56.00,0.00,0.00,0.00,9,9,'2021-11-17 17:21:42','2021-11-17 17:21:42',NULL),(59,273,44.00,0.00,0.00,0.00,9,9,'2021-11-17 17:21:42','2021-11-17 17:21:42',NULL),(60,266,0.00,0.00,0.00,0.00,9,9,'2021-11-17 17:29:06','2021-11-17 17:29:06',NULL),(61,267,8.00,0.00,0.00,0.00,9,9,'2021-11-17 17:29:06','2021-11-17 17:29:06',NULL),(62,268,4.00,0.00,0.00,0.00,9,9,'2021-11-17 17:29:06','2021-11-17 17:29:06',NULL),(63,269,0.00,0.00,0.00,0.00,9,9,'2021-11-17 17:29:06','2021-11-17 17:29:06',NULL),(64,270,60.00,0.00,0.00,0.00,9,9,'2021-11-17 17:29:06','2021-11-17 17:29:06',NULL),(65,266,0.00,0.00,0.00,0.00,9,9,'2021-11-17 17:31:33','2021-11-17 17:31:33',NULL),(66,267,8.00,0.00,0.00,0.00,9,9,'2021-11-17 17:31:33','2021-11-17 17:31:33',NULL),(67,268,4.00,0.00,0.00,0.00,9,9,'2021-11-17 17:31:33','2021-11-17 17:31:33',NULL),(68,269,0.00,0.00,0.00,0.00,9,9,'2021-11-17 17:31:33','2021-11-17 17:31:33',NULL),(69,270,60.00,0.00,0.00,0.00,9,9,'2021-11-17 17:31:33','2021-11-17 17:31:33',NULL),(70,266,0.00,0.00,0.00,0.00,9,9,'2021-11-17 17:33:03','2021-11-17 17:33:03',NULL),(71,267,8.00,0.00,0.00,0.00,9,9,'2021-11-17 17:33:03','2021-11-17 17:33:03',NULL),(72,268,4.00,0.00,0.00,0.00,9,9,'2021-11-17 17:33:03','2021-11-17 17:33:03',NULL),(73,269,0.00,0.00,0.00,0.00,9,9,'2021-11-17 17:33:03','2021-11-17 17:33:03',NULL),(74,270,60.00,0.00,0.00,0.00,9,9,'2021-11-17 17:33:03','2021-11-17 17:33:03',NULL),(75,274,0.00,0.00,0.00,0.00,9,9,'2021-11-17 17:33:43','2021-11-17 17:33:43',NULL),(76,275,7.00,0.00,0.00,0.00,9,9,'2021-11-17 17:33:43','2021-11-17 17:33:43',NULL),(77,276,432.00,0.00,0.00,0.00,9,9,'2021-11-17 17:33:43','2021-11-17 17:33:43',NULL),(78,274,0.00,0.00,0.00,0.00,9,9,'2021-11-17 17:35:48','2021-11-17 17:35:48',NULL),(79,275,7.00,0.00,0.00,0.00,9,9,'2021-11-17 17:35:48','2021-11-17 17:35:48',NULL),(80,276,432.00,0.00,0.00,0.00,9,9,'2021-11-17 17:35:48','2021-11-17 17:35:48',NULL),(81,271,0.00,0.00,0.00,0.00,9,9,'2021-11-17 17:37:40','2021-11-17 17:37:40',NULL),(82,272,56.00,0.00,0.00,0.00,9,9,'2021-11-17 17:37:40','2021-11-17 17:37:40',NULL),(83,273,44.00,0.00,0.00,0.00,9,9,'2021-11-17 17:37:40','2021-11-17 17:37:40',NULL),(84,271,0.00,0.00,0.00,0.00,166,166,'2021-11-17 18:25:38','2021-11-17 18:25:38',NULL),(85,272,56.00,0.00,0.00,0.00,166,166,'2021-11-17 18:25:38','2021-11-17 18:25:38',NULL),(86,273,44.00,0.00,0.00,0.00,166,166,'2021-11-17 18:25:38','2021-11-17 18:25:38',NULL),(87,266,0.00,0.00,0.00,0.00,166,166,'2021-11-17 18:25:38','2021-11-17 18:25:38',NULL),(88,267,8.00,0.00,0.00,0.00,166,166,'2021-11-17 18:25:38','2021-11-17 18:25:38',NULL),(89,268,4.00,0.00,0.00,0.00,166,166,'2021-11-17 18:25:38','2021-11-17 18:25:38',NULL),(90,269,0.00,0.00,0.00,0.00,166,166,'2021-11-17 18:25:38','2021-11-17 18:25:38',NULL),(91,270,60.00,0.00,0.00,0.00,166,166,'2021-11-17 18:25:38','2021-11-17 18:25:38',NULL),(92,290,0.00,0.00,0.00,0.00,9,9,'2021-11-19 08:11:09','2021-11-19 08:11:09',NULL),(93,291,150.00,0.00,0.00,0.00,9,9,'2021-11-19 08:11:09','2021-11-19 08:11:09',NULL),(94,292,250.00,0.00,0.00,0.00,9,9,'2021-11-19 08:11:09','2021-11-19 08:11:09',NULL),(95,298,0.00,0.00,0.00,0.00,9,9,'2021-11-19 08:12:43','2021-11-19 08:12:43',NULL),(96,299,100.00,0.00,0.00,0.00,9,9,'2021-11-19 08:12:43','2021-11-19 08:12:43',NULL),(97,300,250.00,0.00,0.00,0.00,9,9,'2021-11-19 08:12:43','2021-11-19 08:12:43',NULL),(98,301,0.00,0.00,0.00,0.00,9,9,'2021-11-19 08:12:43','2021-11-19 08:12:43',NULL),(99,302,32100.00,0.00,0.00,0.00,9,9,'2021-11-19 08:12:43','2021-11-19 08:12:43',NULL),(100,298,0.00,0.00,0.00,0.00,166,166,'2021-11-19 13:31:17','2021-11-19 13:31:17',NULL),(101,299,100.00,0.00,0.00,0.00,166,166,'2021-11-19 13:31:17','2021-11-19 13:31:17',NULL),(102,300,250.00,0.00,0.00,0.00,166,166,'2021-11-19 13:31:17','2021-11-19 13:31:17',NULL),(103,301,0.00,0.00,0.00,0.00,166,166,'2021-11-19 13:31:17','2021-11-19 13:31:17',NULL),(104,302,32100.00,0.00,0.00,0.00,166,166,'2021-11-19 13:31:17','2021-11-19 13:31:17',NULL),(105,298,0.00,0.00,0.00,0.00,166,166,'2021-11-19 13:50:00','2021-11-19 13:50:00',NULL),(106,299,100.00,0.00,0.00,0.00,166,166,'2021-11-19 13:50:00','2021-11-19 13:50:00',NULL),(107,300,250.00,0.00,0.00,0.00,166,166,'2021-11-19 13:50:00','2021-11-19 13:50:00',NULL),(108,301,0.00,0.00,0.00,0.00,166,166,'2021-11-19 13:50:00','2021-11-19 13:50:00',NULL),(109,302,32100.00,0.00,0.00,0.00,166,166,'2021-11-19 13:50:00','2021-11-19 13:50:00',NULL),(110,331,23100.00,1000.00,4.33,0.00,6,6,'2021-11-20 17:21:20','2021-11-20 17:21:20',NULL),(111,301,0.00,0.00,0.00,4.33,6,6,'2021-11-20 17:48:11','2021-11-20 17:48:11',NULL),(112,332,2130.00,200.00,9.39,0.00,6,6,'2021-11-20 17:52:56','2021-11-20 17:52:56',NULL),(113,302,32100.00,21000.00,65.42,0.00,6,6,'2021-11-20 17:57:56','2021-11-20 17:57:56',NULL),(114,301,0.00,0.00,0.00,26.38,6,6,'2021-11-20 17:57:56','2021-11-20 17:57:56',NULL),(115,333,3100.00,1300.00,41.94,0.00,6,6,'2021-11-20 17:58:18','2021-11-20 17:58:18',NULL),(116,333,3100.00,2300.00,74.19,0.00,6,6,'2021-11-20 17:58:32','2021-11-20 17:58:32',NULL),(117,301,0.00,0.00,0.00,38.33,6,6,'2021-11-20 17:58:32','2021-11-20 17:58:32',NULL),(118,331,23100.00,23100.00,100.00,0.00,6,6,'2021-11-20 18:23:30','2021-11-20 18:23:30',NULL),(119,301,0.00,0.00,0.00,62.25,6,6,'2021-11-20 18:23:30','2021-11-20 18:23:30',NULL),(120,334,2410.00,241.00,10.00,0.00,6,6,'2021-11-20 18:24:19','2021-11-20 18:24:19',NULL),(121,335,3000.00,1000.00,33.33,0.00,6,6,'2021-11-20 18:25:57','2021-11-20 18:25:57',NULL),(122,336,1000.00,1000.00,100.00,0.00,6,6,'2021-11-20 18:26:37','2021-11-20 18:26:37',NULL),(123,337,2000.00,1000.00,50.00,0.00,6,6,'2021-11-20 18:28:11','2021-11-20 18:28:11',NULL),(124,338,1000.00,1000.00,100.00,0.00,6,6,'2021-11-20 18:28:25','2021-11-20 18:28:25',NULL),(125,332,2130.00,2130.00,100.00,0.00,6,6,'2021-11-21 07:54:03','2021-11-21 07:54:03',NULL),(126,334,2410.00,2410.00,100.00,0.00,6,6,'2021-11-21 07:54:03','2021-11-21 07:54:03',NULL),(127,301,0.00,0.00,0.00,81.85,6,6,'2021-11-21 07:54:03','2021-11-21 07:54:03',NULL),(128,346,2500.00,200.00,8.00,0.00,6,6,'2021-11-21 08:22:45','2021-11-21 08:22:45',NULL),(129,347,1000.00,300.00,30.00,0.00,6,6,'2021-11-21 08:23:08','2021-11-21 08:23:08',NULL),(130,299,100.00,25.00,25.00,0.00,6,6,'2021-11-21 08:39:48','2021-11-21 08:39:48',NULL),(131,300,250.00,100.00,40.00,0.00,6,6,'2021-11-21 08:39:48','2021-11-21 08:39:48',NULL),(132,298,0.00,0.00,0.00,42.17,6,6,'2021-11-21 08:39:48','2021-11-21 08:39:48',NULL),(133,346,2500.00,2500.00,100.00,0.00,6,6,'2021-11-21 08:49:52','2021-11-21 08:49:52',NULL),(134,298,0.00,0.00,0.00,57.50,6,6,'2021-11-21 08:49:52','2021-11-21 08:49:52',NULL),(135,242,0.00,0.00,0.00,15.11,9,9,'2021-11-23 17:41:39','2021-11-23 17:41:39',NULL),(136,243,2100.00,100.00,4.76,0.00,9,9,'2021-11-23 17:41:39','2021-11-23 17:41:39',NULL),(137,244,1222.00,222.00,18.17,0.00,9,9,'2021-11-23 17:41:39','2021-11-23 17:41:39',NULL),(138,258,670.00,150.00,22.39,0.00,9,9,'2021-11-23 17:41:39','2021-11-23 17:41:39',NULL),(139,260,1200.00,250.50,20.88,0.00,9,9,'2021-11-23 17:41:39','2021-11-23 17:41:39',NULL),(140,245,0.00,0.00,0.00,21.96,9,9,'2021-11-23 17:41:39','2021-11-23 17:41:39',NULL),(141,246,4310.00,0.00,0.00,0.00,9,9,'2021-11-23 17:41:39','2021-11-23 17:41:39',NULL),(142,247,22.00,0.00,0.00,0.00,9,9,'2021-11-23 17:41:39','2021-11-23 17:41:39',NULL),(143,259,340.00,56.10,16.50,0.00,9,9,'2021-11-23 17:41:39','2021-11-23 17:41:39',NULL),(144,261,450.00,321.00,71.33,0.00,9,9,'2021-11-23 17:41:39','2021-11-23 17:41:39',NULL),(145,248,0.00,0.00,0.00,20.15,9,9,'2021-11-23 17:41:39','2021-11-23 17:41:39',NULL),(146,249,321.00,150.00,46.73,0.00,9,9,'2021-11-23 17:41:39','2021-11-23 17:41:39',NULL),(147,250,440.00,0.00,0.00,0.00,9,9,'2021-11-23 17:41:39','2021-11-23 17:41:39',NULL),(148,262,2100.00,320.90,15.28,0.00,9,9,'2021-11-23 17:41:39','2021-11-23 17:41:39',NULL),(149,263,650.00,120.90,18.60,0.00,9,9,'2021-11-23 17:41:39','2021-11-23 17:41:39',NULL),(150,264,1400.00,210.00,15.00,0.00,9,9,'2021-11-23 17:41:39','2021-11-23 17:41:39',NULL),(151,265,100.00,50.00,50.00,0.00,9,9,'2021-11-23 17:41:39','2021-11-23 17:41:39',NULL),(152,266,0.00,0.00,0.00,0.00,9,9,'2021-11-23 17:42:20','2021-11-23 17:42:20',NULL),(153,267,8.00,0.00,0.00,0.00,9,9,'2021-11-23 17:42:20','2021-11-23 17:42:20',NULL),(154,268,4.00,0.00,0.00,0.00,9,9,'2021-11-23 17:42:20','2021-11-23 17:42:20',NULL),(155,269,0.00,0.00,0.00,0.00,9,9,'2021-11-23 17:42:20','2021-11-23 17:42:20',NULL),(156,270,60.00,0.00,0.00,0.00,9,9,'2021-11-23 17:42:20','2021-11-23 17:42:20',NULL),(157,242,0.00,0.00,0.00,15.11,166,166,'2021-11-23 17:52:04','2021-11-23 17:52:04',NULL),(158,243,2100.00,100.00,4.76,0.00,166,166,'2021-11-23 17:52:04','2021-11-23 17:52:04',NULL),(159,244,1222.00,222.00,18.17,0.00,166,166,'2021-11-23 17:52:04','2021-11-23 17:52:04',NULL),(160,258,670.00,150.00,22.39,0.00,166,166,'2021-11-23 17:52:04','2021-11-23 17:52:04',NULL),(161,260,1200.00,250.50,20.88,0.00,166,166,'2021-11-23 17:52:04','2021-11-23 17:52:04',NULL),(162,245,0.00,0.00,0.00,21.96,166,166,'2021-11-23 17:52:04','2021-11-23 17:52:04',NULL),(163,246,4310.00,0.00,0.00,0.00,166,166,'2021-11-23 17:52:04','2021-11-23 17:52:04',NULL),(164,247,22.00,0.00,0.00,0.00,166,166,'2021-11-23 17:52:04','2021-11-23 17:52:04',NULL),(165,259,340.00,56.10,16.50,0.00,166,166,'2021-11-23 17:52:04','2021-11-23 17:52:04',NULL),(166,261,450.00,321.00,71.33,0.00,166,166,'2021-11-23 17:52:04','2021-11-23 17:52:04',NULL),(167,248,0.00,0.00,0.00,20.15,166,166,'2021-11-23 17:52:04','2021-11-23 17:52:04',NULL),(168,249,321.00,150.00,46.73,0.00,166,166,'2021-11-23 17:52:04','2021-11-23 17:52:04',NULL),(169,250,440.00,0.00,0.00,0.00,166,166,'2021-11-23 17:52:04','2021-11-23 17:52:04',NULL),(170,262,2100.00,320.90,15.28,0.00,166,166,'2021-11-23 17:52:04','2021-11-23 17:52:04',NULL),(171,263,650.00,120.90,18.60,0.00,166,166,'2021-11-23 17:52:04','2021-11-23 17:52:04',NULL),(172,264,1400.00,210.00,15.00,0.00,166,166,'2021-11-23 17:52:04','2021-11-23 17:52:04',NULL),(173,265,100.00,50.00,50.00,0.00,166,166,'2021-11-23 17:52:04','2021-11-23 17:52:04',NULL),(174,266,0.00,0.00,0.00,0.00,166,166,'2021-11-23 17:52:08','2021-11-23 17:52:08',NULL),(175,267,8.00,0.00,0.00,0.00,166,166,'2021-11-23 17:52:08','2021-11-23 17:52:08',NULL),(176,268,4.00,0.00,0.00,0.00,166,166,'2021-11-23 17:52:08','2021-11-23 17:52:08',NULL),(177,269,0.00,0.00,0.00,0.00,166,166,'2021-11-23 17:52:08','2021-11-23 17:52:08',NULL),(178,270,60.00,0.00,0.00,0.00,166,166,'2021-11-23 17:52:08','2021-11-23 17:52:08',NULL),(179,348,0.00,0.00,0.00,0.00,9,9,'2021-11-27 18:53:51','2021-11-27 18:53:51','2021-11-27 18:53:51'),(180,349,7000.00,0.00,0.00,0.00,9,9,'2021-11-27 18:53:51','2021-11-27 18:53:51','2021-11-27 18:53:51'),(181,350,0.00,0.00,0.00,0.00,9,9,'2021-11-27 18:53:51','2021-11-27 18:53:51','2021-11-27 18:53:51'),(182,351,200.00,0.00,0.00,0.00,9,9,'2021-11-27 18:53:51','2021-11-27 18:53:51','2021-11-27 18:53:51'),(183,352,1000.00,0.00,0.00,0.00,9,9,'2021-11-27 18:53:51','2021-11-27 18:53:51',NULL),(184,348,0.00,0.00,0.00,0.00,166,166,'2021-11-27 19:12:14','2021-11-27 19:12:14',NULL),(185,349,7000.00,0.00,0.00,0.00,166,166,'2021-11-27 19:12:14','2021-11-27 19:12:14',NULL),(186,350,0.00,0.00,0.00,0.00,166,166,'2021-11-27 19:12:14','2021-11-27 19:12:14',NULL),(187,351,200.00,0.00,0.00,0.00,166,166,'2021-11-27 19:12:14','2021-11-27 19:12:14',NULL),(188,352,1000.00,0.00,0.00,0.00,166,166,'2021-11-27 19:12:14','2021-11-27 19:12:14',NULL),(189,349,7000.00,6900.00,98.57,0.00,6,6,'2021-11-27 19:59:16','2021-11-27 19:59:16',NULL),(190,348,0.00,0.00,0.00,98.57,6,6,'2021-11-27 19:59:16','2021-11-27 19:59:16',NULL),(191,351,200.00,200.00,100.00,0.00,6,6,'2021-11-27 19:59:57','2021-11-27 19:59:57',NULL),(192,352,1000.00,100.00,10.00,0.00,6,6,'2021-11-27 19:59:57','2021-11-27 19:59:57',NULL),(193,350,0.00,0.00,0.00,55.00,6,6,'2021-11-27 19:59:57','2021-11-27 19:59:57',NULL),(194,353,300.00,100.00,33.33,0.00,6,6,'2021-11-30 07:14:20','2021-11-30 07:14:20',NULL),(195,354,400.00,200.00,50.00,0.00,6,6,'2021-11-30 07:14:58','2021-11-30 07:14:58',NULL),(196,301,0.00,0.00,0.00,81.85,6,6,'2021-11-30 07:19:44','2021-11-30 07:19:44',NULL),(197,301,0.00,0.00,0.00,81.85,6,6,'2021-11-30 07:20:11','2021-11-30 07:20:11',NULL),(198,301,0.00,0.00,0.00,81.85,6,6,'2021-11-30 07:20:40','2021-11-30 07:20:40',NULL),(199,298,0.00,0.00,0.00,57.50,6,6,'2021-12-05 02:20:11','2021-12-05 02:20:11',NULL),(200,373,0.00,0.00,0.00,0.00,9,9,'2021-12-28 21:35:11','2021-12-28 21:35:11',NULL),(201,374,3100.00,0.00,0.00,0.00,9,9,'2021-12-28 21:35:11','2021-12-28 21:35:11',NULL),(202,375,2100.00,0.00,0.00,0.00,9,9,'2021-12-28 21:35:11','2021-12-28 21:35:11',NULL),(203,376,4310.00,0.00,0.00,0.00,9,9,'2021-12-28 21:35:11','2021-12-28 21:35:11',NULL),(204,377,0.00,0.00,0.00,0.00,9,9,'2021-12-28 21:35:11','2021-12-28 21:35:11',NULL),(205,378,2310.00,0.00,0.00,0.00,9,9,'2021-12-28 21:35:11','2021-12-28 21:35:11',NULL),(206,379,4500.00,0.00,0.00,0.00,9,9,'2021-12-28 21:35:11','2021-12-28 21:35:11',NULL),(209,380,0.00,0.00,0.00,0.00,166,166,'2021-12-29 06:08:48','2021-12-29 06:08:48',NULL),(210,381,500.00,0.00,0.00,0.00,166,166,'2021-12-29 06:08:48','2021-12-29 06:08:48',NULL);

--
-- Table structure for table `permohonan_scope`
--

CREATE TABLE `permohonan_scope` (
  `permohonan_scope_id` bigint(20) NOT NULL AUTO_INCREMENT,
  `permohonan_id` bigint(20) NOT NULL,
  `scope_desc` varchar(255) DEFAULT NULL,
  `created_by` int(11) NOT NULL,
  `updated_by` int(11) NOT NULL,
  `created_at` timestamp NULL DEFAULT NULL,
  `updated_at` timestamp NOT NULL DEFAULT CURRENT_TIMESTAMP,
  `deleted_at` timestamp NULL DEFAULT NULL,
  PRIMARY KEY (`permohonan_scope_id`),
  KEY `idx_permohonanscope_permohonanid` (`permohonan_id`),
  KEY `idx_permohonanscope_createdby` (`created_by`),
  KEY `idx_permohonanscope_updatedby` (`updated_by`)
) ENGINE=InnoDB AUTO_INCREMENT=68 DEFAULT CHARSET=latin1;

--
-- Dumping data for table `permohonan_scope`
--

INSERT INTO `permohonan_scope` VALUES (1,1,'outcome 1',6,6,'2021-11-11 14:09:53','2021-11-11 14:09:53','2021-11-11 06:10:47'),(2,1,'outcome 2',6,6,'2021-11-11 14:09:53','2021-11-11 14:09:53','2021-11-11 06:10:47'),(3,1,'outcome 1',6,6,'2021-11-11 14:10:47','2021-11-11 14:10:47','2021-11-11 06:12:27'),(4,1,'outcome 2',6,6,'2021-11-11 14:10:47','2021-11-11 14:10:47','2021-11-11 06:12:27'),(5,1,'outcome 2',6,6,'2021-11-11 14:12:27','2021-11-11 14:12:27','2021-11-11 08:44:19'),(6,1,'outcome 2',6,6,'2021-11-11 16:44:19','2021-11-11 16:44:19','2021-11-11 08:48:17'),(7,1,'OUTCOME 2',6,6,'2021-11-11 16:48:17','2021-11-11 16:48:17','2021-11-11 08:54:36'),(8,1,'OT',6,6,'2021-11-11 16:54:36','2021-11-11 16:54:36','2021-11-11 08:56:21'),(10,1,'OT',6,6,'2021-11-11 16:56:21','2021-11-11 16:56:21','2021-11-11 08:56:35'),(11,1,'OT',6,6,'2021-11-11 16:56:35','2021-11-11 16:56:35','2021-11-11 09:02:21'),(12,1,'OT',6,6,'2021-11-11 17:02:21','2021-11-11 17:02:21','2021-11-11 09:03:46'),(13,1,'OT',6,6,'2021-11-11 17:03:46','2021-11-11 17:03:46','2021-11-11 09:03:53'),(14,1,'OT',6,6,'2021-11-11 17:03:53','2021-11-11 17:03:53',NULL),(15,2,'OUTCOME 11',6,6,'2021-11-11 17:06:08','2021-11-11 17:06:08','2021-11-11 09:07:47'),(16,2,'OUTCOME 11',6,6,'2021-11-11 17:07:47','2021-11-11 17:07:47',NULL),(17,3,'OUTCOME 1',6,6,'2021-11-12 03:55:12','2021-11-12 03:55:12','2021-11-19 06:50:25'),(18,4,'OUTCOME 1',6,6,'2021-11-12 03:59:13','2021-11-12 03:59:13',NULL),(19,8,'OUTCOME 1',6,6,'2021-11-14 16:53:00','2021-11-14 16:53:00','2021-11-14 08:56:22'),(20,8,'OUTCOME 2',6,6,'2021-11-14 16:53:00','2021-11-14 16:53:00','2021-11-14 08:56:22'),(21,8,'OUTCOME 2',6,6,'2021-11-14 16:56:22','2021-11-14 16:56:22','2021-11-14 08:58:11'),(22,8,'OUTCOME 2',6,6,'2021-11-14 16:58:11','2021-11-14 16:58:11','2021-11-14 08:58:20'),(23,8,'OUTCOME 2',6,6,'2021-11-14 16:58:20','2021-11-14 16:58:20','2021-11-14 08:58:49'),(24,8,'OUTCOME 2',6,6,'2021-11-14 16:58:49','2021-11-14 16:58:49','2021-11-14 08:59:12'),(25,8,'OUTCOME 2',6,6,'2021-11-14 16:59:12','2021-11-14 16:59:12','2021-11-14 09:01:50'),(26,8,'OUTCOME 2',6,6,'2021-11-14 17:01:50','2021-11-14 17:01:50','2021-11-14 09:07:20'),(27,8,'OUTCOME 2',6,6,'2021-11-14 17:07:20','2021-11-14 17:07:20','2021-11-14 09:24:58'),(28,8,'OUTCOME 2',6,6,'2021-11-14 17:24:58','2021-11-14 17:24:58','2021-11-14 09:37:38'),(29,8,'OUTCOME 2',6,6,'2021-11-14 17:37:38','2021-11-14 17:37:38','2021-11-14 09:38:05'),(30,8,'OUTCOME 2',6,6,'2021-11-14 17:38:05','2021-11-14 17:38:05','2021-11-14 09:52:08'),(31,8,'OUTCOME 2',6,6,'2021-11-14 17:52:08','2021-11-14 17:52:08','2021-11-14 10:02:02'),(32,8,'OUTCOME 2',6,6,'2021-11-14 18:02:02','2021-11-14 18:02:02','2021-11-14 10:11:54'),(33,8,'OUTCOME 2',6,6,'2021-11-14 18:11:54','2021-11-14 18:11:54','2021-11-14 10:45:02'),(34,8,'OUTCOME 2',6,6,'2021-11-14 18:45:02','2021-11-14 18:45:02','2021-11-14 10:45:15'),(35,8,'OUTCOME 2',6,6,'2021-11-14 18:45:15','2021-11-14 18:45:15',NULL),(36,12,'OUTCOME 1',6,6,'2021-11-17 16:36:47','2021-11-17 16:36:47',NULL),(37,9,'OUTCOME 1',6,6,'2021-11-17 16:40:28','2021-11-17 16:40:28',NULL),(38,13,'OUTCOME 1',6,6,'2021-11-17 16:43:41','2021-11-17 16:43:41',NULL),(41,15,'OUTCOME 2100',6,6,'2021-11-19 07:10:42','2021-11-19 07:10:42','2021-11-18 23:11:07'),(42,15,'OUTCOME 2102',6,6,'2021-11-19 07:10:42','2021-11-19 07:10:42','2021-11-18 23:11:07'),(43,15,'OUTCOME 2102',6,6,'2021-11-19 07:11:07','2021-11-19 07:11:07','2021-11-18 23:22:59'),(44,16,'OBJEKTIF 2311',6,6,'2021-11-19 07:15:33','2021-11-19 07:15:33',NULL),(45,15,'OUTCOME 2102',6,6,'2021-11-19 07:22:59','2021-11-19 07:22:59','2021-11-18 23:27:33'),(46,15,'OUTCOME 2102',6,6,'2021-11-19 07:27:33','2021-11-19 07:27:33',NULL),(50,3,'OUTCOME 1',6,6,'2021-11-19 14:50:25','2021-11-19 14:50:25','2021-11-19 06:53:07'),(51,3,'OUTCOME 1',6,6,'2021-11-19 14:53:07','2021-11-19 14:53:07','2021-11-19 06:53:17'),(52,3,'OUTCOME 1',3,3,'2021-11-19 14:53:17','2021-11-19 14:53:17','2021-11-19 06:54:14'),(53,3,'OUTCOME 1',6,6,'2021-11-19 14:54:14','2021-11-19 14:54:14','2021-11-19 06:54:53'),(54,3,'OUTCOME 1',3,3,'2021-11-19 14:54:53','2021-11-19 14:54:53','2021-11-19 06:56:30'),(55,3,'OUTCOME 1',3,3,'2021-11-19 14:56:30','2021-11-19 14:56:30',NULL),(56,3,'OUTCOME 22',3,3,'2021-11-19 14:56:30','2021-11-19 14:56:30',NULL),(57,21,'OUTCOME 2102',6,6,'2021-11-24 09:56:10','2021-11-24 09:56:10',NULL),(59,23,'OUTCOME 2102',6,6,'2021-11-24 10:03:59','2021-11-24 10:03:59',NULL),(60,24,'OUTCOME 2102',6,6,'2021-11-25 14:46:31','2021-11-25 14:46:31','2021-12-01 07:37:32'),(61,25,'NEW OUTCOME',6,6,'2021-11-27 18:13:29','2021-11-27 18:13:29',NULL),(62,24,'OUTCOME 2102',6,6,'2021-12-01 15:37:32','2021-12-01 15:37:32','2021-12-01 07:38:58'),(63,24,'OUTCOME 2103',6,6,'2021-12-01 15:37:32','2021-12-01 15:37:32','2021-12-01 07:38:58'),(64,24,'OUTCOME 2103',6,6,'2021-12-01 15:38:58','2021-12-01 15:38:58','2021-12-01 07:39:18'),(65,24,'OUTCOME 2103',6,6,'2021-12-01 15:39:18','2021-12-01 15:39:18','2021-12-01 07:39:49'),(66,24,'OUTCOME 2103',6,6,'2021-12-01 15:39:49','2021-12-01 15:39:49','2021-12-01 07:42:00'),(67,24,'OUTCOME 2103',6,6,'2021-12-01 15:42:00','2021-12-01 15:42:00',NULL);

--
-- Table structure for table `permohonan_sharewith`
--

CREATE TABLE `permohonan_sharewith` (
  `permohonan_sharewith_id` bigint(20) NOT NULL AUTO_INCREMENT,
  `permohonan_id` bigint(20) NOT NULL,
  `user_id` int(11) NOT NULL,
  `created_by` int(11) NOT NULL,
  `updated_by` int(11) NOT NULL,
  `created_at` timestamp NULL DEFAULT NULL,
  `updated_at` timestamp NOT NULL DEFAULT CURRENT_TIMESTAMP,
  `deleted_at` timestamp NULL DEFAULT NULL,
  PRIMARY KEY (`permohonan_sharewith_id`),
  KEY `idx_permohonansharewith_permohonanid` (`permohonan_id`),
  KEY `idx_permohonansharewith_userid` (`user_id`),
  KEY `idx_permohonansharewith_createdby` (`created_by`),
  KEY `idx_permohonansharewith_updatedby` (`updated_by`)
) ENGINE=InnoDB AUTO_INCREMENT=194 DEFAULT CHARSET=latin1;

--
-- Dumping data for table `permohonan_sharewith`
--

INSERT INTO `permohonan_sharewith` VALUES (1,1,3,6,6,'2021-11-11 14:12:13','2021-11-11 14:12:13','2021-11-11 06:12:27'),(2,1,8,6,6,'2021-11-11 14:12:17','2021-11-11 14:12:17','2021-11-11 06:12:27'),(3,1,3,6,6,'2021-11-11 14:12:27','2021-11-11 14:12:27','2021-11-11 08:44:19'),(4,1,8,6,6,'2021-11-11 14:12:27','2021-11-11 14:12:27','2021-11-11 08:44:19'),(5,1,3,6,6,'2021-11-11 16:44:19','2021-11-11 16:44:19','2021-11-11 08:48:17'),(6,1,8,6,6,'2021-11-11 16:44:19','2021-11-11 16:44:19','2021-11-11 08:48:17'),(7,1,3,6,6,'2021-11-11 16:48:17','2021-11-11 16:48:17','2021-11-11 08:54:36'),(8,1,8,6,6,'2021-11-11 16:48:17','2021-11-11 16:48:17','2021-11-11 08:54:36'),(9,1,3,6,6,'2021-11-11 16:54:36','2021-11-11 16:54:36','2021-11-11 08:56:21'),(10,1,8,6,6,'2021-11-11 16:54:36','2021-11-11 16:54:36','2021-11-11 08:56:21'),(13,1,3,6,6,'2021-11-11 16:56:21','2021-11-11 16:56:21','2021-11-11 08:56:35'),(14,1,8,6,6,'2021-11-11 16:56:21','2021-11-11 16:56:21','2021-11-11 08:56:35'),(15,1,3,6,6,'2021-11-11 16:56:35','2021-11-11 16:56:35','2021-11-11 09:02:21'),(16,1,8,6,6,'2021-11-11 16:56:35','2021-11-11 16:56:35','2021-11-11 09:02:21'),(17,1,3,6,6,'2021-11-11 17:02:21','2021-11-11 17:02:21','2021-11-11 09:03:46'),(18,1,8,6,6,'2021-11-11 17:02:21','2021-11-11 17:02:21','2021-11-11 09:03:46'),(19,1,3,6,6,'2021-11-11 17:03:46','2021-11-11 17:03:46','2021-11-11 09:03:53'),(20,1,8,6,6,'2021-11-11 17:03:46','2021-11-11 17:03:46','2021-11-11 09:03:53'),(21,1,3,6,6,'2021-11-11 17:03:53','2021-11-11 17:03:53',NULL),(22,1,8,6,6,'2021-11-11 17:03:53','2021-11-11 17:03:53',NULL),(23,2,3,6,6,'2021-11-11 17:05:10','2021-11-11 17:05:10','2021-11-11 09:06:08'),(24,2,8,6,6,'2021-11-11 17:05:25','2021-11-11 17:05:25','2021-11-11 09:06:08'),(25,2,3,6,6,'2021-11-11 17:06:08','2021-11-11 17:06:08','2021-11-11 09:07:47'),(26,2,8,6,6,'2021-11-11 17:06:08','2021-11-11 17:06:08','2021-11-11 09:07:47'),(27,2,3,6,6,'2021-11-11 17:07:47','2021-11-11 17:07:47',NULL),(28,2,8,6,6,'2021-11-11 17:07:47','2021-11-11 17:07:47',NULL),(29,3,3,6,6,'2021-11-12 03:55:12','2021-11-12 03:55:12','2021-11-19 06:50:25'),(30,3,8,6,6,'2021-11-12 03:55:12','2021-11-12 03:55:12','2021-11-19 06:50:25'),(31,3,67,6,6,'2021-11-12 03:55:12','2021-11-12 03:55:12','2021-11-19 06:50:25'),(32,4,3,6,6,'2021-11-12 03:59:13','2021-11-12 03:59:13',NULL),(33,8,1176,6,6,'2021-11-14 16:52:44','2021-11-14 16:52:44','2021-11-14 08:53:00'),(34,8,15,6,6,'2021-11-14 16:52:48','2021-11-14 16:52:48','2021-11-14 08:53:00'),(35,8,1176,6,6,'2021-11-14 16:53:00','2021-11-14 16:53:00','2021-11-14 08:56:22'),(36,8,15,6,6,'2021-11-14 16:53:00','2021-11-14 16:53:00','2021-11-14 08:56:22'),(37,8,1176,6,6,'2021-11-14 16:56:22','2021-11-14 16:56:22','2021-11-14 08:58:11'),(38,8,15,6,6,'2021-11-14 16:56:22','2021-11-14 16:56:22','2021-11-14 08:58:11'),(39,8,1176,6,6,'2021-11-14 16:58:11','2021-11-14 16:58:11','2021-11-14 08:58:20'),(40,8,15,6,6,'2021-11-14 16:58:11','2021-11-14 16:58:11','2021-11-14 08:58:20'),(41,8,1176,6,6,'2021-11-14 16:58:20','2021-11-14 16:58:20','2021-11-14 08:58:49'),(42,8,15,6,6,'2021-11-14 16:58:20','2021-11-14 16:58:20','2021-11-14 08:58:49'),(43,8,1176,6,6,'2021-11-14 16:58:49','2021-11-14 16:58:49','2021-11-14 08:59:12'),(44,8,15,6,6,'2021-11-14 16:58:49','2021-11-14 16:58:49','2021-11-14 08:59:12'),(45,8,1176,6,6,'2021-11-14 16:59:12','2021-11-14 16:59:12','2021-11-14 09:01:50'),(46,8,15,6,6,'2021-11-14 16:59:12','2021-11-14 16:59:12','2021-11-14 09:01:50'),(47,8,1176,6,6,'2021-11-14 17:01:50','2021-11-14 17:01:50','2021-11-14 09:07:20'),(48,8,15,6,6,'2021-11-14 17:01:50','2021-11-14 17:01:50','2021-11-14 09:07:20'),(49,8,1176,6,6,'2021-11-14 17:07:20','2021-11-14 17:07:20','2021-11-14 09:24:58'),(50,8,15,6,6,'2021-11-14 17:07:20','2021-11-14 17:07:20','2021-11-14 09:24:58'),(51,8,1176,6,6,'2021-11-14 17:24:58','2021-11-14 17:24:58','2021-11-14 09:37:38'),(52,8,15,6,6,'2021-11-14 17:24:58','2021-11-14 17:24:58','2021-11-14 09:37:38'),(53,8,1176,6,6,'2021-11-14 17:37:38','2021-11-14 17:37:38','2021-11-14 09:38:05'),(54,8,15,6,6,'2021-11-14 17:37:38','2021-11-14 17:37:38','2021-11-14 09:38:05'),(55,8,1176,6,6,'2021-11-14 17:38:05','2021-11-14 17:38:05','2021-11-14 09:52:08'),(56,8,15,6,6,'2021-11-14 17:38:05','2021-11-14 17:38:05','2021-11-14 09:52:08'),(57,8,1176,6,6,'2021-11-14 17:52:08','2021-11-14 17:52:08','2021-11-14 10:02:02'),(58,8,15,6,6,'2021-11-14 17:52:08','2021-11-14 17:52:08','2021-11-14 10:02:02'),(59,8,8,6,6,'2021-11-14 18:00:25','2021-11-14 18:00:25','2021-11-14 10:02:02'),(60,8,1176,6,6,'2021-11-14 18:02:02','2021-11-14 18:02:02','2021-11-14 10:11:54'),(61,8,15,6,6,'2021-11-14 18:02:02','2021-11-14 18:02:02','2021-11-14 10:11:54'),(62,8,8,6,6,'2021-11-14 18:02:02','2021-11-14 18:02:02','2021-11-14 10:11:54'),(63,8,1176,6,6,'2021-11-14 18:11:54','2021-11-14 18:11:54','2021-11-14 10:45:02'),(64,8,15,6,6,'2021-11-14 18:11:54','2021-11-14 18:11:54','2021-11-14 10:45:02'),(65,8,8,6,6,'2021-11-14 18:11:54','2021-11-14 18:11:54','2021-11-14 10:45:02'),(66,8,1176,6,6,'2021-11-14 18:45:02','2021-11-14 18:45:02','2021-11-14 10:45:15'),(67,8,15,6,6,'2021-11-14 18:45:02','2021-11-14 18:45:02','2021-11-14 10:45:15'),(68,8,8,6,6,'2021-11-14 18:45:02','2021-11-14 18:45:02','2021-11-14 10:45:15'),(69,8,1176,6,6,'2021-11-14 18:45:15','2021-11-14 18:45:15',NULL),(70,8,15,6,6,'2021-11-14 18:45:15','2021-11-14 18:45:15',NULL),(71,8,8,6,6,'2021-11-14 18:45:15','2021-11-14 18:45:15',NULL),(72,12,3,6,6,'2021-11-17 16:36:47','2021-11-17 16:36:47',NULL),(73,12,67,6,6,'2021-11-17 16:36:47','2021-11-17 16:36:47',NULL),(74,9,1176,6,6,'2021-11-17 16:40:08','2021-11-17 16:40:08','2021-11-17 08:40:28'),(75,9,8,6,6,'2021-11-17 16:40:13','2021-11-17 16:40:13','2021-11-17 08:40:28'),(76,9,1176,6,6,'2021-11-17 16:40:28','2021-11-17 16:40:28',NULL),(77,9,8,6,6,'2021-11-17 16:40:28','2021-11-17 16:40:28',NULL),(78,13,7,6,6,'2021-11-17 16:43:41','2021-11-17 16:43:41',NULL),(79,13,1176,6,6,'2021-11-17 16:43:41','2021-11-17 16:43:41',NULL),(82,15,3,6,6,'2021-11-19 07:10:22','2021-11-19 07:10:22','2021-11-18 23:10:42'),(83,15,8,6,6,'2021-11-19 07:10:27','2021-11-19 07:10:27','2021-11-18 23:10:42'),(84,15,3,6,6,'2021-11-19 07:10:42','2021-11-19 07:10:42','2021-11-18 23:11:07'),(85,15,8,6,6,'2021-11-19 07:10:42','2021-11-19 07:10:42','2021-11-18 23:11:07'),(86,15,3,6,6,'2021-11-19 07:11:07','2021-11-19 07:11:07','2021-11-18 23:22:59'),(87,15,8,6,6,'2021-11-19 07:11:07','2021-11-19 07:11:07','2021-11-18 23:22:59'),(88,16,1176,6,6,'2021-11-19 07:15:33','2021-11-19 07:15:33',NULL),(89,15,3,6,6,'2021-11-19 07:22:59','2021-11-19 07:22:59','2021-11-18 23:27:33'),(90,15,8,6,6,'2021-11-19 07:22:59','2021-11-19 07:22:59','2021-11-18 23:27:33'),(91,15,3,6,6,'2021-11-19 07:27:33','2021-11-19 07:27:33','2021-11-26 05:58:50'),(92,15,8,6,6,'2021-11-19 07:27:33','2021-11-19 07:27:33','2021-11-26 05:58:52'),(99,3,3,6,6,'2021-11-19 14:50:25','2021-11-19 14:50:25','2021-11-19 06:53:07'),(100,3,8,6,6,'2021-11-19 14:50:25','2021-11-19 14:50:25','2021-11-19 06:53:07'),(101,3,67,6,6,'2021-11-19 14:50:25','2021-11-19 14:50:25','2021-11-19 06:53:07'),(102,3,3,6,6,'2021-11-19 14:53:07','2021-11-19 14:53:07','2021-11-19 06:53:17'),(103,3,8,6,6,'2021-11-19 14:53:07','2021-11-19 14:53:07','2021-11-19 06:53:17'),(104,3,67,6,6,'2021-11-19 14:53:07','2021-11-19 14:53:07','2021-11-19 06:53:17'),(105,3,3,3,3,'2021-11-19 14:53:17','2021-11-19 14:53:17','2021-11-19 06:54:14'),(106,3,8,3,3,'2021-11-19 14:53:17','2021-11-19 14:53:17','2021-11-19 06:54:14'),(107,3,67,3,3,'2021-11-19 14:53:17','2021-11-19 14:53:17','2021-11-19 06:54:14'),(108,3,3,6,6,'2021-11-19 14:54:14','2021-11-19 14:54:14','2021-11-19 06:54:53'),(109,3,8,6,6,'2021-11-19 14:54:14','2021-11-19 14:54:14','2021-11-19 06:54:53'),(110,3,67,6,6,'2021-11-19 14:54:14','2021-11-19 14:54:14','2021-11-19 06:54:53'),(111,3,3,3,3,'2021-11-19 14:54:53','2021-11-19 14:54:53','2021-11-19 06:56:30'),(112,3,8,3,3,'2021-11-19 14:54:53','2021-11-19 14:54:53','2021-11-19 06:56:30'),(113,3,67,3,3,'2021-11-19 14:54:53','2021-11-19 14:54:53','2021-11-19 06:56:30'),(114,3,3,3,3,'2021-11-19 14:56:30','2021-11-19 14:56:30',NULL),(115,3,8,3,3,'2021-11-19 14:56:30','2021-11-19 14:56:30',NULL),(116,3,67,3,3,'2021-11-19 14:56:30','2021-11-19 14:56:30',NULL),(117,15,1176,6,6,'2021-11-25 14:40:30','2021-11-25 14:40:30','2021-11-26 05:58:55'),(118,15,12,6,6,'2021-11-25 14:42:54','2021-11-25 14:42:54',NULL),(119,21,12,6,6,'2021-11-25 14:42:54','2021-11-25 14:42:54',NULL),(120,23,12,6,6,'2021-11-25 14:42:54','2021-11-25 14:42:54',NULL),(121,23,13,6,6,'2021-11-25 14:43:13','2021-11-25 14:43:13','2021-11-26 05:57:29'),(122,15,13,6,6,'2021-11-25 14:43:14','2021-11-25 14:43:14','2021-11-26 05:57:29'),(123,21,13,6,6,'2021-11-25 14:43:14','2021-11-25 14:43:14','2021-11-26 05:57:29'),(124,23,13,6,6,'2021-11-25 14:43:14','2021-11-25 14:43:14','2021-11-26 05:57:29'),(125,24,3,6,6,'2021-11-25 14:46:31','2021-11-25 14:46:31','2021-11-26 05:58:50'),(126,24,8,6,6,'2021-11-25 14:46:31','2021-11-25 14:46:31','2021-11-26 05:58:52'),(127,24,1176,6,6,'2021-11-25 14:46:31','2021-11-25 14:46:31','2021-11-26 05:58:55'),(128,24,12,6,6,'2021-11-25 14:46:31','2021-11-25 14:46:31','2021-12-01 07:37:32'),(129,24,13,6,6,'2021-11-25 14:46:31','2021-11-25 14:46:31','2021-11-26 05:57:29'),(130,24,27,6,6,'2021-11-26 13:57:07','2021-11-26 13:57:07','2021-11-26 05:58:06'),(131,15,27,6,6,'2021-11-26 13:57:07','2021-11-26 13:57:07','2021-11-26 05:58:06'),(132,21,27,6,6,'2021-11-26 13:57:07','2021-11-26 13:57:07','2021-11-26 05:58:06'),(133,23,27,6,6,'2021-11-26 13:57:07','2021-11-26 13:57:07','2021-11-26 05:58:06'),(134,24,27,6,6,'2021-11-26 13:57:07','2021-11-26 13:57:07','2021-11-26 05:58:06'),(135,23,7,6,6,'2021-11-26 13:59:24','2021-11-26 13:59:24','2021-11-26 06:03:09'),(136,15,7,6,6,'2021-11-26 13:59:24','2021-11-26 13:59:24','2021-11-26 06:03:09'),(137,21,7,6,6,'2021-11-26 13:59:24','2021-11-26 13:59:24','2021-11-26 06:03:09'),(138,23,7,6,6,'2021-11-26 13:59:24','2021-11-26 13:59:24','2021-11-26 06:03:09'),(139,24,7,6,6,'2021-11-26 13:59:24','2021-11-26 13:59:24','2021-11-26 06:03:09'),(140,15,7,6,6,'2021-11-26 14:03:36','2021-11-26 14:03:36',NULL),(141,21,7,6,6,'2021-11-26 14:03:36','2021-11-26 14:03:36',NULL),(142,23,7,6,6,'2021-11-26 14:03:37','2021-11-26 14:03:37',NULL),(143,24,7,6,6,'2021-11-26 14:03:37','2021-11-26 14:03:37','2021-12-01 07:37:32'),(144,25,1176,6,6,'2021-11-27 18:13:29','2021-11-27 18:13:29',NULL),(145,25,8,6,6,'2021-11-27 18:13:29','2021-11-27 18:13:29',NULL),(146,25,12,6,6,'2021-11-27 18:13:29','2021-11-27 18:13:29',NULL),(147,15,8,6,6,'2021-11-30 07:27:18','2021-11-30 07:27:18',NULL),(148,21,8,6,6,'2021-11-30 07:27:18','2021-11-30 07:27:18',NULL),(149,23,8,6,6,'2021-11-30 07:27:18','2021-11-30 07:27:18',NULL),(150,24,8,6,6,'2021-11-30 07:27:18','2021-11-30 07:27:18','2021-12-01 07:37:32'),(151,24,12,6,6,'2021-12-01 15:37:32','2021-12-01 15:37:32','2021-12-01 07:38:58'),(152,24,7,6,6,'2021-12-01 15:37:32','2021-12-01 15:37:32','2021-12-01 07:38:58'),(153,24,8,6,6,'2021-12-01 15:37:32','2021-12-01 15:37:32','2021-12-01 07:38:58'),(154,15,11,6,6,'2021-12-01 15:38:05','2021-12-01 15:38:05',NULL),(155,21,11,6,6,'2021-12-01 15:38:06','2021-12-01 15:38:06',NULL),(156,23,11,6,6,'2021-12-01 15:38:06','2021-12-01 15:38:06',NULL),(157,24,11,6,6,'2021-12-01 15:38:06','2021-12-01 15:38:06','2021-12-01 07:38:58'),(158,24,12,6,6,'2021-12-01 15:38:58','2021-12-01 15:38:58','2021-12-01 07:39:18'),(159,24,7,6,6,'2021-12-01 15:38:58','2021-12-01 15:38:58','2021-12-01 07:39:18'),(160,24,8,6,6,'2021-12-01 15:38:58','2021-12-01 15:38:58','2021-12-01 07:39:18'),(161,24,11,6,6,'2021-12-01 15:38:58','2021-12-01 15:38:58','2021-12-01 07:39:18'),(162,24,12,6,6,'2021-12-01 15:39:18','2021-12-01 15:39:18','2021-12-01 07:39:49'),(163,24,7,6,6,'2021-12-01 15:39:18','2021-12-01 15:39:18','2021-12-01 07:39:49'),(164,24,8,6,6,'2021-12-01 15:39:18','2021-12-01 15:39:18','2021-12-01 07:39:49'),(165,24,11,6,6,'2021-12-01 15:39:18','2021-12-01 15:39:18','2021-12-01 07:39:49'),(166,24,12,6,6,'2021-12-01 15:39:49','2021-12-01 15:39:49','2021-12-01 07:42:00'),(167,24,7,6,6,'2021-12-01 15:39:49','2021-12-01 15:39:49','2021-12-01 07:42:00'),(168,24,8,6,6,'2021-12-01 15:39:49','2021-12-01 15:39:49','2021-12-01 07:42:00'),(169,24,11,6,6,'2021-12-01 15:39:49','2021-12-01 15:39:49','2021-12-01 07:42:00'),(170,24,12,6,6,'2021-12-01 15:42:00','2021-12-01 15:42:00','2021-12-23 18:53:22'),(171,24,7,6,6,'2021-12-01 15:42:00','2021-12-01 15:42:00','2021-12-23 18:53:22'),(172,24,8,6,6,'2021-12-01 15:42:00','2021-12-01 15:42:00','2021-12-23 18:53:22'),(173,24,11,6,6,'2021-12-01 15:42:00','2021-12-01 15:42:00','2021-12-23 18:53:22'),(174,24,12,6,6,'2021-12-24 02:53:22','2021-12-24 02:53:22',NULL),(175,24,7,6,6,'2021-12-24 02:53:22','2021-12-24 02:53:22',NULL),(176,24,8,6,6,'2021-12-24 02:53:22','2021-12-24 02:53:22',NULL),(177,24,11,6,6,'2021-12-24 02:53:22','2021-12-24 02:53:22',NULL),(178,27,7,6,6,'2021-12-28 15:02:53','2021-12-28 15:02:53','2021-12-28 07:04:29'),(179,27,7,6,6,'2021-12-28 15:04:29','2021-12-28 15:04:29','2021-12-28 07:19:25'),(180,27,8,6,6,'2021-12-28 15:04:29','2021-12-28 15:04:29','2021-12-28 07:19:25'),(181,27,7,6,6,'2021-12-28 15:19:25','2021-12-28 15:19:25','2021-12-28 07:39:11'),(182,27,8,6,6,'2021-12-28 15:19:25','2021-12-28 15:19:25','2021-12-28 07:39:11'),(183,27,7,6,6,'2021-12-28 15:39:11','2021-12-28 15:39:11',NULL),(184,27,8,6,6,'2021-12-28 15:39:11','2021-12-28 15:39:11',NULL),(185,32,67,6,6,'2021-12-28 21:07:41','2021-12-28 21:07:41',NULL),(186,32,1176,6,6,'2021-12-28 21:07:41','2021-12-28 21:07:41',NULL),(187,33,67,6,6,'2021-12-28 21:47:11','2021-12-28 21:47:11',NULL),(188,33,1176,6,6,'2021-12-28 21:47:11','2021-12-28 21:47:11',NULL),(189,34,1176,6,6,'2021-12-28 22:25:07','2021-12-28 22:25:07',NULL),(190,34,67,6,6,'2021-12-28 22:25:07','2021-12-28 22:25:07',NULL),(191,35,67,6,6,'2021-12-28 22:27:34','2021-12-28 22:27:34',NULL),(192,37,8,6,6,'2021-12-28 22:31:48','2021-12-28 22:31:48',NULL),(193,37,67,6,6,'2021-12-28 22:31:48','2021-12-28 22:31:48',NULL);

--
