-- Table structure for table `master_gender`
--

CREATE TABLE `master_gender` (
  `gender_id` int(11) NOT NULL AUTO_INCREMENT,
  `gender_desc` varchar(20) NOT NULL,
  `created_at` timestamp NULL DEFAULT NULL,
  `updated_at` timestamp NOT NULL DEFAULT '0000-00-00 00:00:00',
  `deleted_at` timestamp NULL DEFAULT NULL,
  PRIMARY KEY (`gender_id`)
) ENGINE=InnoDB AUTO_INCREMENT=4 DEFAULT CHARSET=latin1;

--
-- Dumping data for table `master_gender`
--

INSERT INTO `master_gender` VALUES (1,'MALE','2018-04-20 07:46:31','2018-04-20 07:46:31',NULL),(2,'FEMALE','2018-04-20 07:46:39','2018-04-20 07:46:39',NULL),(3,'OTHER','2018-04-20 07:46:45','2018-04-20 07:46:45',NULL);

--
-- Table structure for table `master_salutation`
--

CREATE TABLE `master_salutation` (
  `salutation_id` int(11) NOT NULL AUTO_INCREMENT,
  `salutation_desc` varchar(100) NOT NULL,
  `created_at` timestamp NULL DEFAULT NULL,
  `updated_at` timestamp NOT NULL DEFAULT '0000-00-00 00:00:00',
  `deleted_at` timestamp NULL DEFAULT NULL,
  PRIMARY KEY (`salutation_id`)
) ENGINE=InnoDB AUTO_INCREMENT=12 DEFAULT CHARSET=latin1;

--
-- Dumping data for table `master_salutation`
--

INSERT INTO `master_salutation` VALUES (1,'EN.','2018-04-23 06:08:17','2018-04-23 06:08:17',NULL),(2,'PN.','2018-04-23 06:08:22','2018-04-23 06:08:22',NULL),(3,'CIK','2018-04-23 06:08:25','2018-04-23 06:08:25',NULL),(4,'SIR','2018-04-23 06:08:30','2018-04-23 06:08:30',NULL),(5,'DATUK','2018-04-23 06:08:35','2018-04-23 06:08:35',NULL),(6,'DATIN','2018-04-23 06:08:47','2018-04-23 06:08:47',NULL),(7,'DATO\'','2018-04-23 06:08:55','2018-04-23 06:08:55',NULL),(8,'DATO\' SERI','2018-04-23 06:09:31','2018-04-23 06:09:31',NULL),(9,'DATIN SERI','2018-04-23 06:09:56','2018-04-23 06:09:56',NULL),(10,'TUN','2018-04-23 06:10:01','2018-04-23 06:10:01',NULL),(11,'TUAN','2018-04-23 06:10:01','2018-04-23 06:10:01',NULL);

--
-- Table structure for table `master_state`
--

CREATE TABLE `master_state` (
  `state_id` int(10) unsigned NOT NULL AUTO_INCREMENT,
  `state_code` char(3) COLLATE utf8_unicode_ci NOT NULL,
  `state_desc` varchar(255) COLLATE utf8_unicode_ci NOT NULL,
  `area_id` int(11) NOT NULL,
  `created_at` timestamp NULL DEFAULT NULL,
  `updated_at` timestamp NOT NULL DEFAULT '0000-00-00 00:00:00',
  `deleted_at` timestamp NULL DEFAULT NULL,
  PRIMARY KEY (`state_id`)
) ENGINE=InnoDB AUTO_INCREMENT=17 DEFAULT CHARSET=utf8 COLLATE=utf8_unicode_ci;

--
-- Dumping data for table `master_state`
--

INSERT INTO `master_state` VALUES (1,'JHR','JOHOR',1,'2018-05-02 03:57:20','2018-05-02 03:57:20',NULL),(2,'KDH','KEDAH',1,'2018-05-02 03:57:20','2018-05-02 03:57:20',NULL),(3,'KTN','KELANTAN',1,'2018-05-02 03:57:20','2018-05-02 03:57:20',NULL),(4,'KUL','WILAYAH PERSEKUTUAN KUALA LUMPUR',1,'2018-05-02 03:57:20','2018-05-02 03:57:20',NULL),(5,'LBN','WILAYAH PERSEKUTUAN LABUAN',2,'2018-05-02 03:57:20','2018-05-02 03:57:20',NULL),(6,'MLK','MELAKA',1,'2018-05-02 03:57:20','2018-05-02 03:57:20',NULL),(7,'NSN','NEGERI SEMBILAN',1,'2018-05-02 03:57:20','2018-05-02 03:57:20',NULL),(8,'PHG','PAHANG',1,'2018-05-02 03:57:20','2018-05-02 03:57:20',NULL),(9,'PJY','WILAYAH PERSEKUTUAN PUTRA JAYA',1,'2018-05-02 03:57:20','2018-05-02 03:57:20',NULL),(10,'PLS','PERLIS',1,'2018-05-02 03:57:20','2018-05-02 03:57:20',NULL),(11,'PNG','PULAU PINANG',1,'2018-05-02 03:57:20','2018-05-02 03:57:20',NULL),(12,'PRK','PERAK',1,'2018-05-02 03:57:20','2018-05-02 03:57:20',NULL),(13,'SBH','SABAH',2,'2018-05-02 03:57:20','2018-05-02 03:57:20',NULL),(14,'SGR','SELANGOR',1,'2018-05-02 03:57:20','2018-05-02 03:57:20',NULL),(15,'SRW','SARAWAK',2,'2018-05-02 03:57:20','2018-05-02 03:57:20',NULL),(16,'TRG','TERENGGANU',1,'2018-05-02 03:57:20','2018-05-02 03:57:20',NULL);

--
-- Table structure for table `meeting`
--

CREATE TABLE `meeting` (
  `meeting_id` int(11) NOT NULL AUTO_INCREMENT,
  `meeting_no` varchar(50) DEFAULT NULL COMMENT 'bil mesyuarat',
  `meeting_date` datetime DEFAULT NULL,
  `meeting_location` varchar(200) DEFAULT NULL,
  `meeting_link` text,
  `meeting_remarks` longtext,
  `status` char(1) NOT NULL DEFAULT 'N' COMMENT 'N-new,B-batal,F-finish',
  `created_by` int(11) DEFAULT NULL,
  `updated_by` int(11) DEFAULT NULL,
  `created_at` timestamp NULL DEFAULT NULL,
  `updated_at` timestamp NOT NULL DEFAULT CURRENT_TIMESTAMP,
  `deleted_at` timestamp NULL DEFAULT NULL,
  PRIMARY KEY (`meeting_id`),
  KEY `idx_meeting_createdby` (`created_by`),
  KEY `idx_meeting_updatedby` (`updated_by`),
  KEY `idx_meeting_bil` (`meeting_no`)
) ENGINE=InnoDB AUTO_INCREMENT=4 DEFAULT CHARSET=latin1;

--
-- Dumping data for table `meeting`
--

INSERT INTO `meeting` VALUES (1,'16/2021','2021-11-19 10:30:00','HQ','https://www.google.com',NULL,'F',166,166,'2021-11-13 15:57:12','2021-11-13 16:55:43',NULL),(2,'17/2021','2021-11-16 07:45:00','test1',NULL,NULL,'B',166,166,'2021-11-14 02:20:10','2021-11-14 02:32:28',NULL),(3,'18/2021','2021-11-26 11:30:00','BANGUNAN A, HQ','-',NULL,'F',166,166,'2021-11-17 17:50:48','2021-11-17 18:25:38',NULL);

--
-- Table structure for table `meeting_participant`
--

CREATE TABLE `meeting_participant` (
  `meeting_participant_id` int(11) NOT NULL AUTO_INCREMENT,
  `meeting_id` int(11) NOT NULL,
  `user_id` bigint(20) NOT NULL,
  `attend` int(11) NOT NULL DEFAULT '1',
  `created_by` int(11) DEFAULT NULL,
  `updated_by` int(11) DEFAULT NULL,
  `created_at` timestamp NULL DEFAULT NULL,
  `updated_at` timestamp NOT NULL DEFAULT CURRENT_TIMESTAMP,
  `deleted_at` timestamp NULL DEFAULT NULL,
  PRIMARY KEY (`meeting_participant_id`),
  KEY `idx_meetingparticipant_createdby` (`created_by`),
  KEY `idx_meetingparticipant_updatedby` (`updated_by`),
  KEY `idx_meetingparticipant_participantid` (`user_id`),
  KEY `idx_meetingparticipant_meetingid` (`meeting_id`)
) ENGINE=InnoDB AUTO_INCREMENT=53 DEFAULT CHARSET=latin1;

--
-- Dumping data for table `meeting_participant`
--

INSERT INTO `meeting_participant` VALUES (1,1,304,1,166,166,'2021-11-13 15:57:12','2021-11-13 15:57:12','2021-11-13 08:02:23'),(2,1,307,1,166,166,'2021-11-13 15:57:12','2021-11-13 15:57:12','2021-11-13 08:02:23'),(3,1,9,1,166,166,'2021-11-13 15:57:12','2021-11-13 15:57:12','2021-11-13 08:02:23'),(4,1,166,1,166,166,'2021-11-13 15:57:12','2021-11-13 15:57:12','2021-11-13 08:02:23'),(5,1,23,1,166,166,'2021-11-13 15:57:12','2021-11-13 15:57:12','2021-11-13 08:02:23'),(6,1,29,1,166,166,'2021-11-13 15:57:12','2021-11-13 15:57:12','2021-11-13 08:02:23'),(7,1,304,1,166,166,'2021-11-13 16:02:23','2021-11-13 16:02:23','2021-11-13 08:04:54'),(8,1,307,1,166,166,'2021-11-13 16:02:23','2021-11-13 16:02:23','2021-11-13 08:04:54'),(9,1,9,1,166,166,'2021-11-13 16:02:23','2021-11-13 16:02:23','2021-11-13 08:04:54'),(10,1,166,1,166,166,'2021-11-13 16:02:23','2021-11-13 16:02:23','2021-11-13 08:04:54'),(11,1,23,1,166,166,'2021-11-13 16:02:23','2021-11-13 16:02:23','2021-11-13 08:04:54'),(12,1,29,1,166,166,'2021-11-13 16:02:23','2021-11-13 16:02:23','2021-11-13 08:04:54'),(13,1,304,1,166,166,'2021-11-13 16:04:54','2021-11-13 16:04:54','2021-11-13 08:46:19'),(14,1,307,1,166,166,'2021-11-13 16:04:54','2021-11-13 16:04:54','2021-11-13 08:46:19'),(15,1,9,1,166,166,'2021-11-13 16:04:54','2021-11-13 16:04:54','2021-11-13 08:46:19'),(16,1,166,1,166,166,'2021-11-13 16:04:54','2021-11-13 16:04:54','2021-11-13 08:46:19'),(17,1,23,1,166,166,'2021-11-13 16:04:54','2021-11-13 16:04:54','2021-11-13 08:46:19'),(18,1,29,1,166,166,'2021-11-13 16:04:54','2021-11-13 16:04:54','2021-11-13 08:46:19'),(19,1,304,1,166,166,'2021-11-13 16:46:19','2021-11-13 16:46:19','2021-11-13 08:51:29'),(20,1,307,1,166,166,'2021-11-13 16:46:19','2021-11-13 16:46:19','2021-11-13 08:51:29'),(21,1,9,1,166,166,'2021-11-13 16:46:19','2021-11-13 16:46:19','2021-11-13 08:51:29'),(22,1,166,1,166,166,'2021-11-13 16:46:19','2021-11-13 16:46:19','2021-11-13 08:51:29'),(23,1,23,1,166,166,'2021-11-13 16:46:19','2021-11-13 16:46:19','2021-11-13 08:51:29'),(24,1,29,1,166,166,'2021-11-13 16:46:19','2021-11-13 16:46:19','2021-11-13 08:51:29'),(25,1,304,1,166,166,'2021-11-13 16:51:29','2021-11-13 16:51:29','2021-11-13 08:55:43'),(26,1,307,1,166,166,'2021-11-13 16:51:29','2021-11-13 16:51:29','2021-11-13 08:55:43'),(27,1,9,1,166,166,'2021-11-13 16:51:29','2021-11-13 16:51:29','2021-11-13 08:55:43'),(28,1,166,1,166,166,'2021-11-13 16:51:29','2021-11-13 16:51:29','2021-11-13 08:55:43'),(29,1,23,1,166,166,'2021-11-13 16:51:29','2021-11-13 16:51:29','2021-11-13 08:55:43'),(30,1,29,1,166,166,'2021-11-13 16:51:29','2021-11-13 16:51:29','2021-11-13 08:55:43'),(31,1,304,1,166,166,'2021-11-13 16:55:43','2021-11-13 16:55:43',NULL),(32,1,307,1,166,166,'2021-11-13 16:55:43','2021-11-13 16:55:43',NULL),(33,1,9,1,166,166,'2021-11-13 16:55:43','2021-11-13 16:55:43',NULL),(34,1,166,1,166,166,'2021-11-13 16:55:43','2021-11-13 16:55:43',NULL),(35,1,23,0,166,166,'2021-11-13 16:55:43','2021-11-13 16:55:43',NULL),(36,1,29,0,166,166,'2021-11-13 16:55:43','2021-11-13 16:55:43',NULL),(37,2,304,1,166,166,'2021-11-14 02:20:10','2021-11-14 02:20:10',NULL),(38,2,307,1,166,166,'2021-11-14 02:20:10','2021-11-14 02:20:10',NULL),(39,2,9,1,166,166,'2021-11-14 02:20:10','2021-11-14 02:20:10',NULL),(40,2,166,1,166,166,'2021-11-14 02:20:10','2021-11-14 02:20:10',NULL),(41,3,304,1,166,166,'2021-11-17 17:50:48','2021-11-17 17:50:48','2021-11-17 10:22:31'),(42,3,307,1,166,166,'2021-11-17 17:50:48','2021-11-17 17:50:48','2021-11-17 10:22:31'),(43,3,9,1,166,166,'2021-11-17 17:50:48','2021-11-17 17:50:48','2021-11-17 10:22:31'),(44,3,166,1,166,166,'2021-11-17 17:50:48','2021-11-17 17:50:48','2021-11-17 10:22:31'),(45,3,304,1,166,166,'2021-11-17 18:22:31','2021-11-17 18:22:31','2021-11-17 10:25:38'),(46,3,307,1,166,166,'2021-11-17 18:22:31','2021-11-17 18:22:31','2021-11-17 10:25:38'),(47,3,9,1,166,166,'2021-11-17 18:22:31','2021-11-17 18:22:31','2021-11-17 10:25:38'),(48,3,166,1,166,166,'2021-11-17 18:22:31','2021-11-17 18:22:31','2021-11-17 10:25:38'),(49,3,304,1,166,166,'2021-11-17 18:25:38','2021-11-17 18:25:38',NULL),(50,3,307,1,166,166,'2021-11-17 18:25:38','2021-11-17 18:25:38',NULL),(51,3,9,1,166,166,'2021-11-17 18:25:38','2021-11-17 18:25:38',NULL),(52,3,166,1,166,166,'2021-11-17 18:25:38','2021-11-17 18:25:38',NULL);

--
-- Table structure for table `meeting_permohonan`
--

CREATE TABLE `meeting_permohonan` (
  `meeting_permohonan_id` int(11) NOT NULL AUTO_INCREMENT,
  `meeting_id` int(11) NOT NULL,
  `permohonan_id` bigint(20) NOT NULL,
  `remarks` longtext,
  `status` char(1) DEFAULT NULL COMMENT 'A-approved,R-notapproved,P-postponed',
  `created_by` int(11) DEFAULT NULL,
  `updated_by` int(11) DEFAULT NULL,
  `created_at` timestamp NULL DEFAULT NULL,
  `updated_at` timestamp NOT NULL DEFAULT CURRENT_TIMESTAMP,
  `deleted_at` timestamp NULL DEFAULT NULL,
  PRIMARY KEY (`meeting_permohonan_id`),
  KEY `idx_meetingpermohonan_createdby` (`created_by`),
  KEY `idx_meetingpermohonan_updatedby` (`updated_by`),
  KEY `idx_meetingpermohonan_permohonanid` (`permohonan_id`),
  KEY `idx_meetingpermohonan_meetingid` (`meeting_id`)
) ENGINE=InnoDB AUTO_INCREMENT=32 DEFAULT CHARSET=latin1;

--
-- Dumping data for table `meeting_permohonan`
--

INSERT INTO `meeting_permohonan` VALUES (1,1,1,NULL,NULL,166,166,'2021-11-13 15:57:12','2021-11-13 15:57:12','2021-11-13 08:02:23'),(2,1,2,NULL,NULL,166,166,'2021-11-13 15:57:12','2021-11-13 15:57:12','2021-11-13 08:02:23'),(3,1,4,NULL,NULL,166,166,'2021-11-13 15:57:12','2021-11-13 15:57:12','2021-11-13 08:02:23'),(4,1,1,NULL,NULL,166,166,'2021-11-13 16:02:23','2021-11-13 16:02:23','2021-11-13 08:04:54'),(5,1,2,NULL,NULL,166,166,'2021-11-13 16:02:23','2021-11-13 16:02:23','2021-11-13 08:04:54'),(6,1,4,NULL,NULL,166,166,'2021-11-13 16:02:23','2021-11-13 16:02:23','2021-11-13 08:04:54'),(7,1,1,NULL,NULL,166,166,'2021-11-13 16:04:54','2021-11-13 16:04:54','2021-11-13 08:46:19'),(8,1,2,NULL,NULL,166,166,'2021-11-13 16:04:54','2021-11-13 16:04:54','2021-11-13 08:46:19'),(9,1,4,NULL,NULL,166,166,'2021-11-13 16:04:54','2021-11-13 16:04:54','2021-11-13 08:46:19'),(13,1,1,NULL,NULL,166,166,'2021-11-13 16:46:19','2021-11-13 16:46:19','2021-11-13 08:51:29'),(14,1,2,NULL,NULL,166,166,'2021-11-13 16:46:19','2021-11-13 16:46:19','2021-11-13 08:51:29'),(15,1,4,NULL,NULL,166,166,'2021-11-13 16:46:19','2021-11-13 16:46:19','2021-11-13 08:51:29'),(16,1,1,NULL,NULL,166,166,'2021-11-13 16:51:29','2021-11-13 16:51:29','2021-11-13 08:55:43'),(17,1,2,NULL,NULL,166,166,'2021-11-13 16:51:29','2021-11-13 16:51:29','2021-11-13 08:55:43'),(18,1,4,NULL,'A',166,166,'2021-11-13 16:51:29','2021-11-13 16:51:29','2021-11-13 08:55:43'),(19,1,1,NULL,'R',166,166,'2021-11-13 16:55:43','2021-11-13 16:55:43',NULL),(20,1,2,NULL,'P',166,166,'2021-11-13 16:55:43','2021-11-13 16:55:43',NULL),(21,1,4,NULL,'A',166,166,'2021-11-13 16:55:43','2021-11-13 16:55:43',NULL),(22,2,2,NULL,NULL,166,166,'2021-11-14 02:20:10','2021-11-14 02:20:10',NULL),(23,3,9,NULL,NULL,166,166,'2021-11-17 17:50:48','2021-11-17 17:50:48','2021-11-17 10:22:31'),(24,3,12,NULL,NULL,166,166,'2021-11-17 17:50:48','2021-11-17 17:50:48','2021-11-17 10:22:31'),(25,3,13,NULL,NULL,166,166,'2021-11-17 17:50:48','2021-11-17 17:50:48','2021-11-17 10:22:31'),(26,3,9,NULL,NULL,166,166,'2021-11-17 18:22:31','2021-11-17 18:22:31','2021-11-17 10:25:38'),(27,3,12,NULL,NULL,166,166,'2021-11-17 18:22:31','2021-11-17 18:22:31','2021-11-17 10:25:38'),(28,3,13,NULL,NULL,166,166,'2021-11-17 18:22:31','2021-11-17 18:22:31','2021-11-17 10:25:38'),(29,3,9,NULL,'A',166,166,'2021-11-17 18:25:38','2021-11-17 18:25:38',NULL),(30,3,12,NULL,'A',166,166,'2021-11-17 18:25:38','2021-11-17 18:25:38',NULL),(31,3,13,NULL,'R',166,166,'2021-11-17 18:25:38','2021-11-17 18:25:38',NULL);

--
-- Table structure for table `menus`
--

CREATE TABLE `menus` (
  `id` int(10) unsigned NOT NULL AUTO_INCREMENT,
  `parent_id` int(10) unsigned DEFAULT NULL,
  `title` varchar(255) NOT NULL,
  `label` varchar(255) NOT NULL,
  `url` text NOT NULL,
  `order` int(11) NOT NULL,
  `created_at` timestamp NULL DEFAULT NULL,
  `updated_at` timestamp NOT NULL DEFAULT CURRENT_TIMESTAMP ON UPDATE CURRENT_TIMESTAMP,
  `deleted_at` timestamp NULL DEFAULT NULL,
  PRIMARY KEY (`id`)
) ENGINE=InnoDB AUTO_INCREMENT=6 DEFAULT CHARSET=latin1;

--
-- Dumping data for table `menus`
--

INSERT INTO `menus` VALUES (1,NULL,'test','test','google.com',0,NULL,'2018-07-13 04:44:08','2018-07-12 20:44:08'),(2,1,'test','ting','testing.com',0,NULL,'2018-07-13 04:44:05','2018-07-12 20:44:04'),(3,NULL,'test','ting','google.com',0,NULL,'2018-07-16 08:13:47',NULL),(4,NULL,'tang','tang','otoworkz.my',2,NULL,'2018-07-16 08:13:48',NULL),(5,NULL,'tung','tung','web.com',1,NULL,'2018-07-16 08:13:48',NULL);

--
-- Table structure for table `migrations`
--

CREATE TABLE `migrations` (
  `id` int(10) unsigned NOT NULL AUTO_INCREMENT,
  `migration` varchar(255) COLLATE utf8_unicode_ci NOT NULL,
  `batch` int(11) NOT NULL,
  PRIMARY KEY (`id`)
) ENGINE=InnoDB AUTO_INCREMENT=7 DEFAULT CHARSET=utf8 COLLATE=utf8_unicode_ci ROW_FORMAT=DYNAMIC;

--
-- Dumping data for table `migrations`
--

INSERT INTO `migrations` VALUES (1,'2014_10_12_000000_create_users_table',1),(2,'2014_10_12_100000_create_password_resets_table',1),(3,'2017_08_29_064643_create_admins_table',1),(4,'2017_09_07_041931_create_employees_table',1),(5,'2018_04_02_142137_create_permission_tables',2),(6,'2018_04_07_170349_create_audits_table',3);

--
-- Table structure for table `password_resets`
--

CREATE TABLE `password_resets` (
  `email` varchar(255) COLLATE utf8_unicode_ci NOT NULL,
  `token` varchar(255) COLLATE utf8_unicode_ci NOT NULL,
  `created_at` timestamp NULL DEFAULT NULL,
  KEY `password_resets_email_index` (`email`)
) ENGINE=InnoDB DEFAULT CHARSET=utf8 COLLATE=utf8_unicode_ci ROW_FORMAT=DYNAMIC;

--
-- Dumping data for table `password_resets`
--


--
-- Table structure for table `permissions`
--

CREATE TABLE `permissions` (
  `id` int(10) unsigned NOT NULL AUTO_INCREMENT,
  `name` varchar(255) COLLATE utf8_unicode_ci NOT NULL,
  `description` text COLLATE utf8_unicode_ci,
  `namespace` varchar(255) COLLATE utf8_unicode_ci DEFAULT NULL,
  `controller` varchar(100) COLLATE utf8_unicode_ci DEFAULT NULL,
  `function` varchar(100) COLLATE utf8_unicode_ci DEFAULT NULL,
  `parent_menu` int(11) NOT NULL DEFAULT '0',
  `sort` int(11) NOT NULL,
  `created_at` timestamp NULL DEFAULT NULL,
  `updated_at` timestamp NULL DEFAULT NULL,
  PRIMARY KEY (`id`),
  UNIQUE KEY `permissions_name_unique` (`name`)
) ENGINE=InnoDB AUTO_INCREMENT=180 DEFAULT CHARSET=utf8 COLLATE=utf8_unicode_ci ROW_FORMAT=DYNAMIC COMMENT='ACL related';

--
-- Dumping data for table `permissions`
--

INSERT INTO `permissions` VALUES (13,'home','Dashboard Pengguna','App\\Http\\Controllers','HomeController','index',1,0,'2018-12-17 07:02:13','2018-12-17 07:02:13'),(14,'administration','Pengurusan Pentadbiran','administration','AdminController','na',1,2,'2018-12-17 07:02:13','2018-12-17 07:02:13'),(15,'admin.dashboard','Dashboard Pentadbir','App\\Modules\\Admin\\Controllers','AdminController','index',1,1,'2018-12-17 07:02:13','2018-12-17 07:02:13'),(16,'user.index','Pengurusan Pengguna','App\\Http\\Controllers\\Controller','UserController','index',0,3,'2018-12-17 07:02:13','2018-04-25 05:46:50'),(17,'admin.roles','Pengurusan Peranan','App\\Modules\\Admin\\Controllers','RoleController','index',0,7,'2018-12-17 07:02:13','2021-05-23 11:55:02'),(18,'admin.permission','Pengurusan Permission','App\\Http\\Controllers\\Controller','PermissionController','index',0,8,'2018-12-17 07:02:13','2021-05-23 11:55:02'),(19,'admin.menus','Pengurusan Menu','App\\Modules\\Admin\\Controllers','MenuController','index',0,9,'2018-12-17 07:02:13','2021-05-23 11:55:02'),(20,'admin.logs','Log Sistem','Rap2hpoutre\\LaravelLogViewer','LogViewerController','index',0,10,'2018-12-17 07:02:13','2021-05-23 11:55:02'),(21,'admin.config','Konfigurasi Sistem','App\\Modules\\Admin\\Controllers','AdminController','configuration',0,11,'2018-12-17 07:02:13','2021-05-23 11:55:02'),(22,'admin.auditrail','Log Aktiviti Pengguna','App\\Modules\\Admin\\Controllers','AdminController','auditTrail',0,13,'2018-12-17 07:02:13','2021-08-08 09:22:29'),(29,'user.disable','Nyahaktif Pengguna','App\\Modules\\Admin\\Controllers','UserController','disableUser',0,4,'2018-04-29 22:58:17','2021-05-23 11:55:02'),(30,'user.enable','Pengaktifan Pengguna','App\\Modules\\Admin\\Controllers','UserController','enableUser',0,5,'2018-04-29 22:59:02','2021-05-23 11:55:02'),(101,'data','Pengurusan Data Rujukan','App\\Modules\\Admin\\Controllers','DataManagementController','na',1,15,'2018-11-10 05:06:34','2021-08-08 09:22:29'),(104,'data.jawatan.index','Senarai Jawatan','App\\Modules\\Admin\\Controllers','DataManagementController','jawatanindex',0,21,'2018-11-17 06:59:47','2021-10-25 22:41:02'),(108,'proses.permohonan','Pengurusan Permohonan','App\\Modules\\Permohonan\\Controllers','na','na',1,29,'2018-11-25 15:08:46','2021-10-25 22:41:02'),(110,'report.index','Laporan','App\\Modules\\Report\\Controller','ReportController','index',1,44,'2020-10-08 03:17:32','2021-11-08 09:50:54'),(121,'user.changerole','Tukar Peranan Pengguna','na','na','na',0,14,'2018-12-10 17:41:13','2021-08-08 09:22:29'),(123,'data.announcement.index','Pengumuman','App\\Modules\\Admin\\Controllers','DataManagementController','announcementindex',0,26,'2019-02-26 12:34:56','2021-10-25 22:41:02'),(124,'data.gred.index','Senarai Gred','App\\Modules\\Admin\\Controllers','DataManagementController','gredindex',0,18,'2019-03-20 17:14:43','2021-10-25 22:41:02'),(128,'data.unit.index','Senarai Unit Bahagian','App\\Modules\\Admin\\Controllers','DataManagementController','unitbahagianindex',0,20,'2019-03-20 17:21:11','2021-10-25 22:41:02'),(129,'user.limitupdate','Had Kemaskini Profil','na','na','na',0,6,'2019-03-21 16:51:51','2021-05-23 11:55:02'),(130,'proses.permohonan.baru','Permohonan Baru','App\\Modules\\Permohonan\\Controllers','na','na',0,30,'2019-03-21 17:04:46','2021-10-25 22:41:02'),(131,'proses.permohonan.firstapprovelist','Menyokong Permohonan (Pengarah BHGN)','App\\Modules\\Permohonan\\Controllers','na','na',0,35,'2019-03-21 17:06:15','2021-11-08 09:50:54'),(132,'proses.permohonan.verify','Mengesah Permohonan','App\\Modules\\Permohonan\\Controllers','na','na',0,32,'2019-03-21 17:15:41','2021-11-08 09:50:54'),(134,'report.expensessummary.index','Laporan Rumusan Perbelanjaan','App\\Modules\\Report\\Controller','ReportController','expensessummary',0,45,'2019-10-07 05:11:45','2021-11-08 09:50:54'),(137,'proses.permohonan.selesai','Permohonan Selesai','App\\Modules\\Permohonan\\Controllers','na','na',0,38,'2020-07-22 16:51:28','2021-11-08 09:50:54'),(138,'proses.permohonan.caridokumen','Carian Dokumen Permohonan','App\\Modules\\Permohonan\\Controllers','na','na',0,39,'2020-07-22 19:05:46','2021-11-08 09:50:54'),(140,'proses.permohonan.secondapprovelist','Menyokong Permohonan (TKP)','App\\Modules\\Permohonan\\Controllers','na','na',0,36,'2020-09-11 11:24:45','2021-11-08 09:50:54'),(141,'proses.permohonan.thirdapprovelist','Melulus Permohonan','App\\Modules\\Permohonan\\Controllers','na','na',0,37,'2020-09-11 11:25:49','2021-11-08 09:50:54'),(150,'proses.permohonan.searchall','Carian Semua Permohonan','App\\Modules\\Permohonan\\Controllers','na','na',0,40,'2020-10-08 03:17:32','2021-11-08 09:50:54'),(156,'data.bank.index','Senarai Bank','App\\Modules\\Admin\\Controllers','DataManagementController','bankindex',0,19,'2021-01-05 12:06:12','2021-10-25 22:41:02'),(157,'data.projectcategory.index','Senarai Kategori Projek','App\\Modules\\Admin\\Controllers','DataManagementController','projectcategoryindex',0,23,'2021-05-23 17:35:58','2021-10-25 22:41:02'),(162,'data.kpicategory.index','Senarai Kategori KPI','App\\Modules\\Admin\\Controllers','DataManagementController','kpicategoryindex',0,24,'2021-05-25 09:49:03','2021-10-25 22:41:02'),(163,'data.kpi.index','Senarai KPI','App\\Modules\\Admin\\Controllers','DataManagementController','kpiindex',0,25,'2021-05-25 09:50:13','2021-10-25 22:41:02'),(166,'data.suballocation.index','Senarai Peruntukan','App\\Modules\\Admin\\Controllers','DataManagementController','suballocationindex',0,22,'2021-07-28 07:11:37','2021-10-25 22:41:02'),(169,'admin.adminSettings','Tetapan Sistem','App\\Modules\\Admin\\Controllers','AdminController','adminSettings',0,12,'2021-08-08 17:22:29','2021-08-08 17:22:29'),(170,'proses.permohonan.allocationlist','Pengurusan Data Peruntukan Tahunan','App\\Modules\\Permohonan\\Controllers','PermohonanController','allocationlist',1,27,'2021-10-23 04:51:37','2021-10-25 22:41:02'),(171,'proses.permohonan.createallocation','Tambah/Kemaskini Data Peruntukan Tahunan','App\\Modules\\Permohonan\\Controllers','na','na',0,28,'2021-10-23 04:52:42','2021-10-25 22:41:02'),(172,'data.asset.index','Senarai Kategori Aset','App\\Modules\\Admin\\Controllers','DataManagementController','assetindex',0,16,'2021-10-26 06:40:12','2021-10-26 06:40:12'),(173,'data.assettype.index','Senarai Sub Kategori Aset','App\\Modules\\Admin\\Controllers','DataManagementController','assettypeindex',0,17,'2021-10-26 06:41:02','2021-10-26 06:41:02'),(174,'proses.permohonan.sokong','Menyokong Permohonan KA/Pemilik Bajet','App\\Modules\\Permohonan\\Controllers','na','na',0,33,'2021-10-26 20:57:24','2021-11-08 09:50:54'),(175,'proses.permohonan.feedbacklist','Maklumbalas Permohonan (PCT)','App\\Modules\\Permohonan\\Controllers','na','na',0,34,'2021-10-26 20:58:39','2021-11-08 09:50:54'),(176,'proses.permohonan.meetinglist','Pengurusan Maklumat Mesyuarat','App\\Modules\\Permohonan\\Controllers','PermohonanController','meetinglist',1,41,'2021-10-27 17:29:09','2021-11-08 09:50:54'),(177,'proses.permohonan.createmeeting','Tambah/Kemaskini Mesyuarat','App\\Modules\\Permohonan\\Controllers','na','na',0,42,'2021-10-27 17:30:17','2021-11-08 09:50:54'),(178,'proses.permohonan.allmeetinglist','Carian Semua Mesyuarat','App\\Modules\\Permohonan\\Controllers','na','na',0,43,'2021-10-27 17:35:28','2021-11-08 09:50:54'),(179,'proses.permohonan.shared','Permohonan Bersama Staf Lain','App\\Modules\\Permohonan\\Controllers','na','na',0,31,'2021-11-08 17:50:54','2021-11-08 17:50:54');

--
-- Table structure for table `permohonan`
--

CREATE TABLE `permohonan` (
  `permohonan_id` bigint(11) NOT NULL AUTO_INCREMENT,
  `parent_permohonan_id` bigint(11) DEFAULT NULL,
  `previous_permohonan_id` bigint(11) DEFAULT NULL,
  `bom_no` varchar(30) DEFAULT NULL,
  `sub_bom_no` int(11) NOT NULL DEFAULT '0',
  `unit_bahagian_id` int(11) DEFAULT NULL,
  `has_cost` int(11) NOT NULL DEFAULT '0',
  `permohonan_title` text,
  `permohonan_desc` text,
  `permohonan_startdate` date DEFAULT NULL,
  `permohonan_enddate` date DEFAULT NULL,
  `has_option` int(11) DEFAULT '0',
  `total_option` int(11) DEFAULT '0',
  `recommended_option_no` int(11) DEFAULT NULL COMMENT 'recommended option - permohonan_option',
  `final_option_no` int(11) DEFAULT NULL COMMENT 'option chose by KP',
  `has_project` int(11) NOT NULL DEFAULT '0',
  `applied1_totalcost` decimal(10,2) NOT NULL DEFAULT '0.00',
  `approved1_totalcost` decimal(10,2) NOT NULL DEFAULT '0.00',
  `new1_totalcost` decimal(10,2) NOT NULL DEFAULT '0.00',
  `applied2_totalcost` decimal(10,2) NOT NULL DEFAULT '0.00',
  `approved2_totalcost` decimal(10,2) NOT NULL DEFAULT '0.00',
  `new2_totalcost` decimal(10,2) NOT NULL DEFAULT '0.00',
  `applied3_totalcost` decimal(10,2) NOT NULL DEFAULT '0.00',
  `approved3_totalcost` decimal(10,2) NOT NULL DEFAULT '0.00',
  `new3_totalcost` decimal(10,2) NOT NULL DEFAULT '0.00',
  `pemohon_id` int(11) DEFAULT NULL,
  `submitted_date` datetime DEFAULT NULL,
  `permohonan_catatan` text,
  `verified_by` int(11) DEFAULT NULL COMMENT 'pengarah bhgn',
  `verified_date` datetime DEFAULT NULL COMMENT 'pengarah bhgn',
  `verified_remarks` text COMMENT 'Sts: S/E pengarah bhgn',
  `supported_by` int(11) DEFAULT NULL COMMENT 'KA/Pemilik Bajet',
  `supported_date` datetime DEFAULT NULL COMMENT 'KA/Pemilik Bajet',
  `supported_remarks` text COMMENT 'Sts: M/U/R KA/Pemilik Bajet',
  `feedback_shb` int(11) DEFAULT '0' COMMENT 'PCT',
  `feedback_sha` int(11) DEFAULT '0' COMMENT 'PCT',
  `feedback_perolehanterus` int(11) DEFAULT '0' COMMENT 'PCT',
  `feedback_jppk` int(11) DEFAULT '0' COMMENT 'PCT',
  `feedback_jpict` int(11) DEFAULT '0' COMMENT 'PCT',
  `feedback_by` int(11) DEFAULT NULL COMMENT 'PCT',
  `feedback_date` datetime DEFAULT NULL COMMENT 'PCT',
  `feedback_remarks` text COMMENT 'Sts: E PCT',
  `approved_by` int(11) DEFAULT NULL COMMENT 'Pengarah Bhgn',
  `approved_date` datetime DEFAULT NULL COMMENT 'Pengarah Bhgn',
  `approved_remarks` text COMMENT 'Sts: F/J Pengarah Bhgn',
  `approved_meeting` int(11) NOT NULL DEFAULT '0' COMMENT 'Pengarah Bhgn',
  `approved2_by` int(11) DEFAULT NULL COMMENT 'TKP',
  `approved2_date` datetime DEFAULT NULL COMMENT 'TKP',
  `approved2_remarks` text COMMENT 'Sts: G/K TKP',
  `approved2_meeting` int(11) NOT NULL DEFAULT '0' COMMENT 'TKP',
  `approved3_by` int(11) DEFAULT NULL COMMENT 'KP',
  `approved3_date` datetime DEFAULT NULL COMMENT 'KP',
  `approved3_remarks` text COMMENT 'Sts: H/L KP',
  `approved3_meeting` int(11) NOT NULL DEFAULT '0' COMMENT 'KP',
  `approvedmeeting_by` int(11) DEFAULT NULL COMMENT 'Pgrah bhgn after meeting',
  `approvedmeeting_date` datetime DEFAULT NULL COMMENT 'Pgrah bhgn after meeting',
  `approvedmeeting_remarks` text COMMENT 'Pgrah bhgn after meeting',
  `approved3meeting_by` int(11) DEFAULT NULL COMMENT 'KP after meeting',
  `approved3meeting_date` datetime DEFAULT NULL COMMENT 'KP after meeting',
  `approved3meeting_remarks` text COMMENT 'KP after meeting',
  `meetingfeedback_by` int(11) DEFAULT NULL COMMENT 'urusetia',
  `meetingfeedback_date` datetime DEFAULT NULL COMMENT 'urusetia',
  `meetingfeedback_remarks` text COMMENT 'urusetia',
  `finalfeedback_by` int(11) DEFAULT NULL COMMENT 'pemohon',
  `finalfeedback_date` datetime DEFAULT NULL COMMENT 'pemohon',
  `finalfeedback_remarks` text COMMENT 'pemohon',
  `keratan_minit_by` int(11) DEFAULT NULL COMMENT 'final urusetia',
  `keratan_minit` mediumtext COMMENT 'final urusetia',
  `keratan_minit_date` datetime DEFAULT NULL COMMENT 'final urusetia',
  `permohonan_expirydate` date DEFAULT NULL COMMENT 'add 4 months from approved3_date',
  `in_meeting` int(11) NOT NULL DEFAULT '0',
  `previous_status` char(1) DEFAULT NULL,
  `status` char(1) NOT NULL DEFAULT 'N',
  `sent_ero` int(11) NOT NULL DEFAULT '0',
  `sent_eiso` int(11) NOT NULL DEFAULT '0',
  `created_by` int(11) NOT NULL,
  `updated_by` int(11) NOT NULL,
  `created_at` timestamp NULL DEFAULT NULL,
  `updated_at` timestamp NOT NULL DEFAULT CURRENT_TIMESTAMP,
  `deleted_at` timestamp NULL DEFAULT NULL,
  PRIMARY KEY (`permohonan_id`),
  KEY `idx_permohonan_no` (`bom_no`),
  KEY `idx_permohonan_status` (`status`),
  KEY `idx_permohonan_pemohon_id` (`pemohon_id`),
  KEY `idx_permohonan_created_by` (`created_by`),
  KEY `idx_permohonan_unitbhagianid` (`unit_bahagian_id`),
  KEY `idx_permohonan_pemohonid` (`pemohon_id`),
  KEY `idx_permohonan_bahagian_id` (`unit_bahagian_id`),
  KEY `idx_permohonan_parent` (`parent_permohonan_id`),
  KEY `idx_permohonan_hascost` (`has_cost`),
  KEY `idx_permohonan_hasproject` (`has_project`),
  KEY `idx_permohonan_firstoption` (`recommended_option_no`),
  KEY `idx_permohonan_finaloption` (`final_option_no`),
  KEY `idx_permohonan_updated_by` (`updated_by`),
  KEY `idx_permohonan_confirmedby` (`verified_by`),
  KEY `idx_permohonan_approvedby` (`approved_by`),
  KEY `idx_permohonan_approved2by` (`approved2_by`),
  KEY `idx_permohonan_approved3by` (`approved3_by`),
  KEY `idx_permohonan_supportedby` (`supported_by`),
  KEY `idx_permohonan_feedbackby` (`feedback_by`),
  KEY `idx_permohonan_prevstatus` (`previous_permohonan_id`),
  KEY `idx_permohonan_inmeeting` (`in_meeting`),
  KEY `idx_permohonan_optionno` (`recommended_option_no`),
  KEY `idx_permohonan_finaloptionno` (`final_option_no`),
  KEY `idx_permohonan_meetingfeedbackby` (`meetingfeedback_by`),
  KEY `idx_permohonan_approved3meetingby` (`approved3meeting_by`),
  KEY `idx_permohonan_approvedmeetingby` (`approvedmeeting_by`),
  KEY `idx_permohonan_keratanminitby` (`keratan_minit_by`)
) ENGINE=InnoDB AUTO_INCREMENT=14 DEFAULT CHARSET=latin1;

--
-- Dumping data for table `permohonan`
--

INSERT INTO `permohonan` VALUES (1,NULL,NULL,'0011',0,5,0,'PERMOHONAN 1 - TIADA KOS',NULL,'2021-11-12','2021-11-30',0,0,NULL,NULL,1,0.00,0.00,0.00,0.00,0.00,0.00,0.00,0.00,0.00,6,'2021-11-11 22:12:27',NULL,19,'2021-11-12 12:29:22','SAHKAN. PERMOHONAN TIADA KOS',NULL,NULL,NULL,0,0,0,0,0,NULL,NULL,NULL,131,'2021-11-12 12:33:12','TIDAK JELAS',1,304,'2021-11-13 22:25:09','saya sokong saya sokong',0,9,'2021-11-13 22:32:04','perlu meeting malam antara malam',1,NULL,'2021-11-14 00:55:43','KB 1t',NULL,'2021-11-14 00:55:43','KP1t',166,'2021-11-14 00:55:43','U1t',NULL,NULL,NULL,NULL,NULL,NULL,'2022-03-13',1,NULL,'L',0,0,6,9,'2021-11-11 14:09:53','2021-11-13 16:55:43',NULL),(2,NULL,NULL,'0012',0,5,1,'PERMOHONAN 2',NULL,'2021-11-16','2021-12-10',0,0,NULL,NULL,1,69000.00,0.00,0.00,0.00,0.00,0.00,0.00,0.00,0.00,6,'2021-11-12 01:07:47',NULL,19,'2021-11-13 22:35:37','ok sah',50,'2021-11-13 22:56:32','ok sokong juga',1,1,0,0,1,91,'2021-11-13 23:04:04','hasratnya',131,'2021-11-13 23:06:06','orait',0,307,'2021-11-13 23:07:57',NULL,0,9,'2021-11-13 23:09:33','perlu',1,NULL,'2021-11-14 00:55:43','KB2t',NULL,'2021-11-14 00:55:43','KP2t',166,'2021-11-14 00:55:43','U2t',NULL,NULL,NULL,NULL,NULL,NULL,NULL,0,NULL,'I',0,0,6,9,'2021-11-11 14:26:06','2021-11-13 16:55:43',NULL),(3,NULL,NULL,'0013',0,5,1,'PERMOHONAN 3',NULL,'2021-11-24','2021-12-04',0,0,NULL,NULL,1,44000.00,0.00,0.00,0.00,0.00,0.00,0.00,0.00,0.00,6,'2021-11-12 11:55:11',NULL,19,NULL,NULL,NULL,NULL,NULL,0,0,0,0,0,NULL,NULL,NULL,NULL,NULL,NULL,0,NULL,NULL,NULL,0,NULL,NULL,NULL,0,NULL,NULL,NULL,NULL,NULL,NULL,NULL,NULL,NULL,NULL,NULL,NULL,NULL,NULL,NULL,NULL,0,NULL,'N',0,0,6,6,'2021-11-12 03:55:11','2021-11-12 03:55:11',NULL),(4,NULL,NULL,'0014',0,5,1,'PERMOHONAN 4',NULL,'2021-11-23','2021-12-03',0,0,NULL,1,1,23100.00,0.00,0.00,0.00,0.00,0.00,0.00,0.00,0.00,6,'2021-11-12 11:59:13',NULL,19,'2021-11-13 22:36:04','sahkan juga',67,'2021-11-13 23:05:00','ok',0,0,0,1,1,91,'2021-11-13 23:05:38','oraittt',131,'2021-11-13 23:06:27','perlu mesorat',1,304,'2021-11-13 23:08:56','perlu mesyuarat',0,9,'2021-11-13 23:10:01','perlu mesyuarat',1,NULL,'2021-11-14 00:55:43','KB3t',NULL,'2021-11-14 00:55:43','KP3t',166,'2021-11-14 00:55:43','U3t',NULL,NULL,NULL,166,'Ulasan Pengarah (MOHD YAZID ABDUL MAJID):\r\nKB3t gggggggggggggggg\r\n\r\nUlasan TKP (ZAHID ISMAIL):\r\nTKP31t gggggggggggggggg\r\n\r\nUlasan TKP (DATIN ZAINON BAKAR):\r\nTKP32t\r\ngggggggggggggggg\r\n\r\nUlasan KP (DATO\' ABDUL LATIF BIN HAJI ABU SEMAN):\r\nKP3t\r\ngggggggggggggggg\r\n\r\nUlasan Urusetia (DR. NOOR AISHAH HASSAN):\r\nU3t\r\ngggggggggggggggggggggggggggggggggggggggggggggggg\r\ngggggggggggggggg','2021-11-16 18:12:23','2022-03-14',1,NULL,'H',0,0,6,9,'2021-11-12 03:59:13','2021-11-16 10:12:23',NULL),(8,NULL,NULL,'0015',0,5,1,'PERMOHONAN 5',NULL,'2021-11-16','2021-12-03',1,3,1,NULL,1,3231.00,0.00,0.00,666.00,0.00,0.00,5200.00,0.00,0.00,6,'2021-11-15 02:11:53',NULL,19,'2021-11-15 02:47:26',NULL,67,'2021-11-15 02:54:54',NULL,1,1,0,0,1,91,'2021-11-15 09:44:14','maklum ya',131,'2021-11-15 09:44:51','Dalam keadaan tertentu, pihak bank juga boleh dianggap sebagai pengarah bayangan jika bank berkenaan sering mencampuri dan mempengaruhi keputusan lembaga pengarah sesebuah syarikat. Selain daripada itu, pemegang syer yang mengawal dan menguasai sesebuah syarikat atau syarikat pemegang juga boleh dianggap sebagai pengarah bayangan oleh undang-undang: Kuwait Asia Bank EC lwn National Mutual Life Nominees Ltd (1990). Ini kerana seseorang individu atau sesebuah syarikat yang mengawal dan menguasai majoriti daripada modal syer sesebuah syarikat biasanya akan mempunyai pengaruh yang besar ke atas lembaga pengarah dalam menentukan hala cara dan tuju arah sesebuah syarikat itu walaupun mereka tidak dilantik secara rasmi sebagai pengarah syarikat.',0,307,'2021-11-15 09:46:00',NULL,0,9,'2021-11-15 09:46:30','Dua orang pegawai kanan syarikat X merundingkan bagi pihak syarikat mereka untuk \r\nmendapatkan tender dalam suatu projek. Semasa perundingan masih berjalan, \r\nmereka meletakkan jawatan dan memperbadankan syarikat Y. Syarikat Y memasuki \r\ntender dan berjaya memperoleh kontrak berkenaan. Mahkamah Agung Kanada memutuskan \r\nbahawa mereka telah melanggar kewajipan fidusiari kepada syarikat X. Walaupun kedua-dua \r\nmereka berhujah bahawa mereka bukanlah seorang \'pengarah\', \r\ndan dengan itu tidak menanggung apa-apa kewajipan fidusiari kepada syarikat X, \r\nmahkamah memutuskan bahawa mereka tetap seorang pengarah kerana mereka menanggung \r\nkewajipan fidusiari kepada syarikat dalam kedudukan mereka sebagai pegawai \r\nkanan dan merupakan akal dan kemahuan syarikat.',0,NULL,NULL,NULL,NULL,NULL,NULL,NULL,NULL,NULL,NULL,NULL,NULL,NULL,NULL,NULL,'2022-03-15',0,NULL,'H',0,0,6,9,'2021-11-14 08:12:45','2021-11-15 01:46:31',NULL),(9,NULL,NULL,'0017',0,5,1,'PERMOHONAN 6 - KOS TIADA OPTION',NULL,'2021-11-20','2021-12-11',0,0,0,1,1,6831.00,0.00,0.00,0.00,0.00,0.00,0.00,0.00,0.00,6,'2021-11-18 00:40:28',NULL,19,'2021-11-18 00:46:28','PENGESHAAN LAGI',50,'2021-11-18 00:48:32','SOKONGAN PEMILIK BAJET',0,0,1,0,1,91,'2021-11-18 00:49:57','MAKLUMBALAS PCT',131,'2021-11-18 00:52:19','SOKONGAN PENGARAH BAHAGIAN',0,307,'2021-11-18 01:01:29',NULL,0,9,'2021-11-18 01:39:59','PERLU MESYUARAT SUSULAN 3',1,NULL,'2021-11-18 02:25:38','ULASAN PB - PERMOHONAN 6 - KOS TIADA OPTION',NULL,'2021-11-18 02:25:38','ULASAN KP - PERMOHONAN 6 - KOS TIADA OPTION',166,'2021-11-18 02:25:38','ULASAN URUSETIA - PERMOHONAN 6 - KOS TIADA OPTION',NULL,NULL,NULL,NULL,NULL,NULL,'2022-03-18',1,NULL,'H',0,0,6,9,'2021-11-14 17:57:51','2021-11-17 18:25:38',NULL),(11,NULL,NULL,NULL,0,5,0,NULL,NULL,NULL,NULL,0,0,0,NULL,1,0.00,0.00,0.00,0.00,0.00,0.00,0.00,0.00,0.00,31,NULL,NULL,131,NULL,NULL,NULL,NULL,NULL,0,0,0,0,0,NULL,NULL,NULL,NULL,NULL,NULL,0,NULL,NULL,NULL,0,NULL,NULL,NULL,0,NULL,NULL,NULL,NULL,NULL,NULL,NULL,NULL,NULL,NULL,NULL,NULL,NULL,NULL,NULL,NULL,0,NULL,'D',0,0,31,31,'2021-11-15 12:53:15','2021-11-15 12:53:15',NULL),(12,NULL,NULL,'0016',0,5,1,'PERMOHONAN 6 - KOS ADA OPTION',NULL,'2021-11-19','2021-12-08',1,3,1,2,1,3200.00,0.00,0.00,5000.00,0.00,0.00,10000.00,0.00,0.00,6,'2021-11-18 00:36:47',NULL,19,'2021-11-18 00:45:43','PENGESAHAN UNTUK PERMOHONAN',50,'2021-11-18 00:48:05','SOKONGAN PEMILIK BAJET',1,1,0,1,0,91,'2021-11-18 00:49:20','MAKLUMBALAS PCT',131,'2021-11-18 00:52:45','PERLU MESYUARAT',1,307,'2021-11-18 01:01:39',NULL,0,9,'2021-11-18 01:39:48','PERLU MESYUARAT SUSULAN 2',1,NULL,'2021-11-18 02:25:38','ULASAN PB - PERMOHONAN 6 - KOS ADA OPTION',NULL,'2021-11-18 02:25:38','ULASAN KP - PERMOHONAN 6 - KOS ADA OPTION',166,'2021-11-18 02:25:38','ULASAN URUSETIA - PERMOHONAN 6 - KOS ADA OPTION',NULL,NULL,NULL,NULL,NULL,NULL,'2022-03-18',1,NULL,'H',0,0,6,9,'2021-11-17 16:36:47','2021-11-17 18:25:38',NULL),(13,NULL,NULL,'0018',0,5,0,'PERMOHONAN 6 - OPTION TIADA KOS',NULL,'2021-11-19','2021-12-10',1,2,2,2,1,0.00,0.00,0.00,0.00,0.00,0.00,0.00,0.00,0.00,6,'2021-11-18 00:43:41',NULL,19,'2021-11-18 00:47:10','PENGESAHAN LAGI DAN LAGI',NULL,NULL,NULL,0,0,0,0,0,NULL,NULL,NULL,131,'2021-11-18 00:51:32','PERLU MESYUARAT',1,307,'2021-11-18 01:01:17',NULL,0,9,'2021-11-18 01:39:29','PERLU MESYUARAT SUSULAN 1',1,NULL,'2021-11-18 02:25:38','ULASAN PB - PERMOHONAN 6 - OPTION TIADA KOS',NULL,'2021-11-18 02:25:38','ULASAN KP - PERMOHONAN 6 - OPTION TIADA KOS',166,'2021-11-18 02:25:38','ULASAN URUSETIA - PERMOHONAN 6 - OPTION TIADA KOS',NULL,NULL,NULL,NULL,NULL,NULL,'2022-03-18',1,NULL,'L',0,0,6,9,'2021-11-17 16:43:40','2021-11-17 18:25:38',NULL);

--
-- Table structure for table `permohonan_audit_trail`
--

CREATE TABLE `permohonan_audit_trail` (
  `permohonan_audit_trail_id` bigint(20) NOT NULL AUTO_INCREMENT,
  `permohonan_id` bigint(20) NOT NULL,
  `status` char(1) NOT NULL,
  `remarks` text,
  `created_by` int(11) NOT NULL,
  `created_at` timestamp NULL DEFAULT NULL,
  `updated_at` timestamp NOT NULL DEFAULT CURRENT_TIMESTAMP,
  `deleted_at` timestamp NULL DEFAULT NULL,
  PRIMARY KEY (`permohonan_audit_trail_id`),
  KEY `idx_permohonantrail_permohonanid` (`permohonan_id`),
  KEY `idx_permohonantrail_createdby` (`created_by`)
) ENGINE=InnoDB AUTO_INCREMENT=95 DEFAULT CHARSET=latin1;

--
-- Dumping data for table `permohonan_audit_trail`
--

INSERT INTO `permohonan_audit_trail` VALUES (1,1,'D',NULL,6,'2021-11-11 14:09:53','2021-11-11 14:09:53',NULL),(2,1,'Z',NULL,6,'2021-11-11 14:10:47','2021-11-11 14:10:47',NULL),(3,1,'N',NULL,6,'2021-11-11 14:12:27','2021-11-11 14:12:27',NULL),(4,2,'D',NULL,6,'2021-11-11 14:26:06','2021-11-11 14:26:06',NULL),(5,2,'Z',NULL,6,'2021-11-11 14:28:27','2021-11-11 14:28:27',NULL),(6,2,'Z',NULL,6,'2021-11-11 14:28:57','2021-11-11 14:28:57',NULL),(7,1,'Z',NULL,6,'2021-11-11 17:02:21','2021-11-11 17:02:21',NULL),(8,2,'Z',NULL,6,'2021-11-11 17:02:34','2021-11-11 17:02:34',NULL),(9,1,'Z',NULL,6,'2021-11-11 17:03:46','2021-11-11 17:03:46',NULL),(10,1,'Z',NULL,6,'2021-11-11 17:03:53','2021-11-11 17:03:53',NULL),(11,2,'N',NULL,6,'2021-11-11 17:07:47','2021-11-11 17:07:47',NULL),(12,3,'N',NULL,6,'2021-11-12 03:55:11','2021-11-12 03:55:12',NULL),(13,4,'N',NULL,6,'2021-11-12 03:59:13','2021-11-12 03:59:13',NULL),(14,1,'Q','TIDAK CLEAR',19,'2021-11-12 04:09:26','2021-11-12 04:09:26',NULL),(15,1,'E',NULL,19,'2021-11-12 04:11:12','2021-11-12 04:11:12',NULL),(16,1,'E',NULL,19,'2021-11-12 04:14:32','2021-11-12 04:14:32',NULL),(17,1,'O',NULL,19,'2021-11-12 04:20:27','2021-11-12 04:20:27',NULL),(18,1,'O','SAHKAN. PERMOHONAN TIADA KOS',19,'2021-11-12 04:29:22','2021-11-12 04:29:22',NULL),(19,1,'F','TIDAK JELAS',131,'2021-11-12 04:33:12','2021-11-12 04:33:12',NULL),(20,1,'K','TEST tidak sokong',304,'2021-11-13 13:43:57','2021-11-13 13:43:57',NULL),(21,1,'I','PERLU MESYUARAT 111',307,'2021-11-13 13:58:19','2021-11-13 13:58:19',NULL),(22,1,'I','test lagi perlu mesyuarat',307,'2021-11-13 14:06:39','2021-11-13 14:06:39',NULL),(23,1,'I','ya perlu mesyuarat',304,'2021-11-13 14:21:22','2021-11-13 14:21:22',NULL),(24,1,'I','skali lagi perlu mesyuarat',304,'2021-11-13 14:24:14','2021-11-13 14:24:14',NULL),(25,1,'G','saya sokong saya sokong',304,'2021-11-13 14:25:09','2021-11-13 14:25:09',NULL),(26,1,'L','tidak diluluskan',9,'2021-11-13 14:28:26','2021-11-13 14:28:26',NULL),(27,1,'H','LULUS DH OK NI',9,'2021-11-13 14:29:22','2021-11-13 14:29:22',NULL),(28,1,'I','perlu meeting malam antara malam',9,'2021-11-13 14:32:04','2021-11-13 14:32:04',NULL),(29,2,'S','ok sah',19,'2021-11-13 14:35:37','2021-11-13 14:35:37',NULL),(30,4,'S','sahkan juga',19,'2021-11-13 14:36:04','2021-11-13 14:36:04',NULL),(31,2,'S','sokong permohonan bajet ini 1',67,'2021-11-13 14:39:55','2021-11-13 14:39:55',NULL),(32,2,'M','sokong lagi bajet11',67,'2021-11-13 14:54:10','2021-11-13 14:54:10',NULL),(33,2,'M','ok sokong juga',50,'2021-11-13 14:56:32','2021-11-13 14:56:32',NULL),(34,2,'E','jolo doh ni',91,'2021-11-13 14:59:44','2021-11-13 14:59:44',NULL),(35,2,'E','hasratnya',91,'2021-11-13 15:04:04','2021-11-13 15:04:04',NULL),(36,4,'M','ok',67,'2021-11-13 15:05:00','2021-11-13 15:05:00',NULL),(37,4,'E','oraittt',91,'2021-11-13 15:05:38','2021-11-13 15:05:38',NULL),(38,2,'F','orait',131,'2021-11-13 15:06:06','2021-11-13 15:06:06',NULL),(39,4,'F','perlu mesorat',131,'2021-11-13 15:06:27','2021-11-13 15:06:27',NULL),(40,2,'G',NULL,304,'2021-11-13 15:07:04','2021-11-13 15:07:04',NULL),(41,4,'G',NULL,307,'2021-11-13 15:07:43','2021-11-13 15:07:43',NULL),(42,2,'G',NULL,307,'2021-11-13 15:07:57','2021-11-13 15:07:57',NULL),(43,4,'I','perlu mesyuarat',304,'2021-11-13 15:08:56','2021-11-13 15:08:56',NULL),(44,2,'I','perlu',9,'2021-11-13 15:09:33','2021-11-13 15:09:33',NULL),(45,4,'I','perlu mesyuarat',9,'2021-11-13 15:10:01','2021-11-13 15:10:01',NULL),(46,8,'D',NULL,6,'2021-11-14 08:12:45','2021-11-14 08:12:45',NULL),(47,9,'D',NULL,6,'2021-11-14 17:57:51','2021-11-14 17:57:51',NULL),(48,8,'N',NULL,6,'2021-11-14 18:11:53','2021-11-14 18:11:54',NULL),(49,8,'Z',NULL,6,'2021-11-14 18:45:02','2021-11-14 18:45:02',NULL),(50,8,'Z',NULL,6,'2021-11-14 18:45:15','2021-11-14 18:45:15',NULL),(51,8,'S',NULL,19,'2021-11-14 18:47:26','2021-11-14 18:47:26',NULL),(52,8,'M',NULL,50,'2021-11-14 18:54:22','2021-11-14 18:54:22',NULL),(53,8,'M',NULL,67,'2021-11-14 18:54:54','2021-11-14 18:54:54',NULL),(54,8,'E','maklum ya',91,'2021-11-15 01:44:14','2021-11-15 01:44:15',NULL),(55,8,'F','ok',131,'2021-11-15 01:44:51','2021-11-15 01:44:51',NULL),(56,8,'G','orait',304,'2021-11-15 01:45:22','2021-11-15 01:45:22',NULL),(57,8,'G',NULL,307,'2021-11-15 01:46:00','2021-11-15 01:46:00',NULL),(58,8,'H',NULL,9,'2021-11-15 01:46:31','2021-11-15 01:46:31',NULL),(59,11,'D',NULL,31,'2021-11-15 12:53:15','2021-11-15 12:53:15',NULL),(60,12,'N',NULL,6,'2021-11-17 16:36:47','2021-11-17 16:36:48',NULL),(61,9,'N',NULL,6,'2021-11-17 16:40:28','2021-11-17 16:40:28',NULL),(62,13,'N',NULL,6,'2021-11-17 16:43:41','2021-11-17 16:43:41',NULL),(63,12,'S','PENGESAHAN UNTUK PERMOHONAN',19,'2021-11-17 16:45:43','2021-11-17 16:45:43',NULL),(64,9,'S','PENGESHAAN LAGI',19,'2021-11-17 16:46:28','2021-11-17 16:46:28',NULL),(65,13,'O','PENGESAHAN LAGI DAN LAGI',19,'2021-11-17 16:47:10','2021-11-17 16:47:10',NULL),(66,12,'M','SOKONGAN PEMILIK BAJET',50,'2021-11-17 16:48:05','2021-11-17 16:48:05',NULL),(67,9,'M','SOKONGAN PEMILIK BAJET',50,'2021-11-17 16:48:32','2021-11-17 16:48:32',NULL),(68,12,'E','MAKLUMBALAS PCT',91,'2021-11-17 16:49:20','2021-11-17 16:49:20',NULL),(69,9,'E','MAKLUMBALAS PCT',91,'2021-11-17 16:49:57','2021-11-17 16:49:57',NULL),(70,13,'F','PERLU MESYUARAT',131,'2021-11-17 16:51:32','2021-11-17 16:51:32',NULL),(71,9,'F','SOKONGAN PENGARAH BAHAGIAN',131,'2021-11-17 16:52:19','2021-11-17 16:52:19',NULL),(72,12,'F','PERLU MESYUARAT',131,'2021-11-17 16:52:45','2021-11-17 16:52:45',NULL),(73,13,'I','TKP PERLU MESYUARAT',304,'2021-11-17 16:59:38','2021-11-17 16:59:38',NULL),(74,9,'G','SOKONGAN TKP',304,'2021-11-17 16:59:58','2021-11-17 16:59:58',NULL),(75,12,'I','TKP PERLU MESYUARAT',304,'2021-11-17 17:00:16','2021-11-17 17:00:16',NULL),(76,13,'G',NULL,307,'2021-11-17 17:01:17','2021-11-17 17:01:17',NULL),(77,9,'G',NULL,307,'2021-11-17 17:01:29','2021-11-17 17:01:29',NULL),(78,12,'G',NULL,307,'2021-11-17 17:01:39','2021-11-17 17:01:39',NULL),(79,9,'H','KELULUSAN KP - TIADA OPTION',9,'2021-11-17 17:16:36','2021-11-17 17:16:36',NULL),(80,13,'H','KELULUSAN KP - ADA OPTION TIADA KOS',9,'2021-11-17 17:18:15','2021-11-17 17:18:15',NULL),(81,12,'H','KELULUSAN KP - ADA KOS ADA OPTION',9,'2021-11-17 17:18:35','2021-11-17 17:18:35',NULL),(82,9,'H','SOKONGAN KP',9,'2021-11-17 17:21:42','2021-11-17 17:21:42',NULL),(83,12,'H','KELULUSAN KP - ADA OPTION ADA KOS',9,'2021-11-17 17:29:06','2021-11-17 17:29:06',NULL),(84,12,'H','KELULUSAN KP - ADA OPTION ADA KOS',9,'2021-11-17 17:31:33','2021-11-17 17:31:33',NULL),(85,12,'H','KELULUSAN KP - ADA KOS ADA OPTION',9,'2021-11-17 17:33:03','2021-11-17 17:33:03',NULL),(86,13,'H','KELULUSAN KP - ADA OPTION TIADA KOS',9,'2021-11-17 17:33:43','2021-11-17 17:33:43',NULL),(87,13,'H','KELULUSAN KP - TIADA KOS ADA OPTION',9,'2021-11-17 17:35:48','2021-11-17 17:35:48',NULL),(88,9,'H','KELULUSAN KP - TIADA OPTION',9,'2021-11-17 17:37:40','2021-11-17 17:37:40',NULL),(89,13,'I','PERLU MESYUARAT SUSULAN 1',9,'2021-11-17 17:39:29','2021-11-17 17:39:29',NULL),(90,12,'I','PERLU MESYUARAT SUSULAN 2',9,'2021-11-17 17:39:48','2021-11-17 17:39:48',NULL),(91,9,'I','PERLU MESYUARAT SUSULAN 3',9,'2021-11-17 17:39:59','2021-11-17 17:39:59',NULL),(92,9,'H','Ini hasil daripada keputusan mesyuarat',166,'2021-11-17 18:25:38','2021-11-17 18:25:38',NULL),(93,12,'H','Ini hasil daripada keputusan mesyuarat',166,'2021-11-17 18:25:38','2021-11-17 18:25:38',NULL),(94,13,'L','Ini hasil daripada keputusan mesyuarat',166,'2021-11-17 18:25:38','2021-11-17 18:25:38',NULL);

--
-- Table structure for table `permohonan_cost`
--

CREATE TABLE `permohonan_cost` (
  `permohonan_cost_id` bigint(20) NOT NULL AUTO_INCREMENT,
  `permohonan_id` bigint(20) NOT NULL,
  `option_no` int(11) NOT NULL DEFAULT '1',
  `cost_desc` varchar(255) DEFAULT NULL,
  `sub_allocation_id` int(11) NOT NULL,
  `allocation_year_id` int(11) DEFAULT NULL,
  `owned_by` int(11) DEFAULT NULL COMMENT 'budget owner',
  `owner_response_status` char(1) NOT NULL DEFAULT 'P' COMMENT 'P-pending response,R-tidak sokong,A-sokong',
  `owner_response_remarks` text,
  `owner_response_date` datetime DEFAULT NULL,
  `applied_cost` decimal(10,2) NOT NULL DEFAULT '0.00',
  `approved_cost` decimal(10,2) NOT NULL DEFAULT '0.00',
  `new_cost` decimal(10,2) NOT NULL DEFAULT '0.00',
  `asset_id` int(11) NOT NULL,
  `asset_type_id` int(11) NOT NULL,
  `created_by` int(11) NOT NULL,
  `updated_by` int(11) NOT NULL,
  `created_at` timestamp NULL DEFAULT NULL,
  `updated_at` timestamp NOT NULL DEFAULT CURRENT_TIMESTAMP,
  `deleted_at` timestamp NULL DEFAULT NULL,
  PRIMARY KEY (`permohonan_cost_id`),
  KEY `idx_permohonancost_permohonanid` (`permohonan_id`),
  KEY `idx_permohonancost_suballocation` (`sub_allocation_id`),
  KEY `idx_permohonancost_asset` (`asset_id`),
  KEY `idx_permohonancost_assettype` (`asset_type_id`),
  KEY `idx_permohonancost_createdby` (`created_by`),
  KEY `idx_permohonancost_updatedby` (`updated_by`),
  KEY `idx_permohonancost_allocationyear` (`allocation_year_id`),
  KEY `idx_permohonancost_owner` (`owned_by`),
  KEY `idx_permohonancost_responsestatus` (`owner_response_status`),
  KEY `idx_permohonancost_optionno` (`option_no`)
) ENGINE=InnoDB AUTO_INCREMENT=102 DEFAULT CHARSET=latin1;

--
-- Dumping data for table `permohonan_cost`
--

INSERT INTO `permohonan_cost` VALUES (1,2,1,'PERKARA 1',3,11,67,'A','sokong lagi bajet11','2021-11-13 22:54:10',23000.00,0.00,0.00,2,0,6,6,'2021-11-11 17:07:47','2021-11-11 17:07:47',NULL),(2,2,1,'PERKARA 2',3,11,67,'A','sokong lagi bajet11','2021-11-13 22:54:10',12000.00,0.00,0.00,3,0,6,6,'2021-11-11 17:07:47','2021-11-11 17:07:47',NULL),(3,2,1,'PERKARA 3',21,10,50,'A','ok sokong juga','2021-11-13 22:56:32',34000.00,0.00,0.00,30,0,6,6,'2021-11-11 17:07:47','2021-11-11 17:07:47',NULL),(4,3,1,'PERKARA 1',3,11,67,'P',NULL,NULL,23000.00,0.00,0.00,3,0,6,6,'2021-11-12 03:55:12','2021-11-12 03:55:12',NULL),(5,3,1,'PERKARA 2',21,10,50,'P',NULL,NULL,21000.00,0.00,0.00,2,0,6,6,'2021-11-12 03:55:12','2021-11-12 03:55:12',NULL),(6,4,1,'YAHOO',3,11,67,'A','ok','2021-11-13 23:05:00',23100.00,0.00,0.00,3,0,6,6,'2021-11-12 03:59:13','2021-11-12 03:59:13',NULL),(7,8,1,'OPT 11',3,11,67,'P',NULL,NULL,3100.00,0.00,0.00,3,0,6,6,'2021-11-14 16:53:00','2021-11-14 16:53:00','2021-11-14 08:56:22'),(8,8,1,'OPT 12',21,10,50,'P',NULL,NULL,2310.00,0.00,0.00,4,0,6,6,'2021-11-14 16:53:00','2021-11-14 16:53:00','2021-11-14 08:56:22'),(9,8,2,'OPT21',21,10,50,'P',NULL,NULL,2300.00,0.00,0.00,1,0,6,6,'2021-11-14 16:53:00','2021-11-14 16:53:00','2021-11-14 08:56:22'),(10,8,2,'OPT22',3,11,67,'P',NULL,NULL,1100.00,0.00,0.00,6,0,6,6,'2021-11-14 16:53:00','2021-11-14 16:53:00','2021-11-14 08:56:22'),(11,8,2,'OPT23',21,10,50,'P',NULL,NULL,11.00,0.00,0.00,2,0,6,6,'2021-11-14 16:53:00','2021-11-14 16:53:00','2021-11-14 08:56:22'),(12,8,3,'OPT31',21,10,50,'P',NULL,NULL,7810.00,0.00,0.00,3,0,6,6,'2021-11-14 16:53:00','2021-11-14 16:53:00','2021-11-14 08:56:22'),(13,8,3,'OPT32',3,11,67,'P',NULL,NULL,1123.00,0.00,0.00,25,0,6,6,'2021-11-14 16:53:00','2021-11-14 16:53:00','2021-11-14 08:56:22'),(14,8,3,'OPT31',21,10,50,'P',NULL,NULL,7810.00,0.00,0.00,3,0,6,6,'2021-11-14 16:56:22','2021-11-14 16:56:22','2021-11-14 08:58:11'),(15,8,3,'OPT32',3,11,67,'P',NULL,NULL,1123.00,0.00,0.00,25,0,6,6,'2021-11-14 16:56:22','2021-11-14 16:56:22','2021-11-14 08:58:11'),(16,8,1,'OPT13',21,10,50,'P',NULL,NULL,2100.00,0.00,0.00,18,0,6,6,'2021-11-14 16:56:22','2021-11-14 16:56:22','2021-11-14 08:58:11'),(17,8,2,'OPT23',21,10,50,'P',NULL,NULL,11.00,0.00,0.00,2,0,6,6,'2021-11-14 16:56:22','2021-11-14 16:56:22','2021-11-14 08:58:11'),(18,8,2,'OPT24',3,11,67,'P',NULL,NULL,43001.00,0.00,0.00,27,0,6,6,'2021-11-14 16:56:22','2021-11-14 16:56:22','2021-11-14 08:58:11'),(19,8,3,'OPT33',21,10,50,'P',NULL,NULL,2100.00,0.00,0.00,11,0,6,6,'2021-11-14 16:56:22','2021-11-14 16:56:22','2021-11-14 08:58:11'),(20,8,3,'OPT31',21,10,50,'P',NULL,NULL,7810.00,0.00,0.00,3,0,6,6,'2021-11-14 16:58:11','2021-11-14 16:58:11','2021-11-14 08:58:20'),(21,8,1,'OPT11',3,11,67,'P',NULL,NULL,2300.00,0.00,0.00,2,0,6,6,'2021-11-14 16:58:11','2021-11-14 16:58:11','2021-11-14 08:58:20'),(22,8,1,'OPT12',21,10,50,'P',NULL,NULL,1100.00,0.00,0.00,3,0,6,6,'2021-11-14 16:58:11','2021-11-14 16:58:11','2021-11-14 08:58:20'),(23,8,3,'OPT32',3,11,67,'P',NULL,NULL,1123.00,0.00,0.00,25,0,6,6,'2021-11-14 16:58:11','2021-11-14 16:58:11','2021-11-14 08:58:20'),(24,8,3,'OPT33',21,10,50,'P',NULL,NULL,2100.00,0.00,0.00,11,0,6,6,'2021-11-14 16:58:11','2021-11-14 16:58:11','2021-11-14 08:58:20'),(25,8,3,'OPT31',21,10,50,'P',NULL,NULL,7810.00,0.00,0.00,3,0,6,6,'2021-11-14 16:58:20','2021-11-14 16:58:20','2021-11-14 08:58:49'),(26,8,3,'OPT32',3,11,67,'P',NULL,NULL,1123.00,0.00,0.00,25,0,6,6,'2021-11-14 16:58:20','2021-11-14 16:58:20','2021-11-14 08:58:49'),(27,8,3,'OPT33',21,10,50,'P',NULL,NULL,2100.00,0.00,0.00,11,0,6,6,'2021-11-14 16:58:20','2021-11-14 16:58:20','2021-11-14 08:58:49'),(28,8,3,'OPT31',21,10,50,'P',NULL,NULL,7810.00,0.00,0.00,3,0,6,6,'2021-11-14 16:58:49','2021-11-14 16:58:49','2021-11-14 08:59:12'),(29,8,3,'OPT32',3,11,67,'P',NULL,NULL,1123.00,0.00,0.00,25,0,6,6,'2021-11-14 16:58:49','2021-11-14 16:58:49','2021-11-14 08:59:12'),(30,8,3,'OPT33',21,10,50,'P',NULL,NULL,2100.00,0.00,0.00,11,0,6,6,'2021-11-14 16:58:49','2021-11-14 16:58:49','2021-11-14 08:59:12'),(31,8,3,'OPT31',21,10,50,'P',NULL,NULL,7810.00,0.00,0.00,3,0,6,6,'2021-11-14 16:59:12','2021-11-14 16:59:12','2021-11-14 09:01:50'),(32,8,3,'OPT32',3,11,67,'P',NULL,NULL,1123.00,0.00,0.00,25,0,6,6,'2021-11-14 16:59:12','2021-11-14 16:59:12','2021-11-14 09:01:50'),(33,8,3,'OPT33',21,10,50,'P',NULL,NULL,2100.00,0.00,0.00,11,0,6,6,'2021-11-14 16:59:12','2021-11-14 16:59:12','2021-11-14 09:01:50'),(34,8,3,'OPT34',21,10,50,'P',NULL,NULL,3100.00,0.00,0.00,3,0,6,6,'2021-11-14 16:59:12','2021-11-14 16:59:12','2021-11-14 09:01:50'),(35,8,1,'OPT11',3,11,67,'P',NULL,NULL,21.00,0.00,0.00,2,0,6,6,'2021-11-14 17:07:20','2021-11-14 17:07:20','2021-11-14 09:24:58'),(36,8,1,'OPT12',21,10,50,'P',NULL,NULL,24.00,0.00,0.00,2,0,6,6,'2021-11-14 17:07:20','2021-11-14 17:07:20','2021-11-14 09:24:58'),(37,8,2,'OPT21',3,11,67,'P',NULL,NULL,11.00,0.00,0.00,3,0,6,6,'2021-11-14 17:07:20','2021-11-14 17:07:20','2021-11-14 09:24:58'),(38,8,2,'OPT22',3,11,67,'P',NULL,NULL,22.00,0.00,0.00,2,0,6,6,'2021-11-14 17:07:20','2021-11-14 17:07:20','2021-11-14 09:24:58'),(39,8,2,'OPT23',21,10,50,'P',NULL,NULL,33.00,0.00,0.00,8,0,6,6,'2021-11-14 17:07:20','2021-11-14 17:07:20','2021-11-14 09:24:58'),(40,8,3,'OPT31',21,10,50,'P',NULL,NULL,230.00,0.00,0.00,2,0,6,6,'2021-11-14 17:07:20','2021-11-14 17:07:20','2021-11-14 09:24:58'),(41,8,1,'OPT11',3,11,67,'P',NULL,NULL,21.00,0.00,0.00,2,0,6,6,'2021-11-14 17:24:58','2021-11-14 17:24:58','2021-11-14 09:37:38'),(42,8,1,'OPT13',21,10,50,'P',NULL,NULL,3210.00,0.00,0.00,3,0,6,6,'2021-11-14 17:24:58','2021-11-14 17:24:58','2021-11-14 09:37:38'),(43,8,2,'OPT21',3,11,67,'P',NULL,NULL,11.00,0.00,0.00,3,0,6,6,'2021-11-14 17:24:58','2021-11-14 17:24:58','2021-11-14 09:37:38'),(44,8,2,'OPT23',21,10,50,'P',NULL,NULL,33.00,0.00,0.00,8,0,6,6,'2021-11-14 17:24:58','2021-11-14 17:24:58','2021-11-14 09:37:38'),(45,8,2,'OPT24',3,11,67,'P',NULL,NULL,0.00,0.00,0.00,2,0,6,6,'2021-11-14 17:24:58','2021-11-14 17:24:58','2021-11-14 09:37:38'),(46,8,3,'OPT32',21,10,50,'P',NULL,NULL,1200.00,0.00,0.00,1,0,6,6,'2021-11-14 17:24:58','2021-11-14 17:24:58','2021-11-14 09:37:38'),(47,8,3,'OPT33',21,10,50,'P',NULL,NULL,1100.00,0.00,0.00,8,0,6,6,'2021-11-14 17:24:58','2021-11-14 17:24:58','2021-11-14 09:37:38'),(48,8,1,'OPT11',3,11,67,'P',NULL,NULL,21.00,0.00,0.00,2,0,6,6,'2021-11-14 17:37:38','2021-11-14 17:37:38','2021-11-14 09:38:05'),(49,8,1,'OPT13',21,10,50,'P',NULL,NULL,3210.00,0.00,0.00,3,0,6,6,'2021-11-14 17:37:38','2021-11-14 17:37:38','2021-11-14 09:38:05'),(50,8,2,'OPT21',3,11,67,'P',NULL,NULL,111.00,0.00,0.00,3,0,6,6,'2021-11-14 17:37:38','2021-11-14 17:37:38','2021-11-14 09:38:05'),(51,8,2,'OPT23',21,10,50,'P',NULL,NULL,222.00,0.00,0.00,8,0,6,6,'2021-11-14 17:37:38','2021-11-14 17:37:38','2021-11-14 09:38:05'),(52,8,2,'OPT24',3,11,67,'P',NULL,NULL,333.00,0.00,0.00,2,0,6,6,'2021-11-14 17:37:38','2021-11-14 17:37:38','2021-11-14 09:38:05'),(53,8,3,'OPT32',21,10,50,'P',NULL,NULL,2100.00,0.00,0.00,1,0,6,6,'2021-11-14 17:37:38','2021-11-14 17:37:38','2021-11-14 09:38:05'),(54,8,3,'OPT33',21,10,50,'P',NULL,NULL,3100.00,0.00,0.00,8,0,6,6,'2021-11-14 17:37:38','2021-11-14 17:37:38','2021-11-14 09:38:05'),(55,8,1,'OPT11',3,11,67,'P',NULL,NULL,21.00,0.00,0.00,2,0,6,6,'2021-11-14 17:38:05','2021-11-14 17:38:05','2021-11-14 09:52:08'),(56,8,1,'OPT13',21,10,50,'P',NULL,NULL,3210.00,0.00,0.00,3,0,6,6,'2021-11-14 17:38:05','2021-11-14 17:38:05','2021-11-14 09:52:08'),(57,8,2,'OPT21',3,11,67,'P',NULL,NULL,111.00,0.00,0.00,3,0,6,6,'2021-11-14 17:38:05','2021-11-14 17:38:05','2021-11-14 09:52:08'),(58,8,2,'OPT23',21,10,50,'P',NULL,NULL,222.00,0.00,0.00,8,0,6,6,'2021-11-14 17:38:05','2021-11-14 17:38:05','2021-11-14 09:52:08'),(59,8,2,'OPT24',3,11,67,'P',NULL,NULL,333.00,0.00,0.00,2,0,6,6,'2021-11-14 17:38:05','2021-11-14 17:38:05','2021-11-14 09:52:08'),(60,8,3,'OPT32',21,10,50,'P',NULL,NULL,2100.00,0.00,0.00,1,0,6,6,'2021-11-14 17:38:05','2021-11-14 17:38:05','2021-11-14 09:52:08'),(61,8,3,'OPT33',21,10,50,'P',NULL,NULL,3100.00,0.00,0.00,8,0,6,6,'2021-11-14 17:38:05','2021-11-14 17:38:05','2021-11-14 09:52:08'),(62,8,1,'OPT11',3,11,67,'P',NULL,NULL,21.00,0.00,0.00,2,0,6,6,'2021-11-14 17:52:08','2021-11-14 17:52:08','2021-11-14 10:02:02'),(63,8,1,'OPT13',21,10,50,'P',NULL,NULL,3210.00,0.00,0.00,3,0,6,6,'2021-11-14 17:52:08','2021-11-14 17:52:08','2021-11-14 10:02:02'),(64,8,2,'OPT21',3,11,67,'P',NULL,NULL,111.00,0.00,0.00,3,0,6,6,'2021-11-14 17:52:08','2021-11-14 17:52:08','2021-11-14 10:02:02'),(65,8,2,'OPT23',21,10,50,'P',NULL,NULL,222.00,0.00,0.00,8,0,6,6,'2021-11-14 17:52:08','2021-11-14 17:52:08','2021-11-14 10:02:02'),(66,8,2,'OPT24',3,11,67,'P',NULL,NULL,333.00,0.00,0.00,2,0,6,6,'2021-11-14 17:52:08','2021-11-14 17:52:08','2021-11-14 10:02:02'),(67,8,3,'OPT32',21,10,50,'P',NULL,NULL,2100.00,0.00,0.00,1,0,6,6,'2021-11-14 17:52:08','2021-11-14 17:52:08','2021-11-14 10:02:02'),(68,8,3,'OPT33',21,10,50,'P',NULL,NULL,3100.00,0.00,0.00,8,0,6,6,'2021-11-14 17:52:08','2021-11-14 17:52:08','2021-11-14 10:02:02'),(69,8,1,'OPT11',3,11,67,'P',NULL,NULL,21.00,0.00,0.00,2,0,6,6,'2021-11-14 18:02:02','2021-11-14 18:02:02','2021-11-14 10:11:54'),(70,8,1,'OPT13',21,10,50,'P',NULL,NULL,3210.00,0.00,0.00,3,0,6,6,'2021-11-14 18:02:02','2021-11-14 18:02:02','2021-11-14 10:11:54'),(71,8,2,'OPT21',3,11,67,'P',NULL,NULL,111.00,0.00,0.00,3,0,6,6,'2021-11-14 18:02:02','2021-11-14 18:02:02','2021-11-14 10:11:54'),(72,8,2,'OPT23',21,10,50,'P',NULL,NULL,222.00,0.00,0.00,8,0,6,6,'2021-11-14 18:02:02','2021-11-14 18:02:02','2021-11-14 10:11:54'),(73,8,2,'OPT24',3,11,67,'P',NULL,NULL,333.00,0.00,0.00,2,0,6,6,'2021-11-14 18:02:02','2021-11-14 18:02:02','2021-11-14 10:11:54'),(74,8,3,'OPT32',21,10,50,'P',NULL,NULL,2100.00,0.00,0.00,1,0,6,6,'2021-11-14 18:02:02','2021-11-14 18:02:02','2021-11-14 10:11:54'),(75,8,3,'OPT33',21,10,50,'P',NULL,NULL,3100.00,0.00,0.00,8,0,6,6,'2021-11-14 18:02:02','2021-11-14 18:02:02','2021-11-14 10:11:54'),(76,8,1,'OPT11',3,11,67,'P',NULL,NULL,21.00,0.00,0.00,2,0,6,6,'2021-11-14 18:11:54','2021-11-14 18:11:54','2021-11-14 10:45:02'),(77,8,1,'OPT13',21,10,50,'P',NULL,NULL,3210.00,0.00,0.00,3,0,6,6,'2021-11-14 18:11:54','2021-11-14 18:11:54','2021-11-14 10:45:02'),(78,8,2,'OPT21',3,11,67,'P',NULL,NULL,111.00,0.00,0.00,3,0,6,6,'2021-11-14 18:11:54','2021-11-14 18:11:54','2021-11-14 10:45:02'),(79,8,2,'OPT23',21,10,50,'P',NULL,NULL,222.00,0.00,0.00,8,0,6,6,'2021-11-14 18:11:54','2021-11-14 18:11:54','2021-11-14 10:45:02'),(80,8,2,'OPT24',3,11,67,'P',NULL,NULL,333.00,0.00,0.00,2,0,6,6,'2021-11-14 18:11:54','2021-11-14 18:11:54','2021-11-14 10:45:02'),(81,8,3,'OPT32',21,10,50,'P',NULL,NULL,2100.00,0.00,0.00,1,0,6,6,'2021-11-14 18:11:54','2021-11-14 18:11:54','2021-11-14 10:45:02'),(82,8,3,'OPT33',21,10,50,'P',NULL,NULL,3100.00,0.00,0.00,8,0,6,6,'2021-11-14 18:11:54','2021-11-14 18:11:54','2021-11-14 10:45:02'),(83,8,1,'OPT11',3,11,67,'P',NULL,NULL,21.00,0.00,0.00,2,0,6,6,'2021-11-14 18:45:02','2021-11-14 18:45:02','2021-11-14 10:45:15'),(84,8,1,'OPT13',21,10,50,'P',NULL,NULL,3210.00,0.00,0.00,3,0,6,6,'2021-11-14 18:45:02','2021-11-14 18:45:02','2021-11-14 10:45:15'),(85,8,2,'OPT21',3,11,67,'P',NULL,NULL,111.00,0.00,0.00,3,0,6,6,'2021-11-14 18:45:02','2021-11-14 18:45:02','2021-11-14 10:45:15'),(86,8,2,'OPT23',21,10,50,'P',NULL,NULL,222.00,0.00,0.00,8,0,6,6,'2021-11-14 18:45:02','2021-11-14 18:45:02','2021-11-14 10:45:15'),(87,8,2,'OPT24',3,11,67,'P',NULL,NULL,333.00,0.00,0.00,2,0,6,6,'2021-11-14 18:45:02','2021-11-14 18:45:02','2021-11-14 10:45:15'),(88,8,3,'OPT32',21,10,50,'P',NULL,NULL,2100.00,0.00,0.00,1,0,6,6,'2021-11-14 18:45:02','2021-11-14 18:45:02','2021-11-14 10:45:15'),(89,8,3,'OPT33',21,10,50,'P',NULL,NULL,3100.00,0.00,0.00,8,0,6,6,'2021-11-14 18:45:02','2021-11-14 18:45:02','2021-11-14 10:45:15'),(90,8,1,'OPT11',3,11,67,'A',NULL,'2021-11-15 02:54:54',21.00,0.00,0.00,2,0,6,6,'2021-11-14 18:45:15','2021-11-14 18:45:15',NULL),(91,8,1,'OPT13',21,10,50,'A',NULL,'2021-11-15 02:54:22',3210.00,0.00,0.00,3,0,6,6,'2021-11-14 18:45:15','2021-11-14 18:45:15',NULL),(92,8,2,'OPT21',3,11,67,'A',NULL,'2021-11-15 02:54:54',111.00,0.00,0.00,3,0,6,6,'2021-11-14 18:45:15','2021-11-14 18:45:15',NULL),(93,8,2,'OPT23',21,10,50,'A',NULL,'2021-11-15 02:54:22',222.00,0.00,0.00,8,0,6,6,'2021-11-14 18:45:15','2021-11-14 18:45:15',NULL),(94,8,2,'OPT24',3,11,67,'A',NULL,'2021-11-15 02:54:54',333.00,0.00,0.00,2,0,6,6,'2021-11-14 18:45:15','2021-11-14 18:45:15',NULL),(95,8,3,'OPT32',21,10,50,'A',NULL,'2021-11-15 02:54:22',2100.00,0.00,0.00,1,0,6,6,'2021-11-14 18:45:15','2021-11-14 18:45:15',NULL),(96,8,3,'OPT33',21,10,50,'A',NULL,'2021-11-15 02:54:22',3100.00,0.00,0.00,8,0,6,6,'2021-11-14 18:45:15','2021-11-14 18:45:15',NULL),(97,12,1,'PERKARA 1',21,10,50,'A','SOKONGAN PEMILIK BAJET','2021-11-18 00:48:05',3200.00,0.00,0.00,2,0,6,6,'2021-11-17 16:36:47','2021-11-17 16:36:47',NULL),(98,12,2,'PERKARA 2',21,10,50,'A','SOKONGAN PEMILIK BAJET','2021-11-18 00:48:05',5000.00,0.00,0.00,3,0,6,6,'2021-11-17 16:36:48','2021-11-17 16:36:48',NULL),(99,12,3,'PERKARA 3',21,10,50,'A','SOKONGAN PEMILIK BAJET','2021-11-18 00:48:05',10000.00,0.00,0.00,7,0,6,6,'2021-11-17 16:36:48','2021-11-17 16:36:48',NULL),(100,9,1,'KOS 1',21,10,50,'A','SOKONGAN PEMILIK BAJET','2021-11-18 00:48:32',3421.00,0.00,0.00,3,0,6,6,'2021-11-17 16:40:28','2021-11-17 16:40:28',NULL),(101,9,1,'KOS 2',21,10,50,'A','SOKONGAN PEMILIK BAJET','2021-11-18 00:48:32',3410.00,0.00,0.00,32,0,6,6,'2021-11-17 16:40:28','2021-11-17 16:40:28',NULL);

--
-- Table structure for table `permohonan_description`
--

CREATE TABLE `permohonan_description` (
  `permohonan_description_id` bigint(20) NOT NULL AUTO_INCREMENT,
  `permohonan_id` bigint(20) NOT NULL,
  `description_desc` varchar(255) DEFAULT NULL,
  `created_by` int(11) NOT NULL,
  `updated_by` int(11) NOT NULL,
  `created_at` timestamp NULL DEFAULT NULL,
  `updated_at` timestamp NOT NULL DEFAULT CURRENT_TIMESTAMP,
  `deleted_at` timestamp NULL DEFAULT NULL,
  PRIMARY KEY (`permohonan_description_id`),
  KEY `idx_permohonandesc_permohonanid` (`permohonan_id`),
  KEY `idx_permohonandesc_createdby` (`created_by`),
  KEY `idx_permohonandesc_updatedby` (`updated_by`)
) ENGINE=InnoDB AUTO_INCREMENT=59 DEFAULT CHARSET=latin1;

--
-- Dumping data for table `permohonan_description`
--

INSERT INTO `permohonan_description` VALUES (1,1,'keterangan 1',6,6,'2021-11-11 14:09:53','2021-11-11 14:09:53','2021-11-11 06:10:47'),(2,1,'keterangan 2',6,6,'2021-11-11 14:09:53','2021-11-11 14:09:53','2021-11-11 06:10:47'),(3,1,'keterangan 1',6,6,'2021-11-11 14:10:47','2021-11-11 14:10:47','2021-11-11 06:12:27'),(4,1,'keterangan 2',6,6,'2021-11-11 14:10:47','2021-11-11 14:10:47','2021-11-11 06:12:27'),(5,1,'keterangan 1',6,6,'2021-11-11 14:12:27','2021-11-11 14:12:27','2021-11-11 08:44:19'),(6,1,'keterangan 2',6,6,'2021-11-11 14:12:27','2021-11-11 14:12:27','2021-11-11 08:44:19'),(7,1,'keterangan 1',6,6,'2021-11-11 16:44:19','2021-11-11 16:44:19','2021-11-11 08:48:17'),(8,1,'keterangan 2',6,6,'2021-11-11 16:44:19','2021-11-11 16:44:19','2021-11-11 08:48:17'),(9,1,'KETERANGAN 1',6,6,'2021-11-11 16:48:17','2021-11-11 16:48:17','2021-11-11 08:54:36'),(10,1,'KETERANGAN 2',6,6,'2021-11-11 16:48:17','2021-11-11 16:48:17','2021-11-11 08:54:36'),(11,1,'KETERANGAN 1',6,6,'2021-11-11 16:54:36','2021-11-11 16:54:36','2021-11-11 08:56:21'),(12,1,'KETERANGAN 2',6,6,'2021-11-11 16:54:36','2021-11-11 16:54:36','2021-11-11 08:56:21'),(13,1,'KE',6,6,'2021-11-11 16:54:36','2021-11-11 16:54:36','2021-11-11 08:56:21'),(17,1,'KETERANGAN 1',6,6,'2021-11-11 16:56:21','2021-11-11 16:56:21','2021-11-11 08:56:35'),(18,1,'KETERANGAN 2',6,6,'2021-11-11 16:56:21','2021-11-11 16:56:21','2021-11-11 08:56:35'),(19,1,'KE',6,6,'2021-11-11 16:56:21','2021-11-11 16:56:21','2021-11-11 08:56:35'),(20,1,'KETERANGAN 1',6,6,'2021-11-11 16:56:35','2021-11-11 16:56:35','2021-11-11 09:02:21'),(21,1,'KETERANGAN 2',6,6,'2021-11-11 16:56:35','2021-11-11 16:56:35','2021-11-11 09:02:21'),(22,1,'KE',6,6,'2021-11-11 16:56:35','2021-11-11 16:56:35','2021-11-11 09:02:21'),(23,1,'KETERANGAN 1',6,6,'2021-11-11 17:02:21','2021-11-11 17:02:21','2021-11-11 09:03:46'),(24,1,'KETERANGAN 2',6,6,'2021-11-11 17:02:21','2021-11-11 17:02:21','2021-11-11 09:03:46'),(25,1,'KE',6,6,'2021-11-11 17:02:21','2021-11-11 17:02:21','2021-11-11 09:03:46'),(26,1,'KETERANGAN 1',6,6,'2021-11-11 17:03:46','2021-11-11 17:03:46','2021-11-11 09:03:53'),(27,1,'KETERANGAN 2',6,6,'2021-11-11 17:03:46','2021-11-11 17:03:46','2021-11-11 09:03:53'),(28,1,'KE',6,6,'2021-11-11 17:03:46','2021-11-11 17:03:46','2021-11-11 09:03:53'),(29,1,'KETERANGAN 1',6,6,'2021-11-11 17:03:53','2021-11-11 17:03:53',NULL),(30,1,'KETERANGAN 2',6,6,'2021-11-11 17:03:53','2021-11-11 17:03:53',NULL),(31,1,'KE',6,6,'2021-11-11 17:03:53','2021-11-11 17:03:53',NULL),(32,2,'PERENGGAN 1',6,6,'2021-11-11 17:06:08','2021-11-11 17:06:08','2021-11-11 09:07:47'),(33,2,'PERENGGAN 1',6,6,'2021-11-11 17:07:47','2021-11-11 17:07:47',NULL),(34,3,'KETERANGAN 1',6,6,'2021-11-12 03:55:12','2021-11-12 03:55:12',NULL),(35,4,'KETERANGAN 1',6,6,'2021-11-12 03:59:13','2021-11-12 03:59:13',NULL),(36,8,'PERENGGAN 1',6,6,'2021-11-14 16:53:00','2021-11-14 16:53:00','2021-11-14 08:56:22'),(37,8,'PERENGGAN 1',6,6,'2021-11-14 16:56:22','2021-11-14 16:56:22','2021-11-14 08:58:11'),(38,8,'PERENGGAN 1',6,6,'2021-11-14 16:58:11','2021-11-14 16:58:11','2021-11-14 08:58:20'),(39,8,'PERENGGAN 1',6,6,'2021-11-14 16:58:20','2021-11-14 16:58:20','2021-11-14 08:58:49'),(40,8,'PERENGGAN 1',6,6,'2021-11-14 16:58:49','2021-11-14 16:58:49','2021-11-14 08:59:12'),(41,8,'PERENGGAN 1',6,6,'2021-11-14 16:59:12','2021-11-14 16:59:12','2021-11-14 09:01:50'),(42,8,'PERENGGAN 1',6,6,'2021-11-14 17:01:50','2021-11-14 17:01:50','2021-11-14 09:07:20'),(43,8,'PERENGGAN 1',6,6,'2021-11-14 17:07:20','2021-11-14 17:07:20','2021-11-14 09:24:58'),(44,8,'PERENGGAN 1',6,6,'2021-11-14 17:24:58','2021-11-14 17:24:58','2021-11-14 09:37:38'),(45,8,'PERENGGAN 1',6,6,'2021-11-14 17:37:38','2021-11-14 17:37:38','2021-11-14 09:38:05'),(46,8,'PERENGGAN 1',6,6,'2021-11-14 17:38:05','2021-11-14 17:38:05','2021-11-14 09:52:08'),(47,8,'PERENGGAN 1',6,6,'2021-11-14 17:52:08','2021-11-14 17:52:08','2021-11-14 10:02:02'),(48,8,'PERENGGAN 1',6,6,'2021-11-14 18:02:02','2021-11-14 18:02:02','2021-11-14 10:11:53'),(49,8,'PERENGGAN 2',6,6,'2021-11-14 18:02:02','2021-11-14 18:02:02','2021-11-14 10:11:53'),(50,8,'PERENGGAN 1',6,6,'2021-11-14 18:11:53','2021-11-14 18:11:53','2021-11-14 10:45:02'),(51,8,'PERENGGAN 2',6,6,'2021-11-14 18:11:53','2021-11-14 18:11:53','2021-11-14 10:45:02'),(52,8,'PERENGGAN 1',6,6,'2021-11-14 18:45:02','2021-11-14 18:45:02','2021-11-14 10:45:15'),(53,8,'PERENGGAN 2',6,6,'2021-11-14 18:45:02','2021-11-14 18:45:02','2021-11-14 10:45:15'),(54,8,'PERENGGAN 1',6,6,'2021-11-14 18:45:15','2021-11-14 18:45:15',NULL),(55,8,'PERENGGAN 2',6,6,'2021-11-14 18:45:15','2021-11-14 18:45:15',NULL),(56,12,'KETERANGAN 1',6,6,'2021-11-17 16:36:47','2021-11-17 16:36:47',NULL),(57,9,'KETERANGAN 1',6,6,'2021-11-17 16:40:28','2021-11-17 16:40:28',NULL),(58,13,'KETERANGAN 1',6,6,'2021-11-17 16:43:41','2021-11-17 16:43:41',NULL);

--
-- Table structure for table `permohonan_detail`
--

CREATE TABLE `permohonan_detail` (
  `permohonan_detail_id` bigint(11) NOT NULL AUTO_INCREMENT,
  `permohonan_id` bigint(11) NOT NULL,
  `is_main` int(11) NOT NULL DEFAULT '0',
  `main_id` bigint(11) DEFAULT NULL COMMENT 'permohonan_detail_id',
  `is_online` int(11) NOT NULL DEFAULT '0',
  `program_location` varchar(200) DEFAULT NULL,
  `supplier_service_id` int(11) DEFAULT NULL,
  `service_distance_id` int(11) DEFAULT NULL,
  `permohonan_item` text,
  `permohonan_item_extra` text,
  `quantity` decimal(10,2) NOT NULL DEFAULT '0.00',
  `unit_id` int(11) DEFAULT NULL,
  `quantity_unit` varchar(20) DEFAULT NULL,
  `price_perunit` decimal(10,2) NOT NULL DEFAULT '0.00',
  `price_total` decimal(10,2) NOT NULL DEFAULT '0.00',
  `detail_startdate` date DEFAULT NULL,
  `detail_enddate` date DEFAULT NULL,
  `detail_starttime` time DEFAULT NULL,
  `detail_endtime` time DEFAULT NULL,
  `created_at` timestamp NULL DEFAULT NULL,
  `updated_at` timestamp NOT NULL DEFAULT CURRENT_TIMESTAMP,
  `deleted_at` timestamp NULL DEFAULT NULL,
  PRIMARY KEY (`permohonan_detail_id`),
  KEY `idx_permohonandetail_permohonanid` (`permohonan_id`),
  KEY `idx_permohonandetail_ismain` (`is_main`),
  KEY `idx_permohonandetail_mainid` (`main_id`),
  KEY `idx_permohonandetail_serviceid` (`supplier_service_id`),
  KEY `idx_permohonandetail_unitid` (`unit_id`),
  KEY `idx_permohonandetail_distanceid` (`service_distance_id`)
) ENGINE=InnoDB DEFAULT CHARSET=latin1;

--
-- Dumping data for table `permohonan_detail`
--


--
-- Table structure for table `permohonan_email`
--

CREATE TABLE `permohonan_email` (
  `id` bigint(20) NOT NULL AUTO_INCREMENT,
  `permohonan_id` int(11) NOT NULL,
  `email_to` varchar(100) DEFAULT NULL,
  `role_id` int(11) DEFAULT NULL,
  `subject` text CHARACTER SET latin1,
  `message` text,
  `completed` int(11) NOT NULL DEFAULT '0',
  `created_at` timestamp NULL DEFAULT NULL,
  `updated_at` timestamp NOT NULL DEFAULT CURRENT_TIMESTAMP,
  `deleted_at` timestamp NULL DEFAULT NULL,
  PRIMARY KEY (`id`),
  KEY `idx_permohonanemail_id` (`permohonan_id`),
  KEY `idx_permohonanemail_roleid` (`role_id`),
  KEY `idx_permohonanemail_completed` (`completed`)
) ENGINE=InnoDB DEFAULT CHARSET=utf8mb4;

--
-- Dumping data for table `permohonan_email`
--


--
-- Table structure for table `permohonan_objective`
--

CREATE TABLE `permohonan_objective` (
  `permohonan_objective_id` bigint(20) NOT NULL AUTO_INCREMENT,
  `permohonan_id` bigint(20) NOT NULL,
  `objective_desc` varchar(255) DEFAULT NULL,
  `created_by` int(11) NOT NULL,
  `updated_by` int(11) NOT NULL,
  `created_at` timestamp NULL DEFAULT NULL,
  `updated_at` timestamp NOT NULL DEFAULT CURRENT_TIMESTAMP,
  `deleted_at` timestamp NULL DEFAULT NULL,
  PRIMARY KEY (`permohonan_objective_id`),
  KEY `idx_permohonanobjective_permohonanid` (`permohonan_id`),
  KEY `idx_permohonanobjective_createdby` (`created_by`),
  KEY `idx_permohonanobjective_updatedby` (`updated_by`)
) ENGINE=InnoDB AUTO_INCREMENT=74 DEFAULT CHARSET=latin1;

--
-- Dumping data for table `permohonan_objective`
--

INSERT INTO `permohonan_objective` VALUES (1,1,'objektif 1',6,6,'2021-11-11 14:09:53','2021-11-11 14:09:53','2021-11-11 06:10:47'),(2,1,'objektif 2',6,6,'2021-11-11 14:09:53','2021-11-11 14:09:53','2021-11-11 06:10:47'),(3,1,'objektif 1',6,6,'2021-11-11 14:10:47','2021-11-11 14:10:47','2021-11-11 06:12:27'),(4,1,'objektif 2',6,6,'2021-11-11 14:10:47','2021-11-11 14:10:47','2021-11-11 06:12:27'),(5,1,'objektif 1',6,6,'2021-11-11 14:12:27','2021-11-11 14:12:27','2021-11-11 08:44:19'),(6,1,'objektif 2',6,6,'2021-11-11 14:12:27','2021-11-11 14:12:27','2021-11-11 08:44:19'),(7,1,'objektif 1',6,6,'2021-11-11 16:44:19','2021-11-11 16:44:19','2021-11-11 08:48:17'),(8,1,'objektif 2',6,6,'2021-11-11 16:44:19','2021-11-11 16:44:19','2021-11-11 08:48:17'),(9,1,'OBJEKTIF 1',6,6,'2021-11-11 16:48:17','2021-11-11 16:48:17','2021-11-11 08:54:36'),(10,1,'OBJEKTIF 2',6,6,'2021-11-11 16:48:17','2021-11-11 16:48:17','2021-11-11 08:54:36'),(11,1,'OBJEKTIF 1',6,6,'2021-11-11 16:54:36','2021-11-11 16:54:36','2021-11-11 08:56:21'),(12,1,'OBJEKTIF 2',6,6,'2021-11-11 16:54:36','2021-11-11 16:54:36','2021-11-11 08:56:21'),(13,1,'O',6,6,'2021-11-11 16:54:36','2021-11-11 16:54:36','2021-11-11 08:56:21'),(17,1,'OBJEKTIF 1',6,6,'2021-11-11 16:56:21','2021-11-11 16:56:21','2021-11-11 08:56:35'),(18,1,'OBJEKTIF 2',6,6,'2021-11-11 16:56:21','2021-11-11 16:56:21','2021-11-11 08:56:35'),(19,1,'O',6,6,'2021-11-11 16:56:21','2021-11-11 16:56:21','2021-11-11 08:56:35'),(20,1,'OBJEKTIF 1',6,6,'2021-11-11 16:56:35','2021-11-11 16:56:35','2021-11-11 09:02:21'),(21,1,'OBJEKTIF 2',6,6,'2021-11-11 16:56:35','2021-11-11 16:56:35','2021-11-11 09:02:21'),(22,1,'O',6,6,'2021-11-11 16:56:35','2021-11-11 16:56:35','2021-11-11 09:02:21'),(23,1,'OBJEKTIF 1',6,6,'2021-11-11 17:02:21','2021-11-11 17:02:21','2021-11-11 09:03:46'),(24,1,'OBJEKTIF 2',6,6,'2021-11-11 17:02:21','2021-11-11 17:02:21','2021-11-11 09:03:46'),(25,1,'O',6,6,'2021-11-11 17:02:21','2021-11-11 17:02:21','2021-11-11 09:03:46'),(26,1,'OBJEKTIF 1',6,6,'2021-11-11 17:03:46','2021-11-11 17:03:46','2021-11-11 09:03:53'),(27,1,'OBJEKTIF 2',6,6,'2021-11-11 17:03:46','2021-11-11 17:03:46','2021-11-11 09:03:53'),(28,1,'O',6,6,'2021-11-11 17:03:46','2021-11-11 17:03:46','2021-11-11 09:03:53'),(29,1,'OBJEKTIF 1',6,6,'2021-11-11 17:03:53','2021-11-11 17:03:53',NULL),(30,1,'OBJEKTIF 2',6,6,'2021-11-11 17:03:53','2021-11-11 17:03:53',NULL),(31,1,'O',6,6,'2021-11-11 17:03:53','2021-11-11 17:03:53',NULL),(32,2,'OBJEKTIF 11',6,6,'2021-11-11 17:06:08','2021-11-11 17:06:08','2021-11-11 09:07:47'),(33,2,'OBJEKTIF 11',6,6,'2021-11-11 17:07:47','2021-11-11 17:07:47',NULL),(34,3,'OBJ 1',6,6,'2021-11-12 03:55:12','2021-11-12 03:55:12',NULL),(35,4,'OBJEKTIF 1',6,6,'2021-11-12 03:59:13','2021-11-12 03:59:13',NULL),(36,8,'OBJ 1',6,6,'2021-11-14 08:50:35','2021-11-14 08:50:35','2021-11-14 00:57:37'),(37,8,'OBJ 1',6,6,'2021-11-14 08:57:37','2021-11-14 08:57:37','2021-11-14 00:57:46'),(38,8,'OBJ 1',6,6,'2021-11-14 08:57:46','2021-11-14 08:57:46','2021-11-14 08:53:00'),(39,8,'OBJ 1',6,6,'2021-11-14 16:53:00','2021-11-14 16:53:00','2021-11-14 08:56:22'),(40,8,'OBJ 4',6,6,'2021-11-14 16:53:00','2021-11-14 16:53:00','2021-11-14 08:56:22'),(41,8,'OBJ 1',6,6,'2021-11-14 16:56:22','2021-11-14 16:56:22','2021-11-14 08:58:11'),(42,8,'OBJ 4',6,6,'2021-11-14 16:56:22','2021-11-14 16:56:22','2021-11-14 08:58:11'),(43,8,'OBJ 1',6,6,'2021-11-14 16:58:11','2021-11-14 16:58:11','2021-11-14 08:58:20'),(44,8,'OBJ 4',6,6,'2021-11-14 16:58:11','2021-11-14 16:58:11','2021-11-14 08:58:20'),(45,8,'OBJ 1',6,6,'2021-11-14 16:58:20','2021-11-14 16:58:20','2021-11-14 08:58:49'),(46,8,'OBJ 4',6,6,'2021-11-14 16:58:20','2021-11-14 16:58:20','2021-11-14 08:58:49'),(47,8,'OBJ 1',6,6,'2021-11-14 16:58:49','2021-11-14 16:58:49','2021-11-14 08:59:12'),(48,8,'OBJ 4',6,6,'2021-11-14 16:58:49','2021-11-14 16:58:49','2021-11-14 08:59:12'),(49,8,'OBJ 1',6,6,'2021-11-14 16:59:12','2021-11-14 16:59:12','2021-11-14 09:01:50'),(50,8,'OBJ 4',6,6,'2021-11-14 16:59:12','2021-11-14 16:59:12','2021-11-14 09:01:50'),(51,8,'OBJ 1',6,6,'2021-11-14 17:01:50','2021-11-14 17:01:50','2021-11-14 09:07:20'),(52,8,'OBJ 4',6,6,'2021-11-14 17:01:50','2021-11-14 17:01:50','2021-11-14 09:07:20'),(53,8,'OBJ 1',6,6,'2021-11-14 17:07:20','2021-11-14 17:07:20','2021-11-14 09:24:58'),(54,8,'OBJ 4',6,6,'2021-11-14 17:07:20','2021-11-14 17:07:20','2021-11-14 09:24:58'),(55,8,'OBJ 1',6,6,'2021-11-14 17:24:58','2021-11-14 17:24:58','2021-11-14 09:37:38'),(56,8,'OBJ 4',6,6,'2021-11-14 17:24:58','2021-11-14 17:24:58','2021-11-14 09:37:38'),(57,8,'OBJ 1',6,6,'2021-11-14 17:37:38','2021-11-14 17:37:38','2021-11-14 09:38:05'),(58,8,'OBJ 4',6,6,'2021-11-14 17:37:38','2021-11-14 17:37:38','2021-11-14 09:38:05'),(59,8,'OBJ 1',6,6,'2021-11-14 17:38:05','2021-11-14 17:38:05','2021-11-14 09:52:08'),(60,8,'OBJ 4',6,6,'2021-11-14 17:38:05','2021-11-14 17:38:05','2021-11-14 09:52:08'),(61,8,'OBJ 1',6,6,'2021-11-14 17:52:08','2021-11-14 17:52:08','2021-11-14 10:02:02'),(62,8,'OBJ 4',6,6,'2021-11-14 17:52:08','2021-11-14 17:52:08','2021-11-14 10:02:02'),(63,8,'OBJ 1',6,6,'2021-11-14 18:02:02','2021-11-14 18:02:02','2021-11-14 10:11:53'),(64,8,'OBJ 4',6,6,'2021-11-14 18:02:02','2021-11-14 18:02:02','2021-11-14 10:11:53'),(65,8,'OBJ 1',6,6,'2021-11-14 18:11:53','2021-11-14 18:11:53','2021-11-14 10:45:02'),(66,8,'OBJ 4',6,6,'2021-11-14 18:11:53','2021-11-14 18:11:53','2021-11-14 10:45:02'),(67,8,'OBJ 1',6,6,'2021-11-14 18:45:02','2021-11-14 18:45:02','2021-11-14 10:45:15'),(68,8,'OBJ 4',6,6,'2021-11-14 18:45:02','2021-11-14 18:45:02','2021-11-14 10:45:15'),(69,8,'OBJ 1',6,6,'2021-11-14 18:45:15','2021-11-14 18:45:15',NULL),(70,8,'OBJ 4',6,6,'2021-11-14 18:45:15','2021-11-14 18:45:15',NULL),(71,12,'OBJEKTIF 1',6,6,'2021-11-17 16:36:47','2021-11-17 16:36:47',NULL),(72,9,'OBJEKTIF 1',6,6,'2021-11-17 16:40:28','2021-11-17 16:40:28',NULL),(73,13,'TUJUAN 1',6,6,'2021-11-17 16:43:41','2021-11-17 16:43:41',NULL);

--
-- Table structure for table `permohonan_option`
--

CREATE TABLE `permohonan_option` (
  `permohonan_option_id` bigint(20) NOT NULL AUTO_INCREMENT,
  `permohonan_id` bigint(20) NOT NULL,
  `option_no` int(11) NOT NULL DEFAULT '1',
  `is_main` int(11) NOT NULL DEFAULT '0',
  `main_id` bigint(11) DEFAULT NULL,
  `option_desc` varchar(255) DEFAULT NULL,
  `recommended` int(11) NOT NULL DEFAULT '0',
  `created_by` int(11) NOT NULL,
  `updated_by` int(11) NOT NULL,
  `created_at` timestamp NULL DEFAULT NULL,
  `updated_at` timestamp NOT NULL DEFAULT CURRENT_TIMESTAMP,
  `deleted_at` timestamp NULL DEFAULT NULL,
  PRIMARY KEY (`permohonan_option_id`),
  KEY `idx_permohonanoption_permohonanid` (`permohonan_id`),
  KEY `idx_permohonanoption_recommended` (`recommended`),
  KEY `idx_permohonanoption_createdby` (`created_by`),
  KEY `idx_permohonanoption_updatedby` (`updated_by`),
  KEY `idx_permohonanoption_ismain` (`is_main`),
  KEY `idx_permohonanoption_mainid` (`main_id`),
  KEY `idx_permohonanoption_optionno` (`option_no`)
) ENGINE=InnoDB AUTO_INCREMENT=271 DEFAULT CHARSET=latin1;

--
-- Dumping data for table `permohonan_option`
--

INSERT INTO `permohonan_option` VALUES (1,8,1,1,NULL,'test opt 1',0,6,6,'2021-11-14 08:12:45','2021-11-14 08:12:45','2021-11-14 00:13:20'),(2,8,1,0,1,'A',0,6,6,'2021-11-14 08:12:45','2021-11-14 08:12:45','2021-11-14 00:13:20'),(3,8,1,0,1,'B',0,6,6,'2021-11-14 08:12:45','2021-11-14 08:12:45','2021-11-14 00:13:20'),(4,8,1,0,1,'C',0,6,6,'2021-11-14 08:12:45','2021-11-14 08:12:45','2021-11-14 00:13:20'),(5,8,2,1,NULL,'test opt 2',0,6,6,'2021-11-14 08:12:45','2021-11-14 08:12:45','2021-11-14 00:13:20'),(6,8,2,0,5,'D',0,6,6,'2021-11-14 08:12:45','2021-11-14 08:12:45','2021-11-14 00:13:20'),(7,8,2,0,5,'E',0,6,6,'2021-11-14 08:12:45','2021-11-14 08:12:45','2021-11-14 00:13:20'),(8,8,3,1,NULL,'test opt 3',0,6,6,'2021-11-14 08:12:45','2021-11-14 08:12:45','2021-11-14 00:13:20'),(9,8,3,0,8,'F',0,6,6,'2021-11-14 08:12:45','2021-11-14 08:12:45','2021-11-14 00:13:20'),(10,8,3,0,8,'G',0,6,6,'2021-11-14 08:12:45','2021-11-14 08:12:45','2021-11-14 00:13:20'),(11,8,3,0,8,'H',0,6,6,'2021-11-14 08:12:45','2021-11-14 08:12:45','2021-11-14 00:13:20'),(12,8,1,1,NULL,'test opt 1',0,6,6,'2021-11-14 08:13:20','2021-11-14 08:13:20','2021-11-14 00:18:21'),(13,8,1,0,12,'A',0,6,6,'2021-11-14 08:13:20','2021-11-14 08:13:20','2021-11-14 00:18:21'),(14,8,1,0,12,'B',0,6,6,'2021-11-14 08:13:20','2021-11-14 08:13:20','2021-11-14 00:18:21'),(15,8,1,0,12,'C',0,6,6,'2021-11-14 08:13:20','2021-11-14 08:13:20','2021-11-14 00:18:21'),(16,8,2,1,NULL,'test opt 2',0,6,6,'2021-11-14 08:13:20','2021-11-14 08:13:20','2021-11-14 00:18:21'),(17,8,2,0,16,'D',0,6,6,'2021-11-14 08:13:20','2021-11-14 08:13:20','2021-11-14 00:18:21'),(18,8,2,0,16,'E',0,6,6,'2021-11-14 08:13:20','2021-11-14 08:13:20','2021-11-14 00:18:21'),(19,8,3,1,NULL,'test opt 3',0,6,6,'2021-11-14 08:13:20','2021-11-14 08:13:20','2021-11-14 00:18:21'),(20,8,3,0,19,'F',0,6,6,'2021-11-14 08:13:20','2021-11-14 08:13:20','2021-11-14 00:18:21'),(21,8,3,0,19,'G',0,6,6,'2021-11-14 08:13:20','2021-11-14 08:13:20','2021-11-14 00:18:21'),(22,8,3,0,19,'H',0,6,6,'2021-11-14 08:13:20','2021-11-14 08:13:20','2021-11-14 00:18:21'),(23,8,1,1,NULL,'test opt 1',0,6,6,'2021-11-14 08:18:21','2021-11-14 08:18:21','2021-11-14 00:18:34'),(24,8,1,0,23,'A',0,6,6,'2021-11-14 08:18:21','2021-11-14 08:18:21','2021-11-14 00:18:34'),(25,8,1,0,23,'AA',0,6,6,'2021-11-14 08:18:21','2021-11-14 08:18:21','2021-11-14 00:18:34'),(26,8,1,0,23,'AAA',0,6,6,'2021-11-14 08:18:21','2021-11-14 08:18:21','2021-11-14 00:18:34'),(27,8,1,0,23,'AAAA',0,6,6,'2021-11-14 08:18:21','2021-11-14 08:18:21','2021-11-14 00:18:34'),(28,8,2,1,NULL,'test opt 2',0,6,6,'2021-11-14 08:18:21','2021-11-14 08:18:21','2021-11-14 00:18:34'),(29,8,2,0,28,'DD',0,6,6,'2021-11-14 08:18:21','2021-11-14 08:18:21','2021-11-14 00:18:34'),(30,8,2,0,28,'DDD',0,6,6,'2021-11-14 08:18:21','2021-11-14 08:18:21','2021-11-14 00:18:34'),(31,8,3,1,NULL,'test opt 3',0,6,6,'2021-11-14 08:18:21','2021-11-14 08:18:21','2021-11-14 00:18:34'),(32,8,3,0,31,'FFF',0,6,6,'2021-11-14 08:18:21','2021-11-14 08:18:21','2021-11-14 00:18:34'),(33,8,3,0,31,'FFFF',0,6,6,'2021-11-14 08:18:21','2021-11-14 08:18:21','2021-11-14 00:18:34'),(34,8,3,0,31,'FFFFF',0,6,6,'2021-11-14 08:18:21','2021-11-14 08:18:21','2021-11-14 00:18:34'),(35,8,1,1,NULL,'test opt 1',0,6,6,'2021-11-14 08:18:34','2021-11-14 08:18:34','2021-11-14 00:30:44'),(36,8,1,0,35,'A',0,6,6,'2021-11-14 08:18:34','2021-11-14 08:18:34','2021-11-14 00:30:44'),(37,8,1,0,35,'AA',0,6,6,'2021-11-14 08:18:34','2021-11-14 08:18:34','2021-11-14 00:30:44'),(38,8,1,0,35,'AAA',0,6,6,'2021-11-14 08:18:34','2021-11-14 08:18:34','2021-11-14 00:30:44'),(39,8,1,0,35,'AAAA',0,6,6,'2021-11-14 08:18:34','2021-11-14 08:18:34','2021-11-14 00:30:44'),(40,8,2,1,NULL,'test opt 2',0,6,6,'2021-11-14 08:18:34','2021-11-14 08:18:34','2021-11-14 00:30:44'),(41,8,2,0,40,'DD',0,6,6,'2021-11-14 08:18:34','2021-11-14 08:18:34','2021-11-14 00:30:44'),(42,8,2,0,40,'DDD',0,6,6,'2021-11-14 08:18:34','2021-11-14 08:18:34','2021-11-14 00:30:44'),(43,8,1,1,NULL,'test opt 1',0,6,6,'2021-11-14 08:30:44','2021-11-14 08:30:44','2021-11-14 00:50:35'),(44,8,1,0,43,'A',0,6,6,'2021-11-14 08:30:44','2021-11-14 08:30:44','2021-11-14 00:50:35'),(45,8,1,0,43,'AA',0,6,6,'2021-11-14 08:30:44','2021-11-14 08:30:44','2021-11-14 00:50:35'),(46,8,1,0,43,'AAA',0,6,6,'2021-11-14 08:30:44','2021-11-14 08:30:44','2021-11-14 00:50:35'),(47,8,1,0,43,'AAAA',0,6,6,'2021-11-14 08:30:44','2021-11-14 08:30:44','2021-11-14 00:50:35'),(48,8,2,1,NULL,'test opt 2',1,6,6,'2021-11-14 08:30:44','2021-11-14 08:30:44','2021-11-14 00:50:35'),(49,8,2,0,48,'DD',1,6,6,'2021-11-14 08:30:44','2021-11-14 08:30:44','2021-11-14 00:50:35'),(50,8,2,0,48,'DDD',1,6,6,'2021-11-14 08:30:44','2021-11-14 08:30:44','2021-11-14 00:50:35'),(51,8,1,1,NULL,'test opt 1',1,6,6,'2021-11-14 08:50:35','2021-11-14 08:50:35','2021-11-14 00:57:37'),(52,8,1,0,51,'A',1,6,6,'2021-11-14 08:50:35','2021-11-14 08:50:35','2021-11-14 00:57:37'),(53,8,1,0,51,'AA',1,6,6,'2021-11-14 08:50:35','2021-11-14 08:50:35','2021-11-14 00:57:37'),(54,8,1,0,51,'AAA',1,6,6,'2021-11-14 08:50:35','2021-11-14 08:50:35','2021-11-14 00:57:37'),(55,8,1,0,51,'AAAA',1,6,6,'2021-11-14 08:50:35','2021-11-14 08:50:35','2021-11-14 00:57:37'),(56,8,2,1,NULL,'test opt 2',0,6,6,'2021-11-14 08:50:35','2021-11-14 08:50:35','2021-11-14 00:57:37'),(57,8,2,0,56,'DD',0,6,6,'2021-11-14 08:50:35','2021-11-14 08:50:35','2021-11-14 00:57:37'),(58,8,2,0,56,'DDD',0,6,6,'2021-11-14 08:50:35','2021-11-14 08:50:35','2021-11-14 00:57:37'),(59,8,3,1,NULL,NULL,0,6,6,'2021-11-14 08:50:35','2021-11-14 08:50:35','2021-11-14 00:57:37'),(60,8,3,0,59,NULL,0,6,6,'2021-11-14 08:50:35','2021-11-14 08:50:35','2021-11-14 00:57:37'),(61,8,1,1,NULL,'test opt 1',0,6,6,'2021-11-14 08:57:37','2021-11-14 08:57:37','2021-11-14 00:57:46'),(62,8,1,0,61,'A',0,6,6,'2021-11-14 08:57:37','2021-11-14 08:57:37','2021-11-14 00:57:46'),(63,8,1,0,61,'AA',0,6,6,'2021-11-14 08:57:37','2021-11-14 08:57:37','2021-11-14 00:57:46'),(64,8,1,0,61,'AAA',0,6,6,'2021-11-14 08:57:37','2021-11-14 08:57:37','2021-11-14 00:57:46'),(65,8,1,0,61,'AAAA',0,6,6,'2021-11-14 08:57:37','2021-11-14 08:57:37','2021-11-14 00:57:46'),(66,8,2,1,NULL,'test opt 2',1,6,6,'2021-11-14 08:57:37','2021-11-14 08:57:37','2021-11-14 00:57:46'),(67,8,2,0,66,'DD',1,6,6,'2021-11-14 08:57:37','2021-11-14 08:57:37','2021-11-14 00:57:46'),(68,8,2,0,66,'DDD',1,6,6,'2021-11-14 08:57:37','2021-11-14 08:57:37','2021-11-14 00:57:46'),(69,8,3,1,NULL,'sasas',0,6,6,'2021-11-14 08:57:37','2021-11-14 08:57:37','2021-11-14 00:57:46'),(70,8,3,0,69,'saaaasasgfgffg',0,6,6,'2021-11-14 08:57:37','2021-11-14 08:57:37','2021-11-14 00:57:46'),(71,8,1,1,NULL,'test opt 1',1,6,6,'2021-11-14 08:57:46','2021-11-14 08:57:46','2021-11-14 08:53:00'),(72,8,1,0,71,'A',1,6,6,'2021-11-14 08:57:46','2021-11-14 08:57:46','2021-11-14 08:53:00'),(73,8,1,0,71,'AA',1,6,6,'2021-11-14 08:57:46','2021-11-14 08:57:46','2021-11-14 08:53:00'),(74,8,1,0,71,'AAA',1,6,6,'2021-11-14 08:57:46','2021-11-14 08:57:46','2021-11-14 08:53:00'),(75,8,1,0,71,'AAAA',1,6,6,'2021-11-14 08:57:46','2021-11-14 08:57:46','2021-11-14 08:53:00'),(76,8,2,1,NULL,'test opt 2',0,6,6,'2021-11-14 08:57:46','2021-11-14 08:57:46','2021-11-14 08:53:00'),(77,8,2,0,76,'DD',0,6,6,'2021-11-14 08:57:46','2021-11-14 08:57:46','2021-11-14 08:53:00'),(78,8,2,0,76,'DDD',0,6,6,'2021-11-14 08:57:46','2021-11-14 08:57:46','2021-11-14 08:53:00'),(79,8,3,1,NULL,'sasas',0,6,6,'2021-11-14 08:57:46','2021-11-14 08:57:46','2021-11-14 08:53:00'),(80,8,3,0,79,'saaaasasgfgffg',0,6,6,'2021-11-14 08:57:46','2021-11-14 08:57:46','2021-11-14 08:53:00'),(81,8,1,1,NULL,'test opt 1',1,6,6,'2021-11-14 16:53:00','2021-11-14 16:53:00','2021-11-14 08:56:22'),(82,8,1,0,81,'A',1,6,6,'2021-11-14 16:53:00','2021-11-14 16:53:00','2021-11-14 08:56:22'),(83,8,1,0,81,'AA',1,6,6,'2021-11-14 16:53:00','2021-11-14 16:53:00','2021-11-14 08:56:22'),(84,8,1,0,81,'AAA',1,6,6,'2021-11-14 16:53:00','2021-11-14 16:53:00','2021-11-14 08:56:22'),(85,8,1,0,81,'AAAA',1,6,6,'2021-11-14 16:53:00','2021-11-14 16:53:00','2021-11-14 08:56:22'),(86,8,2,1,NULL,'test opt 2',0,6,6,'2021-11-14 16:53:00','2021-11-14 16:53:00','2021-11-14 08:56:22'),(87,8,2,0,86,'DD',0,6,6,'2021-11-14 16:53:00','2021-11-14 16:53:00','2021-11-14 08:56:22'),(88,8,2,0,86,'DDD',0,6,6,'2021-11-14 16:53:00','2021-11-14 16:53:00','2021-11-14 08:56:22'),(89,8,3,1,NULL,'sasas',0,6,6,'2021-11-14 16:53:00','2021-11-14 16:53:00','2021-11-14 08:56:22'),(90,8,3,0,89,'EEEEEEE',0,6,6,'2021-11-14 16:53:00','2021-11-14 16:53:00','2021-11-14 08:56:22'),(91,8,3,0,89,'eefffeeeff',0,6,6,'2021-11-14 16:53:00','2021-11-14 16:53:00','2021-11-14 08:56:22'),(92,8,1,1,NULL,'test opt 1',1,6,6,'2021-11-14 16:56:22','2021-11-14 16:56:22','2021-11-14 08:58:11'),(93,8,1,0,92,'A',1,6,6,'2021-11-14 16:56:22','2021-11-14 16:56:22','2021-11-14 08:58:11'),(94,8,1,0,92,'AA',1,6,6,'2021-11-14 16:56:22','2021-11-14 16:56:22','2021-11-14 08:58:11'),(95,8,1,0,92,'AAA',1,6,6,'2021-11-14 16:56:22','2021-11-14 16:56:22','2021-11-14 08:58:11'),(96,8,1,0,92,'AAAA',1,6,6,'2021-11-14 16:56:22','2021-11-14 16:56:22','2021-11-14 08:58:11'),(97,8,2,1,NULL,'test opt 2',0,6,6,'2021-11-14 16:56:22','2021-11-14 16:56:22','2021-11-14 08:58:11'),(98,8,2,0,97,'DD',0,6,6,'2021-11-14 16:56:22','2021-11-14 16:56:22','2021-11-14 08:58:11'),(99,8,2,0,97,'DDD',0,6,6,'2021-11-14 16:56:22','2021-11-14 16:56:22','2021-11-14 08:58:11'),(100,8,3,1,NULL,'sasas',0,6,6,'2021-11-14 16:56:22','2021-11-14 16:56:22','2021-11-14 08:58:11'),(101,8,3,0,100,'EEEEEEE',0,6,6,'2021-11-14 16:56:22','2021-11-14 16:56:22','2021-11-14 08:58:11'),(102,8,3,0,100,'eefffeeeff',0,6,6,'2021-11-14 16:56:22','2021-11-14 16:56:22','2021-11-14 08:58:11'),(103,8,1,1,NULL,'test opt 1',1,6,6,'2021-11-14 16:58:11','2021-11-14 16:58:11','2021-11-14 08:58:20'),(104,8,1,0,103,'A',1,6,6,'2021-11-14 16:58:11','2021-11-14 16:58:11','2021-11-14 08:58:20'),(105,8,1,0,103,'AA',1,6,6,'2021-11-14 16:58:11','2021-11-14 16:58:11','2021-11-14 08:58:20'),(106,8,1,0,103,'AAA',1,6,6,'2021-11-14 16:58:11','2021-11-14 16:58:11','2021-11-14 08:58:20'),(107,8,1,0,103,'AAAA',1,6,6,'2021-11-14 16:58:11','2021-11-14 16:58:11','2021-11-14 08:58:20'),(108,8,2,1,NULL,'test opt 2',0,6,6,'2021-11-14 16:58:11','2021-11-14 16:58:11','2021-11-14 08:58:20'),(109,8,2,0,108,'DD',0,6,6,'2021-11-14 16:58:11','2021-11-14 16:58:11','2021-11-14 08:58:20'),(110,8,2,0,108,'DDD',0,6,6,'2021-11-14 16:58:11','2021-11-14 16:58:11','2021-11-14 08:58:20'),(111,8,3,1,NULL,'sasas',0,6,6,'2021-11-14 16:58:11','2021-11-14 16:58:11','2021-11-14 08:58:20'),(112,8,3,0,111,'EEEEEEE',0,6,6,'2021-11-14 16:58:11','2021-11-14 16:58:11','2021-11-14 08:58:20'),(113,8,3,0,111,'eefffeeeff',0,6,6,'2021-11-14 16:58:11','2021-11-14 16:58:11','2021-11-14 08:58:20'),(114,8,1,1,NULL,'test opt 1',1,6,6,'2021-11-14 16:58:20','2021-11-14 16:58:20','2021-11-14 08:58:49'),(115,8,1,0,114,'A',1,6,6,'2021-11-14 16:58:20','2021-11-14 16:58:20','2021-11-14 08:58:49'),(116,8,1,0,114,'AA',1,6,6,'2021-11-14 16:58:20','2021-11-14 16:58:20','2021-11-14 08:58:49'),(117,8,1,0,114,'AAA',1,6,6,'2021-11-14 16:58:20','2021-11-14 16:58:20','2021-11-14 08:58:49'),(118,8,1,0,114,'AAAA',1,6,6,'2021-11-14 16:58:20','2021-11-14 16:58:20','2021-11-14 08:58:49'),(119,8,2,1,NULL,'test opt 2',0,6,6,'2021-11-14 16:58:20','2021-11-14 16:58:20','2021-11-14 08:58:49'),(120,8,2,0,119,'DD',0,6,6,'2021-11-14 16:58:20','2021-11-14 16:58:20','2021-11-14 08:58:49'),(121,8,2,0,119,'DDD',0,6,6,'2021-11-14 16:58:20','2021-11-14 16:58:20','2021-11-14 08:58:49'),(122,8,3,1,NULL,'sasas',0,6,6,'2021-11-14 16:58:20','2021-11-14 16:58:20','2021-11-14 08:58:49'),(123,8,3,0,122,'EEEEEEE',0,6,6,'2021-11-14 16:58:20','2021-11-14 16:58:20','2021-11-14 08:58:49'),(124,8,3,0,122,'eefffeeeff',0,6,6,'2021-11-14 16:58:20','2021-11-14 16:58:20','2021-11-14 08:58:49'),(125,8,1,1,NULL,'test opt 1',1,6,6,'2021-11-14 16:58:49','2021-11-14 16:58:49','2021-11-14 08:59:12'),(126,8,1,0,125,'A',1,6,6,'2021-11-14 16:58:49','2021-11-14 16:58:49','2021-11-14 08:59:12'),(127,8,1,0,125,'AA',1,6,6,'2021-11-14 16:58:49','2021-11-14 16:58:49','2021-11-14 08:59:12'),(128,8,1,0,125,'AAA',1,6,6,'2021-11-14 16:58:49','2021-11-14 16:58:49','2021-11-14 08:59:12'),(129,8,1,0,125,'AAAA',1,6,6,'2021-11-14 16:58:49','2021-11-14 16:58:49','2021-11-14 08:59:12'),(130,8,2,1,NULL,'test opt 2',0,6,6,'2021-11-14 16:58:49','2021-11-14 16:58:49','2021-11-14 08:59:12'),(131,8,2,0,130,'DD',0,6,6,'2021-11-14 16:58:49','2021-11-14 16:58:49','2021-11-14 08:59:12'),(132,8,2,0,130,'DDD',0,6,6,'2021-11-14 16:58:49','2021-11-14 16:58:49','2021-11-14 08:59:12'),(133,8,3,1,NULL,'sasas',0,6,6,'2021-11-14 16:58:49','2021-11-14 16:58:49','2021-11-14 08:59:12'),(134,8,3,0,133,'EEEEEEE',0,6,6,'2021-11-14 16:58:49','2021-11-14 16:58:49','2021-11-14 08:59:12'),(135,8,3,0,133,'eefffeeeff',0,6,6,'2021-11-14 16:58:49','2021-11-14 16:58:49','2021-11-14 08:59:12'),(136,8,1,1,NULL,'test opt 1',1,6,6,'2021-11-14 16:59:12','2021-11-14 16:59:12','2021-11-14 09:01:50'),(137,8,1,0,136,'A',1,6,6,'2021-11-14 16:59:12','2021-11-14 16:59:12','2021-11-14 09:01:50'),(138,8,1,0,136,'AA',1,6,6,'2021-11-14 16:59:12','2021-11-14 16:59:12','2021-11-14 09:01:50'),(139,8,1,0,136,'AAA',1,6,6,'2021-11-14 16:59:12','2021-11-14 16:59:12','2021-11-14 09:01:50'),(140,8,1,0,136,'AAAA',1,6,6,'2021-11-14 16:59:12','2021-11-14 16:59:12','2021-11-14 09:01:50'),(141,8,2,1,NULL,'test opt 2',0,6,6,'2021-11-14 16:59:12','2021-11-14 16:59:12','2021-11-14 09:01:50'),(142,8,2,0,141,'DD',0,6,6,'2021-11-14 16:59:12','2021-11-14 16:59:12','2021-11-14 09:01:50'),(143,8,2,0,141,'DDD',0,6,6,'2021-11-14 16:59:12','2021-11-14 16:59:12','2021-11-14 09:01:50'),(144,8,3,1,NULL,'sasas',0,6,6,'2021-11-14 16:59:12','2021-11-14 16:59:12','2021-11-14 09:01:50'),(145,8,3,0,144,'EEEEEEE',0,6,6,'2021-11-14 16:59:12','2021-11-14 16:59:12','2021-11-14 09:01:50'),(146,8,3,0,144,'eefffeeeff',0,6,6,'2021-11-14 16:59:12','2021-11-14 16:59:12','2021-11-14 09:01:50'),(147,8,1,1,NULL,'test opt 1',1,6,6,'2021-11-14 17:01:50','2021-11-14 17:01:50','2021-11-14 09:07:20'),(148,8,1,0,147,'A',1,6,6,'2021-11-14 17:01:50','2021-11-14 17:01:50','2021-11-14 09:07:20'),(149,8,1,0,147,'AA',1,6,6,'2021-11-14 17:01:50','2021-11-14 17:01:50','2021-11-14 09:07:20'),(150,8,1,0,147,'AAA',1,6,6,'2021-11-14 17:01:50','2021-11-14 17:01:50','2021-11-14 09:07:20'),(151,8,1,0,147,'AAAA',1,6,6,'2021-11-14 17:01:50','2021-11-14 17:01:50','2021-11-14 09:07:20'),(152,8,2,1,NULL,'test opt 2',0,6,6,'2021-11-14 17:01:50','2021-11-14 17:01:50','2021-11-14 09:07:20'),(153,8,2,0,152,'DD',0,6,6,'2021-11-14 17:01:50','2021-11-14 17:01:50','2021-11-14 09:07:20'),(154,8,2,0,152,'DDD',0,6,6,'2021-11-14 17:01:50','2021-11-14 17:01:50','2021-11-14 09:07:20'),(155,8,3,1,NULL,'sasas',0,6,6,'2021-11-14 17:01:50','2021-11-14 17:01:50','2021-11-14 09:07:20'),(156,8,3,0,155,'EEEEEEE',0,6,6,'2021-11-14 17:01:50','2021-11-14 17:01:50','2021-11-14 09:07:20'),(157,8,3,0,155,'eefffeeeff',0,6,6,'2021-11-14 17:01:50','2021-11-14 17:01:50','2021-11-14 09:07:20'),(158,8,1,1,NULL,'test opt 1',1,6,6,'2021-11-14 17:07:20','2021-11-14 17:07:20','2021-11-14 09:24:58'),(159,8,1,0,158,'A',1,6,6,'2021-11-14 17:07:20','2021-11-14 17:07:20','2021-11-14 09:24:58'),(160,8,1,0,158,'AA',1,6,6,'2021-11-14 17:07:20','2021-11-14 17:07:20','2021-11-14 09:24:58'),(161,8,1,0,158,'AAA',1,6,6,'2021-11-14 17:07:20','2021-11-14 17:07:20','2021-11-14 09:24:58'),(162,8,1,0,158,'AAAA',1,6,6,'2021-11-14 17:07:20','2021-11-14 17:07:20','2021-11-14 09:24:58'),(163,8,2,1,NULL,'test opt 2',0,6,6,'2021-11-14 17:07:20','2021-11-14 17:07:20','2021-11-14 09:24:58'),(164,8,2,0,163,'DD',0,6,6,'2021-11-14 17:07:20','2021-11-14 17:07:20','2021-11-14 09:24:58'),(165,8,2,0,163,'DDD',0,6,6,'2021-11-14 17:07:20','2021-11-14 17:07:20','2021-11-14 09:24:58'),(166,8,3,1,NULL,'sasas',0,6,6,'2021-11-14 17:07:20','2021-11-14 17:07:20','2021-11-14 09:24:58'),(167,8,3,0,166,'EEEEEEE',0,6,6,'2021-11-14 17:07:20','2021-11-14 17:07:20','2021-11-14 09:24:58'),(168,8,3,0,166,'eefffeeeff',0,6,6,'2021-11-14 17:07:20','2021-11-14 17:07:20','2021-11-14 09:24:58'),(169,8,1,1,NULL,'test opt 1',1,6,6,'2021-11-14 17:24:58','2021-11-14 17:24:58','2021-11-14 09:37:38'),(170,8,1,0,169,'A',1,6,6,'2021-11-14 17:24:58','2021-11-14 17:24:58','2021-11-14 09:37:38'),(171,8,1,0,169,'AA',1,6,6,'2021-11-14 17:24:58','2021-11-14 17:24:58','2021-11-14 09:37:38'),(172,8,1,0,169,'AAA',1,6,6,'2021-11-14 17:24:58','2021-11-14 17:24:58','2021-11-14 09:37:38'),(173,8,1,0,169,'AAAA',1,6,6,'2021-11-14 17:24:58','2021-11-14 17:24:58','2021-11-14 09:37:38'),(174,8,2,1,NULL,'test opt 2',0,6,6,'2021-11-14 17:24:58','2021-11-14 17:24:58','2021-11-14 09:37:38'),(175,8,2,0,174,'DD',0,6,6,'2021-11-14 17:24:58','2021-11-14 17:24:58','2021-11-14 09:37:38'),(176,8,2,0,174,'DDD',0,6,6,'2021-11-14 17:24:58','2021-11-14 17:24:58','2021-11-14 09:37:38'),(177,8,3,1,NULL,'sasas',0,6,6,'2021-11-14 17:24:58','2021-11-14 17:24:58','2021-11-14 09:37:38'),(178,8,3,0,177,'EEEEEEE',0,6,6,'2021-11-14 17:24:58','2021-11-14 17:24:58','2021-11-14 09:37:38'),(179,8,3,0,177,'eefffeeeff',0,6,6,'2021-11-14 17:24:58','2021-11-14 17:24:58','2021-11-14 09:37:38'),(180,8,1,1,NULL,'test opt 1',1,6,6,'2021-11-14 17:37:38','2021-11-14 17:37:38','2021-11-14 09:38:05'),(181,8,1,0,180,'A',1,6,6,'2021-11-14 17:37:38','2021-11-14 17:37:38','2021-11-14 09:38:05'),(182,8,1,0,180,'AA',1,6,6,'2021-11-14 17:37:38','2021-11-14 17:37:38','2021-11-14 09:38:05'),(183,8,1,0,180,'AAA',1,6,6,'2021-11-14 17:37:38','2021-11-14 17:37:38','2021-11-14 09:38:05'),(184,8,1,0,180,'AAAA',1,6,6,'2021-11-14 17:37:38','2021-11-14 17:37:38','2021-11-14 09:38:05'),(185,8,2,1,NULL,'test opt 2',0,6,6,'2021-11-14 17:37:38','2021-11-14 17:37:38','2021-11-14 09:38:05'),(186,8,2,0,185,'DD',0,6,6,'2021-11-14 17:37:38','2021-11-14 17:37:38','2021-11-14 09:38:05'),(187,8,2,0,185,'DDD',0,6,6,'2021-11-14 17:37:38','2021-11-14 17:37:38','2021-11-14 09:38:05'),(188,8,3,1,NULL,'sasas',0,6,6,'2021-11-14 17:37:38','2021-11-14 17:37:38','2021-11-14 09:38:05'),(189,8,3,0,188,'EEEEEEE',0,6,6,'2021-11-14 17:37:38','2021-11-14 17:37:38','2021-11-14 09:38:05'),(190,8,3,0,188,'eefffeeeff',0,6,6,'2021-11-14 17:37:38','2021-11-14 17:37:38','2021-11-14 09:38:05'),(191,8,1,1,NULL,'test opt 1',1,6,6,'2021-11-14 17:38:05','2021-11-14 17:38:05','2021-11-14 09:52:08'),(192,8,1,0,191,'A',1,6,6,'2021-11-14 17:38:05','2021-11-14 17:38:05','2021-11-14 09:52:08'),(193,8,1,0,191,'AA',1,6,6,'2021-11-14 17:38:05','2021-11-14 17:38:05','2021-11-14 09:52:08'),(194,8,1,0,191,'AAA',1,6,6,'2021-11-14 17:38:05','2021-11-14 17:38:05','2021-11-14 09:52:08'),(195,8,1,0,191,'AAAA',1,6,6,'2021-11-14 17:38:05','2021-11-14 17:38:05','2021-11-14 09:52:08'),(196,8,2,1,NULL,'test opt 2',0,6,6,'2021-11-14 17:38:05','2021-11-14 17:38:05','2021-11-14 09:52:08'),(197,8,2,0,196,'DD',0,6,6,'2021-11-14 17:38:05','2021-11-14 17:38:05','2021-11-14 09:52:08'),(198,8,2,0,196,'DDD',0,6,6,'2021-11-14 17:38:05','2021-11-14 17:38:05','2021-11-14 09:52:08'),(199,8,3,1,NULL,'sasas',0,6,6,'2021-11-14 17:38:05','2021-11-14 17:38:05','2021-11-14 09:52:08'),(200,8,3,0,199,'EEEEEEE',0,6,6,'2021-11-14 17:38:05','2021-11-14 17:38:05','2021-11-14 09:52:08'),(201,8,3,0,199,'eefffeeeff',0,6,6,'2021-11-14 17:38:05','2021-11-14 17:38:05','2021-11-14 09:52:08'),(202,8,1,1,NULL,'test opt 1',0,6,6,'2021-11-14 17:52:08','2021-11-14 17:52:08','2021-11-14 10:02:02'),(203,8,1,0,202,'A',0,6,6,'2021-11-14 17:52:08','2021-11-14 17:52:08','2021-11-14 10:02:02'),(204,8,1,0,202,'AA',0,6,6,'2021-11-14 17:52:08','2021-11-14 17:52:08','2021-11-14 10:02:02'),(205,8,1,0,202,'AAA',0,6,6,'2021-11-14 17:52:08','2021-11-14 17:52:08','2021-11-14 10:02:02'),(206,8,1,0,202,'AAAA',0,6,6,'2021-11-14 17:52:08','2021-11-14 17:52:08','2021-11-14 10:02:02'),(207,8,2,1,NULL,'test opt 2',0,6,6,'2021-11-14 17:52:08','2021-11-14 17:52:08','2021-11-14 10:02:02'),(208,8,2,0,207,'DD',0,6,6,'2021-11-14 17:52:08','2021-11-14 17:52:08','2021-11-14 10:02:02'),(209,8,2,0,207,'DDD',0,6,6,'2021-11-14 17:52:08','2021-11-14 17:52:08','2021-11-14 10:02:02'),(210,8,3,1,NULL,'sasas',1,6,6,'2021-11-14 17:52:08','2021-11-14 17:52:08','2021-11-14 10:02:02'),(211,8,3,0,210,'EEEEEEE',1,6,6,'2021-11-14 17:52:08','2021-11-14 17:52:08','2021-11-14 10:02:02'),(212,8,3,0,210,'eefffeeeff',1,6,6,'2021-11-14 17:52:08','2021-11-14 17:52:08','2021-11-14 10:02:02'),(213,9,1,1,NULL,'test 1111',0,6,6,'2021-11-14 17:57:51','2021-11-14 17:57:51','2021-11-17 08:40:28'),(214,9,1,0,213,'sub test 11111',0,6,6,'2021-11-14 17:57:51','2021-11-14 17:57:51','2021-11-17 08:40:28'),(215,8,1,1,NULL,'test opt 1',0,6,6,'2021-11-14 18:02:02','2021-11-14 18:02:02','2021-11-14 10:11:54'),(216,8,1,0,215,'A',0,6,6,'2021-11-14 18:02:02','2021-11-14 18:02:02','2021-11-14 10:11:54'),(217,8,1,0,215,'AA',0,6,6,'2021-11-14 18:02:02','2021-11-14 18:02:02','2021-11-14 10:11:54'),(218,8,1,0,215,'AAA',0,6,6,'2021-11-14 18:02:02','2021-11-14 18:02:02','2021-11-14 10:11:54'),(219,8,1,0,215,'AAAA',0,6,6,'2021-11-14 18:02:02','2021-11-14 18:02:02','2021-11-14 10:11:54'),(220,8,2,1,NULL,'test opt 2',1,6,6,'2021-11-14 18:02:02','2021-11-14 18:02:02','2021-11-14 10:11:54'),(221,8,2,0,220,'DD',1,6,6,'2021-11-14 18:02:02','2021-11-14 18:02:02','2021-11-14 10:11:54'),(222,8,2,0,220,'DDD',1,6,6,'2021-11-14 18:02:02','2021-11-14 18:02:02','2021-11-14 10:11:54'),(223,8,3,1,NULL,'sasas',0,6,6,'2021-11-14 18:02:02','2021-11-14 18:02:02','2021-11-14 10:11:54'),(224,8,3,0,223,'EEEEEEE',0,6,6,'2021-11-14 18:02:02','2021-11-14 18:02:02','2021-11-14 10:11:54'),(225,8,3,0,223,'eefffeeeff',0,6,6,'2021-11-14 18:02:02','2021-11-14 18:02:02','2021-11-14 10:11:54'),(226,8,1,1,NULL,'test opt 1',1,6,6,'2021-11-14 18:11:54','2021-11-14 18:11:54','2021-11-14 10:45:02'),(227,8,1,0,226,'A',1,6,6,'2021-11-14 18:11:54','2021-11-14 18:11:54','2021-11-14 10:45:02'),(228,8,1,0,226,'AA',1,6,6,'2021-11-14 18:11:54','2021-11-14 18:11:54','2021-11-14 10:45:02'),(229,8,1,0,226,'AAA',1,6,6,'2021-11-14 18:11:54','2021-11-14 18:11:54','2021-11-14 10:45:02'),(230,8,1,0,226,'AAAA',1,6,6,'2021-11-14 18:11:54','2021-11-14 18:11:54','2021-11-14 10:45:02'),(231,8,2,1,NULL,'test opt 2',0,6,6,'2021-11-14 18:11:54','2021-11-14 18:11:54','2021-11-14 10:45:02'),(232,8,2,0,231,'DD',0,6,6,'2021-11-14 18:11:54','2021-11-14 18:11:54','2021-11-14 10:45:02'),(233,8,2,0,231,'DDD',0,6,6,'2021-11-14 18:11:54','2021-11-14 18:11:54','2021-11-14 10:45:02'),(234,8,3,1,NULL,'sasas',0,6,6,'2021-11-14 18:11:54','2021-11-14 18:11:54','2021-11-14 10:45:02'),(235,8,3,0,234,'EEEEEEE',0,6,6,'2021-11-14 18:11:54','2021-11-14 18:11:54','2021-11-14 10:45:02'),(236,8,3,0,234,'eefffeeeff',0,6,6,'2021-11-14 18:11:54','2021-11-14 18:11:54','2021-11-14 10:45:02'),(237,8,1,1,NULL,'test opt 1',1,6,6,'2021-11-14 18:45:02','2021-11-14 18:45:02','2021-11-14 10:45:15'),(238,8,1,0,237,'A',1,6,6,'2021-11-14 18:45:02','2021-11-14 18:45:02','2021-11-14 10:45:15'),(239,8,1,0,237,'AA',1,6,6,'2021-11-14 18:45:02','2021-11-14 18:45:02','2021-11-14 10:45:15'),(240,8,1,0,237,'AAA',1,6,6,'2021-11-14 18:45:02','2021-11-14 18:45:02','2021-11-14 10:45:15'),(241,8,1,0,237,'AAAA',1,6,6,'2021-11-14 18:45:02','2021-11-14 18:45:02','2021-11-14 10:45:15'),(242,8,2,1,NULL,'test opt 2',0,6,6,'2021-11-14 18:45:02','2021-11-14 18:45:02','2021-11-14 10:45:15'),(243,8,2,0,242,'DD',0,6,6,'2021-11-14 18:45:02','2021-11-14 18:45:02','2021-11-14 10:45:15'),(244,8,2,0,242,'DDD',0,6,6,'2021-11-14 18:45:02','2021-11-14 18:45:02','2021-11-14 10:45:15'),(245,8,3,1,NULL,'sasas',0,6,6,'2021-11-14 18:45:02','2021-11-14 18:45:02','2021-11-14 10:45:15'),(246,8,3,0,245,'EEEEEEE',0,6,6,'2021-11-14 18:45:02','2021-11-14 18:45:02','2021-11-14 10:45:15'),(247,8,3,0,245,'eefffeeeff',0,6,6,'2021-11-14 18:45:02','2021-11-14 18:45:02','2021-11-14 10:45:15'),(248,8,1,1,NULL,'test opt 1',1,6,6,'2021-11-14 18:45:15','2021-11-14 18:45:15',NULL),(249,8,1,0,248,'A',1,6,6,'2021-11-14 18:45:15','2021-11-14 18:45:15',NULL),(250,8,1,0,248,'AA',1,6,6,'2021-11-14 18:45:15','2021-11-14 18:45:15',NULL),(251,8,1,0,248,'AAA',1,6,6,'2021-11-14 18:45:15','2021-11-14 18:45:15',NULL),(252,8,1,0,248,'AAAA',1,6,6,'2021-11-14 18:45:15','2021-11-14 18:45:15',NULL),(253,8,2,1,NULL,'test opt 2',0,6,6,'2021-11-14 18:45:15','2021-11-14 18:45:15',NULL),(254,8,2,0,253,'DD',0,6,6,'2021-11-14 18:45:15','2021-11-14 18:45:15',NULL),(255,8,2,0,253,'DDD',0,6,6,'2021-11-14 18:45:15','2021-11-14 18:45:15',NULL),(256,8,3,1,NULL,'sasas',0,6,6,'2021-11-14 18:45:15','2021-11-14 18:45:15',NULL),(257,8,3,0,256,'EEEEEEE',0,6,6,'2021-11-14 18:45:15','2021-11-14 18:45:15',NULL),(258,8,3,0,256,'eefffeeeff',0,6,6,'2021-11-14 18:45:15','2021-11-14 18:45:15',NULL),(259,12,1,1,NULL,'OPTION 1',1,6,6,'2021-11-17 16:36:47','2021-11-17 16:36:47',NULL),(260,12,1,0,259,'SUB OPTION 1',1,6,6,'2021-11-17 16:36:47','2021-11-17 16:36:47',NULL),(261,12,2,1,NULL,'OPTION 2',0,6,6,'2021-11-17 16:36:47','2021-11-17 16:36:47',NULL),(262,12,2,0,261,'SUB OPTION 2',0,6,6,'2021-11-17 16:36:47','2021-11-17 16:36:47',NULL),(263,12,3,1,NULL,'OPTION 3',0,6,6,'2021-11-17 16:36:47','2021-11-17 16:36:47',NULL),(264,12,3,0,263,'SUB OPTION 3',0,6,6,'2021-11-17 16:36:47','2021-11-17 16:36:47',NULL),(265,13,1,1,NULL,'OPTION 11',0,6,6,'2021-11-17 16:43:41','2021-11-17 16:43:41',NULL),(266,13,1,0,265,'SUB OPTION 11',0,6,6,'2021-11-17 16:43:41','2021-11-17 16:43:41',NULL),(267,13,1,0,265,'SUB OPTION 1111',0,6,6,'2021-11-17 16:43:41','2021-11-17 16:43:41',NULL),(268,13,2,1,NULL,'OPTION 22',1,6,6,'2021-11-17 16:43:41','2021-11-17 16:43:41',NULL),(269,13,2,0,268,'SUB OPTION 22',1,6,6,'2021-11-17 16:43:41','2021-11-17 16:43:41',NULL),(270,13,2,0,268,'SUB OPTION 222',1,6,6,'2021-11-17 16:43:41','2021-11-17 16:43:41',NULL);

--
-- Table structure for table `permohonan_project`
--

CREATE TABLE `permohonan_project` (
  `permohonan_project_id` bigint(20) NOT NULL AUTO_INCREMENT,
  `permohonan_id` bigint(20) NOT NULL,
  `is_main` int(11) NOT NULL DEFAULT '0',
  `main_id` bigint(11) DEFAULT NULL,
  `project_desc` varchar(255) DEFAULT NULL,
  `kpi_id` int(11) NOT NULL,
  `targeted_value` decimal(10,2) NOT NULL DEFAULT '0.00',
  `achieved_value` decimal(10,2) NOT NULL DEFAULT '0.00',
  `percentage_value` decimal(10,2) NOT NULL DEFAULT '0.00',
  `project_final_value` decimal(10,2) NOT NULL DEFAULT '0.00',
  `status` char(1) NOT NULL DEFAULT 'N',
  `justification` text,
  `created_by` int(11) NOT NULL,
  `updated_by` int(11) NOT NULL,
  `created_at` timestamp NULL DEFAULT NULL,
  `updated_at` timestamp NOT NULL DEFAULT CURRENT_TIMESTAMP,
  `deleted_at` timestamp NULL DEFAULT NULL,
  PRIMARY KEY (`permohonan_project_id`),
  KEY `idx_permohonanproject_permohonanid` (`permohonan_id`),
  KEY `idx_permohonanproject_createdby` (`created_by`),
  KEY `idx_permohonanproject_updatedby` (`updated_by`),
  KEY `idx_permohonanproject_ismain` (`is_main`),
  KEY `idx_permohonanproject_mainid` (`main_id`),
  KEY `idx_permohonanproject_kpiid` (`kpi_id`)
) ENGINE=InnoDB AUTO_INCREMENT=277 DEFAULT CHARSET=latin1;

--
-- Dumping data for table `permohonan_project`
--

INSERT INTO `permohonan_project` VALUES (1,1,1,NULL,'PROJEK 1',0,0.00,0.00,0.00,0.00,'N',NULL,6,6,'2021-11-11 14:12:27','2021-11-11 14:12:27','2021-11-11 08:44:19'),(2,1,0,1,NULL,22,2100.00,0.00,0.00,0.00,'N',NULL,6,6,'2021-11-11 14:12:27','2021-11-11 14:12:27','2021-11-11 08:44:19'),(3,1,0,1,NULL,5,3100.00,0.00,0.00,0.00,'N',NULL,6,6,'2021-11-11 14:12:27','2021-11-11 14:12:27','2021-11-11 08:44:19'),(4,2,1,NULL,NULL,0,0.00,0.00,0.00,0.00,'N',NULL,6,6,'2021-11-11 14:26:06','2021-11-11 14:26:06','2021-11-11 06:28:27'),(5,2,0,4,NULL,11,0.00,0.00,0.00,0.00,'N',NULL,6,6,'2021-11-11 14:26:06','2021-11-11 14:26:06','2021-11-11 06:28:27'),(6,2,0,4,NULL,18,0.00,0.00,0.00,0.00,'N',NULL,6,6,'2021-11-11 14:26:06','2021-11-11 14:26:06','2021-11-11 06:28:27'),(7,2,0,4,NULL,13,0.00,0.00,0.00,0.00,'N',NULL,6,6,'2021-11-11 14:26:06','2021-11-11 14:26:06','2021-11-11 06:28:27'),(8,2,1,NULL,'projek name 1',0,0.00,0.00,0.00,0.00,'N',NULL,6,6,'2021-11-11 14:28:27','2021-11-11 14:28:27','2021-11-11 06:28:57'),(9,2,0,8,NULL,11,1900.00,0.00,0.00,0.00,'N',NULL,6,6,'2021-11-11 14:28:27','2021-11-11 14:28:27','2021-11-11 06:28:57'),(10,2,0,8,NULL,18,4300.00,0.00,0.00,0.00,'N',NULL,6,6,'2021-11-11 14:28:27','2021-11-11 14:28:27','2021-11-11 06:28:57'),(11,2,0,8,NULL,13,2910.00,0.00,0.00,0.00,'N',NULL,6,6,'2021-11-11 14:28:27','2021-11-11 14:28:27','2021-11-11 06:28:57'),(12,2,1,NULL,'projek name 2',0,0.00,0.00,0.00,0.00,'N',NULL,6,6,'2021-11-11 14:28:27','2021-11-11 14:28:27','2021-11-11 06:28:57'),(13,2,0,12,NULL,22,2100.00,0.00,0.00,0.00,'N',NULL,6,6,'2021-11-11 14:28:27','2021-11-11 14:28:27','2021-11-11 06:28:57'),(14,2,0,12,NULL,13,3100.00,0.00,0.00,0.00,'N',NULL,6,6,'2021-11-11 14:28:27','2021-11-11 14:28:27','2021-11-11 06:28:57'),(15,2,0,12,NULL,12,4300.00,0.00,0.00,0.00,'N',NULL,6,6,'2021-11-11 14:28:27','2021-11-11 14:28:27','2021-11-11 06:28:57'),(16,2,1,NULL,'projek name 3',0,0.00,0.00,0.00,0.00,'N',NULL,6,6,'2021-11-11 14:28:27','2021-11-11 14:28:27','2021-11-11 06:28:57'),(17,2,0,16,NULL,19,1100.00,0.00,0.00,0.00,'N',NULL,6,6,'2021-11-11 14:28:27','2021-11-11 14:28:27','2021-11-11 06:28:57'),(18,2,0,16,NULL,11,4100.00,0.00,0.00,0.00,'N',NULL,6,6,'2021-11-11 14:28:27','2021-11-11 14:28:27','2021-11-11 06:28:57'),(19,2,1,NULL,'projek name 1',0,0.00,0.00,0.00,0.00,'N',NULL,6,6,'2021-11-11 14:28:57','2021-11-11 14:28:57','2021-11-11 06:31:02'),(20,2,0,19,NULL,11,1900.00,0.00,0.00,0.00,'N',NULL,6,6,'2021-11-11 14:28:57','2021-11-11 14:28:57','2021-11-11 06:31:02'),(21,2,0,19,NULL,18,4300.00,0.00,0.00,0.00,'N',NULL,6,6,'2021-11-11 14:28:57','2021-11-11 14:28:57','2021-11-11 06:31:02'),(22,2,0,19,NULL,13,2910.00,0.00,0.00,0.00,'N',NULL,6,6,'2021-11-11 14:28:57','2021-11-11 14:28:57','2021-11-11 06:31:02'),(23,2,1,NULL,'projek name 2',0,0.00,0.00,0.00,0.00,'N',NULL,6,6,'2021-11-11 14:28:57','2021-11-11 14:28:57','2021-11-11 06:31:02'),(24,2,0,23,NULL,22,2100.00,0.00,0.00,0.00,'N',NULL,6,6,'2021-11-11 14:28:57','2021-11-11 14:28:57','2021-11-11 06:31:02'),(25,2,0,23,NULL,13,3100.00,0.00,0.00,0.00,'N',NULL,6,6,'2021-11-11 14:28:57','2021-11-11 14:28:57','2021-11-11 06:31:02'),(26,2,0,23,NULL,12,4300.00,0.00,0.00,0.00,'N',NULL,6,6,'2021-11-11 14:28:57','2021-11-11 14:28:57','2021-11-11 06:31:02'),(27,2,1,NULL,'projek name 3',0,0.00,0.00,0.00,0.00,'N',NULL,6,6,'2021-11-11 14:28:57','2021-11-11 14:28:57','2021-11-11 06:31:02'),(28,2,0,27,NULL,19,1100.00,0.00,0.00,0.00,'N',NULL,6,6,'2021-11-11 14:28:57','2021-11-11 14:28:57','2021-11-11 06:31:02'),(29,2,0,27,NULL,11,4100.00,0.00,0.00,0.00,'N',NULL,6,6,'2021-11-11 14:28:57','2021-11-11 14:28:57','2021-11-11 06:31:02'),(30,2,1,NULL,'projek name 1',0,0.00,0.00,0.00,0.00,'N',NULL,6,6,'2021-11-11 14:31:02','2021-11-11 14:31:02','2021-11-11 06:31:08'),(31,2,0,30,NULL,11,1900.00,0.00,0.00,0.00,'N',NULL,6,6,'2021-11-11 14:31:02','2021-11-11 14:31:02','2021-11-11 06:31:08'),(32,2,0,30,NULL,18,4300.00,0.00,0.00,0.00,'N',NULL,6,6,'2021-11-11 14:31:02','2021-11-11 14:31:02','2021-11-11 06:31:08'),(33,2,0,30,NULL,13,2910.00,0.00,0.00,0.00,'N',NULL,6,6,'2021-11-11 14:31:02','2021-11-11 14:31:02','2021-11-11 06:31:08'),(34,2,1,NULL,'projek name 2',0,0.00,0.00,0.00,0.00,'N',NULL,6,6,'2021-11-11 14:31:02','2021-11-11 14:31:02','2021-11-11 06:31:08'),(35,2,0,34,NULL,22,2100.00,0.00,0.00,0.00,'N',NULL,6,6,'2021-11-11 14:31:02','2021-11-11 14:31:02','2021-11-11 06:31:08'),(36,2,0,34,NULL,13,3100.00,0.00,0.00,0.00,'N',NULL,6,6,'2021-11-11 14:31:02','2021-11-11 14:31:02','2021-11-11 06:31:08'),(37,2,0,34,NULL,12,4300.00,0.00,0.00,0.00,'N',NULL,6,6,'2021-11-11 14:31:02','2021-11-11 14:31:02','2021-11-11 06:31:08'),(38,2,1,NULL,'projek name 3',0,0.00,0.00,0.00,0.00,'N',NULL,6,6,'2021-11-11 14:31:02','2021-11-11 14:31:02','2021-11-11 06:31:08'),(39,2,0,38,NULL,19,1100.00,0.00,0.00,0.00,'N',NULL,6,6,'2021-11-11 14:31:02','2021-11-11 14:31:02','2021-11-11 06:31:08'),(40,2,0,38,NULL,11,4100.00,0.00,0.00,0.00,'N',NULL,6,6,'2021-11-11 14:31:02','2021-11-11 14:31:02','2021-11-11 06:31:08'),(41,2,1,NULL,'projek name 1',0,0.00,0.00,0.00,0.00,'N',NULL,6,6,'2021-11-11 14:31:08','2021-11-11 14:31:08','2021-11-11 09:02:34'),(42,2,0,41,NULL,11,1900.00,0.00,0.00,0.00,'N',NULL,6,6,'2021-11-11 14:31:08','2021-11-11 14:31:08','2021-11-11 09:02:34'),(43,2,0,41,NULL,18,4300.00,0.00,0.00,0.00,'N',NULL,6,6,'2021-11-11 14:31:08','2021-11-11 14:31:08','2021-11-11 09:02:34'),(44,2,0,41,NULL,13,2910.00,0.00,0.00,0.00,'N',NULL,6,6,'2021-11-11 14:31:08','2021-11-11 14:31:08','2021-11-11 09:02:34'),(45,2,1,NULL,'projek name 2',0,0.00,0.00,0.00,0.00,'N',NULL,6,6,'2021-11-11 14:31:08','2021-11-11 14:31:08','2021-11-11 09:02:34'),(46,2,0,45,NULL,22,2100.00,0.00,0.00,0.00,'N',NULL,6,6,'2021-11-11 14:31:08','2021-11-11 14:31:08','2021-11-11 09:02:34'),(47,2,0,45,NULL,13,3100.00,0.00,0.00,0.00,'N',NULL,6,6,'2021-11-11 14:31:08','2021-11-11 14:31:08','2021-11-11 09:02:34'),(48,2,0,45,NULL,12,4300.00,0.00,0.00,0.00,'N',NULL,6,6,'2021-11-11 14:31:08','2021-11-11 14:31:08','2021-11-11 09:02:34'),(49,2,1,NULL,'projek name 3',0,0.00,0.00,0.00,0.00,'N',NULL,6,6,'2021-11-11 14:31:08','2021-11-11 14:31:08','2021-11-11 09:02:34'),(50,2,0,49,NULL,19,1100.00,0.00,0.00,0.00,'N',NULL,6,6,'2021-11-11 14:31:08','2021-11-11 14:31:08','2021-11-11 09:02:34'),(51,2,0,49,NULL,11,4100.00,0.00,0.00,0.00,'N',NULL,6,6,'2021-11-11 14:31:08','2021-11-11 14:31:08','2021-11-11 09:02:34'),(52,1,1,NULL,'PROJEK 1',0,0.00,0.00,0.00,0.00,'N',NULL,6,6,'2021-11-11 16:44:19','2021-11-11 16:44:19','2021-11-11 08:48:17'),(53,1,0,52,NULL,22,2100.00,0.00,0.00,0.00,'N',NULL,6,6,'2021-11-11 16:44:19','2021-11-11 16:44:19','2021-11-11 08:48:17'),(54,1,0,52,NULL,5,3100.00,0.00,0.00,0.00,'N',NULL,6,6,'2021-11-11 16:44:19','2021-11-11 16:44:19','2021-11-11 08:48:17'),(55,1,1,NULL,'PROJEK 1',0,0.00,0.00,0.00,0.00,'N',NULL,6,6,'2021-11-11 16:48:17','2021-11-11 16:48:17','2021-11-11 08:54:36'),(56,1,0,55,NULL,22,2100.00,0.00,0.00,0.00,'N',NULL,6,6,'2021-11-11 16:48:17','2021-11-11 16:48:17','2021-11-11 08:54:36'),(57,1,0,55,NULL,5,3100.00,0.00,0.00,0.00,'N',NULL,6,6,'2021-11-11 16:48:17','2021-11-11 16:48:17','2021-11-11 08:54:36'),(58,1,1,NULL,'PROJEK 1',0,0.00,0.00,0.00,0.00,'N',NULL,6,6,'2021-11-11 16:54:36','2021-11-11 16:54:36','2021-11-11 08:56:21'),(59,1,0,58,NULL,22,2100.00,0.00,0.00,0.00,'N',NULL,6,6,'2021-11-11 16:54:36','2021-11-11 16:54:36','2021-11-11 08:56:21'),(60,1,0,58,NULL,5,3100.00,0.00,0.00,0.00,'N',NULL,6,6,'2021-11-11 16:54:36','2021-11-11 16:54:36','2021-11-11 08:56:21'),(61,1,1,NULL,'',0,0.00,0.00,0.00,0.00,'N',NULL,6,6,'2021-11-11 16:54:36','2021-11-11 16:54:36','2021-11-11 08:56:21'),(62,1,0,61,NULL,22,0.00,0.00,0.00,0.00,'N',NULL,6,6,'2021-11-11 16:54:36','2021-11-11 16:54:36','2021-11-11 08:56:21'),(68,1,1,NULL,'PROJEK 1',0,0.00,0.00,0.00,0.00,'N',NULL,6,6,'2021-11-11 16:56:21','2021-11-11 16:56:21','2021-11-11 08:56:35'),(69,1,0,68,NULL,22,2100.00,0.00,0.00,0.00,'N',NULL,6,6,'2021-11-11 16:56:21','2021-11-11 16:56:21','2021-11-11 08:56:35'),(70,1,0,68,NULL,5,3100.00,0.00,0.00,0.00,'N',NULL,6,6,'2021-11-11 16:56:21','2021-11-11 16:56:21','2021-11-11 08:56:35'),(71,1,1,NULL,'',0,0.00,0.00,0.00,0.00,'N',NULL,6,6,'2021-11-11 16:56:21','2021-11-11 16:56:21','2021-11-11 08:56:35'),(72,1,0,71,NULL,22,0.00,0.00,0.00,0.00,'N',NULL,6,6,'2021-11-11 16:56:21','2021-11-11 16:56:21','2021-11-11 08:56:35'),(73,1,1,NULL,'PROJEK 1',0,0.00,0.00,0.00,0.00,'N',NULL,6,6,'2021-11-11 16:56:35','2021-11-11 16:56:35','2021-11-11 09:02:21'),(74,1,0,73,NULL,22,2100.00,0.00,0.00,0.00,'N',NULL,6,6,'2021-11-11 16:56:35','2021-11-11 16:56:35','2021-11-11 09:02:21'),(75,1,0,73,NULL,5,3100.00,0.00,0.00,0.00,'N',NULL,6,6,'2021-11-11 16:56:35','2021-11-11 16:56:35','2021-11-11 09:02:21'),(76,1,1,NULL,'',0,0.00,0.00,0.00,0.00,'N',NULL,6,6,'2021-11-11 16:56:35','2021-11-11 16:56:35','2021-11-11 09:02:21'),(77,1,0,76,NULL,22,0.00,0.00,0.00,0.00,'N',NULL,6,6,'2021-11-11 16:56:35','2021-11-11 16:56:35','2021-11-11 09:02:21'),(78,1,1,NULL,'PROJEK 1',0,0.00,0.00,0.00,0.00,'N',NULL,6,6,'2021-11-11 17:02:21','2021-11-11 17:02:21','2021-11-11 09:03:46'),(79,1,0,78,NULL,22,2100.00,0.00,0.00,0.00,'N',NULL,6,6,'2021-11-11 17:02:21','2021-11-11 17:02:21','2021-11-11 09:03:46'),(80,1,0,78,NULL,5,3100.00,0.00,0.00,0.00,'N',NULL,6,6,'2021-11-11 17:02:21','2021-11-11 17:02:21','2021-11-11 09:03:46'),(81,1,1,NULL,'',0,0.00,0.00,0.00,0.00,'N',NULL,6,6,'2021-11-11 17:02:21','2021-11-11 17:02:21','2021-11-11 09:03:46'),(82,1,0,81,NULL,22,0.00,0.00,0.00,0.00,'N',NULL,6,6,'2021-11-11 17:02:21','2021-11-11 17:02:21','2021-11-11 09:03:46'),(83,2,1,NULL,'PROJEK NAME 1',0,0.00,0.00,0.00,0.00,'N',NULL,6,6,'2021-11-11 17:02:34','2021-11-11 17:02:34','2021-11-11 09:03:29'),(84,2,0,83,NULL,11,1900.00,0.00,0.00,0.00,'N',NULL,6,6,'2021-11-11 17:02:34','2021-11-11 17:02:34','2021-11-11 09:03:29'),(85,2,0,83,NULL,18,4300.00,0.00,0.00,0.00,'N',NULL,6,6,'2021-11-11 17:02:34','2021-11-11 17:02:34','2021-11-11 09:03:29'),(86,2,0,83,NULL,13,2910.00,0.00,0.00,0.00,'N',NULL,6,6,'2021-11-11 17:02:34','2021-11-11 17:02:34','2021-11-11 09:03:29'),(87,2,1,NULL,'PROJEK NAME 2',0,0.00,0.00,0.00,0.00,'N',NULL,6,6,'2021-11-11 17:02:34','2021-11-11 17:02:34','2021-11-11 09:03:29'),(88,2,0,87,NULL,22,2100.00,0.00,0.00,0.00,'N',NULL,6,6,'2021-11-11 17:02:34','2021-11-11 17:02:34','2021-11-11 09:03:29'),(89,2,0,87,NULL,13,3100.00,0.00,0.00,0.00,'N',NULL,6,6,'2021-11-11 17:02:34','2021-11-11 17:02:34','2021-11-11 09:03:29'),(90,2,0,87,NULL,12,4300.00,0.00,0.00,0.00,'N',NULL,6,6,'2021-11-11 17:02:34','2021-11-11 17:02:34','2021-11-11 09:03:29'),(91,2,1,NULL,'PROJEK NAME 3',0,0.00,0.00,0.00,0.00,'N',NULL,6,6,'2021-11-11 17:02:34','2021-11-11 17:02:34','2021-11-11 09:03:29'),(92,2,0,91,NULL,19,1100.00,0.00,0.00,0.00,'N',NULL,6,6,'2021-11-11 17:02:34','2021-11-11 17:02:34','2021-11-11 09:03:29'),(93,2,0,91,NULL,11,4100.00,0.00,0.00,0.00,'N',NULL,6,6,'2021-11-11 17:02:34','2021-11-11 17:02:34','2021-11-11 09:03:29'),(94,2,1,NULL,'PROJEK NAME 1',0,0.00,0.00,0.00,0.00,'N',NULL,6,6,'2021-11-11 17:03:29','2021-11-11 17:03:29','2021-11-11 09:03:36'),(95,2,0,94,NULL,11,1900.00,0.00,0.00,0.00,'N',NULL,6,6,'2021-11-11 17:03:29','2021-11-11 17:03:29','2021-11-11 09:03:36'),(96,2,0,94,NULL,18,4300.00,0.00,0.00,0.00,'N',NULL,6,6,'2021-11-11 17:03:29','2021-11-11 17:03:29','2021-11-11 09:03:36'),(97,2,0,94,NULL,13,2910.00,0.00,0.00,0.00,'N',NULL,6,6,'2021-11-11 17:03:29','2021-11-11 17:03:29','2021-11-11 09:03:36'),(98,2,1,NULL,'PROJEK NAME 2',0,0.00,0.00,0.00,0.00,'N',NULL,6,6,'2021-11-11 17:03:29','2021-11-11 17:03:29','2021-11-11 09:03:36'),(99,2,0,98,NULL,22,2100.00,0.00,0.00,0.00,'N',NULL,6,6,'2021-11-11 17:03:29','2021-11-11 17:03:29','2021-11-11 09:03:36'),(100,2,0,98,NULL,13,3100.00,0.00,0.00,0.00,'N',NULL,6,6,'2021-11-11 17:03:29','2021-11-11 17:03:29','2021-11-11 09:03:36'),(101,2,0,98,NULL,12,4300.00,0.00,0.00,0.00,'N',NULL,6,6,'2021-11-11 17:03:29','2021-11-11 17:03:29','2021-11-11 09:03:36'),(102,2,1,NULL,'PROJEK NAME 3',0,0.00,0.00,0.00,0.00,'N',NULL,6,6,'2021-11-11 17:03:29','2021-11-11 17:03:29','2021-11-11 09:03:36'),(103,2,0,102,NULL,19,1100.00,0.00,0.00,0.00,'N',NULL,6,6,'2021-11-11 17:03:29','2021-11-11 17:03:29','2021-11-11 09:03:36'),(104,2,0,102,NULL,11,4100.00,0.00,0.00,0.00,'N',NULL,6,6,'2021-11-11 17:03:29','2021-11-11 17:03:29','2021-11-11 09:03:36'),(105,2,1,NULL,'PROJEK NAME 1',0,0.00,0.00,0.00,0.00,'N',NULL,6,6,'2021-11-11 17:03:36','2021-11-11 17:03:36','2021-11-11 09:06:08'),(106,2,0,105,NULL,11,1900.00,0.00,0.00,0.00,'N',NULL,6,6,'2021-11-11 17:03:36','2021-11-11 17:03:36','2021-11-11 09:06:08'),(107,2,0,105,NULL,18,4300.00,0.00,0.00,0.00,'N',NULL,6,6,'2021-11-11 17:03:36','2021-11-11 17:03:36','2021-11-11 09:06:08'),(108,2,0,105,NULL,13,2910.00,0.00,0.00,0.00,'N',NULL,6,6,'2021-11-11 17:03:36','2021-11-11 17:03:36','2021-11-11 09:06:08'),(109,2,1,NULL,'PROJEK NAME 2',0,0.00,0.00,0.00,0.00,'N',NULL,6,6,'2021-11-11 17:03:36','2021-11-11 17:03:36','2021-11-11 09:06:08'),(110,2,0,109,NULL,22,2100.00,0.00,0.00,0.00,'N',NULL,6,6,'2021-11-11 17:03:36','2021-11-11 17:03:36','2021-11-11 09:06:08'),(111,2,0,109,NULL,13,3100.00,0.00,0.00,0.00,'N',NULL,6,6,'2021-11-11 17:03:36','2021-11-11 17:03:36','2021-11-11 09:06:08'),(112,2,0,109,NULL,12,4300.00,0.00,0.00,0.00,'N',NULL,6,6,'2021-11-11 17:03:36','2021-11-11 17:03:36','2021-11-11 09:06:08'),(113,2,1,NULL,'PROJEK NAME 3',0,0.00,0.00,0.00,0.00,'N',NULL,6,6,'2021-11-11 17:03:36','2021-11-11 17:03:36','2021-11-11 09:06:08'),(114,2,0,113,NULL,19,1100.00,0.00,0.00,0.00,'N',NULL,6,6,'2021-11-11 17:03:36','2021-11-11 17:03:36','2021-11-11 09:06:08'),(115,2,0,113,NULL,11,4100.00,0.00,0.00,0.00,'N',NULL,6,6,'2021-11-11 17:03:36','2021-11-11 17:03:36','2021-11-11 09:06:08'),(116,1,1,NULL,'PROJEK 1',0,0.00,0.00,0.00,0.00,'N',NULL,6,6,'2021-11-11 17:03:46','2021-11-11 17:03:46','2021-11-11 09:03:53'),(117,1,0,116,NULL,22,2100.00,0.00,0.00,0.00,'N',NULL,6,6,'2021-11-11 17:03:46','2021-11-11 17:03:46','2021-11-11 09:03:53'),(118,1,0,116,NULL,5,3100.00,0.00,0.00,0.00,'N',NULL,6,6,'2021-11-11 17:03:46','2021-11-11 17:03:46','2021-11-11 09:03:53'),(119,1,1,NULL,'',0,0.00,0.00,0.00,0.00,'N',NULL,6,6,'2021-11-11 17:03:46','2021-11-11 17:03:46','2021-11-11 09:03:53'),(120,1,0,119,NULL,22,0.00,0.00,0.00,0.00,'N',NULL,6,6,'2021-11-11 17:03:46','2021-11-11 17:03:46','2021-11-11 09:03:53'),(121,1,1,NULL,'PROJEK 1',0,0.00,0.00,0.00,0.00,'N',NULL,6,6,'2021-11-11 17:03:53','2021-11-11 17:03:53',NULL),(122,1,0,121,NULL,22,2100.00,0.00,0.00,0.00,'N',NULL,6,6,'2021-11-11 17:03:53','2021-11-11 17:03:53',NULL),(123,1,0,121,NULL,5,3100.00,0.00,0.00,0.00,'N',NULL,6,6,'2021-11-11 17:03:53','2021-11-11 17:03:53',NULL),(124,1,1,NULL,'',0,0.00,0.00,0.00,0.00,'N',NULL,6,6,'2021-11-11 17:03:53','2021-11-11 17:03:53',NULL),(125,1,0,124,NULL,22,0.00,0.00,0.00,0.00,'N',NULL,6,6,'2021-11-11 17:03:53','2021-11-11 17:03:53',NULL),(126,2,1,NULL,'PROJEK NAME 1',0,0.00,0.00,0.00,0.00,'N',NULL,6,6,'2021-11-11 17:06:08','2021-11-11 17:06:08','2021-11-11 09:07:47'),(127,2,0,126,NULL,11,1900.00,0.00,0.00,0.00,'N',NULL,6,6,'2021-11-11 17:06:08','2021-11-11 17:06:08','2021-11-11 09:07:47'),(128,2,0,126,NULL,18,4300.00,0.00,0.00,0.00,'N',NULL,6,6,'2021-11-11 17:06:08','2021-11-11 17:06:08','2021-11-11 09:07:47'),(129,2,0,126,NULL,13,2910.00,0.00,0.00,0.00,'N',NULL,6,6,'2021-11-11 17:06:08','2021-11-11 17:06:08','2021-11-11 09:07:47'),(130,2,1,NULL,'PROJEK NAME 2',0,0.00,0.00,0.00,0.00,'N',NULL,6,6,'2021-11-11 17:06:08','2021-11-11 17:06:08','2021-11-11 09:07:47'),(131,2,0,130,NULL,22,2100.00,0.00,0.00,0.00,'N',NULL,6,6,'2021-11-11 17:06:08','2021-11-11 17:06:08','2021-11-11 09:07:47'),(132,2,0,130,NULL,13,3100.00,0.00,0.00,0.00,'N',NULL,6,6,'2021-11-11 17:06:08','2021-11-11 17:06:08','2021-11-11 09:07:47'),(133,2,0,130,NULL,12,4300.00,0.00,0.00,0.00,'N',NULL,6,6,'2021-11-11 17:06:08','2021-11-11 17:06:08','2021-11-11 09:07:47'),(134,2,1,NULL,'PROJEK NAME 3',0,0.00,0.00,0.00,0.00,'N',NULL,6,6,'2021-11-11 17:06:08','2021-11-11 17:06:08','2021-11-11 09:07:47'),(135,2,0,134,NULL,19,1100.00,0.00,0.00,0.00,'N',NULL,6,6,'2021-11-11 17:06:08','2021-11-11 17:06:08','2021-11-11 09:07:47'),(136,2,0,134,NULL,11,4100.00,0.00,0.00,0.00,'N',NULL,6,6,'2021-11-11 17:06:08','2021-11-11 17:06:08','2021-11-11 09:07:47'),(137,2,1,NULL,'PROJEK NAME 1',0,0.00,0.00,0.00,0.00,'N',NULL,6,6,'2021-11-11 17:07:47','2021-11-11 17:07:47',NULL),(138,2,0,137,NULL,11,1900.00,0.00,0.00,0.00,'N',NULL,6,6,'2021-11-11 17:07:47','2021-11-11 17:07:47',NULL),(139,2,0,137,NULL,18,4300.00,0.00,0.00,0.00,'N',NULL,6,6,'2021-11-11 17:07:47','2021-11-11 17:07:47',NULL),(140,2,0,137,NULL,13,2910.00,0.00,0.00,0.00,'N',NULL,6,6,'2021-11-11 17:07:47','2021-11-11 17:07:47',NULL),(141,2,1,NULL,'PROJEK NAME 2',0,0.00,0.00,0.00,0.00,'N',NULL,6,6,'2021-11-11 17:07:47','2021-11-11 17:07:47',NULL),(142,2,0,141,NULL,22,2100.00,0.00,0.00,0.00,'N',NULL,6,6,'2021-11-11 17:07:47','2021-11-11 17:07:47',NULL),(143,2,0,141,NULL,13,3100.00,0.00,0.00,0.00,'N',NULL,6,6,'2021-11-11 17:07:47','2021-11-11 17:07:47',NULL),(144,2,0,141,NULL,12,4300.00,0.00,0.00,0.00,'N',NULL,6,6,'2021-11-11 17:07:47','2021-11-11 17:07:47',NULL),(145,2,1,NULL,'PROJEK NAME 3',0,0.00,0.00,0.00,0.00,'N',NULL,6,6,'2021-11-11 17:07:47','2021-11-11 17:07:47',NULL),(146,2,0,145,NULL,19,1100.00,0.00,0.00,0.00,'N',NULL,6,6,'2021-11-11 17:07:47','2021-11-11 17:07:47',NULL),(147,2,0,145,NULL,11,4100.00,0.00,0.00,0.00,'N',NULL,6,6,'2021-11-11 17:07:47','2021-11-11 17:07:47',NULL),(148,3,1,NULL,'PROJEK 123',0,0.00,0.00,0.00,0.00,'N',NULL,6,6,'2021-11-12 03:55:12','2021-11-12 03:55:12',NULL),(149,3,0,148,NULL,22,21000.00,0.00,0.00,0.00,'N',NULL,6,6,'2021-11-12 03:55:12','2021-11-12 03:55:12',NULL),(150,3,0,148,NULL,18,34000.00,0.00,0.00,0.00,'N',NULL,6,6,'2021-11-12 03:55:12','2021-11-12 03:55:12',NULL),(151,4,1,NULL,'PROJEK 2',0,0.00,0.00,0.00,0.00,'N',NULL,6,6,'2021-11-12 03:59:13','2021-11-14 19:04:43',NULL),(152,4,0,151,NULL,22,100.00,0.00,0.00,0.00,'N',NULL,6,6,'2021-11-12 03:59:13','2021-11-14 19:04:43',NULL),(153,4,1,NULL,'PROJEK 4',0,0.00,0.00,0.00,0.00,'N',NULL,6,6,'2021-11-12 03:59:13','2021-11-12 03:59:13',NULL),(154,4,0,153,NULL,22,200.00,0.00,0.00,0.00,'N',NULL,6,6,'2021-11-12 03:59:13','2021-11-12 03:59:13',NULL),(155,8,1,NULL,'PROJEK 1',0,0.00,0.00,0.00,0.00,'N',NULL,6,6,'2021-11-14 16:53:00','2021-11-14 16:53:00','2021-11-14 08:56:22'),(156,8,0,155,NULL,22,2100.00,0.00,0.00,0.00,'N',NULL,6,6,'2021-11-14 16:53:00','2021-11-14 16:53:00','2021-11-14 08:56:22'),(157,8,0,155,NULL,18,1222.00,0.00,0.00,0.00,'N',NULL,6,6,'2021-11-14 16:53:00','2021-11-14 16:53:00','2021-11-14 08:56:22'),(158,8,1,NULL,'PROJEK 2',0,0.00,0.00,0.00,0.00,'N',NULL,6,6,'2021-11-14 16:53:00','2021-11-14 16:53:00','2021-11-14 08:56:22'),(159,8,0,158,NULL,22,4310.00,0.00,0.00,0.00,'N',NULL,6,6,'2021-11-14 16:53:00','2021-11-14 16:53:00','2021-11-14 08:56:22'),(160,8,1,NULL,'PROJEK 1',0,0.00,0.00,0.00,0.00,'N',NULL,6,6,'2021-11-14 16:56:22','2021-11-14 16:56:22','2021-11-14 08:58:11'),(161,8,0,160,NULL,22,2100.00,0.00,0.00,0.00,'N',NULL,6,6,'2021-11-14 16:56:22','2021-11-14 16:56:22','2021-11-14 08:58:11'),(162,8,0,160,NULL,18,1222.00,0.00,0.00,0.00,'N',NULL,6,6,'2021-11-14 16:56:22','2021-11-14 16:56:22','2021-11-14 08:58:11'),(163,8,1,NULL,'PROJEK 2',0,0.00,0.00,0.00,0.00,'N',NULL,6,6,'2021-11-14 16:56:22','2021-11-14 16:56:22','2021-11-14 08:58:11'),(164,8,0,163,NULL,22,4310.00,0.00,0.00,0.00,'N',NULL,6,6,'2021-11-14 16:56:22','2021-11-14 16:56:22','2021-11-14 08:58:11'),(165,8,1,NULL,'PROJEK 1',0,0.00,0.00,0.00,0.00,'N',NULL,6,6,'2021-11-14 16:58:11','2021-11-14 16:58:11','2021-11-14 08:58:20'),(166,8,0,165,NULL,22,2100.00,0.00,0.00,0.00,'N',NULL,6,6,'2021-11-14 16:58:11','2021-11-14 16:58:11','2021-11-14 08:58:20'),(167,8,0,165,NULL,18,1222.00,0.00,0.00,0.00,'N',NULL,6,6,'2021-11-14 16:58:11','2021-11-14 16:58:11','2021-11-14 08:58:20'),(168,8,1,NULL,'PROJEK 2',0,0.00,0.00,0.00,0.00,'N',NULL,6,6,'2021-11-14 16:58:11','2021-11-14 16:58:11','2021-11-14 08:58:20'),(169,8,0,168,NULL,22,4310.00,0.00,0.00,0.00,'N',NULL,6,6,'2021-11-14 16:58:11','2021-11-14 16:58:11','2021-11-14 08:58:20'),(170,8,1,NULL,'PROJEK 1',0,0.00,0.00,0.00,0.00,'N',NULL,6,6,'2021-11-14 16:58:20','2021-11-14 16:58:20','2021-11-14 08:58:49'),(171,8,0,170,NULL,22,2100.00,0.00,0.00,0.00,'N',NULL,6,6,'2021-11-14 16:58:20','2021-11-14 16:58:20','2021-11-14 08:58:49'),(172,8,0,170,NULL,18,1222.00,0.00,0.00,0.00,'N',NULL,6,6,'2021-11-14 16:58:20','2021-11-14 16:58:20','2021-11-14 08:58:49'),(173,8,1,NULL,'PROJEK 2',0,0.00,0.00,0.00,0.00,'N',NULL,6,6,'2021-11-14 16:58:20','2021-11-14 16:58:20','2021-11-14 08:58:49'),(174,8,0,173,NULL,22,4310.00,0.00,0.00,0.00,'N',NULL,6,6,'2021-11-14 16:58:20','2021-11-14 16:58:20','2021-11-14 08:58:49'),(175,8,1,NULL,'PROJEK 1',0,0.00,0.00,0.00,0.00,'N',NULL,6,6,'2021-11-14 16:58:49','2021-11-14 16:58:49','2021-11-14 08:59:12'),(176,8,0,175,NULL,22,2100.00,0.00,0.00,0.00,'N',NULL,6,6,'2021-11-14 16:58:49','2021-11-14 16:58:49','2021-11-14 08:59:12'),(177,8,0,175,NULL,18,1222.00,0.00,0.00,0.00,'N',NULL,6,6,'2021-11-14 16:58:49','2021-11-14 16:58:49','2021-11-14 08:59:12'),(178,8,1,NULL,'PROJEK 2',0,0.00,0.00,0.00,0.00,'N',NULL,6,6,'2021-11-14 16:58:49','2021-11-14 16:58:49','2021-11-14 08:59:12'),(179,8,0,178,NULL,22,4310.00,0.00,0.00,0.00,'N',NULL,6,6,'2021-11-14 16:58:49','2021-11-14 16:58:49','2021-11-14 08:59:12'),(180,8,1,NULL,'PROJEK 1',0,0.00,0.00,0.00,0.00,'N',NULL,6,6,'2021-11-14 16:59:12','2021-11-14 16:59:12','2021-11-14 09:01:50'),(181,8,0,180,NULL,22,2100.00,0.00,0.00,0.00,'N',NULL,6,6,'2021-11-14 16:59:12','2021-11-14 16:59:12','2021-11-14 09:01:50'),(182,8,0,180,NULL,18,1222.00,0.00,0.00,0.00,'N',NULL,6,6,'2021-11-14 16:59:12','2021-11-14 16:59:12','2021-11-14 09:01:50'),(183,8,1,NULL,'PROJEK 2',0,0.00,0.00,0.00,0.00,'N',NULL,6,6,'2021-11-14 16:59:12','2021-11-14 16:59:12','2021-11-14 09:01:50'),(184,8,0,183,NULL,22,4310.00,0.00,0.00,0.00,'N',NULL,6,6,'2021-11-14 16:59:12','2021-11-14 16:59:12','2021-11-14 09:01:50'),(185,8,1,NULL,'PROJEK 1',0,0.00,0.00,0.00,0.00,'N',NULL,6,6,'2021-11-14 17:01:50','2021-11-14 17:01:50','2021-11-14 09:07:20'),(186,8,0,185,NULL,22,2100.00,0.00,0.00,0.00,'N',NULL,6,6,'2021-11-14 17:01:50','2021-11-14 17:01:50','2021-11-14 09:07:20'),(187,8,0,185,NULL,18,1222.00,0.00,0.00,0.00,'N',NULL,6,6,'2021-11-14 17:01:50','2021-11-14 17:01:50','2021-11-14 09:07:20'),(188,8,1,NULL,'PROJEK 2',0,0.00,0.00,0.00,0.00,'N',NULL,6,6,'2021-11-14 17:01:50','2021-11-14 17:01:50','2021-11-14 09:07:20'),(189,8,0,188,NULL,22,4310.00,0.00,0.00,0.00,'N',NULL,6,6,'2021-11-14 17:01:50','2021-11-14 17:01:50','2021-11-14 09:07:20'),(190,8,1,NULL,'PROJEK 1',0,0.00,0.00,0.00,0.00,'N',NULL,6,6,'2021-11-14 17:07:20','2021-11-14 17:07:20','2021-11-14 09:24:58'),(191,8,0,190,NULL,22,2100.00,0.00,0.00,0.00,'N',NULL,6,6,'2021-11-14 17:07:20','2021-11-14 17:07:20','2021-11-14 09:24:58'),(192,8,0,190,NULL,18,1222.00,0.00,0.00,0.00,'N',NULL,6,6,'2021-11-14 17:07:20','2021-11-14 17:07:20','2021-11-14 09:24:58'),(193,8,1,NULL,'PROJEK 2',0,0.00,0.00,0.00,0.00,'N',NULL,6,6,'2021-11-14 17:07:20','2021-11-14 17:07:20','2021-11-14 09:24:58'),(194,8,0,193,NULL,22,4310.00,0.00,0.00,0.00,'N',NULL,6,6,'2021-11-14 17:07:20','2021-11-14 17:07:20','2021-11-14 09:24:58'),(195,8,1,NULL,'PROJEK 1',0,0.00,0.00,0.00,0.00,'N',NULL,6,6,'2021-11-14 17:24:58','2021-11-14 17:24:58','2021-11-14 09:37:38'),(196,8,0,195,NULL,22,2100.00,0.00,0.00,0.00,'N',NULL,6,6,'2021-11-14 17:24:58','2021-11-14 17:24:58','2021-11-14 09:37:38'),(197,8,0,195,NULL,18,1222.00,0.00,0.00,0.00,'N',NULL,6,6,'2021-11-14 17:24:58','2021-11-14 17:24:58','2021-11-14 09:37:38'),(198,8,1,NULL,'PROJEK 2',0,0.00,0.00,0.00,0.00,'N',NULL,6,6,'2021-11-14 17:24:58','2021-11-14 17:24:58','2021-11-14 09:37:38'),(199,8,0,198,NULL,22,4310.00,0.00,0.00,0.00,'N',NULL,6,6,'2021-11-14 17:24:58','2021-11-14 17:24:58','2021-11-14 09:37:38'),(200,8,1,NULL,'PROJEK 1',0,0.00,0.00,0.00,0.00,'N',NULL,6,6,'2021-11-14 17:37:38','2021-11-14 17:37:38','2021-11-14 09:38:05'),(201,8,0,200,NULL,22,2100.00,0.00,0.00,0.00,'N',NULL,6,6,'2021-11-14 17:37:38','2021-11-14 17:37:38','2021-11-14 09:38:05'),(202,8,0,200,NULL,18,1222.00,0.00,0.00,0.00,'N',NULL,6,6,'2021-11-14 17:37:38','2021-11-14 17:37:38','2021-11-14 09:38:05'),(203,8,1,NULL,'PROJEK 2',0,0.00,0.00,0.00,0.00,'N',NULL,6,6,'2021-11-14 17:37:38','2021-11-14 17:37:38','2021-11-14 09:38:05'),(204,8,0,203,NULL,22,4310.00,0.00,0.00,0.00,'N',NULL,6,6,'2021-11-14 17:37:38','2021-11-14 17:37:38','2021-11-14 09:38:05'),(205,8,1,NULL,'PROJEK 1',0,0.00,0.00,0.00,0.00,'N',NULL,6,6,'2021-11-14 17:38:05','2021-11-14 17:38:05','2021-11-14 09:52:08'),(206,8,0,205,NULL,22,2100.00,0.00,0.00,0.00,'N',NULL,6,6,'2021-11-14 17:38:05','2021-11-14 17:38:05','2021-11-14 09:52:08'),(207,8,0,205,NULL,18,1222.00,0.00,0.00,0.00,'N',NULL,6,6,'2021-11-14 17:38:05','2021-11-14 17:38:05','2021-11-14 09:52:08'),(208,8,1,NULL,'PROJEK 2',0,0.00,0.00,0.00,0.00,'N',NULL,6,6,'2021-11-14 17:38:05','2021-11-14 17:38:05','2021-11-14 09:52:08'),(209,8,0,208,NULL,22,4310.00,0.00,0.00,0.00,'N',NULL,6,6,'2021-11-14 17:38:05','2021-11-14 17:38:05','2021-11-14 09:52:08'),(210,8,1,NULL,'PROJEK 3',0,0.00,0.00,0.00,0.00,'N',NULL,6,6,'2021-11-14 17:38:05','2021-11-14 17:38:05','2021-11-14 09:52:08'),(211,8,0,210,NULL,13,2311.00,0.00,0.00,0.00,'N',NULL,6,6,'2021-11-14 17:38:05','2021-11-14 17:38:05','2021-11-14 09:52:08'),(212,8,1,NULL,'PROJEK 1',0,0.00,0.00,0.00,0.00,'N',NULL,6,6,'2021-11-14 17:52:08','2021-11-14 17:52:08','2021-11-14 10:02:02'),(213,8,0,212,NULL,22,2100.00,0.00,0.00,0.00,'N',NULL,6,6,'2021-11-14 17:52:08','2021-11-14 17:52:08','2021-11-14 10:02:02'),(214,8,0,212,NULL,18,1222.00,0.00,0.00,0.00,'N',NULL,6,6,'2021-11-14 17:52:08','2021-11-14 17:52:08','2021-11-14 10:02:02'),(215,8,1,NULL,'PROJEK 2',0,0.00,0.00,0.00,0.00,'N',NULL,6,6,'2021-11-14 17:52:08','2021-11-14 17:52:08','2021-11-14 10:02:02'),(216,8,0,215,NULL,22,4310.00,0.00,0.00,0.00,'N',NULL,6,6,'2021-11-14 17:52:08','2021-11-14 17:52:08','2021-11-14 10:02:02'),(217,8,1,NULL,'PROJEK 3',0,0.00,0.00,0.00,0.00,'N',NULL,6,6,'2021-11-14 17:52:08','2021-11-14 17:52:08','2021-11-14 10:02:02'),(218,8,0,217,NULL,13,2311.00,0.00,0.00,0.00,'N',NULL,6,6,'2021-11-14 17:52:08','2021-11-14 17:52:08','2021-11-14 10:02:02'),(219,8,1,NULL,'PROJEK 1',0,0.00,0.00,0.00,0.00,'N',NULL,6,6,'2021-11-14 18:02:02','2021-11-14 18:02:02','2021-11-14 10:11:54'),(220,8,0,219,NULL,22,2100.00,0.00,0.00,0.00,'N',NULL,6,6,'2021-11-14 18:02:02','2021-11-14 18:02:02','2021-11-14 10:11:54'),(221,8,0,219,NULL,18,1222.00,0.00,0.00,0.00,'N',NULL,6,6,'2021-11-14 18:02:02','2021-11-14 18:02:02','2021-11-14 10:11:54'),(222,8,1,NULL,'PROJEK 2',0,0.00,0.00,0.00,0.00,'N',NULL,6,6,'2021-11-14 18:02:02','2021-11-14 18:02:02','2021-11-14 10:11:54'),(223,8,0,222,NULL,22,4310.00,0.00,0.00,0.00,'N',NULL,6,6,'2021-11-14 18:02:02','2021-11-14 18:02:02','2021-11-14 10:11:54'),(224,8,1,NULL,'PROJEK 3',0,0.00,0.00,0.00,0.00,'N',NULL,6,6,'2021-11-14 18:02:02','2021-11-14 18:02:02','2021-11-14 10:11:54'),(225,8,0,224,NULL,13,2311.00,0.00,0.00,0.00,'N',NULL,6,6,'2021-11-14 18:02:02','2021-11-14 18:02:02','2021-11-14 10:11:54'),(226,8,1,NULL,'PROJEK 1',0,0.00,0.00,0.00,0.00,'N',NULL,6,6,'2021-11-14 18:11:54','2021-11-14 18:11:54','2021-11-14 10:45:02'),(227,8,0,226,NULL,22,2100.00,0.00,0.00,0.00,'N',NULL,6,6,'2021-11-14 18:11:54','2021-11-14 18:11:54','2021-11-14 10:45:02'),(228,8,0,226,NULL,18,1222.00,0.00,0.00,0.00,'N',NULL,6,6,'2021-11-14 18:11:54','2021-11-14 18:11:54','2021-11-14 10:45:02'),(229,8,1,NULL,'PROJEK 2',0,0.00,0.00,0.00,0.00,'N',NULL,6,6,'2021-11-14 18:11:54','2021-11-14 18:11:54','2021-11-14 10:45:02'),(230,8,0,229,NULL,22,4310.00,0.00,0.00,0.00,'N',NULL,6,6,'2021-11-14 18:11:54','2021-11-14 18:11:54','2021-11-14 10:45:02'),(231,8,1,NULL,'PROJEK 3',0,0.00,0.00,0.00,0.00,'N',NULL,6,6,'2021-11-14 18:11:54','2021-11-14 18:11:54','2021-11-14 10:45:02'),(232,8,0,231,NULL,13,2311.00,0.00,0.00,0.00,'N',NULL,6,6,'2021-11-14 18:11:54','2021-11-14 18:11:54','2021-11-14 10:45:02'),(233,8,1,NULL,'PROJEK 1',0,0.00,0.00,0.00,0.00,'N',NULL,6,6,'2021-11-14 18:45:02','2021-11-14 18:45:02','2021-11-14 10:45:15'),(234,8,0,233,NULL,22,2100.00,0.00,0.00,0.00,'N',NULL,6,6,'2021-11-14 18:45:02','2021-11-14 18:45:02','2021-11-14 10:45:15'),(235,8,0,233,NULL,18,1222.00,0.00,0.00,0.00,'N',NULL,6,6,'2021-11-14 18:45:02','2021-11-14 18:45:02','2021-11-14 10:45:15'),(236,8,1,NULL,'PROJEK 2',0,0.00,0.00,0.00,0.00,'N',NULL,6,6,'2021-11-14 18:45:02','2021-11-14 18:45:02','2021-11-14 10:45:15'),(237,8,0,236,NULL,22,4310.00,0.00,0.00,0.00,'N',NULL,6,6,'2021-11-14 18:45:02','2021-11-14 18:45:02','2021-11-14 10:45:15'),(238,8,0,236,NULL,22,22.00,0.00,0.00,0.00,'N',NULL,6,6,'2021-11-14 18:45:02','2021-11-14 18:45:02','2021-11-14 10:45:15'),(239,8,1,NULL,'PROJEK 3',0,0.00,0.00,0.00,0.00,'N',NULL,6,6,'2021-11-14 18:45:02','2021-11-14 18:45:02','2021-11-14 10:45:15'),(240,8,0,239,NULL,22,321.00,0.00,0.00,0.00,'N',NULL,6,6,'2021-11-14 18:45:02','2021-11-14 18:45:02','2021-11-14 10:45:15'),(241,8,0,239,NULL,12,440.00,0.00,0.00,0.00,'N',NULL,6,6,'2021-11-14 18:45:02','2021-11-14 18:45:02','2021-11-14 10:45:15'),(242,8,1,NULL,'PROJEK 1',0,0.00,0.00,0.00,15.11,'N',NULL,6,6,'2021-11-14 18:45:15','2021-11-15 17:03:52',NULL),(243,8,0,242,NULL,22,2100.00,100.00,4.76,0.00,'N',NULL,6,6,'2021-11-14 18:45:15','2021-11-15 17:03:52',NULL),(244,8,0,242,NULL,18,1222.00,222.00,18.17,0.00,'N',NULL,6,6,'2021-11-14 18:45:15','2021-11-15 17:03:52',NULL),(245,8,1,NULL,'PROJEK 2',0,0.00,0.00,0.00,21.96,'N',NULL,6,6,'2021-11-14 18:45:15','2021-11-15 17:18:35',NULL),(246,8,0,245,NULL,22,4310.00,0.00,0.00,0.00,'N',NULL,6,6,'2021-11-14 18:45:15','2021-11-15 17:18:35',NULL),(247,8,0,245,NULL,1,22.00,0.00,0.00,0.00,'N',NULL,6,6,'2021-11-14 18:45:15','2021-11-15 17:18:35',NULL),(248,8,1,NULL,'PROJEK 3',0,0.00,0.00,0.00,20.15,'N',NULL,6,6,'2021-11-14 18:45:15','2021-11-15 17:34:58',NULL),(249,8,0,248,NULL,22,321.00,150.00,46.73,0.00,'N',NULL,6,6,'2021-11-14 18:45:15','2021-11-15 17:34:58',NULL),(250,8,0,248,NULL,12,440.00,0.00,0.00,0.00,'N',NULL,6,6,'2021-11-14 18:45:15','2021-11-15 17:34:58',NULL),(251,11,1,NULL,'',0,0.00,0.00,0.00,0.00,'N',NULL,31,31,'2021-11-15 12:53:15','2021-11-15 12:53:15',NULL),(252,11,0,251,NULL,22,0.00,0.00,0.00,0.00,'N',NULL,31,31,'2021-11-15 12:53:15','2021-11-15 12:53:15',NULL),(253,11,0,251,NULL,22,0.00,0.00,0.00,0.00,'N',NULL,31,31,'2021-11-15 12:53:15','2021-11-15 12:53:15',NULL),(254,11,0,251,NULL,22,0.00,0.00,0.00,0.00,'N',NULL,31,31,'2021-11-15 12:53:15','2021-11-15 12:53:15',NULL),(255,11,1,NULL,'',0,0.00,0.00,0.00,0.00,'N',NULL,31,31,'2021-11-15 12:53:15','2021-11-15 12:53:15',NULL),(256,11,0,255,NULL,22,0.00,0.00,0.00,0.00,'N',NULL,31,31,'2021-11-15 12:53:15','2021-11-15 12:53:15',NULL),(257,11,0,255,NULL,22,0.00,0.00,0.00,0.00,'N',NULL,31,31,'2021-11-15 12:53:15','2021-11-15 12:53:15',NULL),(258,8,0,242,NULL,18,670.00,150.00,22.39,0.00,'N',NULL,6,6,'2021-11-15 17:02:47','2021-11-15 17:03:52',NULL),(259,8,0,245,NULL,12,340.00,56.10,16.50,0.00,'N',NULL,6,6,'2021-11-15 17:10:00','2021-11-15 17:18:35',NULL),(260,8,0,242,NULL,26,1200.00,250.50,20.88,0.00,'N',NULL,6,6,'2021-11-15 17:10:40','2021-11-15 17:10:40',NULL),(261,8,0,245,NULL,21,450.00,321.00,71.33,0.00,'N',NULL,6,6,'2021-11-15 17:17:53','2021-11-15 17:17:53',NULL),(262,8,0,248,NULL,18,2100.00,320.90,15.28,0.00,'N',NULL,6,6,'2021-11-15 17:26:02','2021-11-15 17:34:58',NULL),(263,8,0,248,NULL,11,650.00,120.90,18.60,0.00,'N',NULL,6,6,'2021-11-15 17:32:34','2021-11-15 17:34:58',NULL),(264,8,0,248,NULL,21,1400.00,210.00,15.00,0.00,'N',NULL,6,6,'2021-11-15 17:37:23','2021-11-15 17:37:23',NULL),(265,8,0,248,NULL,27,100.00,50.00,50.00,0.00,'N',NULL,6,6,'2021-11-15 17:37:43','2021-11-15 17:37:43',NULL),(266,12,1,NULL,'PROJEK 1',0,0.00,0.00,0.00,0.00,'N',NULL,6,6,'2021-11-17 16:36:48','2021-11-17 16:36:48',NULL),(267,12,0,266,NULL,22,8.00,0.00,0.00,0.00,'N',NULL,6,6,'2021-11-17 16:36:48','2021-11-17 16:36:48',NULL),(268,12,0,266,NULL,12,4.00,0.00,0.00,0.00,'N',NULL,6,6,'2021-11-17 16:36:48','2021-11-17 16:36:48',NULL),(269,12,1,NULL,'PROJEK 2',0,0.00,0.00,0.00,0.00,'N',NULL,6,6,'2021-11-17 16:36:48','2021-11-17 16:36:48',NULL),(270,12,0,269,NULL,22,60.00,0.00,0.00,0.00,'N',NULL,6,6,'2021-11-17 16:36:48','2021-11-17 16:36:48',NULL),(271,9,1,NULL,'PROJEK 231',0,0.00,0.00,0.00,0.00,'N',NULL,6,6,'2021-11-17 16:40:28','2021-11-17 16:40:28',NULL),(272,9,0,271,NULL,22,56.00,0.00,0.00,0.00,'N',NULL,6,6,'2021-11-17 16:40:28','2021-11-17 16:40:28',NULL),(273,9,0,271,NULL,13,44.00,0.00,0.00,0.00,'N',NULL,6,6,'2021-11-17 16:40:28','2021-11-17 16:40:28',NULL),(274,13,1,NULL,'PROJEK 123456',0,0.00,0.00,0.00,0.00,'N',NULL,6,6,'2021-11-17 16:43:41','2021-11-17 16:43:41',NULL),(275,13,0,274,NULL,22,7.00,0.00,0.00,0.00,'N',NULL,6,6,'2021-11-17 16:43:41','2021-11-17 16:43:41',NULL),(276,13,0,274,NULL,13,432.00,0.00,0.00,0.00,'N',NULL,6,6,'2021-11-17 16:43:41','2021-11-17 16:43:41',NULL);

--
-- Table structure for table `permohonan_project_audit_trail`
--

CREATE TABLE `permohonan_project_audit_trail` (
  `permohonan_project_audit_trail_id` bigint(20) NOT NULL AUTO_INCREMENT,
  `permohonan_project_id` bigint(20) NOT NULL,
  `status` char(1) NOT NULL,
  `remarks` text,
  `created_by` int(11) NOT NULL,
  `created_at` timestamp NULL DEFAULT NULL,
  `updated_at` timestamp NOT NULL DEFAULT CURRENT_TIMESTAMP,
  `deleted_at` timestamp NULL DEFAULT NULL,
  PRIMARY KEY (`permohonan_project_audit_trail_id`),
  KEY `idx_permohonanprojecttrail_permohonanid` (`permohonan_project_id`),
  KEY `idx_permohonanprojecttrail_createdby` (`created_by`)
) ENGINE=InnoDB AUTO_INCREMENT=39 DEFAULT CHARSET=latin1;

--
-- Dumping data for table `permohonan_project_audit_trail`
--

INSERT INTO `permohonan_project_audit_trail` VALUES (1,121,'H',NULL,9,'2021-11-13 14:29:22','2021-11-13 14:29:22',NULL),(2,124,'H',NULL,9,'2021-11-13 14:29:22','2021-11-13 14:29:22',NULL),(3,151,'H',NULL,166,'2021-11-13 16:55:43','2021-11-13 16:55:43',NULL),(4,153,'H',NULL,166,'2021-11-13 16:55:43','2021-11-13 16:55:43',NULL),(5,151,'Z',NULL,6,'2021-11-14 19:04:43','2021-11-14 19:04:43',NULL),(6,242,'H',NULL,9,'2021-11-15 01:46:30','2021-11-15 01:46:30',NULL),(7,245,'H',NULL,9,'2021-11-15 01:46:30','2021-11-15 01:46:30',NULL),(8,248,'H',NULL,9,'2021-11-15 01:46:30','2021-11-15 01:46:30',NULL),(9,242,'Z',NULL,6,'2021-11-15 01:47:19','2021-11-15 01:47:19',NULL),(10,242,'Z',NULL,6,'2021-11-15 01:48:14','2021-11-15 01:48:14',NULL),(11,242,'Z',NULL,6,'2021-11-15 17:03:52','2021-11-15 17:03:52',NULL),(12,245,'Z',NULL,6,'2021-11-15 17:17:53','2021-11-15 17:17:53',NULL),(13,245,'Z',NULL,6,'2021-11-15 17:18:35','2021-11-15 17:18:35',NULL),(14,248,'Z',NULL,6,'2021-11-15 17:23:15','2021-11-15 17:23:15',NULL),(15,248,'Z',NULL,6,'2021-11-15 17:23:55','2021-11-15 17:23:55',NULL),(16,248,'Z',NULL,6,'2021-11-15 17:26:02','2021-11-15 17:26:02',NULL),(17,248,'Z',NULL,6,'2021-11-15 17:32:34','2021-11-15 17:32:34',NULL),(18,248,'Z',NULL,6,'2021-11-15 17:34:38','2021-11-15 17:34:38',NULL),(19,248,'Z',NULL,6,'2021-11-15 17:34:58','2021-11-15 17:34:58',NULL),(20,248,'Z',NULL,6,'2021-11-15 17:37:23','2021-11-15 17:37:23',NULL),(21,248,'Z',NULL,6,'2021-11-15 17:37:43','2021-11-15 17:37:43',NULL),(22,271,'H',NULL,9,'2021-11-17 17:16:36','2021-11-17 17:16:36',NULL),(23,274,'H',NULL,9,'2021-11-17 17:18:15','2021-11-17 17:18:15',NULL),(24,266,'H',NULL,9,'2021-11-17 17:18:35','2021-11-17 17:18:35',NULL),(25,269,'H',NULL,9,'2021-11-17 17:18:35','2021-11-17 17:18:35',NULL),(26,271,'H',NULL,9,'2021-11-17 17:21:42','2021-11-17 17:21:42',NULL),(27,266,'H',NULL,9,'2021-11-17 17:29:06','2021-11-17 17:29:06',NULL),(28,269,'H',NULL,9,'2021-11-17 17:29:06','2021-11-17 17:29:06',NULL),(29,266,'H',NULL,9,'2021-11-17 17:31:33','2021-11-17 17:31:33',NULL),(30,269,'H',NULL,9,'2021-11-17 17:31:33','2021-11-17 17:31:33',NULL),(31,266,'H',NULL,9,'2021-11-17 17:33:03','2021-11-17 17:33:03',NULL),(32,269,'H',NULL,9,'2021-11-17 17:33:03','2021-11-17 17:33:03',NULL),(33,274,'H',NULL,9,'2021-11-17 17:33:43','2021-11-17 17:33:43',NULL),(34,274,'H',NULL,9,'2021-11-17 17:35:48','2021-11-17 17:35:48',NULL),(35,271,'H',NULL,9,'2021-11-17 17:37:40','2021-11-17 17:37:40',NULL),(36,271,'H',NULL,166,'2021-11-17 18:25:38','2021-11-17 18:25:38',NULL),(37,266,'H',NULL,166,'2021-11-17 18:25:38','2021-11-17 18:25:38',NULL),(38,269,'H',NULL,166,'2021-11-17 18:25:38','2021-11-17 18:25:38',NULL);

--
-- Table structure for table `permohonan_project_history`
--

CREATE TABLE `permohonan_project_history` (
  `permohonan_project_history_id` bigint(20) NOT NULL AUTO_INCREMENT,
  `permohonan_project_id` bigint(20) NOT NULL,
  `targeted_value` decimal(10,2) NOT NULL DEFAULT '0.00',
  `achieved_value` decimal(10,2) NOT NULL DEFAULT '0.00',
  `percentage_value` decimal(10,2) NOT NULL DEFAULT '0.00',
  `project_final_value` decimal(10,2) NOT NULL DEFAULT '0.00',
  `created_by` int(11) NOT NULL,
  `updated_by` int(11) NOT NULL,
  `created_at` timestamp NULL DEFAULT NULL,
  `updated_at` timestamp NOT NULL DEFAULT CURRENT_TIMESTAMP,
  `deleted_at` timestamp NULL DEFAULT NULL,
  PRIMARY KEY (`permohonan_project_history_id`),
  KEY `idx_permohonanproject_permohonanprojectid` (`permohonan_project_id`),
  KEY `idx_permohonanproject_createdby` (`created_by`),
  KEY `idx_permohonanproject_updatedby` (`updated_by`)
) ENGINE=InnoDB AUTO_INCREMENT=92 DEFAULT CHARSET=latin1;

--
-- Dumping data for table `permohonan_project_history`
--

INSERT INTO `permohonan_project_history` VALUES (1,121,0.00,0.00,0.00,0.00,9,9,'2021-11-13 14:29:22','2021-11-13 14:29:22',NULL),(2,122,2100.00,0.00,0.00,0.00,9,9,'2021-11-13 14:29:22','2021-11-13 14:29:22',NULL),(3,123,3100.00,0.00,0.00,0.00,9,9,'2021-11-13 14:29:22','2021-11-13 14:29:22',NULL),(4,124,0.00,0.00,0.00,0.00,9,9,'2021-11-13 14:29:22','2021-11-13 14:29:22',NULL),(5,125,0.00,0.00,0.00,0.00,9,9,'2021-11-13 14:29:22','2021-11-13 14:29:22',NULL),(6,151,0.00,0.00,0.00,0.00,166,166,'2021-11-13 16:55:43','2021-11-13 16:55:43',NULL),(7,152,100.00,0.00,0.00,0.00,166,166,'2021-11-13 16:55:43','2021-11-13 16:55:43',NULL),(8,153,0.00,0.00,0.00,0.00,166,166,'2021-11-13 16:55:43','2021-11-13 16:55:43',NULL),(9,154,200.00,0.00,0.00,0.00,166,166,'2021-11-13 16:55:43','2021-11-13 16:55:43',NULL),(10,152,100.00,0.00,0.00,0.00,6,6,'2021-11-14 19:04:43','2021-11-14 19:04:43',NULL),(11,151,0.00,0.00,0.00,0.00,6,6,'2021-11-14 19:04:43','2021-11-14 19:04:43',NULL),(12,242,0.00,0.00,0.00,0.00,9,9,'2021-11-15 01:46:30','2021-11-15 01:46:30',NULL),(13,243,2100.00,0.00,0.00,0.00,9,9,'2021-11-15 01:46:30','2021-11-15 01:46:30',NULL),(14,244,1222.00,0.00,0.00,0.00,9,9,'2021-11-15 01:46:30','2021-11-15 01:46:30',NULL),(15,245,0.00,0.00,0.00,0.00,9,9,'2021-11-15 01:46:30','2021-11-15 01:46:30',NULL),(16,246,4310.00,0.00,0.00,0.00,9,9,'2021-11-15 01:46:30','2021-11-15 01:46:30',NULL),(17,247,22.00,0.00,0.00,0.00,9,9,'2021-11-15 01:46:30','2021-11-15 01:46:30',NULL),(18,248,0.00,0.00,0.00,0.00,9,9,'2021-11-15 01:46:30','2021-11-15 01:46:30',NULL),(19,249,321.00,0.00,0.00,0.00,9,9,'2021-11-15 01:46:30','2021-11-15 01:46:30',NULL),(20,250,440.00,0.00,0.00,0.00,9,9,'2021-11-15 01:46:31','2021-11-15 01:46:31',NULL),(21,243,2100.00,0.00,0.00,0.00,6,6,'2021-11-15 01:47:19','2021-11-15 01:47:19',NULL),(22,244,1222.00,0.00,0.00,0.00,6,6,'2021-11-15 01:47:19','2021-11-15 01:47:19',NULL),(23,242,0.00,0.00,0.00,0.00,6,6,'2021-11-15 01:47:19','2021-11-15 01:47:19',NULL),(24,243,2100.00,100.00,4.76,0.00,6,6,'2021-11-15 01:48:14','2021-11-15 01:48:14',NULL),(25,244,1222.00,222.00,18.17,0.00,6,6,'2021-11-15 01:48:14','2021-11-15 01:48:14',NULL),(26,242,0.00,0.00,0.00,11.46,6,6,'2021-11-15 01:48:14','2021-11-15 01:48:14',NULL),(27,243,2100.00,100.00,4.76,0.00,6,6,'2021-11-15 17:03:52','2021-11-15 17:03:52',NULL),(28,244,1222.00,222.00,18.17,0.00,6,6,'2021-11-15 17:03:52','2021-11-15 17:03:52',NULL),(29,258,670.00,150.00,22.39,0.00,6,6,'2021-11-15 17:03:52','2021-11-15 17:03:52',NULL),(30,242,0.00,0.00,0.00,15.11,6,6,'2021-11-15 17:03:52','2021-11-15 17:03:52',NULL),(31,261,450.00,321.00,71.33,0.00,6,6,'2021-11-15 17:17:53','2021-11-15 17:17:53',NULL),(32,246,4310.00,0.00,0.00,0.00,6,6,'2021-11-15 17:18:35','2021-11-15 17:18:35',NULL),(33,247,22.00,0.00,0.00,0.00,6,6,'2021-11-15 17:18:35','2021-11-15 17:18:35',NULL),(34,259,340.00,56.10,16.50,0.00,6,6,'2021-11-15 17:18:35','2021-11-15 17:18:35',NULL),(35,245,0.00,0.00,0.00,21.96,6,6,'2021-11-15 17:18:35','2021-11-15 17:18:35',NULL),(36,248,0.00,0.00,0.00,15.57,6,6,'2021-11-15 17:23:15','2021-11-15 17:23:15',NULL),(37,249,321.00,150.00,46.73,0.00,6,6,'2021-11-15 17:23:55','2021-11-15 17:23:55',NULL),(38,248,0.00,0.00,0.00,23.36,6,6,'2021-11-15 17:23:55','2021-11-15 17:23:55',NULL),(39,262,2100.00,320.70,15.27,0.00,6,6,'2021-11-15 17:26:02','2021-11-15 17:26:02',NULL),(40,263,650.00,120.90,18.60,0.00,6,6,'2021-11-15 17:32:34','2021-11-15 17:32:34',NULL),(41,248,0.00,0.00,0.00,23.36,6,6,'2021-11-15 17:34:38','2021-11-15 17:34:38',NULL),(42,262,2100.00,320.90,15.28,0.00,6,6,'2021-11-15 17:34:58','2021-11-15 17:34:58',NULL),(43,248,0.00,0.00,0.00,20.15,6,6,'2021-11-15 17:34:58','2021-11-15 17:34:58',NULL),(44,264,1400.00,210.00,15.00,0.00,6,6,'2021-11-15 17:37:23','2021-11-15 17:37:23',NULL),(45,265,100.00,50.00,50.00,0.00,6,6,'2021-11-15 17:37:43','2021-11-15 17:37:43',NULL),(46,271,0.00,0.00,0.00,0.00,9,9,'2021-11-17 17:16:36','2021-11-17 17:16:36',NULL),(47,272,56.00,0.00,0.00,0.00,9,9,'2021-11-17 17:16:36','2021-11-17 17:16:36',NULL),(48,273,44.00,0.00,0.00,0.00,9,9,'2021-11-17 17:16:36','2021-11-17 17:16:36',NULL),(49,274,0.00,0.00,0.00,0.00,9,9,'2021-11-17 17:18:15','2021-11-17 17:18:15',NULL),(50,275,7.00,0.00,0.00,0.00,9,9,'2021-11-17 17:18:15','2021-11-17 17:18:15',NULL),(51,276,432.00,0.00,0.00,0.00,9,9,'2021-11-17 17:18:15','2021-11-17 17:18:15',NULL),(52,266,0.00,0.00,0.00,0.00,9,9,'2021-11-17 17:18:35','2021-11-17 17:18:35',NULL),(53,267,8.00,0.00,0.00,0.00,9,9,'2021-11-17 17:18:35','2021-11-17 17:18:35',NULL),(54,268,4.00,0.00,0.00,0.00,9,9,'2021-11-17 17:18:35','2021-11-17 17:18:35',NULL),(55,269,0.00,0.00,0.00,0.00,9,9,'2021-11-17 17:18:35','2021-11-17 17:18:35',NULL),(56,270,60.00,0.00,0.00,0.00,9,9,'2021-11-17 17:18:35','2021-11-17 17:18:35',NULL),(57,271,0.00,0.00,0.00,0.00,9,9,'2021-11-17 17:21:42','2021-11-17 17:21:42',NULL),(58,272,56.00,0.00,0.00,0.00,9,9,'2021-11-17 17:21:42','2021-11-17 17:21:42',NULL),(59,273,44.00,0.00,0.00,0.00,9,9,'2021-11-17 17:21:42','2021-11-17 17:21:42',NULL),(60,266,0.00,0.00,0.00,0.00,9,9,'2021-11-17 17:29:06','2021-11-17 17:29:06',NULL),(61,267,8.00,0.00,0.00,0.00,9,9,'2021-11-17 17:29:06','2021-11-17 17:29:06',NULL),(62,268,4.00,0.00,0.00,0.00,9,9,'2021-11-17 17:29:06','2021-11-17 17:29:06',NULL),(63,269,0.00,0.00,0.00,0.00,9,9,'2021-11-17 17:29:06','2021-11-17 17:29:06',NULL),(64,270,60.00,0.00,0.00,0.00,9,9,'2021-11-17 17:29:06','2021-11-17 17:29:06',NULL),(65,266,0.00,0.00,0.00,0.00,9,9,'2021-11-17 17:31:33','2021-11-17 17:31:33',NULL),(66,267,8.00,0.00,0.00,0.00,9,9,'2021-11-17 17:31:33','2021-11-17 17:31:33',NULL),(67,268,4.00,0.00,0.00,0.00,9,9,'2021-11-17 17:31:33','2021-11-17 17:31:33',NULL),(68,269,0.00,0.00,0.00,0.00,9,9,'2021-11-17 17:31:33','2021-11-17 17:31:33',NULL),(69,270,60.00,0.00,0.00,0.00,9,9,'2021-11-17 17:31:33','2021-11-17 17:31:33',NULL),(70,266,0.00,0.00,0.00,0.00,9,9,'2021-11-17 17:33:03','2021-11-17 17:33:03',NULL),(71,267,8.00,0.00,0.00,0.00,9,9,'2021-11-17 17:33:03','2021-11-17 17:33:03',NULL),(72,268,4.00,0.00,0.00,0.00,9,9,'2021-11-17 17:33:03','2021-11-17 17:33:03',NULL),(73,269,0.00,0.00,0.00,0.00,9,9,'2021-11-17 17:33:03','2021-11-17 17:33:03',NULL),(74,270,60.00,0.00,0.00,0.00,9,9,'2021-11-17 17:33:03','2021-11-17 17:33:03',NULL),(75,274,0.00,0.00,0.00,0.00,9,9,'2021-11-17 17:33:43','2021-11-17 17:33:43',NULL),(76,275,7.00,0.00,0.00,0.00,9,9,'2021-11-17 17:33:43','2021-11-17 17:33:43',NULL),(77,276,432.00,0.00,0.00,0.00,9,9,'2021-11-17 17:33:43','2021-11-17 17:33:43',NULL),(78,274,0.00,0.00,0.00,0.00,9,9,'2021-11-17 17:35:48','2021-11-17 17:35:48',NULL),(79,275,7.00,0.00,0.00,0.00,9,9,'2021-11-17 17:35:48','2021-11-17 17:35:48',NULL),(80,276,432.00,0.00,0.00,0.00,9,9,'2021-11-17 17:35:48','2021-11-17 17:35:48',NULL),(81,271,0.00,0.00,0.00,0.00,9,9,'2021-11-17 17:37:40','2021-11-17 17:37:40',NULL),(82,272,56.00,0.00,0.00,0.00,9,9,'2021-11-17 17:37:40','2021-11-17 17:37:40',NULL),(83,273,44.00,0.00,0.00,0.00,9,9,'2021-11-17 17:37:40','2021-11-17 17:37:40',NULL),(84,271,0.00,0.00,0.00,0.00,166,166,'2021-11-17 18:25:38','2021-11-17 18:25:38',NULL),(85,272,56.00,0.00,0.00,0.00,166,166,'2021-11-17 18:25:38','2021-11-17 18:25:38',NULL),(86,273,44.00,0.00,0.00,0.00,166,166,'2021-11-17 18:25:38','2021-11-17 18:25:38',NULL),(87,266,0.00,0.00,0.00,0.00,166,166,'2021-11-17 18:25:38','2021-11-17 18:25:38',NULL),(88,267,8.00,0.00,0.00,0.00,166,166,'2021-11-17 18:25:38','2021-11-17 18:25:38',NULL),(89,268,4.00,0.00,0.00,0.00,166,166,'2021-11-17 18:25:38','2021-11-17 18:25:38',NULL),(90,269,0.00,0.00,0.00,0.00,166,166,'2021-11-17 18:25:38','2021-11-17 18:25:38',NULL),(91,270,60.00,0.00,0.00,0.00,166,166,'2021-11-17 18:25:38','2021-11-17 18:25:38',NULL);

--
-- Table structure for table `permohonan_scope`
--

CREATE TABLE `permohonan_scope` (
  `permohonan_scope_id` bigint(20) NOT NULL AUTO_INCREMENT,
  `permohonan_id` bigint(20) NOT NULL,
  `scope_desc` varchar(255) DEFAULT NULL,
  `created_by` int(11) NOT NULL,
  `updated_by` int(11) NOT NULL,
  `created_at` timestamp NULL DEFAULT NULL,
  `updated_at` timestamp NOT NULL DEFAULT CURRENT_TIMESTAMP,
  `deleted_at` timestamp NULL DEFAULT NULL,
  PRIMARY KEY (`permohonan_scope_id`),
  KEY `idx_permohonanscope_permohonanid` (`permohonan_id`),
  KEY `idx_permohonanscope_createdby` (`created_by`),
  KEY `idx_permohonanscope_updatedby` (`updated_by`)
) ENGINE=InnoDB AUTO_INCREMENT=39 DEFAULT CHARSET=latin1;

--
-- Dumping data for table `permohonan_scope`
--

INSERT INTO `permohonan_scope` VALUES (1,1,'outcome 1',6,6,'2021-11-11 14:09:53','2021-11-11 14:09:53','2021-11-11 06:10:47'),(2,1,'outcome 2',6,6,'2021-11-11 14:09:53','2021-11-11 14:09:53','2021-11-11 06:10:47'),(3,1,'outcome 1',6,6,'2021-11-11 14:10:47','2021-11-11 14:10:47','2021-11-11 06:12:27'),(4,1,'outcome 2',6,6,'2021-11-11 14:10:47','2021-11-11 14:10:47','2021-11-11 06:12:27'),(5,1,'outcome 2',6,6,'2021-11-11 14:12:27','2021-11-11 14:12:27','2021-11-11 08:44:19'),(6,1,'outcome 2',6,6,'2021-11-11 16:44:19','2021-11-11 16:44:19','2021-11-11 08:48:17'),(7,1,'OUTCOME 2',6,6,'2021-11-11 16:48:17','2021-11-11 16:48:17','2021-11-11 08:54:36'),(8,1,'OT',6,6,'2021-11-11 16:54:36','2021-11-11 16:54:36','2021-11-11 08:56:21'),(10,1,'OT',6,6,'2021-11-11 16:56:21','2021-11-11 16:56:21','2021-11-11 08:56:35'),(11,1,'OT',6,6,'2021-11-11 16:56:35','2021-11-11 16:56:35','2021-11-11 09:02:21'),(12,1,'OT',6,6,'2021-11-11 17:02:21','2021-11-11 17:02:21','2021-11-11 09:03:46'),(13,1,'OT',6,6,'2021-11-11 17:03:46','2021-11-11 17:03:46','2021-11-11 09:03:53'),(14,1,'OT',6,6,'2021-11-11 17:03:53','2021-11-11 17:03:53',NULL),(15,2,'OUTCOME 11',6,6,'2021-11-11 17:06:08','2021-11-11 17:06:08','2021-11-11 09:07:47'),(16,2,'OUTCOME 11',6,6,'2021-11-11 17:07:47','2021-11-11 17:07:47',NULL),(17,3,'OUTCOME 1',6,6,'2021-11-12 03:55:12','2021-11-12 03:55:12',NULL),(18,4,'OUTCOME 1',6,6,'2021-11-12 03:59:13','2021-11-12 03:59:13',NULL),(19,8,'OUTCOME 1',6,6,'2021-11-14 16:53:00','2021-11-14 16:53:00','2021-11-14 08:56:22'),(20,8,'OUTCOME 2',6,6,'2021-11-14 16:53:00','2021-11-14 16:53:00','2021-11-14 08:56:22'),(21,8,'OUTCOME 2',6,6,'2021-11-14 16:56:22','2021-11-14 16:56:22','2021-11-14 08:58:11'),(22,8,'OUTCOME 2',6,6,'2021-11-14 16:58:11','2021-11-14 16:58:11','2021-11-14 08:58:20'),(23,8,'OUTCOME 2',6,6,'2021-11-14 16:58:20','2021-11-14 16:58:20','2021-11-14 08:58:49'),(24,8,'OUTCOME 2',6,6,'2021-11-14 16:58:49','2021-11-14 16:58:49','2021-11-14 08:59:12'),(25,8,'OUTCOME 2',6,6,'2021-11-14 16:59:12','2021-11-14 16:59:12','2021-11-14 09:01:50'),(26,8,'OUTCOME 2',6,6,'2021-11-14 17:01:50','2021-11-14 17:01:50','2021-11-14 09:07:20'),(27,8,'OUTCOME 2',6,6,'2021-11-14 17:07:20','2021-11-14 17:07:20','2021-11-14 09:24:58'),(28,8,'OUTCOME 2',6,6,'2021-11-14 17:24:58','2021-11-14 17:24:58','2021-11-14 09:37:38'),(29,8,'OUTCOME 2',6,6,'2021-11-14 17:37:38','2021-11-14 17:37:38','2021-11-14 09:38:05'),(30,8,'OUTCOME 2',6,6,'2021-11-14 17:38:05','2021-11-14 17:38:05','2021-11-14 09:52:08'),(31,8,'OUTCOME 2',6,6,'2021-11-14 17:52:08','2021-11-14 17:52:08','2021-11-14 10:02:02'),(32,8,'OUTCOME 2',6,6,'2021-11-14 18:02:02','2021-11-14 18:02:02','2021-11-14 10:11:54'),(33,8,'OUTCOME 2',6,6,'2021-11-14 18:11:54','2021-11-14 18:11:54','2021-11-14 10:45:02'),(34,8,'OUTCOME 2',6,6,'2021-11-14 18:45:02','2021-11-14 18:45:02','2021-11-14 10:45:15'),(35,8,'OUTCOME 2',6,6,'2021-11-14 18:45:15','2021-11-14 18:45:15',NULL),(36,12,'OUTCOME 1',6,6,'2021-11-17 16:36:47','2021-11-17 16:36:47',NULL),(37,9,'OUTCOME 1',6,6,'2021-11-17 16:40:28','2021-11-17 16:40:28',NULL),(38,13,'OUTCOME 1',6,6,'2021-11-17 16:43:41','2021-11-17 16:43:41',NULL);

--
-- Table structure for table `permohonan_sharewith`
--

CREATE TABLE `permohonan_sharewith` (
  `permohonan_sharewith_id` bigint(20) NOT NULL AUTO_INCREMENT,
  `permohonan_id` bigint(20) NOT NULL,
  `user_id` int(11) NOT NULL,
  `created_by` int(11) NOT NULL,
  `updated_by` int(11) NOT NULL,
  `created_at` timestamp NULL DEFAULT NULL,
  `updated_at` timestamp NOT NULL DEFAULT CURRENT_TIMESTAMP,
  `deleted_at` timestamp NULL DEFAULT NULL,
  PRIMARY KEY (`permohonan_sharewith_id`),
  KEY `idx_permohonansharewith_permohonanid` (`permohonan_id`),
  KEY `idx_permohonansharewith_userid` (`user_id`),
  KEY `idx_permohonansharewith_createdby` (`created_by`),
  KEY `idx_permohonansharewith_updatedby` (`updated_by`)
) ENGINE=InnoDB AUTO_INCREMENT=80 DEFAULT CHARSET=latin1;

--
-- Dumping data for table `permohonan_sharewith`
--

INSERT INTO `permohonan_sharewith` VALUES (1,1,3,6,6,'2021-11-11 14:12:13','2021-11-11 14:12:13','2021-11-11 06:12:27'),(2,1,8,6,6,'2021-11-11 14:12:17','2021-11-11 14:12:17','2021-11-11 06:12:27'),(3,1,3,6,6,'2021-11-11 14:12:27','2021-11-11 14:12:27','2021-11-11 08:44:19'),(4,1,8,6,6,'2021-11-11 14:12:27','2021-11-11 14:12:27','2021-11-11 08:44:19'),(5,1,3,6,6,'2021-11-11 16:44:19','2021-11-11 16:44:19','2021-11-11 08:48:17'),(6,1,8,6,6,'2021-11-11 16:44:19','2021-11-11 16:44:19','2021-11-11 08:48:17'),(7,1,3,6,6,'2021-11-11 16:48:17','2021-11-11 16:48:17','2021-11-11 08:54:36'),(8,1,8,6,6,'2021-11-11 16:48:17','2021-11-11 16:48:17','2021-11-11 08:54:36'),(9,1,3,6,6,'2021-11-11 16:54:36','2021-11-11 16:54:36','2021-11-11 08:56:21'),(10,1,8,6,6,'2021-11-11 16:54:36','2021-11-11 16:54:36','2021-11-11 08:56:21'),(13,1,3,6,6,'2021-11-11 16:56:21','2021-11-11 16:56:21','2021-11-11 08:56:35'),(14,1,8,6,6,'2021-11-11 16:56:21','2021-11-11 16:56:21','2021-11-11 08:56:35'),(15,1,3,6,6,'2021-11-11 16:56:35','2021-11-11 16:56:35','2021-11-11 09:02:21'),(16,1,8,6,6,'2021-11-11 16:56:35','2021-11-11 16:56:35','2021-11-11 09:02:21'),(17,1,3,6,6,'2021-11-11 17:02:21','2021-11-11 17:02:21','2021-11-11 09:03:46'),(18,1,8,6,6,'2021-11-11 17:02:21','2021-11-11 17:02:21','2021-11-11 09:03:46'),(19,1,3,6,6,'2021-11-11 17:03:46','2021-11-11 17:03:46','2021-11-11 09:03:53'),(20,1,8,6,6,'2021-11-11 17:03:46','2021-11-11 17:03:46','2021-11-11 09:03:53'),(21,1,3,6,6,'2021-11-11 17:03:53','2021-11-11 17:03:53',NULL),(22,1,8,6,6,'2021-11-11 17:03:53','2021-11-11 17:03:53',NULL),(23,2,3,6,6,'2021-11-11 17:05:10','2021-11-11 17:05:10','2021-11-11 09:06:08'),(24,2,8,6,6,'2021-11-11 17:05:25','2021-11-11 17:05:25','2021-11-11 09:06:08'),(25,2,3,6,6,'2021-11-11 17:06:08','2021-11-11 17:06:08','2021-11-11 09:07:47'),(26,2,8,6,6,'2021-11-11 17:06:08','2021-11-11 17:06:08','2021-11-11 09:07:47'),(27,2,3,6,6,'2021-11-11 17:07:47','2021-11-11 17:07:47',NULL),(28,2,8,6,6,'2021-11-11 17:07:47','2021-11-11 17:07:47',NULL),(29,3,3,6,6,'2021-11-12 03:55:12','2021-11-12 03:55:12',NULL),(30,3,8,6,6,'2021-11-12 03:55:12','2021-11-12 03:55:12',NULL),(31,3,67,6,6,'2021-11-12 03:55:12','2021-11-12 03:55:12',NULL),(32,4,3,6,6,'2021-11-12 03:59:13','2021-11-12 03:59:13',NULL),(33,8,1176,6,6,'2021-11-14 16:52:44','2021-11-14 16:52:44','2021-11-14 08:53:00'),(34,8,15,6,6,'2021-11-14 16:52:48','2021-11-14 16:52:48','2021-11-14 08:53:00'),(35,8,1176,6,6,'2021-11-14 16:53:00','2021-11-14 16:53:00','2021-11-14 08:56:22'),(36,8,15,6,6,'2021-11-14 16:53:00','2021-11-14 16:53:00','2021-11-14 08:56:22'),(37,8,1176,6,6,'2021-11-14 16:56:22','2021-11-14 16:56:22','2021-11-14 08:58:11'),(38,8,15,6,6,'2021-11-14 16:56:22','2021-11-14 16:56:22','2021-11-14 08:58:11'),(39,8,1176,6,6,'2021-11-14 16:58:11','2021-11-14 16:58:11','2021-11-14 08:58:20'),(40,8,15,6,6,'2021-11-14 16:58:11','2021-11-14 16:58:11','2021-11-14 08:58:20'),(41,8,1176,6,6,'2021-11-14 16:58:20','2021-11-14 16:58:20','2021-11-14 08:58:49'),(42,8,15,6,6,'2021-11-14 16:58:20','2021-11-14 16:58:20','2021-11-14 08:58:49'),(43,8,1176,6,6,'2021-11-14 16:58:49','2021-11-14 16:58:49','2021-11-14 08:59:12'),(44,8,15,6,6,'2021-11-14 16:58:49','2021-11-14 16:58:49','2021-11-14 08:59:12'),(45,8,1176,6,6,'2021-11-14 16:59:12','2021-11-14 16:59:12','2021-11-14 09:01:50'),(46,8,15,6,6,'2021-11-14 16:59:12','2021-11-14 16:59:12','2021-11-14 09:01:50'),(47,8,1176,6,6,'2021-11-14 17:01:50','2021-11-14 17:01:50','2021-11-14 09:07:20'),(48,8,15,6,6,'2021-11-14 17:01:50','2021-11-14 17:01:50','2021-11-14 09:07:20'),(49,8,1176,6,6,'2021-11-14 17:07:20','2021-11-14 17:07:20','2021-11-14 09:24:58'),(50,8,15,6,6,'2021-11-14 17:07:20','2021-11-14 17:07:20','2021-11-14 09:24:58'),(51,8,1176,6,6,'2021-11-14 17:24:58','2021-11-14 17:24:58','2021-11-14 09:37:38'),(52,8,15,6,6,'2021-11-14 17:24:58','2021-11-14 17:24:58','2021-11-14 09:37:38'),(53,8,1176,6,6,'2021-11-14 17:37:38','2021-11-14 17:37:38','2021-11-14 09:38:05'),(54,8,15,6,6,'2021-11-14 17:37:38','2021-11-14 17:37:38','2021-11-14 09:38:05'),(55,8,1176,6,6,'2021-11-14 17:38:05','2021-11-14 17:38:05','2021-11-14 09:52:08'),(56,8,15,6,6,'2021-11-14 17:38:05','2021-11-14 17:38:05','2021-11-14 09:52:08'),(57,8,1176,6,6,'2021-11-14 17:52:08','2021-11-14 17:52:08','2021-11-14 10:02:02'),(58,8,15,6,6,'2021-11-14 17:52:08','2021-11-14 17:52:08','2021-11-14 10:02:02'),(59,8,8,6,6,'2021-11-14 18:00:25','2021-11-14 18:00:25','2021-11-14 10:02:02'),(60,8,1176,6,6,'2021-11-14 18:02:02','2021-11-14 18:02:02','2021-11-14 10:11:54'),(61,8,15,6,6,'2021-11-14 18:02:02','2021-11-14 18:02:02','2021-11-14 10:11:54'),(62,8,8,6,6,'2021-11-14 18:02:02','2021-11-14 18:02:02','2021-11-14 10:11:54'),(63,8,1176,6,6,'2021-11-14 18:11:54','2021-11-14 18:11:54','2021-11-14 10:45:02'),(64,8,15,6,6,'2021-11-14 18:11:54','2021-11-14 18:11:54','2021-11-14 10:45:02'),(65,8,8,6,6,'2021-11-14 18:11:54','2021-11-14 18:11:54','2021-11-14 10:45:02'),(66,8,1176,6,6,'2021-11-14 18:45:02','2021-11-14 18:45:02','2021-11-14 10:45:15'),(67,8,15,6,6,'2021-11-14 18:45:02','2021-11-14 18:45:02','2021-11-14 10:45:15'),(68,8,8,6,6,'2021-11-14 18:45:02','2021-11-14 18:45:02','2021-11-14 10:45:15'),(69,8,1176,6,6,'2021-11-14 18:45:15','2021-11-14 18:45:15',NULL),(70,8,15,6,6,'2021-11-14 18:45:15','2021-11-14 18:45:15',NULL),(71,8,8,6,6,'2021-11-14 18:45:15','2021-11-14 18:45:15',NULL),(72,12,3,6,6,'2021-11-17 16:36:47','2021-11-17 16:36:47',NULL),(73,12,67,6,6,'2021-11-17 16:36:47','2021-11-17 16:36:47',NULL),(74,9,1176,6,6,'2021-11-17 16:40:08','2021-11-17 16:40:08','2021-11-17 08:40:28'),(75,9,8,6,6,'2021-11-17 16:40:13','2021-11-17 16:40:13','2021-11-17 08:40:28'),(76,9,1176,6,6,'2021-11-17 16:40:28','2021-11-17 16:40:28',NULL),(77,9,8,6,6,'2021-11-17 16:40:28','2021-11-17 16:40:28',NULL),(78,13,7,6,6,'2021-11-17 16:43:41','2021-11-17 16:43:41',NULL),(79,13,1176,6,6,'2021-11-17 16:43:41','2021-11-17 16:43:41',NULL);

--
-- Table structure for table `permohonan_tkp`
--

CREATE TABLE `permohonan_tkp` (
  `permohonan_tkp_id` bigint(20) NOT NULL AUTO_INCREMENT,
  `permohonan_id` bigint(20) NOT NULL,
  `tkp_id` int(11) DEFAULT NULL COMMENT 'TKP id',
  `tkp_response_status` char(1) NOT NULL DEFAULT 'P' COMMENT 'P-pending response,R-tidak sokong,A-sokong',
  `tkp_need_meeting` int(11) NOT NULL DEFAULT '0',
  `tkp_response_remarks` text,
  `tkp_response_date` datetime DEFAULT NULL,
  `tkp_meeting_remarks` text,
  `tkp_meeting_date` datetime DEFAULT NULL,
  `created_by` int(11) NOT NULL,
  `updated_by` int(11) NOT NULL,
  `created_at` timestamp NULL DEFAULT NULL,
  `updated_at` timestamp NOT NULL DEFAULT CURRENT_TIMESTAMP,
  `deleted_at` timestamp NULL DEFAULT NULL,
  PRIMARY KEY (`permohonan_tkp_id`),
  KEY `idx_permohonantkp_permohonanid` (`permohonan_id`),
  KEY `idx_permohonantkp_tkpid` (`tkp_id`),
  KEY `idx_permohonantkp_createdby` (`created_by`),
  KEY `idx_permohonantkp_updatedby` (`updated_by`),
  KEY `idx_permohonantkp_responsestatus` (`tkp_response_status`)
) ENGINE=InnoDB AUTO_INCREMENT=15 DEFAULT CHARSET=latin1;

--
-- Dumping data for table `permohonan_tkp`
--

INSERT INTO `permohonan_tkp` VALUES (1,1,304,'A',0,'saya sokong saya sokong','2021-11-13 22:25:09','TKP11t','2021-11-14 00:55:43',131,131,'2021-11-12 04:33:12','2021-11-12 04:33:12',NULL),(2,1,307,'I',1,'test lagi perlu mesyuarat','2021-11-13 22:06:39','TKP12t','2021-11-14 00:55:43',131,131,'2021-11-12 04:33:12','2021-11-12 04:33:12',NULL),(3,2,304,'A',0,NULL,'2021-11-13 23:07:04','TKP21t','2021-11-14 00:55:43',131,131,'2021-11-13 15:06:06','2021-11-13 15:06:06',NULL),(4,2,307,'A',0,NULL,'2021-11-13 23:07:57','TKP22t','2021-11-14 00:55:43',131,131,'2021-11-13 15:06:06','2021-11-13 15:06:06',NULL),(5,4,304,'I',1,'perlu mesyuarat','2021-11-13 23:08:56','TKP31t','2021-11-14 00:55:43',131,131,'2021-11-13 15:06:27','2021-11-13 15:06:27',NULL),(6,4,307,'A',0,NULL,'2021-11-13 23:07:43','TKP32t','2021-11-14 00:55:43',131,131,'2021-11-13 15:06:27','2021-11-13 15:06:27',NULL),(7,8,304,'A',0,'Seseorang pengarah eksekutif biasanya dilantik daripada kalangan pengarah-pengarah dan memegang jawatan bergaji dengan syarikat. Sesetengah syarikat melantik kakitangan eksekutifnya daripada kumpulan pengurusan atasan menjadi pengarah, di samping menjawat jawatan pengarah eksekutif. Pengarah bukan eksekutif pula biasanya tidak terlibat dengan urusan harian syarikat, tetapi bertanggungjawab bersama-sama dengan pengarah-pengarah lain dalam merangka dan melaksanakan polisi syarikat. Pengarah bukan eksekutif mempunyai hak dan menanggung liabiliti yang sama seperti pengarah-pengarah lain walaupun tidak memegang jawatan bergaji dan tidak terlibat dalam urusan harian syarikat.','2021-11-15 09:45:22',NULL,NULL,131,131,'2021-11-15 01:44:51','2021-11-15 01:44:51',NULL),(8,8,307,'A',0,'Pengarah gilir atau ganti hanya boleh dilantik jika terdapat kuasa untuk berbuat demikian dalam Perkara-perkara Persatuan syarikat. Perkara 82, Jadual A memberikuasa kepada mana-mana pengarah dengan kelulusan pengarah-pengarah lain, untuk melantik mana-mana orang sebagai pengarah gilir atau ganti untuk bertindak atas kedudukannya dalam tempoh yang difikirkannya patut. ','2021-11-15 09:46:00',NULL,NULL,131,131,'2021-11-15 01:44:51','2021-11-15 01:44:51',NULL),(9,13,304,'I',1,'TKP PERLU MESYUARAT','2021-11-18 00:59:38','ULASAN TKP - PERMOHONAN 6 - OPTION TIADA KOS','2021-11-18 02:25:38',131,131,'2021-11-17 16:51:32','2021-11-17 16:51:32',NULL),(10,13,307,'A',0,NULL,'2021-11-18 01:01:17','ULASAN TKP - PERMOHONAN 6 - OPTION TIADA KOS','2021-11-18 02:25:38',131,131,'2021-11-17 16:51:32','2021-11-17 16:51:32',NULL),(11,9,304,'A',0,'SOKONGAN TKP','2021-11-18 00:59:58','ULASAN TKP - PERMOHONAN 6 - KOS TIADA OPTION','2021-11-18 02:25:38',131,131,'2021-11-17 16:52:19','2021-11-17 16:52:19',NULL),(12,9,307,'A',0,NULL,'2021-11-18 01:01:29','ULASAN TKP - PERMOHONAN 6 - KOS TIADA OPTION','2021-11-18 02:25:38',131,131,'2021-11-17 16:52:19','2021-11-17 16:52:19',NULL),(13,12,304,'I',1,'TKP PERLU MESYUARAT','2021-11-18 01:00:16','ULASAN TKP - PERMOHONAN 6 - KOS ADA OPTION','2021-11-18 02:25:38',131,131,'2021-11-17 16:52:45','2021-11-17 16:52:45',NULL),(14,12,307,'A',0,NULL,'2021-11-18 01:01:39','ULASAN TKP - PERMOHONAN 6 - KOS ADA OPTION','2021-11-18 02:25:38',131,131,'2021-11-17 16:52:45','2021-11-17 16:52:45',NULL);

--
-- Table structure for table `ref_akademik`
--

CREATE TABLE `ref_akademik` (
  `akademik_id` int(11) NOT NULL AUTO_INCREMENT,
  `akademik_desc` varchar(200) NOT NULL,
  `is_active` char(1) NOT NULL DEFAULT '1',
  `created_by` int(11) DEFAULT NULL,
  `updated_by` int(11) DEFAULT NULL,
  `created_at` timestamp NULL DEFAULT NULL,
  `updated_at` timestamp NULL DEFAULT CURRENT_TIMESTAMP,
  `deleted_at` timestamp NULL DEFAULT NULL,
  PRIMARY KEY (`akademik_id`),
  KEY `idx_academic_createdby` (`created_by`),
  KEY `idx_academic_updatedby` (`updated_by`)
) ENGINE=InnoDB AUTO_INCREMENT=7 DEFAULT CHARSET=latin1;

--
-- Dumping data for table `ref_akademik`
--

INSERT INTO `ref_akademik` VALUES (1,'PHD','1',2,2,'2021-03-19 13:35:24','2021-03-19 13:35:24',NULL),(2,'MASTER','1',2,2,'2021-03-19 13:35:24','2021-03-19 13:35:24',NULL),(3,'IJAZAH','1',2,2,'2021-03-19 13:35:24','2021-03-19 13:35:24',NULL),(4,'DIPLOMA','1',2,2,'2021-03-19 13:35:24','2021-03-19 13:35:24',NULL),(5,'SIJIL','1',2,2,'2021-03-19 13:35:24','2021-03-19 13:35:24',NULL),(6,'SPM','1',2,2,'2021-05-31 04:18:32','2021-05-31 04:18:35',NULL);

--
-- Table structure for table `ref_alasan`
--

CREATE TABLE `ref_alasan` (
  `alasan_id` int(11) NOT NULL AUTO_INCREMENT,
  `alasan_desc` varchar(300) NOT NULL,
  `is_active` char(1) NOT NULL DEFAULT '1',
  `created_at` timestamp NULL DEFAULT NULL,
  `updated_at` timestamp NOT NULL DEFAULT CURRENT_TIMESTAMP,
  `deleted_at` timestamp NULL DEFAULT NULL,
  PRIMARY KEY (`alasan_id`)
) ENGINE=InnoDB AUTO_INCREMENT=18 DEFAULT CHARSET=latin1;

--
-- Dumping data for table `ref_alasan`
--

INSERT INTO `ref_alasan` VALUES (1,'Cuti Rehat','0','2018-12-01 00:04:36','2018-12-01 00:04:36','2019-01-13 18:52:31'),(2,'Cuti Sakit','0','2018-12-01 00:04:36','2018-12-01 00:04:36','2019-01-13 18:52:46'),(3,'Menghadiri Mesyuarat','0','2018-12-01 00:04:36','2018-12-01 00:04:36','2019-01-13 18:59:28'),(4,'Kerja Lebih Masa','0','2018-12-01 00:04:36','2018-12-01 00:04:36','2019-01-13 18:54:14'),(5,'Cuti Bersalin','0','2018-12-01 00:04:36','2018-12-01 00:04:36','2019-01-13 18:52:59'),(6,'Menghadiri Kursus','0','2018-12-01 00:04:36','2018-12-01 00:04:36','2019-01-13 18:59:10'),(7,'Tersalah Punch','0','2018-12-01 00:04:36','2018-12-01 00:04:36','2019-01-13 18:58:31'),(8,'Cuti Tanpa Rekod','1','2018-12-01 00:04:37','2018-12-01 00:04:37','2019-01-13 18:55:00'),(9,'Cuti Tanpa Gaji','0','2018-12-01 00:04:37','2018-12-01 00:04:37','2019-01-13 18:53:39'),(10,'Mesy. Sasaran Kerja Tahunan','1','2018-12-01 00:04:37','2018-12-01 00:04:37','2019-01-13 18:53:12'),(11,'Alasan Lewat Diterima','1','2018-12-01 00:04:37','2018-12-01 00:04:37',NULL),(12,'Pelepasan Waktu Bertugas','1','2018-12-01 00:04:37','2018-12-01 00:04:37','2019-01-13 18:59:21'),(13,'Cuti Kecemasan','1','2018-12-01 00:04:37','2018-12-01 00:04:37','2019-01-13 18:53:51'),(14,'Cuti Tahunan','1','2018-12-01 00:04:37','2018-12-01 00:04:37','2019-01-13 18:54:26'),(15,'Cuti Isteri Bersalin','1','2018-12-01 00:04:37','2018-12-01 00:04:37','2019-01-13 18:54:00'),(16,'Alasan Pulang Awal Diterima','1','2018-12-01 00:04:37','2018-12-01 00:04:37',NULL),(17,'Alasan Tidak Lengkap','1','2019-01-14 02:58:50','2019-01-14 02:58:50',NULL);

--
-- Table structure for table `ref_allocation`
--

CREATE TABLE `ref_allocation` (
  `allocation_id` int(11) NOT NULL AUTO_INCREMENT,
  `allocation_code` char(10) DEFAULT NULL,
  `allocation_desc` varchar(255) DEFAULT NULL,
  `running_no` int(11) NOT NULL DEFAULT '0',
  `created_by` int(11) DEFAULT NULL,
  `updated_by` int(11) DEFAULT NULL,
  `created_at` timestamp NULL DEFAULT NULL,
  `updated_at` timestamp NOT NULL DEFAULT CURRENT_TIMESTAMP,
  `deleted_at` timestamp NULL DEFAULT NULL,
  PRIMARY KEY (`allocation_id`)
) ENGINE=InnoDB AUTO_INCREMENT=3 DEFAULT CHARSET=latin1;

--
-- Dumping data for table `ref_allocation`
--

INSERT INTO `ref_allocation` VALUES (1,'M','OPERASI',1,2,46,'2019-03-21 19:41:34','2019-04-11 20:19:11',NULL),(2,'P','PEMBANGUNAN',0,2,46,'2019-03-21 19:41:45','2019-04-11 20:54:00',NULL);

--
-- Table structure for table `ref_asset`
--

CREATE TABLE `ref_asset` (
  `asset_id` int(11) NOT NULL AUTO_INCREMENT,
  `asset_category` int(11) DEFAULT '0' COMMENT '0-bukan alih, 1-alih',
  `asset_code` varchar(20) DEFAULT NULL,
  `asset_desc` varchar(255) DEFAULT NULL,
  `created_by` int(11) DEFAULT NULL,
  `updated_by` int(11) DEFAULT NULL,
  `created_at` timestamp NULL DEFAULT NULL,
  `updated_at` timestamp NOT NULL DEFAULT CURRENT_TIMESTAMP,
  `deleted_at` timestamp NULL DEFAULT NULL,
  PRIMARY KEY (`asset_id`),
  KEY `idx_refasset_createdby` (`created_by`),
  KEY `idx_refasset_updatedby` (`updated_by`)
) ENGINE=InnoDB AUTO_INCREMENT=34 DEFAULT CHARSET=latin1;

--
-- Dumping data for table `ref_asset`
--

INSERT INTO `ref_asset` VALUES (1,1,'A35300','ALAT KELENGKAPAN KOMPUTER DAN LETRONIK',2,31,'2020-10-14 03:36:35','2021-11-08 15:36:34',NULL),(2,1,'A35400','ALAT KELENGKAPAN LETRIK',2,275,'2020-10-14 03:36:35','2021-08-16 04:26:45',NULL),(3,1,'A35200','ALAT KELENGKAPAN MESIN',2,275,'2020-10-14 03:36:35','2021-08-16 04:29:46',NULL),(4,1,'A35100','ALAT KELENGKAPAN PEJABAT,PERABOT DAN LENGKAPAN',2,275,'2020-10-14 03:36:35','2021-08-16 04:28:35',NULL),(5,1,'A35500','ALAT KELENGKAPAN PENYIARAN DAAN PERHUBUNGAN',2,275,'2020-10-14 03:36:35','2021-08-16 04:30:22',NULL),(6,0,'P27600','BAHAN TENUNAN DAN BARANG - BARANG PAKAIAN',2,31,'2020-10-14 03:36:35','2020-12-31 04:34:31',NULL),(7,0,'P27100','BEKALAN PEJABAT',2,275,'2020-10-14 03:36:35','2021-04-05 03:01:49',NULL),(8,0,'L91100','BELANJA AKRU',2,182,'2020-10-14 03:36:35','2021-04-07 01:20:16',NULL),(9,1,'000000','INTANGIBLE ASSET',2,2,'2020-10-14 03:36:35','2020-10-14 03:36:35',NULL),(10,1,'A33100','KEMUDAHAN',2,275,'2020-10-14 03:36:35','2021-08-16 04:33:07',NULL),(11,1,'A34100','KENDERAAN',2,31,'2020-10-14 03:36:35','2020-12-31 04:45:35',NULL),(12,0,'P29400','KERAIAN, HOSPITALITI DAN HONORARIUM',2,31,'2020-10-14 03:36:35','2020-12-31 04:41:49',NULL),(13,0,'P22700','PENGANGKUTAN  BARANG- BARANG PEJABAT',2,31,'2020-10-14 03:36:35','2020-12-31 04:38:36',NULL),(14,0,'P22100','PENGANGKUTAN BARANG-BARANG UNTUK KAKITANGAN AWAM DALAM NEGERI',2,275,'2020-10-14 03:36:35','2021-08-16 04:23:33',NULL),(15,0,'P28500','PENYELENGGARAAN ALAT KELENGKAPAN ELEKTRIK',2,31,'2020-10-14 03:36:35','2020-12-31 04:40:37',NULL),(16,0,'P28400','PENYELENGGARAAN ALAT KELENGKAPAN KOMPUTER DAN LETRONIK',2,31,'2020-10-14 03:36:35','2020-12-31 04:40:14',NULL),(17,0,'P28300','PENYELENGGARAAN ALAT KELENGKAPAN MESIN',2,31,'2020-10-14 03:36:35','2020-12-31 04:39:54',NULL),(18,0,'P28200','PENYELENGGARAAN ALAT KELENGKAPAN PEJABAT, PERABOT DAN LENGKAPAN',2,31,'2020-10-14 03:36:35','2020-12-31 04:35:36',NULL),(19,0,'P28100','PENYELENGGARAAN BANGUNAN',2,31,'2020-10-14 03:36:35','2020-12-31 04:35:07',NULL),(20,0,'P28700','PENYELENGGARAAN KENDERAAN',2,31,'2020-10-14 03:36:35','2020-12-31 04:36:00',NULL),(21,0,'P21200','PERBELANJAAN PERJALANAN DAN SARA HIDUP KAKIKTANGAN DI LUAR NEGARA',2,31,'2020-10-14 03:36:35','2020-12-31 04:32:43',NULL),(22,0,'P21100','PERBELANJAAN PERJALANAN DAN SARA HIDUP KAKITANGAN DALAM NEGERI',2,31,'2020-10-14 03:36:35','2020-12-31 04:32:21',NULL),(23,0,'P23100','PERHUBUNGAN',2,31,'2020-10-14 03:36:35','2020-12-31 04:33:06',NULL),(24,0,'P29200','PERKHIDMATAN PERCETAKAN DAN MENJILID YANG DIBELI',2,31,'2020-10-14 03:36:35','2020-12-31 04:43:01',NULL),(25,0,'P29100','PERKHIDMATAN YANG DIBELI',2,31,'2020-10-14 03:36:35','2020-12-31 04:42:38',NULL),(26,0,'P24500','SEWA ALAT KELENGKAPAN PEJABAT, PERABOT DAN LENGKAPAN',2,31,'2020-10-14 03:36:35','2020-12-31 04:44:17',NULL),(27,0,'P24200','SEWA BANGUNAN',2,31,'2020-10-14 03:36:35','2020-12-31 04:44:39',NULL),(28,1,'A35600','UBAHSUAI',2,31,'2020-10-14 03:36:35','2020-12-31 04:43:40',NULL),(29,0,'P28600','PENYELENGGARAAN ALAT KELENGKAPAN PENYIARAN DAN PERHUBUNGAN',275,275,'2020-11-27 00:11:47','2020-12-03 03:56:18',NULL),(30,0,'L91108','APO',182,182,'2021-04-07 01:24:19','2021-04-07 01:24:19',NULL),(31,0,'L91113','JICA/ CLMV',182,182,'2021-04-07 01:24:50','2021-04-07 01:24:50',NULL),(32,0,'U22S0000','APO DMO',182,182,'2021-08-26 02:13:17','2021-08-26 02:13:39',NULL),(33,0,'P27300','BEKALAN RIADAH',182,182,'2021-09-09 00:36:37','2021-09-09 00:36:37',NULL);

--
-- Table structure for table `ref_asset_type`
--

CREATE TABLE `ref_asset_type` (
  `asset_type_id` int(11) NOT NULL AUTO_INCREMENT,
  `asset_id` int(11) DEFAULT NULL,
  `asset_category` int(11) DEFAULT NULL,
  `asset_desc` varchar(100) DEFAULT NULL,
  `asset_type_code` varchar(50) DEFAULT NULL,
  `asset_type_desc` varchar(255) DEFAULT NULL,
  `created_by` int(11) DEFAULT NULL,
  `updated_by` int(11) DEFAULT NULL,
  `created_at` timestamp NULL DEFAULT NULL,
  `updated_at` timestamp NOT NULL DEFAULT CURRENT_TIMESTAMP,
  `deleted_at` timestamp NULL DEFAULT NULL,
  PRIMARY KEY (`asset_type_id`),
  KEY `idx_refassettype_assetid` (`asset_id`),
  KEY `idx_refassettype_createdby` (`created_by`),
  KEY `idx_refassettype_updatedby` (`updated_by`)
) ENGINE=InnoDB AUTO_INCREMENT=82 DEFAULT CHARSET=latin1;

--
-- Dumping data for table `ref_asset_type`
--

INSERT INTO `ref_asset_type` VALUES (1,10,1,'KEMUDAHAN','A33101','KEMUDAHAN',2,2,'2020-10-14 03:31:11','2020-10-14 03:31:11',NULL),(2,11,1,'KENDERAAN','A34101','KENDERAAN BERMOTOR',2,2,'2020-10-14 03:31:11','2020-10-14 03:31:11',NULL),(3,4,1,'ALAT KELENGKAPAN PEJABAT,PERABOT DAN LENGKAPAN','A35101','PERABOT DAN KELENGKAPAN PEJABAT',2,2,'2020-10-14 03:31:11','2020-10-14 03:31:11',NULL),(4,3,1,'ALAT KELENGKAPAN MESIN','A35201','MESIN DAN ALAT KELENGKAPAN  PEJABAT',2,2,'2020-10-14 03:31:11','2020-10-14 03:31:11',NULL),(5,1,1,'ALAT KELENGKAPAN KOMPUTER DAN LETRONIK','A35301','KOMPUTER DAN ALAT KELENGKAPAN',2,2,'2020-10-14 03:31:11','2020-10-14 03:31:11',NULL),(6,2,1,'ALAT KELENGKAPAN LETRIK','A35401','HAWA DINGIN, PENYEJUK, PEMANAS DAN ALAT KELENGKAPAN',2,2,'2020-10-14 03:31:11','2020-10-14 03:31:11',NULL),(7,5,1,'ALAT KELENGKAPAN PENYIARAN DAAN PERHUBUNGAN','A35501','TELEFON DAN MESIN FAX/PA SYSTEM',2,2,'2020-10-14 03:31:11','2020-10-14 03:31:11',NULL),(8,28,1,'UBAHSUAI','A35601','UBAHSUAI',2,2,'2020-10-14 03:31:11','2020-10-14 03:31:11',NULL),(9,9,1,'INTANGIBLE ASSET','A35701','INTANGIBLE ASSET (SOFTWARE)',2,31,'2020-10-14 03:31:11','2020-10-14 05:28:08',NULL),(10,30,0,'BELANJAN AKRU','L91108','APO',2,182,'2020-10-14 03:31:11','2021-04-07 01:28:15',NULL),(11,31,0,'BELANJAN AKRU','L91113','BEST PRACTICE JICA/ CLMV',2,182,'2020-10-14 03:31:11','2021-04-07 01:26:14',NULL),(12,22,0,'PERBELANJAAN PERJALANAN DAN SARA HIDUP KAKITANGAN DALAM NEGERI','P21101','TAMBANG PERJALANAN, TOP-UP TOUCH N GO',2,2,'2020-10-14 03:31:11','2020-10-14 03:31:11',NULL),(13,22,0,'PERBELANJAAN PERJALANAN DAN SARA HIDUP KAKITANGAN DALAM NEGERI','P21102','HOTEL, LOJING DAN ELAUN MAKAN',2,2,'2020-10-14 03:31:11','2020-10-14 03:31:11',NULL),(14,22,0,'PERBELANJAAN PERJALANAN DAN SARA HIDUP KAKITANGAN DALAM NEGERI','P21199','LAIN - LAIN PERBELANJAAN PERJALANAN',2,2,'2020-10-14 03:31:11','2020-10-14 03:31:11',NULL),(15,21,0,'PERBELANJAAN PERJALANAN DAN SARA HIDUP KAKIKTANGAN DI LUAR NEGARA','P21201','TAMBANG PERJALANAN',2,2,'2020-10-14 03:31:11','2020-10-14 03:31:11',NULL),(16,21,0,'PERBELANJAAN PERJALANAN DAN SARA HIDUP KAKIKTANGAN DI LUAR NEGARA','P21202','HOTEL, LOJING DAN ELAUN MAKAN',2,2,'2020-10-14 03:31:11','2020-10-14 03:31:11',NULL),(17,21,0,'PERBELANJAAN PERJALANAN DAN SARA HIDUP KAKIKTANGAN DI LUAR NEGARA','P22101','PERPINDAHAN BARANG P',2,2,'2020-10-14 03:31:11','2020-10-14 03:31:11',NULL),(18,21,0,'PERBELANJAAN PERJALANAN DAN SARA HIDUP KAKIKTANGAN DI LUAR NEGARA','P22701','PENGANGKUTAN BARANG',2,2,'2020-10-14 03:31:11','2020-10-14 03:31:11',NULL),(19,14,0,'PENGANGKUTAN BARANG-BARANG UNTUK KAKITANGAN AWAM DALAM NEGERI','P22101','PERPINDAHAN BARANG PEGAWAI',2,2,'2020-10-14 03:31:11','2020-10-14 03:31:11',NULL),(20,13,0,'PENGANGKUTAN  BARANG- BARANG PEJABAT','P22701','PENGANGKUTAN BARANG PEJABAT, EXCESS BAGGAGE',2,2,'2020-10-14 03:31:11','2020-10-14 03:31:11',NULL),(21,23,0,'PERHUBUNGAN ','P23104','INTERNET',2,2,'2020-10-14 03:31:11','2020-10-14 03:31:11',NULL),(22,27,0,'SEWA BANGUNAN','P24201','SEWA BANGUNAN PEJABAT',2,2,'2020-10-14 03:31:11','2020-10-14 03:31:11',NULL),(23,27,0,'SEWA BANGUNAN','P24202','SEWA BANGUNAN KEDIAMAN',2,2,'2020-10-14 03:31:11','2020-10-14 03:31:11',NULL),(24,27,0,'SEWA BANGUNAN','P24299','SEWA BANGUNAN LAIN LAIN (BAYARAN PARKING BULANAN)',2,2,'2020-10-14 03:31:11','2020-10-14 03:31:11',NULL),(25,26,0,'SEWA ALAT KELENGKAPAN PEJABAT, PERABOT DAN LENGKAPAN','P24501','SEWA PERABOT ALAT KELENGKAPAN PEJABAT',2,2,'2020-10-14 03:31:11','2020-10-14 03:31:11',NULL),(26,26,0,'SEWA ALAT KELENGKAPAN PEJABAT, PERABOT DAN LENGKAPAN','P24502','SEWA MESIN DAN LENGKAPAN',2,2,'2020-10-14 03:31:11','2020-10-14 03:31:11',NULL),(27,26,0,'SEWA ALAT KELENGKAPAN PEJABAT, PERABOT DAN LENGKAPAN','P24503','SEWA MESIN FOTOSTAT',2,2,'2020-10-14 03:31:11','2020-10-14 03:31:11',NULL),(28,26,0,'SEWA ALAT KELENGKAPAN PEJABAT, PERABOT DAN LENGKAPAN','P24504','SEWA KENDERAAN',2,2,'2020-10-14 03:31:11','2020-10-14 03:31:11',NULL),(29,26,0,'SEWA ALAT KELENGKAPAN PEJABAT, PERABOT DAN LENGKAPAN','P24505','SEWA BILIK SEMINAR/KURSUS - PAMERAN',2,2,'2020-10-14 03:31:11','2020-10-14 03:31:11',NULL),(30,7,0,'BEKALAN PEJABAT','P27101','SURAT KHABAR, DAN MAJALAH',2,2,'2020-10-14 03:31:11','2020-10-14 03:31:11',NULL),(31,7,0,'BEKALAN PEJABAT','P27102','P27102- BEKALAN PEJABAT',2,275,'2020-10-14 03:31:11','2020-11-27 00:18:41',NULL),(32,7,0,'BEKALAN PEJABAT','P27103','P27103 - BEKALAN KOMPUTER',2,275,'2020-10-14 03:31:11','2021-04-05 03:03:06',NULL),(33,7,0,'BEKALAN PEJABAT','P27105','BAHAN KURSUS / SEMINAR (CTH: LANYARD, TRAINING KIT, T-SHIRT, BAG, FLIPCHART)',2,31,'2020-10-14 03:31:11','2020-10-14 05:32:13',NULL),(34,7,0,'BEKALAN PEJABAT','P27106','PERABOT DAN LENGKAPAN PEJABAT < RM 1,000.00 - CARPET, LANGSIR, WHITE BOARD - HAND DRYER',2,2,'2020-10-14 03:31:11','2020-10-14 03:31:11',NULL),(35,7,0,'BEKALAN PEJABAT','P27107','P27107 - BEKALAN DAN ALAT GANTI',2,275,'2020-10-14 03:31:11','2021-04-05 03:02:47',NULL),(36,7,0,'BEKALAN PEJABAT','P27108','BEKAL BAHAN PROMOSI (CTH: BAJU , BUNTING, NOTEBOOK ORGANIZER)',2,31,'2020-10-14 03:31:11','2020-10-14 05:30:05',NULL),(37,6,0,'BAHAN TENUNAN DAN BARANG - BARANG PAKAIAN','P27601','PAKAIAN SERAGAM',2,2,'2020-10-14 03:31:11','2020-10-14 03:31:11',NULL),(38,19,0,'PENYELENGGARAAN BANGUNAN ','P28101','BANGUNAN PEJABAT DAN RUMAH REHAT  - PEST CONTROL, PEMADAM API, TANGKI AIR, CAT , CUCIBANGUNAN',2,2,'2020-10-14 03:31:11','2020-10-14 03:31:11',NULL),(39,19,0,'PENYELENGGARAAN BANGUNAN ','P28102','KAWASAN PEJABAT',2,2,'2020-10-14 03:31:11','2020-10-14 03:31:11',NULL),(40,19,0,'PENYELENGGARAAN BANGUNAN ','P28199','BANGUNAN - BANGUNAN LAIN',2,2,'2020-10-14 03:31:11','2020-10-14 03:31:11',NULL),(41,18,0,'PENYELENGGARAAN ALAT KELENGKAPAN PEJABAT, PERABOT DAN LENGKAPAN','P28201','PERABOT ALAT KELENGKAPAN  PEJABAT',2,2,'2020-10-14 03:31:11','2020-10-14 03:31:11',NULL),(42,18,0,'PENYELENGGARAAN ALAT KELENGKAPAN PEJABAT, PERABOT DAN LENGKAPAN','P28299','PERABOT DAN LENGKAPAN YANG LAIN',2,2,'2020-10-14 03:31:11','2020-10-14 03:31:11',NULL),(43,17,0,'PENYELENGGARAAN ALAT KELENGKAPAN MESIN','P28301','MESIN DAN ALAT KELENGKAPAN PEJABAT',2,2,'2020-10-14 03:31:11','2020-10-14 03:31:11',NULL),(44,17,0,'PENYELENGGARAAN ALAT KELENGKAPAN MESIN','P28399','ALAT -ALAT KELENGKAPAN MESIN YANG LAIN',2,2,'2020-10-14 03:31:11','2020-10-14 03:31:11',NULL),(45,16,0,'PENYELENGGARAAN ALAT KELENGKAPAN KOMPUTER DAN LETRONIK','P28401','KOMPUTER DAN LETRONIK',2,2,'2020-10-14 03:31:11','2020-10-14 03:31:11',NULL),(46,15,0,'PENYELENGGARAAN ALAT KELENGKAPAN ELEKTRIK','P28501','HAWA DINGIN UTAMA',2,2,'2020-10-14 03:31:11','2020-10-14 03:31:11',NULL),(47,15,0,'PENYELENGGARAAN ALAT KELENGKAPAN ELEKTRIK','P28502','HAWA DINGIN INDIVIDU',2,2,'2020-10-14 03:31:11','2020-10-14 03:31:11',NULL),(48,20,0,'PENYELENGGARAAN KENDERAAN','P28701','KENDERAAN',2,2,'2020-10-14 03:31:11','2020-10-14 03:31:11',NULL),(49,25,0,'PERKHIDMATAN YANG DIBELI','P29101','PERKHIDMATAN PERUBATAN',2,2,'2020-10-14 03:31:11','2020-10-14 03:31:11',NULL),(50,25,0,'PERKHIDMATAN YANG DIBELI','P29103','PERKHIDMATAN PERUNDANGAN - STEM HASIL',2,2,'2020-10-14 03:31:11','2020-10-14 03:31:11',NULL),(51,25,0,'PERKHIDMATAN YANG DIBELI','P29104','PERKHIDMATAN LATIHAN KAKITANGAN',2,2,'2020-10-14 03:31:11','2020-10-14 03:31:11',NULL),(52,25,0,'PERKHIDMATAN YANG DIBELI','P29105','PERKHIDMATAN PAKAR RUNDING PERNIAGAAN DAN PENGURUSAN',2,2,'2020-10-14 03:31:11','2020-10-14 03:31:11',NULL),(53,25,0,'PERKHIDMATAN YANG DIBELI','P29106','PERKHIDMATAN PENSYARAH JEMPUTAN',2,2,'2020-10-14 03:31:11','2020-10-14 03:31:11',NULL),(54,25,0,'PERKHIDMATAN YANG DIBELI','P29107','PERKHIDMATAN KOMPUTER DAN PROSESAN DATA',2,2,'2020-10-14 03:31:11','2020-10-14 03:31:11',NULL),(55,25,0,'PERKHIDMATAN YANG DIBELI','P29108','PERKHIDMATAN FOTOGRAFI , BLUE-PRINTING DAN FILEM MIKRO',2,2,'2020-10-14 03:31:11','2020-10-14 03:31:11',NULL),(56,25,0,'PERKHIDMATAN YANG DIBELI','P29109','PERKHIDMATAN PENGELUARAN DAN PENYEBARAN TAYANGAN GAMBAR , PITA VIDEO, RADIO, TV PROD., LAGU, CUCI GAMBAR,  ASTRO',2,2,'2020-10-14 03:31:11','2020-10-14 03:31:11',NULL),(57,25,0,'PERKHIDMATAN YANG DIBELI','P29110','PERKHIDMATAN PENGIKLANAN',2,2,'2020-10-14 03:31:11','2020-10-14 03:31:11',NULL),(58,25,0,'PERKHIDMATAN YANG DIBELI','P29111','PERKHIDMATAN PERLINDUNGAN DAN KESELAMATAN - (RENEW LESEN, JAGA, INSURAN KEBAKARAN/INSURAN PERJALANAN KE LUAR NEGARA)',2,2,'2020-10-14 03:31:11','2020-10-14 03:31:11',NULL),(59,25,0,'PERKHIDMATAN YANG DIBELI','P29112','PERKHIDMATAN PENTERJEMAHAN DAN PENAFSIRAN/PENULISAN',2,2,'2020-10-14 03:31:11','2020-10-14 03:31:11',NULL),(60,25,0,'PERKHIDMATAN YANG DIBELI','P29114','INSURAN & CUKAI JALAN / KENDERAAN PEJABAT (RENEW ROAD TAX) * GUNA UTK INSURAN & CUKAI JALAN/KENDERAAN PEJABAT TERMASUK DI WILAYAH',2,2,'2020-10-14 03:31:11','2020-10-14 03:31:11',NULL),(61,25,0,'PERKHIDMATAN YANG DIBELI','P29117','YURAN LAIN (PERPUSTAKAAN, BENCHMARKING, DLL.)',2,2,'2020-10-14 03:31:11','2020-10-14 03:31:11',NULL),(62,25,0,'PERKHIDMATAN YANG DIBELI','P29199','PERKHIDMATAN YANG LAIN - BANK CHARGE, SONITACT,TENAGA KERJA/PLATE NO.KERETA BARU',2,2,'2020-10-14 03:31:11','2020-10-14 03:31:11',NULL),(63,24,0,'PERKHIDMATAN PERCETAKAN DAN MENJILID YANG DIBELI','P29201','PERCETAKAN PENERBITAN - ARTWORD, APR , BUKU LAPORAN, KERTAS UNTUK BOOKLET, PRINT LAPORAN, GCR',2,275,'2020-10-14 03:31:11','2021-08-30 07:16:59',NULL),(64,24,0,'PERKHIDMATAN PERCETAKAN DAN MENJILID YANG DIBELI','P29202','PERCETAKAN BORANG DAN ALAT TULIS  -  KAD NAMA, COVER SIJIL, STICKER, BROCHURE, PLANNER, POSTER',2,2,'2020-10-14 03:31:11','2020-10-14 03:31:11',NULL),(65,24,0,'PERKHIDMATAN PERCETAKAN DAN MENJILID YANG DIBELI','P29203','BACAAN METER MESIN FOTOSTAT',2,2,'2020-10-14 03:31:11','2020-10-14 03:31:11',NULL),(66,24,0,'PERKHIDMATAN PERCETAKAN DAN MENJILID YANG DIBELI','P29299','BAYARAN - BAYARAN PERKHIDMATAN PERCETAKAN YANG LAIN - JILID, MATEL PLATE, BINDING',2,2,'2020-10-14 03:31:11','2020-10-14 03:31:11',NULL),(67,12,0,'KERAIAN, HOSPITALITI DAN HONORARIUM','P29401','MAKAN DAN MINUM (STOK TEH, GULA, KOPI, KRIMER, BISKUT)',2,31,'2020-10-14 03:31:11','2020-10-14 05:24:45',NULL),(68,12,0,'KERAIAN, HOSPITALITI DAN HONORARIUM','P29402','PENGINAPAN - ORANG JEMPUTAN/PESERTA KURSUS',2,2,'2020-10-14 03:31:11','2020-10-14 03:31:11',NULL),(69,12,0,'KERAIAN, HOSPITALITI DAN HONORARIUM','P29403','PENGANGKUTAN/INSURAN - ORANG JEMPUTAN/PESERTA KURSUS',2,2,'2020-10-14 03:31:11','2020-10-14 03:31:11',NULL),(70,12,0,'KERAIAN, HOSPITALITI DAN HONORARIUM','P29404','HONORARIUM, SAGUHATI DAN HADIAH (CTH: ORANG LUAR, BAYARAN PEMENANG ICC, PIALA, DOORGIFT)',2,31,'2020-10-14 03:31:11','2020-10-14 05:50:24',NULL),(71,12,0,'KERAIAN, HOSPITALITI DAN HONORARIUM','P29406','HONORARIUM, SAGUHATI DAN HADIAH - KAKITANGAN MPC, DINNER, TQ DAUN KELADI, HARI KELUARGA, HARI SUKAN)',2,31,'2020-10-14 03:31:11','2020-10-14 05:51:04',NULL),(72,12,0,'KERAIAN, HOSPITALITI DAN HONORARIUM','P29407','MAKAN DAN MINUM (PESERTA KURSUS, SEMINAR, WORKSHOP, BAND)',2,31,'2020-10-14 03:31:11','2020-10-14 05:25:35',NULL),(73,25,NULL,NULL,'P29102','PERKHIDMATAN PERAKAUNAN DAN AUDITAN',275,275,'2020-11-09 01:01:05','2020-11-09 01:05:43',NULL),(74,29,NULL,NULL,'P28601','P28601-TELEFON DAN MESIN FAX - PABX',275,275,'2020-11-27 00:15:23','2020-12-03 03:57:05',NULL),(75,8,NULL,NULL,'L91100','BELANJA AKRU',182,182,'2021-04-07 01:29:59','2021-04-07 01:29:59',NULL),(76,25,NULL,NULL,'P29113','PERKHIDMATAN DOBI',31,31,'2021-04-30 01:36:55','2021-04-30 01:36:55',NULL),(77,32,NULL,NULL,'U22S0000','WANG COVID-19',182,182,'2021-08-26 02:14:36','2021-08-26 02:14:36',NULL),(78,7,NULL,NULL,'P27300','P27302 - ALAT-ALAT SUKAN DAN OLAHRAGA',210,210,'2021-09-08 09:41:27','2021-09-08 10:26:53','2021-09-08 16:49:44'),(79,33,NULL,NULL,'P27302','ALAT-ALAT SUKAN DAN OLAHRAGA',182,182,'2021-09-09 00:42:22','2021-09-09 00:42:22',NULL),(80,15,NULL,NULL,'P28503','ALAT-ALAT KELENGKAPAN ELEKTRIK YANG LAIN',182,182,'2021-09-28 03:51:59','2021-09-28 03:51:59',NULL),(81,15,NULL,NULL,'P28599','SEWA ELEKTRIK LAIN',182,182,'2021-09-28 03:52:22','2021-09-28 03:52:22',NULL);

--
-- Table structure for table `ref_bank`
--

CREATE TABLE `ref_bank` (
  `bank_id` int(11) NOT NULL AUTO_INCREMENT,
  `bank_desc` varchar(100) NOT NULL,
  `minimum_digit` int(11) NOT NULL DEFAULT '1',
  `maximum_digit` int(11) NOT NULL DEFAULT '1',
  `created_by` int(11) DEFAULT NULL,
  `updated_by` int(11) DEFAULT NULL,
  `created_at` timestamp NULL DEFAULT NULL,
  `updated_at` timestamp NOT NULL DEFAULT CURRENT_TIMESTAMP,
  `deleted_at` timestamp NULL DEFAULT NULL,
  PRIMARY KEY (`bank_id`),
  KEY `idx_bank_createdby` (`created_by`),
  KEY `idx_bank_updatedby` (`updated_by`)
) ENGINE=InnoDB AUTO_INCREMENT=33 DEFAULT CHARSET=latin1;

--
-- Dumping data for table `ref_bank`
--

INSERT INTO `ref_bank` VALUES (1,'AFFIN BANK BERHAD',12,12,2,2,'2021-01-05 06:40:33','2021-01-05 06:40:33',NULL),(2,'ALLIANCE BANK MALAYSIA BERHAD',15,15,2,2,'2021-01-05 06:40:33','2021-01-05 06:40:33',NULL),(3,'AMBANK/AMFINANCE',13,13,2,2,'2021-01-05 06:40:33','2021-01-05 06:40:33',NULL),(4,'AL-RAJHI BANKING & INVESTMENT CORPORATION (MALAYSIA) BERHAD',15,15,2,31,'2021-01-05 06:40:33','2021-05-29 18:43:57',NULL),(5,'BANGKOK BANK BERHAD',10,10,2,2,'2021-01-05 06:40:33','2021-01-05 06:40:33',NULL),(6,'BANK ISLAM MALAYSIA BERHAD',14,14,2,2,'2021-01-05 06:40:33','2021-01-05 06:40:33',NULL),(7,'BANK KERJASAMA RAKYAT MALAYSIA BERHAD',12,12,2,2,'2021-01-05 06:40:33','2021-01-05 06:40:33',NULL),(8,'BANK MUAMALAT MALAYSIA BERHAD',14,14,2,2,'2021-01-05 06:40:33','2021-01-05 06:40:33',NULL),(9,'BANK OF AMERICA',5,17,2,2,'2021-01-05 06:40:33','2021-01-05 06:40:33',NULL),(10,'BANK OF CHINA (MALAYSIA) BERHAD',13,15,2,2,'2021-01-05 06:40:33','2021-01-05 06:40:33',NULL),(11,'BANK PERTANIAN MALAYSIA BERHAD (AGROBANK)',16,16,2,2,'2021-01-05 06:40:33','2021-01-05 06:40:33',NULL),(12,'BANK SIMPANAN NASIONAL BERHAD',16,16,2,2,'2021-01-05 06:40:33','2021-01-05 06:40:33',NULL),(13,'BNP PARIBAS MALAYSIA BERHAD',6,16,2,2,'2021-01-05 06:40:33','2021-01-05 06:40:33',NULL),(14,'CHINA CONSTRUCTION BANK (MALAYSIA) BERHAD',12,12,2,2,'2021-01-05 06:40:33','2021-01-05 06:40:33',NULL),(15,'CIMB BANK BERHAD',10,14,2,2,'2021-01-05 06:40:33','2021-01-05 06:40:33',NULL),(16,'CITIBANK BERHAD',9,16,2,2,'2021-01-05 06:40:33','2021-01-05 06:40:33',NULL),(17,'DEUTSCHE BANK (MALAYSIA) BERHAD',10,14,2,2,'2021-01-05 06:40:33','2021-01-05 06:40:33',NULL),(18,'HONG LEONG BANK',11,13,2,2,'2021-01-05 06:40:33','2021-01-05 06:40:33',NULL),(19,'HSBC BANK MALAYSIA BERHAD',12,12,2,2,'2021-01-05 06:40:33','2021-01-05 06:40:33',NULL),(20,'INDUSTRIAL AND COMMERCIAL BANK OF CHINA (MALAYSIA) BERHAD',17,17,2,2,'2021-01-05 06:40:33','2021-01-05 06:40:33',NULL),(21,'J.P. MORGAN CHASE BANK BHD',10,10,2,2,'2021-01-05 06:40:33','2021-01-05 06:40:33',NULL),(22,'KUWAIT FINANCE HOUSE (MALAYSIA) BERHAD',12,12,2,2,'2021-01-05 06:40:33','2021-01-05 06:40:33',NULL),(23,'MAYBANK',12,12,2,2,'2021-01-05 06:40:33','2021-01-05 06:40:33',NULL),(24,'MBSB BANK BERHAD',16,16,2,2,'2021-01-05 06:40:33','2021-01-05 06:40:33',NULL),(25,'BANK OF TOKYO-MITSUBISHI UFJ (M) BERHAD / MUFG BANK',6,6,2,2,'2021-01-05 06:40:33','2021-01-05 06:40:33',NULL),(26,'MIZUHO CORPORATE BANK MALAYSIA BERHAD',10,10,2,2,'2021-01-05 06:40:33','2021-01-05 06:40:33',NULL),(27,'OCBC BANK (MALAYSIA) BERHAD',10,10,2,2,'2021-01-05 06:40:33','2021-01-05 06:40:33',NULL),(28,'PUBLIC BANK BERHAD/PUBLIC ISLAMIC BANK BERHAD',10,10,2,2,'2021-01-05 06:40:33','2021-01-05 06:40:33',NULL),(29,'RHB BANK',14,14,2,2,'2021-01-05 06:40:33','2021-01-05 06:40:33',NULL),(30,'STANDARD CHARTERED BANK MALAYSIA BERHAD',5,17,2,2,'2021-01-05 06:40:33','2021-01-05 06:40:33',NULL),(31,'SUMITOMO MITSUI BANKING CORPORATION MALAYSIA BERHAD',8,8,2,2,'2021-01-05 06:40:33','2021-01-05 06:40:33',NULL),(32,'UNITED OVERSEAS BANK BERHAD',10,17,2,2,'2021-01-05 06:40:33','2021-01-05 06:40:33',NULL);

--
-- Table structure for table `ref_card`
--

CREATE TABLE `ref_card` (
  `card_id` int(11) NOT NULL AUTO_INCREMENT,
  `card_desc` varchar(20) DEFAULT NULL,
  `card_color` varchar(20) NOT NULL,
  `created_at` timestamp NULL DEFAULT NULL,
  `updated_at` timestamp NOT NULL DEFAULT CURRENT_TIMESTAMP,
  `deleted_at` timestamp NULL DEFAULT NULL,
  PRIMARY KEY (`card_id`)
) ENGINE=InnoDB AUTO_INCREMENT=4 DEFAULT CHARSET=latin1;

--
-- Dumping data for table `ref_card`
--

INSERT INTO `ref_card` VALUES (1,'Kuning','#FFFF00','2018-11-25 17:16:20','2018-11-25 14:50:57',NULL),(2,'Hijau','#00FF00','2018-11-25 17:16:24','2018-11-25 14:51:07',NULL),(3,'Merah','#FF0000','2018-11-25 17:16:28','2018-11-25 14:51:15',NULL);

--
-- Table structure for table `ref_cawangan`
--

CREATE TABLE `ref_cawangan` (
  `cawangan_id` int(11) NOT NULL AUTO_INCREMENT,
  `cawangan_desc` varchar(255) NOT NULL,
  `created_by` int(11) DEFAULT NULL,
  `updated_by` int(11) DEFAULT NULL,
  `created_at` timestamp NULL DEFAULT NULL,
  `updated_at` timestamp NOT NULL DEFAULT CURRENT_TIMESTAMP,
  `deleted_at` timestamp NULL DEFAULT NULL,
  PRIMARY KEY (`cawangan_id`)
) ENGINE=InnoDB DEFAULT CHARSET=latin1;

--
-- Dumping data for table `ref_cawangan`
--


--
-- Table structure for table `ref_charge_gov`
--

CREATE TABLE `ref_charge_gov` (
  `charge_gov_id` int(11) NOT NULL AUTO_INCREMENT,
  `supplier_service_id` int(11) DEFAULT NULL,
  `service_group_id` int(11) DEFAULT NULL,
  `charge_amount` decimal(10,2) NOT NULL DEFAULT '0.00',
  `unit_id` int(11) DEFAULT NULL,
  `created_by` int(11) DEFAULT NULL,
  `updated_by` int(11) DEFAULT NULL,
  `created_at` timestamp NULL DEFAULT NULL,
  `updated_at` timestamp NOT NULL DEFAULT CURRENT_TIMESTAMP,
  `deleted_at` timestamp NULL DEFAULT NULL,
  PRIMARY KEY (`charge_gov_id`),
  KEY `idx_chargegov_service` (`supplier_service_id`),
  KEY `idx_chargegov_createdby` (`created_by`),
  KEY `idx_chargegov_updatedby` (`updated_by`)
) ENGINE=InnoDB AUTO_INCREMENT=16 DEFAULT CHARSET=latin1;

--
-- Dumping data for table `ref_charge_gov`
--

INSERT INTO `ref_charge_gov` VALUES (1,2,1,100.00,1,2,2,'2021-06-20 15:03:42','2021-06-20 15:03:42',NULL),(2,2,2,100.00,1,2,2,'2021-06-20 15:03:42','2021-06-20 15:03:42',NULL),(3,2,3,90.00,1,2,2,'2021-06-20 15:03:42','2021-06-20 15:03:42',NULL),(4,2,4,80.00,1,2,2,'2021-06-20 15:03:42','2021-06-20 15:03:42',NULL),(5,2,5,60.00,1,2,2,'2021-06-20 15:03:42','2021-06-20 15:03:42',NULL),(6,4,1,300.00,1,2,2,'2021-06-20 15:03:42','2021-06-20 15:03:42',NULL),(7,4,2,200.00,1,2,2,'2021-06-20 15:03:42','2021-06-20 15:03:42',NULL),(8,4,3,150.00,1,2,2,'2021-06-20 15:03:42','2021-06-20 15:03:42',NULL),(9,4,4,120.00,1,2,2,'2021-06-20 15:03:42','2021-06-20 15:03:42',NULL),(10,4,5,80.00,1,2,2,'2021-06-20 15:03:42','2021-06-20 15:03:42',NULL),(11,19,1,300.00,1,2,2,'2021-06-20 15:03:42','2021-06-20 15:03:42',NULL),(12,19,2,200.00,1,2,2,'2021-06-20 15:03:42','2021-06-20 15:03:42',NULL),(13,19,3,150.00,1,2,2,'2021-06-20 15:03:42','2021-06-20 15:03:42',NULL),(14,19,4,120.00,1,2,2,'2021-06-20 15:03:42','2021-06-20 15:03:42',NULL),(15,19,5,80.00,1,2,2,'2021-06-20 15:03:42','2021-06-20 15:03:42',NULL);

--
-- Table structure for table `ref_field`
--

CREATE TABLE `ref_field` (
  `field_id` int(11) NOT NULL AUTO_INCREMENT,
  `field_code` char(10) DEFAULT NULL,
  `field_desc` varchar(255) DEFAULT NULL,
  `created_by` int(11) DEFAULT NULL,
  `updated_by` int(11) DEFAULT NULL,
  `created_at` timestamp NULL DEFAULT NULL,
  `updated_at` timestamp NOT NULL DEFAULT CURRENT_TIMESTAMP,
  `deleted_at` timestamp NULL DEFAULT NULL,
  PRIMARY KEY (`field_id`),
  KEY `idx_field_code` (`field_code`),
  KEY `idx_field_createdby` (`created_by`),
  KEY `idx_field_updatedby` (`updated_by`)
) ENGINE=InnoDB AUTO_INCREMENT=4 DEFAULT CHARSET=latin1;

--
-- Dumping data for table `ref_field`
--

INSERT INTO `ref_field` VALUES (1,'221110','Khidmat Latihan, Tenaga Pengajar dan Moderator/Negotiator',2,2,'2021-07-27 18:04:04','2021-07-27 18:04:04',NULL),(2,'222004','Penulisan – Semua Jenis Penulisan',2,2,'2021-07-27 18:04:04','2021-07-27 18:04:10',NULL),(3,'222704','Pensijilan dan Pengiktirafan',2,2,'2021-07-27 18:04:04','2021-07-27 18:04:17',NULL);

--
-- Table structure for table `ref_flight_company`
--

CREATE TABLE `ref_flight_company` (
  `flight_company_id` int(11) NOT NULL AUTO_INCREMENT,
  `flight_company_desc` varchar(100) NOT NULL,
  `flight_company_url` varchar(200) NOT NULL,
  `flight_company_luggage_quota` decimal(10,2) NOT NULL DEFAULT '0.00',
  `created_by` int(11) DEFAULT NULL,
  `updated_by` int(11) DEFAULT NULL,
  `created_at` timestamp NULL DEFAULT NULL,
  `updated_at` timestamp NOT NULL DEFAULT CURRENT_TIMESTAMP,
  `deleted_at` timestamp NULL DEFAULT NULL,
  PRIMARY KEY (`flight_company_id`)
) ENGINE=InnoDB AUTO_INCREMENT=7 DEFAULT CHARSET=latin1;

--
-- Dumping data for table `ref_flight_company`
--

INSERT INTO `ref_flight_company` VALUES (1,'MAS','https://www.malaysiaairlines.com',20.00,2,2,'2019-03-20 13:34:10','2019-03-20 13:31:37',NULL),(2,'AIR ASIA','https://www.airasia.com',15.00,2,2,'2019-03-20 13:34:28','2019-03-20 13:31:42',NULL),(3,'MALINDO AIR','https://www.malindoair.com/',20.00,2,2,'2019-03-20 13:35:09','2019-03-20 13:31:54',NULL),(4,'FIREFLY','https://www.airpaz.com',20.00,2,2,'2019-03-20 13:35:11','2019-03-20 13:32:02',NULL),(5,'LATAM AIRLINES','https://www.latam.com',20.00,71,46,'2019-08-09 16:02:56','2020-02-28 08:33:10',NULL),(6,'FIJI AIRWAYS','https://www.fijiairways.com/',20.00,46,46,'2020-02-28 08:32:56','2020-02-28 08:32:56',NULL);

--
-- Table structure for table `ref_gred`
--

CREATE TABLE `ref_gred` (
  `gred_id` int(11) NOT NULL AUTO_INCREMENT,
  `service_group_id` int(11) DEFAULT NULL,
  `gred_desc` varchar(20) NOT NULL,
  `is_active` char(1) NOT NULL DEFAULT '1',
  `created_by` int(11) DEFAULT NULL,
  `updated_by` int(11) DEFAULT NULL,
  `created_at` timestamp NULL DEFAULT NULL,
  `updated_at` timestamp NULL DEFAULT CURRENT_TIMESTAMP,
  `deleted_at` timestamp NULL DEFAULT NULL,
  PRIMARY KEY (`gred_id`),
  KEY `idx_grade_servicegroup` (`service_group_id`),
  KEY `idx_grade_createdby` (`created_by`),
  KEY `idx_grade_updatedby` (`updated_by`)
) ENGINE=InnoDB AUTO_INCREMENT=32 DEFAULT CHARSET=latin1;

--
-- Dumping data for table `ref_gred`
--

INSERT INTO `ref_gred` VALUES (1,5,'B22','1',2,2,'2019-03-28 07:32:43','2019-03-28 07:32:43',NULL),(2,5,'E29/E32','1',2,2,'2019-03-28 07:32:43','2019-03-28 07:32:43',NULL),(3,4,'E41','1',2,2,'2019-03-28 07:32:43','2019-03-28 07:32:43',NULL),(4,4,'E44','1',2,2,'2019-03-28 07:32:43','2019-03-28 07:32:43',NULL),(5,3,'E48','1',2,2,'2019-03-28 07:32:43','2019-03-28 07:32:43',NULL),(6,3,'E52','1',2,2,'2019-03-28 07:32:43','2019-03-28 07:32:43',NULL),(7,2,'E54','1',2,2,'2019-03-28 07:32:43','2019-03-28 07:32:43',NULL),(8,5,'FA29','1',2,2,'2019-03-28 07:32:43','2019-03-28 07:32:43',NULL),(9,5,'H11','1',2,2,'2019-03-28 07:32:43','2019-03-28 07:32:43',NULL),(10,5,'H19','1',2,2,'2019-03-28 07:32:43','2019-03-28 07:32:43',NULL),(11,5,'J22','1',2,2,'2019-03-28 07:32:43','2019-03-28 07:32:43',NULL),(12,5,'JA29/JA36','1',2,2,'2019-03-28 07:32:43','2019-03-28 07:32:43',NULL),(13,1,'JUSA A/VU5','1',2,2,'2019-03-28 07:32:43','2019-03-28 07:32:43',NULL),(14,1,'JUSA B/VU6','1',2,2,'2019-03-28 07:32:43','2019-03-28 07:32:43',NULL),(15,1,'JUSA C/VU7','1',2,2,'2019-03-28 07:32:43','2019-03-28 07:32:43',NULL),(16,5,'N11','1',2,2,'2019-03-28 07:32:43','2019-03-28 07:32:43',NULL),(17,5,'N14','1',2,2,'2019-03-28 07:32:43','2019-03-28 07:32:43',NULL),(18,5,'N19','1',2,2,'2019-03-28 07:32:43','2019-03-28 07:32:43',NULL),(19,5,'N22','1',2,2,'2019-03-28 07:32:43','2019-03-28 07:32:43',NULL),(20,5,'N26','1',2,2,'2019-03-28 07:32:43','2019-03-28 07:32:43',NULL),(21,5,'N28','1',2,2,'2019-03-28 07:32:43','2019-03-28 07:32:43',NULL),(22,5,'N29','1',2,2,'2019-03-28 07:32:43','2019-03-28 07:32:43',NULL),(23,5,'N30','1',2,2,'2019-03-28 07:32:43','2019-03-28 07:32:43',NULL),(24,5,'N32','1',2,2,'2019-03-28 07:32:43','2019-03-28 07:32:43',NULL),(25,5,'S32','1',2,2,'2019-03-28 07:32:43','2019-03-28 07:32:43',NULL),(26,5,'S41','1',2,2,'2019-03-28 07:32:43','2019-03-28 07:32:43',NULL),(27,5,'W29','1',2,2,'2019-03-28 07:32:43','2019-03-28 07:32:43',NULL),(28,4,'WA41','1',2,2,'2019-03-28 07:32:43','2019-03-28 07:32:43',NULL),(29,4,'WA44','1',2,2,'2019-03-28 07:32:43','2019-03-28 07:32:43',NULL),(30,3,'WA48','1',2,2,'2019-03-28 07:32:43','2019-03-28 07:32:43',NULL),(31,4,'F41','1',2,2,'2019-03-31 12:54:05','2019-03-31 12:54:05',NULL);

--
-- Table structure for table `ref_jabatan`
--

CREATE TABLE `ref_jabatan` (
  `jabatan_id` int(11) NOT NULL AUTO_INCREMENT,
  `jabatan_desc` varchar(200) NOT NULL,
  `is_active` char(1) NOT NULL DEFAULT '1',
  `created_at` timestamp NULL DEFAULT NULL,
  `updated_at` timestamp NULL DEFAULT CURRENT_TIMESTAMP,
  `deleted_at` timestamp NULL DEFAULT NULL,
  PRIMARY KEY (`jabatan_id`)
) ENGINE=InnoDB AUTO_INCREMENT=36 DEFAULT CHARSET=latin1;

--
-- Dumping data for table `ref_jabatan`
--

INSERT INTO `ref_jabatan` VALUES (2,'JABATAN KHIDMAT PENGURUSAN','1','2019-01-01 07:48:01','2019-01-01 07:48:01',NULL),(3,'JABATAN TEKNOLOGI MAKLUMAT','1','2019-01-01 07:48:01','2019-01-01 07:48:01',NULL),(4,'BAHAGIAN PENGURUSAN HARTA','1','2019-01-01 07:48:01','2019-01-01 07:48:01',NULL),(5,'JABATAN PENILAIAN & PENGURUSAN HARTA','1','2019-01-01 07:48:01','2019-01-01 07:48:01',NULL),(6,'JABATAN PERBENDAHARAAN','1','2019-01-01 07:48:01','2019-01-01 07:48:01',NULL),(7,'JABATAN PERUNDANGAN','1','2019-01-01 07:48:01','2019-01-01 07:48:01',NULL),(8,'JABATAN KORPORAT','1','2019-01-01 07:48:01','2019-01-01 07:48:01',NULL),(9,'JABATAN PERANCANG BANDAR','1','2019-01-01 07:48:01','2019-01-01 07:48:01',NULL),(10,'JABATAN KEJURUTERAAN','1','2019-01-01 07:48:01','2019-01-01 07:48:01',NULL),(11,'JABATAN BANGUNAN','1','2019-01-01 07:48:01','2019-01-01 07:48:01',NULL),(13,'PEJABAT YANG DIPERTUA / TIMBALAN YANG DIPERTUA','1','2019-01-01 07:48:01','2019-01-01 07:48:01',NULL),(14,'BAHAGIAN KEMUDAHAN AWAM','1','2019-01-01 07:48:01','2019-01-01 07:48:01',NULL),(16,'JABATAN LANDSKAP','1','2019-01-01 07:48:01','2019-01-01 07:48:01',NULL),(17,'BAHAGIAN URUSETIA','1','2019-01-01 07:48:01','2019-01-01 07:48:01',NULL),(18,'UNIT NURSERY','1','2019-01-01 07:48:01','2019-01-01 07:48:01',NULL),(19,'JABATAN AUDIT DALAM','1','2019-01-01 07:48:01','2019-01-01 07:48:01',NULL),(20,'UNIT BENGKEL RAWANG','1','2019-01-01 07:48:01','2019-01-01 07:48:01',NULL),(22,'JABATAN PUSAT SETEMPAT (OSC)','1','2019-01-01 07:48:01','2019-01-01 07:48:01',NULL),(23,'JABATAN PENGUATKUASA & KESELAMATAN','1','2019-01-01 07:48:01','2019-01-01 07:48:01',NULL),(24,'JABATAN KONTRAK DAN UKUR BAHAN','1','2019-01-01 07:48:01','2019-01-01 07:48:01',NULL),(25,'JABATAN PELESENAN','1','2019-01-01 07:48:01','2019-01-01 07:48:01',NULL),(26,'BAHAGIAN HASIL','1','2019-01-01 07:48:01','2019-01-01 07:48:01',NULL),(29,'BAHAGIAN KESELAMATAN','1','2019-01-01 07:48:01','2019-01-01 07:48:01',NULL),(32,'UNIT URUS SELENGGARA BANGUNAN','1','2019-01-01 07:48:01','2019-01-01 07:48:01',NULL),(33,'JABATAN PEMBANGUNAN MASYARAKAT','1','2019-01-01 07:48:01','2019-01-01 07:48:01',NULL),(34,'JABATAN PENGURUSAN SISA PEPEJAL & KESIHATAN','1','2019-01-01 07:48:01','2019-01-01 07:48:01',NULL),(35,'JABATAN PESURUHJAYA BANGUNAN (COB)','1','2019-01-01 07:48:01','2019-01-01 07:48:01',NULL);

--
-- Table structure for table `ref_jawatan`
--

CREATE TABLE `ref_jawatan` (
  `jawatan_id` int(11) NOT NULL AUTO_INCREMENT,
  `service_type_id` int(11) DEFAULT NULL COMMENT '1-pengurusan&pro, 2-sokongan',
  `jawatan_desc` varchar(255) NOT NULL,
  `is_active` int(1) NOT NULL DEFAULT '1',
  `created_by` int(11) DEFAULT NULL,
  `updated_by` int(11) DEFAULT NULL,
  `created_at` timestamp NULL DEFAULT NULL,
  `updated_at` timestamp NOT NULL DEFAULT CURRENT_TIMESTAMP,
  `deleted_at` timestamp NULL DEFAULT NULL,
  PRIMARY KEY (`jawatan_id`),
  KEY `idx_jawatan_servicetype` (`service_type_id`),
  KEY `idx_jawatan_createdby` (`created_by`),
  KEY `idx_jawatan_updatedby` (`updated_by`)
) ENGINE=InnoDB AUTO_INCREMENT=34 DEFAULT CHARSET=latin1;

--
-- Dumping data for table `ref_jawatan`
--

INSERT INTO `ref_jawatan` VALUES (1,3,'AHLI FOTOGRAFI',1,2,2,'2019-03-28 07:28:12','2019-03-28 07:28:12',NULL),(2,2,'AKAUNTAN',1,2,2,'2019-03-28 07:28:12','2019-03-28 07:28:12',NULL),(3,2,'AKAUNTAN KANAN',1,2,2,'2019-03-28 07:28:12','2019-03-28 07:28:12',NULL),(4,2,'KETUA AKAUNTAN',1,2,2,'2019-03-28 07:28:12','2019-03-28 07:28:12',NULL),(5,2,'KETUA PENGARAH',1,2,2,'2019-03-28 07:28:12','2019-03-28 07:28:12',NULL),(6,3,'PEGAWAI KHIDMAT PELANGGAN',1,2,2,'2019-03-28 07:28:12','2019-03-29 13:28:28',NULL),(7,3,'PEMANDU KENDERAAN',1,2,2,'2019-03-28 07:28:12','2019-03-28 07:28:12',NULL),(8,3,'PEMBANTU AWAM',1,2,2,'2019-03-28 07:28:12','2019-03-28 07:28:12',NULL),(9,3,'PEMBANTU KEMAHIRAN',1,2,2,'2019-03-28 07:28:12','2019-03-28 07:28:12',NULL),(10,3,'PEMBANTU OPERASI',1,2,2,'2019-03-28 07:28:12','2019-03-28 07:28:12',NULL),(11,3,'PEMBANTU PENERBITAN (KUP)',1,2,2,'2019-03-28 07:28:12','2019-03-28 07:28:12',NULL),(12,3,'PEMBANTU SETIAUSAHA PEJABAT',1,2,2,'2019-03-28 07:28:12','2019-03-28 07:28:12',NULL),(13,3,'PEMBANTU SETIAUSAHA PEJABAT (KUP)',1,2,2,'2019-03-28 07:28:12','2019-03-28 07:28:12',NULL),(14,3,'PEMBANTU TADBIR (P/O)',1,2,2,'2019-03-28 07:28:12','2019-03-28 07:28:12',NULL),(15,3,'PEMBANTU TADBIR (P/O) (KUP)',1,2,2,'2019-03-28 07:28:12','2019-03-28 07:28:12',NULL),(16,3,'PEMBANTU TADBIR (P/O) KUP',1,2,2,'2019-03-28 07:28:12','2019-03-28 07:28:12',NULL),(17,1,'PENGARAH',1,2,2,'2019-03-28 07:28:12','2019-03-28 07:28:12',NULL),(18,2,'PENGURUS',1,2,2,'2019-03-28 07:28:12','2019-03-28 07:28:12',NULL),(19,2,'PENGURUS KANAN',1,2,2,'2019-03-28 07:28:12','2019-03-28 07:28:12',NULL),(20,3,'PENJAGA JENTERA ELETRIK',1,2,2,'2019-03-28 07:28:12','2019-03-28 07:28:12',NULL),(21,3,'PENOLONG AKAUNTAN',1,2,2,'2019-03-28 07:28:12','2019-03-28 07:28:12',NULL),(22,3,'PENOLONG JURUTERA',1,2,2,'2019-03-28 07:28:12','2019-03-28 07:28:12',NULL),(23,3,'PENOLONG JURUTERA (KUP)',1,2,2,'2019-03-28 07:28:12','2019-03-28 07:28:12',NULL),(24,3,'PENOLONG PEGAWAI PERANGKAAN (KUP)',1,2,2,'2019-03-28 07:28:12','2019-03-28 07:28:12',NULL),(25,3,'PENOLONG PEGAWAI TADBIR',1,2,2,'2019-03-28 07:28:12','2019-03-28 07:28:12',NULL),(26,3,'PENOLONG PEGAWAI TEKNOLOGI MAKLUMAT',1,2,2,'2019-03-28 07:28:12','2019-03-28 07:28:12',NULL),(27,2,'PENOLONG PENGURUS',1,2,2,'2019-03-28 07:28:12','2019-03-28 07:28:12',NULL),(28,3,'PENOLONG PUSTAKAWAN (KUP)',1,2,2,'2019-03-28 07:28:12','2019-03-28 07:28:12',NULL),(29,2,'PUSTAKAWAN',1,2,2,'2019-03-28 07:28:12','2019-03-28 07:28:12',NULL),(30,3,'SETIAUSAHA PEJABAT',1,2,2,'2019-03-28 07:28:12','2019-03-28 07:28:12',NULL),(31,3,'SETIAUSAHA PEJABAT (KUP)',1,2,2,'2019-03-28 07:28:12','2019-03-28 07:28:12',NULL),(32,1,'TIMBALAN KETUA PENGARAH',1,2,2,'2019-03-28 07:28:12','2019-03-28 07:28:12',NULL),(33,1,'TIMBALAN PENGARAH',1,2,2,'2019-03-28 07:28:12','2019-03-28 07:28:12',NULL);

--
-- Table structure for table `ref_jenis_penerbangan`
--

CREATE TABLE `ref_jenis_penerbangan` (
  `jenis_penerbangan_id` int(11) NOT NULL AUTO_INCREMENT,
  `jenis_penerbangan_desc` varchar(255) NOT NULL,
  `created_at` timestamp NULL DEFAULT NULL,
  `updated_at` timestamp NOT NULL DEFAULT CURRENT_TIMESTAMP,
  `deleted_at` timestamp NULL DEFAULT NULL,
  PRIMARY KEY (`jenis_penerbangan_id`)
) ENGINE=InnoDB AUTO_INCREMENT=4 DEFAULT CHARSET=latin1;

--
-- Dumping data for table `ref_jenis_penerbangan`
--

INSERT INTO `ref_jenis_penerbangan` VALUES (1,'PERGI','2019-03-21 19:57:17','2019-03-21 19:57:17',NULL),(2,'BALIK','2019-03-21 19:57:20','2019-03-21 19:57:20',NULL),(3,'PERGI & BALIK','2019-03-21 19:57:34','2019-03-21 19:57:34',NULL);

--
-- Table structure for table `ref_kalendar`
--

CREATE TABLE `ref_kalendar` (
  `kalendar_id` int(11) NOT NULL AUTO_INCREMENT,
  `kalendar_date` date NOT NULL COMMENT 'simpan event date dlm bentuk yyyy-mm-dd',
  `kalendar_desc` longtext NOT NULL,
  `is_active` char(1) NOT NULL DEFAULT '1',
  `created_at` timestamp NULL DEFAULT NULL,
  `updated_at` timestamp NULL DEFAULT CURRENT_TIMESTAMP,
  `deleted_at` timestamp NULL DEFAULT NULL,
  PRIMARY KEY (`kalendar_id`)
) ENGINE=InnoDB DEFAULT CHARSET=latin1;

--
-- Dumping data for table `ref_kalendar`
--


--
-- Table structure for table `ref_kpi`
--

CREATE TABLE `ref_kpi` (
  `kpi_id` int(11) NOT NULL AUTO_INCREMENT,
  `kpi_category_id` int(11) DEFAULT NULL,
  `kpi_desc` varchar(200) NOT NULL,
  `created_by` int(11) DEFAULT NULL,
  `updated_by` int(11) DEFAULT NULL,
  `created_at` timestamp NULL DEFAULT NULL,
  `updated_at` timestamp NOT NULL DEFAULT CURRENT_TIMESTAMP,
  `deleted_at` timestamp NULL DEFAULT NULL,
  PRIMARY KEY (`kpi_id`),
  KEY `idx_kpi_category` (`kpi_category_id`),
  KEY `idx_kpi_createdby` (`created_by`),
  KEY `idx_kpi_updatedby` (`updated_by`)
) ENGINE=InnoDB AUTO_INCREMENT=29 DEFAULT CHARSET=latin1;

--
-- Dumping data for table `ref_kpi`
--

INSERT INTO `ref_kpi` VALUES (1,3,'GROSS OPERATING REVENUE (RM)',2,2,'2021-10-23 03:06:24','2021-10-23 03:06:24',NULL),(2,2,'VALUE CREATION FROM PRODUCTIVITY & INNOVATION PROGRAM (INNOVATION CREATIVE CIRCLE (ICC))',2,2,'2021-10-23 03:06:24','2021-10-23 03:06:24',NULL),(3,2,'VALUE CREATION FROM PRODUCTIVITY & INNOVATION PROGRAM (QUALITY ENVIRONMENT (QE))',2,2,'2021-10-23 03:06:24','2021-10-23 03:06:24',NULL),(4,2,'VALUE CREATION FROM PRODUCTIVITY & INNOVATION PROGRAM (LEAN MANAGEMENT)',2,2,'2021-10-23 03:06:24','2021-10-23 03:06:24',NULL),(5,2,'EXPECTED COST SAVING',2,2,'2021-10-23 03:06:24','2021-10-23 03:06:24',NULL),(6,2,'PARTNERS IN PRODUCTIVITY (ORGANIZATIONS) - LARGE ORGANIZATIONS',2,2,'2021-10-23 03:06:24','2021-10-23 03:06:24',NULL),(7,2,'PARTNERS IN PRODUCTIVITY (ORGANIZATIONS) - GOVERNMENT',2,2,'2021-10-23 03:06:24','2021-10-23 03:06:24',NULL),(8,2,'PARTNERS IN PRODUCTIVITY (ORGANIZATIONS) - SMES',2,2,'2021-10-23 03:06:24','2021-10-23 03:06:24',NULL),(9,2,'NO. OF PARTICIPANTS - LARGE ORGANIZATIONS',2,2,'2021-10-23 03:06:24','2021-10-23 03:06:24',NULL),(10,2,'NO. OF PARTICIPANTS - GOVERNMENT',2,2,'2021-10-23 03:06:24','2021-10-23 03:06:24',NULL),(11,2,'NO. OF PARTICIPANTS - SMES',2,2,'2021-10-23 03:06:24','2021-10-23 03:06:24',NULL),(12,2,'FACEBOOK REACH',2,2,'2021-10-23 03:06:24','2021-10-23 03:06:24',NULL),(13,2,'FACEBOOK FOLLOWERS',2,2,'2021-10-23 03:06:24','2021-10-23 03:06:24',NULL),(14,2,'TWITTER IMPRESSION',2,2,'2021-10-23 03:06:24','2021-10-23 03:06:24',NULL),(15,2,'TWITTER FOLLOWERS',2,2,'2021-10-23 03:06:24','2021-10-23 03:06:24',NULL),(16,2,'INSTAGRAM FOLLOWERS',2,2,'2021-10-23 03:06:24','2021-10-23 03:06:24',NULL),(17,2,'YOUTUBE SUBSCRIBERS',2,2,'2021-10-23 03:06:24','2021-10-23 03:06:24',NULL),(18,2,'CUSTOMERS SATISFACTION INDEX (CSI)',2,2,'2021-10-23 03:06:24','2021-10-23 03:06:24',NULL),(19,1,'NO. OF NEW PRODUCTS / SERVICES',2,2,'2021-10-23 03:06:24','2021-10-23 03:06:24',NULL),(20,1,'RESEARCH PAPER/REPORT/CASE STUDY/OCCASIONAL/POLICY PAPERS',2,2,'2021-10-23 03:06:24','2021-10-23 03:06:24',NULL),(21,1,'REGULATIONS REVIEWED',2,2,'2021-10-23 03:06:24','2021-10-23 03:06:24',NULL),(22,1,'ADVISORY AND CONSULTANCY SERVICES (ACS)',2,2,'2021-10-23 03:06:24','2021-10-23 03:06:24',NULL),(23,1,'NO. OF PRODUCTIVITY & INNOVATION ENHANCEMENT PROGRAMMES',2,2,'2021-10-23 03:06:24','2021-10-23 03:06:24',NULL),(24,1,'NO. OF PROMOTION ACTIVITIES (SEMINAR/CONFERENCE/RTD/WORKSHOP/TALKS & BRIEFING/ STUDY MISSION/EXHIBITIONS & EXPO/CONVENTION/SUMMIT & VISITS)',2,2,'2021-10-23 03:06:24','2021-10-23 03:06:24',NULL),(25,1,'PR VALUE (MEDIA RELEASE)',2,2,'2021-10-23 03:06:24','2021-10-23 03:06:24',NULL),(26,1,'NO.OF EXPERTS',2,2,'2021-10-23 03:06:24','2021-10-23 03:06:24',NULL),(27,1,'NO. OF PRODUCTIVITY & INNOVATION PUBLICATIONS',2,2,'2021-10-23 03:06:24','2021-10-23 03:06:24',NULL),(28,4,'AVERAGE TRAINING HOURS PER EMPLOYEE (%)',2,2,'2021-10-23 03:06:24','2021-10-23 03:06:24',NULL);

--
-- Table structure for table `ref_kpi_category`
--

CREATE TABLE `ref_kpi_category` (
  `kpi_category_id` int(11) NOT NULL AUTO_INCREMENT,
  `kpi_category_desc` varchar(50) NOT NULL,
  `created_by` int(11) DEFAULT NULL,
  `updated_by` int(11) DEFAULT NULL,
  `created_at` timestamp NULL DEFAULT NULL,
  `updated_at` timestamp NOT NULL DEFAULT CURRENT_TIMESTAMP,
  `deleted_at` timestamp NULL DEFAULT NULL,
  PRIMARY KEY (`kpi_category_id`),
  KEY `idx_kpicategory_createdby` (`created_by`),
  KEY `idx_kpicategory_updatedby` (`updated_by`)
) ENGINE=InnoDB AUTO_INCREMENT=6 DEFAULT CHARSET=latin1;

--
-- Dumping data for table `ref_kpi_category`
--

INSERT INTO `ref_kpi_category` VALUES (1,'BUSINESS PROCESS',31,31,'2021-10-22 04:28:00','2021-10-22 04:28:59',NULL),(2,'CUSTOMER',31,31,'2021-10-22 04:29:23','2021-10-22 04:29:44',NULL),(3,'FINANCIAL',31,31,'2021-10-22 04:29:59','2021-10-22 04:29:59',NULL),(4,'LEARNING & GROWTH',31,31,'2021-10-22 04:30:13','2021-10-22 04:30:13',NULL),(5,'TEST',31,31,'2021-10-22 04:30:24','2021-10-22 04:30:24','2021-10-21 20:30:29');

--
-- Table structure for table `ref_location`
--

CREATE TABLE `ref_location` (
  `location_id` int(11) NOT NULL AUTO_INCREMENT,
  `location_code` varchar(10) DEFAULT NULL,
  `location_desc` varchar(255) DEFAULT NULL,
  `created_by` int(11) DEFAULT NULL,
  `updated_by` int(11) DEFAULT NULL,
  `created_at` timestamp NULL DEFAULT NULL,
  `updated_at` timestamp NOT NULL DEFAULT CURRENT_TIMESTAMP,
  `deleted_at` timestamp NULL DEFAULT NULL,
  PRIMARY KEY (`location_id`)
) ENGINE=InnoDB AUTO_INCREMENT=40 DEFAULT CHARSET=latin1;

--
-- Dumping data for table `ref_location`
--

INSERT INTO `ref_location` VALUES (1,'KUL','KUALA LUMPUR',2,2,'2019-03-20 13:40:51','2019-03-20 13:40:51',NULL),(2,'LGK','LANGKAWI',2,2,'2019-03-20 13:40:51','2019-03-20 13:40:51',NULL),(3,'KCH','KUCHING',2,2,'2019-03-20 13:40:51','2019-03-20 13:40:51',NULL),(4,'PEN','PENANG',2,2,'2019-03-20 13:40:51','2019-03-20 13:40:51',NULL),(5,'BKI','KOTA KINABALU',2,2,'2019-03-20 13:40:51','2019-03-20 13:40:51',NULL),(6,'JHB','JOHOR BAHRU',2,2,'2019-03-20 13:40:51','2019-03-20 13:40:51',NULL),(7,'SZB','SUBANG',2,2,'2019-03-20 13:40:51','2019-03-20 13:40:51',NULL),(8,'AOR','ALOR SETAR',2,2,'2019-03-20 13:40:51','2019-03-20 13:40:51',NULL),(9,'KBR','KOTA BHARU',2,2,'2019-03-20 13:40:51','2019-03-20 13:40:51',NULL),(10,'TGG','KUALA TERENGGANU',2,2,'2019-03-20 13:40:51','2019-03-20 13:40:51',NULL),(11,'IPH','IPOH',2,2,'2019-03-20 13:40:51','2019-03-20 13:40:51',NULL),(12,'KUA','KUANTAN',2,2,'2019-03-20 13:40:51','2019-03-20 13:40:51',NULL),(13,'SBW','SIBU',2,2,'2019-03-20 13:40:51','2019-03-20 13:40:51',NULL),(14,'SDK','SANDAKAN',2,2,'2019-03-20 13:40:51','2019-03-20 13:40:51',NULL),(15,'TWU','TAWAU',2,2,'2019-03-20 13:40:51','2019-03-20 13:40:51',NULL),(16,'MYY','MIRI',2,2,'2019-03-20 13:40:51','2019-03-20 13:40:51',NULL),(17,'LDU','LAHAD DATU',46,46,'2019-05-10 18:39:19','2019-05-10 18:39:19',NULL),(18,'SIN','CANGI, SINGAPORE',46,46,'2019-05-21 13:12:58','2019-06-20 14:13:08',NULL),(19,'XSP','SELETAR, SINGAPORE',46,46,'2019-06-20 14:12:45','2019-06-20 14:13:21',NULL),(20,'MZV','MULU, SARAWAK',46,46,'2019-07-15 16:39:59','2019-07-15 16:39:59',NULL),(21,'LBU','LABUAN',46,46,'2019-07-15 16:40:17','2019-07-15 16:40:17',NULL),(22,'PEK','BEIJING, CHINA',46,46,'2019-08-07 12:26:23','2019-08-07 12:26:23',NULL),(23,'LHR','LONDON, UNITED KINGDOM',46,46,'2019-08-08 12:44:01','2019-08-09 16:09:08',NULL),(24,'SYD','SYDNEY, AU',46,46,'2019-08-09 16:04:43','2019-08-09 16:09:45',NULL),(25,'SCL','SANTIAGO, CHILE',46,46,'2019-08-09 16:17:03','2019-08-09 16:17:03',NULL),(26,'PMC','PUERTO MONTT, CHILE',46,46,'2019-08-09 16:18:58','2019-08-09 16:18:58',NULL),(27,'BTU','BINTULU, SARAWAK',46,46,'2019-08-28 15:45:34','2019-08-28 15:45:34',NULL),(28,'TPE','TAIPEI , TAIWAN CHINA',46,46,'2019-09-30 19:13:36','2019-09-30 19:13:36',NULL),(29,'CTU','CHENGDU, CHINA',46,46,'2019-10-01 12:23:49','2019-10-01 12:23:49',NULL),(30,'LMN','LIMBANG, SARAWAK',53,53,'2019-10-01 14:58:07','2019-10-01 14:58:07',NULL),(31,'MKM','MUKAH, SARAWAK',53,53,'2019-10-01 14:59:14','2019-10-01 14:59:14',NULL),(32,'VTE','VIENTIANE, LAOS',71,71,'2019-10-07 21:09:34','2019-10-07 21:09:34',NULL),(33,'BKK','SURVARNABHUMI AIRPORT, THAILAND',71,71,'2019-10-07 21:14:16','2019-10-07 21:14:16',NULL),(34,'DMK','DON MUEANG INTERNATIONAL AIRPORT, THAILAND',71,71,'2019-10-07 21:15:28','2019-10-07 21:15:28',NULL),(35,'ICN','SEOUL, KOREA',46,46,'2019-11-13 15:16:13','2019-11-13 15:16:13',NULL),(36,'CDG','PARIS, CHARLES DE GAULLE',46,46,'2019-11-20 15:59:01','2019-11-20 15:59:01',NULL),(37,'NRT','TOKYO, JEPUN',46,46,'2020-01-10 21:11:36','2020-01-10 21:11:36',NULL),(38,'MEL','MELBOURNE, AUSTRALIA',46,46,'2020-02-28 08:20:52','2020-02-28 08:20:52',NULL),(39,'NAN','NADI,FIJI',46,46,'2020-02-28 08:21:22','2020-02-28 08:21:22',NULL);

--
-- Table structure for table `ref_meeting_type`
--

CREATE TABLE `ref_meeting_type` (
  `meeting_type_id` int(11) NOT NULL AUTO_INCREMENT,
  `meeting_type_desc` varchar(255) DEFAULT NULL,
  `running_no` int(11) NOT NULL DEFAULT '0',
  `created_by` int(11) DEFAULT NULL,
  `updated_by` int(11) DEFAULT NULL,
  `created_at` timestamp NULL DEFAULT NULL,
  `updated_at` timestamp NOT NULL DEFAULT CURRENT_TIMESTAMP,
  `deleted_at` timestamp NULL DEFAULT NULL,
  PRIMARY KEY (`meeting_type_id`),
  KEY `idx_meetingtype_createdby` (`created_by`),
  KEY `idx_meetingtype_updatedby` (`updated_by`)
) ENGINE=InnoDB AUTO_INCREMENT=3 DEFAULT CHARSET=latin1;

--
-- Dumping data for table `ref_meeting_type`
--

INSERT INTO `ref_meeting_type` VALUES (1,'MESYUARAT SEBUT HARGA A',0,31,31,'2020-10-14 03:12:38','2020-10-14 03:12:38',NULL),(2,'MESYUARAT SEBUT HARGA B',0,31,31,'2020-10-14 03:13:00','2020-10-14 03:13:00',NULL);

--
-- Table structure for table `ref_meeting_year`
--

CREATE TABLE `ref_meeting_year` (
  `meeting_year_id` int(11) NOT NULL AUTO_INCREMENT,
  `meeting_type_id` int(11) NOT NULL,
  `running_no` int(11) NOT NULL DEFAULT '1',
  `meeting_year` char(4) NOT NULL,
  `created_at` timestamp NULL DEFAULT NULL,
  `updated_at` timestamp NOT NULL DEFAULT CURRENT_TIMESTAMP,
  `deleted_at` timestamp NULL DEFAULT NULL,
  PRIMARY KEY (`meeting_year_id`),
  KEY `idx_meetingyear_meetingtypeid_year` (`meeting_type_id`,`meeting_year`)
) ENGINE=InnoDB AUTO_INCREMENT=3 DEFAULT CHARSET=utf8mb4;

--
-- Dumping data for table `ref_meeting_year`
--

INSERT INTO `ref_meeting_year` VALUES (1,2,10,'2020','2020-11-26 06:22:19','2020-11-26 06:22:19',NULL),(2,1,10,'2020','2020-10-14 03:59:36','2020-10-14 03:59:36',NULL);

--
-- Table structure for table `ref_other_system`
--

CREATE TABLE `ref_other_system` (
  `other_system_id` int(11) NOT NULL AUTO_INCREMENT,
  `system_desc` varchar(200) DEFAULT NULL,
  `system_url` varchar(200) DEFAULT NULL,
  `autoauth_url` varchar(200) DEFAULT NULL,
  `authrecord_url` varchar(200) DEFAULT NULL,
  `dbconn_name` varchar(200) DEFAULT NULL,
  `app_key` varchar(255) DEFAULT NULL,
  `created_by` int(11) DEFAULT NULL,
  `updated_by` int(11) DEFAULT NULL,
  `created_at` timestamp NULL DEFAULT NULL,
  `updated_at` timestamp NOT NULL DEFAULT CURRENT_TIMESTAMP,
  `deleted_at` timestamp NULL DEFAULT NULL,
  PRIMARY KEY (`other_system_id`),
  KEY `idx_othersystem_createdby` (`created_by`),
  KEY `idx_othersystem_updatedby` (`updated_by`)
) ENGINE=InnoDB AUTO_INCREMENT=3 DEFAULT CHARSET=latin1;

--
-- Dumping data for table `ref_other_system`
--

INSERT INTO `ref_other_system` VALUES (1,'Sistem eRO','http://spp2.mpc.gov.my/',NULL,'http://spp2.mpc.gov.my/authrecord/','mysql_ero_prod','WbZ9A1IySqyMP63ch27cfWyQoWrfmyVpGjjjGCrPedw=',NULL,NULL,'2021-06-05 21:42:33','2021-06-05 21:42:33',NULL),(2,'Sistem eISO','http://spp.mpc.gov.my/',NULL,'http://spp.mpc.gov.my/authrecord/','sqlsvr_iso_prod','Lt/0QC0f8pSQ7dUCcOUecZReGP5MxemJOK0irq9pUBI=',NULL,NULL,'2021-06-05 21:42:33','2021-06-05 21:42:33',NULL);

--
-- Table structure for table `ref_payment_method`
--

CREATE TABLE `ref_payment_method` (
  `payment_method_id` int(11) NOT NULL AUTO_INCREMENT,
  `payment_method_desc` varchar(150) NOT NULL,
  `created_at` timestamp NULL DEFAULT NULL,
  `updated_at` timestamp NOT NULL DEFAULT CURRENT_TIMESTAMP,
  `deleted_at` timestamp NULL DEFAULT NULL,
  PRIMARY KEY (`payment_method_id`)
) ENGINE=InnoDB AUTO_INCREMENT=3 DEFAULT CHARSET=latin1;

--
-- Dumping data for table `ref_payment_method`
--

INSERT INTO `ref_payment_method` VALUES (1,'Kad Kredit','2019-03-23 19:32:36','2019-03-23 19:32:36',NULL),(2,'Waran','2019-03-23 19:32:43','2019-03-23 19:32:43',NULL);

--
-- Table structure for table `ref_pembangunan`
--

CREATE TABLE `ref_pembangunan` (
  `pembangunan_id` int(11) NOT NULL AUTO_INCREMENT,
  `pembangunan_desc` varchar(255) DEFAULT NULL,
  `created_by` int(11) DEFAULT NULL,
  `updated_by` int(11) DEFAULT NULL,
  `created_at` timestamp NULL DEFAULT NULL,
  `updated_at` timestamp NOT NULL DEFAULT CURRENT_TIMESTAMP,
  `deleted_at` timestamp NULL DEFAULT NULL,
  PRIMARY KEY (`pembangunan_id`)
) ENGINE=InnoDB AUTO_INCREMENT=33 DEFAULT CHARSET=latin1;

--
-- Dumping data for table `ref_pembangunan`
--

INSERT INTO `ref_pembangunan` VALUES (1,'NPDIR',2,2,'2019-03-21 19:39:55','2019-03-21 19:39:55',NULL),(2,'PPE',2,2,'2019-03-21 19:40:05','2019-03-21 19:40:05','2019-04-15 07:21:08'),(3,'MBR',2,2,'2019-03-21 19:40:09','2019-03-21 19:40:09',NULL),(4,'PTPS',2,2,'2019-03-21 19:40:22','2019-03-21 19:40:22',NULL),(5,'TEST123 DDDD',355,355,'2019-04-12 23:06:59','2019-04-12 23:07:06','2019-04-12 15:07:10'),(6,'T5-MPB',46,46,'2019-04-15 15:21:35','2019-04-15 15:21:35',NULL),(7,'NTM',46,46,'2019-04-15 15:21:55','2019-04-15 15:21:55',NULL),(8,'PKP',46,46,'2019-04-15 15:22:04','2019-04-15 15:22:04',NULL),(9,'SPN TOURISM',46,46,'2019-04-15 15:22:29','2019-04-15 15:22:29',NULL),(10,'SPN RETAIL',46,46,'2019-04-15 15:24:16','2019-04-15 15:24:16',NULL),(11,'SPN CHEMICAL',46,46,'2019-04-15 15:24:40','2019-04-15 15:24:40',NULL),(12,'SPN E & E',46,46,'2019-04-15 15:24:59','2019-04-15 15:24:59',NULL),(13,'SPN M & E',46,46,'2019-04-15 15:25:15','2019-04-15 15:25:15',NULL),(14,'SPN AGROFOOD',46,46,'2019-04-15 15:25:34','2019-04-15 15:25:34',NULL),(15,'SPN HEALTHCARE',46,46,'2019-04-15 15:25:44','2019-04-15 15:25:44',NULL),(16,'SPN PROF SERV',46,46,'2019-04-15 15:26:01','2019-04-15 15:26:01',NULL),(17,'SPN ICT',46,46,'2019-04-15 15:26:21','2019-04-15 15:26:21',NULL),(18,'SPPE',46,46,'2019-07-26 19:20:19','2019-07-26 19:20:19',NULL),(19,'CCI',46,46,'2019-07-26 20:53:35','2019-07-26 20:53:35',NULL),(20,'KLEMS - TFP',46,46,'2019-07-26 20:53:52','2019-07-26 20:53:52',NULL),(21,'EIIP',46,46,'2019-07-26 20:54:02','2019-07-26 20:54:02',NULL),(22,'MPB-EEPN',46,46,'2019-07-26 20:54:21','2019-07-26 20:54:21',NULL),(23,'MPB-CCPPN',46,46,'2019-07-26 20:56:50','2019-07-26 20:56:50',NULL),(24,'MPB-RFBPN',46,46,'2019-07-26 20:57:08','2019-07-26 20:57:08',NULL),(25,'MPB-TPN',46,46,'2019-07-26 20:57:27','2019-07-26 20:57:27',NULL),(26,'MPB AFPN',46,46,'2019-07-26 20:57:41','2019-07-26 20:57:41',NULL),(27,'MPB MEPN',46,46,'2019-07-26 20:57:54','2019-07-26 20:57:54',NULL),(28,'MPB PS',46,46,'2019-07-26 20:58:05','2019-07-26 20:58:05',NULL),(29,'MPB PH',46,46,'2019-07-26 20:58:16','2019-07-26 20:58:16',NULL),(30,'MPB ICTPN',46,46,'2019-10-30 14:27:13','2019-10-30 14:27:13',NULL),(31,'HRD',46,46,'2019-11-12 14:09:57','2019-11-12 14:09:57',NULL),(32,'BI (BEHAVIORAL INSIGHTS)',46,46,'2020-01-21 15:26:54','2020-01-21 15:26:54',NULL);

--
-- Table structure for table `ref_permohonan_doc`
--

CREATE TABLE `ref_permohonan_doc` (
  `permohonan_doc_id` int(11) NOT NULL AUTO_INCREMENT,
  `permohonan_doc_desc` varchar(200) DEFAULT NULL,
  `sort` int(11) DEFAULT NULL,
  `active_status` int(11) NOT NULL DEFAULT '1',
  `created_at` timestamp NULL DEFAULT NULL,
  `updated_at` timestamp NOT NULL DEFAULT CURRENT_TIMESTAMP,
  `deleted_at` timestamp NULL DEFAULT NULL,
  PRIMARY KEY (`permohonan_doc_id`)
) ENGINE=InnoDB AUTO_INCREMENT=32 DEFAULT CHARSET=latin1;

--
-- Dumping data for table `ref_permohonan_doc`
--

INSERT INTO `ref_permohonan_doc` VALUES (1,'BOM',4,1,'2020-07-23 10:13:10','2020-07-23 10:13:10',NULL),(2,'LPO untuk Pembekal',1,1,'2020-07-23 10:13:19','2020-07-23 10:13:19',NULL),(3,'Sebut Harga',5,1,'2020-07-23 10:13:29','2020-07-23 10:13:29',NULL),(4,'Keratan Minit Kelulusan BOM',6,1,'2020-07-23 10:13:39','2020-07-23 10:13:39',NULL),(5,'Anggaran perbelanjaan BOM yang diluluskan',7,1,'2020-07-23 10:13:48','2020-07-23 10:13:48',NULL),(6,'Sijil GST (Wajib)',8,1,'2020-07-23 10:14:01','2020-07-23 10:14:01',NULL),(7,'Lantikan perunding/ penceramah Tempatan/ Luar Negara (attachmentb)',12,0,'2020-07-23 10:14:44','2020-07-23 10:14:44',NULL),(8,'Kelulusan Kementerian Kewangan (MOF)',13,1,'2020-07-23 10:14:54','2020-07-23 10:14:54',NULL),(9,'PLPS',14,1,'2020-07-23 10:15:27','2020-07-23 10:15:27',NULL),(10,'Surat Setuju Terima (SST) (Wajib)',15,1,'2020-07-23 10:15:36','2020-07-23 10:15:36',NULL),(11,'Surat Lantikan (Wajib)',16,1,'2020-07-23 10:15:47','2020-07-23 10:15:47',NULL),(12,'Jadual Pembayaran',17,1,'2020-07-23 10:15:54','2020-07-23 10:15:54',NULL),(13,'Terms of Reference (TOR)',18,1,'2020-07-23 10:16:02','2020-07-23 10:16:02',NULL),(14,'Borang Lampiran B (sekiranya menggunakan khidmat kakitangan kerajaan)',19,1,'2020-07-23 10:16:09','2020-07-23 10:16:09',NULL),(15,'Invois (bagi bayaran yang dibuat secara telegraphic transfer (TT) kepada pembekal di luar negara)',20,1,'2020-07-23 10:16:20','2020-07-23 10:16:20',NULL),(16,'Perolehan melalui Sebut harga B (> RM20K) / Sebut harga A (> RM50K) / Tender (>RM500K) (attachmentc)',21,0,'2020-07-23 10:16:29','2020-07-23 10:16:29',NULL),(17,'Surat Setuju Terima (SST) (Perolehan melalui Sebut harga B (> RM20K) / Sebut harga A (> RM50K) / Tender (>RM500K))',22,1,'2020-07-23 10:16:41','2020-07-23 10:16:41',NULL),(18,'Keputusan Mesyuarat sebut harga/ Lembaga Perolehan',23,1,'2020-07-23 10:16:50','2020-07-23 10:16:50',NULL),(19,'Surat Lantikan (Perolehan melalui Sebut harga B (> RM20K) / Sebut harga A (> RM50K) / Tender (>RM500K))',24,1,'2020-07-23 10:16:57','2020-07-23 10:16:57',NULL),(20,'Teknikal / Penyelenggaraan (attachmentd)',25,0,'2020-07-23 10:17:03','2020-07-23 10:17:03',NULL),(21,'Laporan penyelenggaraan yang disahkan',26,1,'2020-07-23 10:17:11','2020-07-23 10:17:11',NULL),(22,'Kontrak (Salinan)',27,1,'2020-07-23 10:17:17','2020-07-23 10:17:17',NULL),(23,'Makanan (attachmente)',28,0,'2020-07-23 10:17:24','2020-07-23 10:17:24',NULL),(24,'Senarai nama peserta bengkel/ ceramah/ taklimat',29,1,'2020-07-23 10:17:32','2020-07-23 10:17:32',NULL),(25,'Tentatif program',30,1,'2020-07-23 10:17:40','2020-07-23 10:17:40',NULL),(26,'Penginapan Hotel/Tiket Penerbangan (attachmenta)',9,0,'2020-07-23 10:14:09','2020-07-23 10:14:09',NULL),(27,'Senarai Nama Penginap',10,1,'2020-07-23 10:14:24','2020-07-23 10:14:24',NULL),(28,'Senarai Nama Tiket Kapal Terbang',11,1,'2020-07-23 10:14:40','2020-07-23 10:14:40',NULL),(30,'LPO untuk Bhg Kewangan',2,1,'2020-07-23 10:17:53','2020-07-23 10:17:53',NULL),(31,'Invoice untuk Bhg Kewangan',3,1,'2020-07-23 10:18:06','2020-07-23 10:18:06',NULL);

--
-- Table structure for table `ref_program`
--

CREATE TABLE `ref_program` (
  `program_id` int(11) NOT NULL AUTO_INCREMENT,
  `project_category_id` int(11) NOT NULL,
  `program_code` char(10) DEFAULT NULL,
  `program_desc` varchar(255) DEFAULT NULL,
  `created_by` int(11) DEFAULT NULL,
  `updated_by` int(11) DEFAULT NULL,
  `created_at` timestamp NULL DEFAULT NULL,
  `updated_at` timestamp NOT NULL DEFAULT CURRENT_TIMESTAMP,
  `deleted_at` timestamp NULL DEFAULT NULL,
  PRIMARY KEY (`program_id`),
  KEY `idx_program_main` (`project_category_id`),
  KEY `idx_program_code` (`program_code`),
  KEY `idx_program_createdby` (`created_by`),
  KEY `idx_program_updatedby` (`updated_by`)
) ENGINE=InnoDB AUTO_INCREMENT=454 DEFAULT CHARSET=latin1;

--
-- Dumping data for table `ref_program`
--

INSERT INTO `ref_program` VALUES (1,1,'AG001','AMALAN BAIK PERATURAN (GRP)',2,2,'2021-03-16 15:24:56','2021-03-16 15:24:56',NULL),(2,1,'AG002','REGULATORY PROPOSAL/ NOTIFICATION2',2,2,'2021-03-16 15:24:56','2021-05-29 17:12:06',NULL),(3,1,'AG003','REGULATORY IMPACT ANALYSIS/ STATEMENT',2,2,'2021-03-16 15:24:56','2021-03-16 15:24:56',NULL),(4,1,'AG004','PUBLIC CONSULTATION/ STAKEHOLDER CONSULTATION/ENGAGEMENT',2,2,'2021-03-16 15:24:56','2021-03-16 15:24:56',NULL),(5,1,'AG005','COST BENEFIT ANALYSIS',2,2,'2021-03-16 15:24:56','2021-03-16 15:24:56',NULL),(6,1,'AG006','IMPACT ANALYSIS',2,2,'2021-03-16 15:24:56','2021-03-16 15:24:56',NULL),(7,1,'AG007','STANDARD COST MODEL',2,2,'2021-03-16 15:24:56','2021-03-16 15:24:56',NULL),(8,1,'AG008','MEASURING REGULATORY/ COMPLIANCE COST',2,2,'2021-03-16 15:24:56','2021-03-16 15:24:56',NULL),(9,1,'AG009','POST IMPLEMENTATION REVIEW',2,2,'2021-03-16 15:24:56','2021-03-16 15:24:56',NULL),(10,1,'AG010','PERFORMANCE/ OUTCOME-BASED REGULATION',2,2,'2021-03-16 15:24:56','2021-03-16 15:24:56',NULL),(11,1,'AG011','MANAGEMENT-BASED REGULATIONS',2,2,'2021-03-16 15:24:56','2021-03-16 15:24:56',NULL),(12,1,'AG012','REGULATORY EXPERIMENTS',2,2,'2021-03-16 15:24:56','2021-03-16 15:24:56',NULL),(13,1,'AG013','REGULATORY SANDBOX',2,2,'2021-03-16 15:24:56','2021-03-16 15:24:56',NULL),(14,1,'AG014','ADAPTIVE REGULATION',2,2,'2021-03-16 15:24:56','2021-03-16 15:24:56',NULL),(15,1,'AG015','COMPETITION IMPACT ANALYSIS',2,2,'2021-03-16 15:24:56','2021-03-16 15:24:56',NULL),(16,1,'AG016','SMES IMPACT ANALYSIS',2,2,'2021-03-16 15:24:56','2021-03-16 15:24:56',NULL),(17,1,'AG017','SOCIAL IMPACT ANALYSIS',2,2,'2021-03-16 15:24:56','2021-03-16 15:24:56',NULL),(18,1,'AG018','ENVIRONMENT IMPACT ANALYSIS',2,2,'2021-03-16 15:24:56','2021-03-16 15:24:56',NULL),(19,1,'AG019','POLICY IMPACT ANALYSIS',2,2,'2021-03-16 15:24:56','2021-03-16 15:24:56',NULL),(20,1,'AG020','SELF-REGULATION',2,2,'2021-03-16 15:24:56','2021-03-16 15:24:56',NULL),(21,1,'AG021','CO-REGULATION',2,2,'2021-03-16 15:24:56','2021-03-16 15:24:56',NULL),(22,1,'AG022','RISK-BASED REGULATION',2,2,'2021-03-16 15:24:56','2021-03-16 15:24:56',NULL),(23,1,'AG023','INTERNATIONAL REGULATORY COOPERATION',2,2,'2021-03-16 15:24:56','2021-03-16 15:24:56',NULL),(24,1,'AG024','REGULATORY DELIVERY',2,2,'2021-03-16 15:24:56','2021-03-16 15:24:56',NULL),(25,1,'AG025','AGILE REGULATION',2,2,'2021-03-16 15:24:56','2021-03-16 15:24:56',NULL),(26,1,'AG026','REGULATORY-BASED TECHNOLOGY',2,2,'2021-03-16 15:24:56','2021-03-16 15:24:56',NULL),(27,1,'AG027','REGULATORY POLICY/ SYSTEM MANAGEMENT (GOOD REGULATORY PRACTICE POLICY REGULATORY COORDINATOR ETC.)',2,2,'2021-03-16 15:24:56','2021-03-16 15:24:56',NULL),(28,1,'AG028','MULTI CRITERIA ANALYSIS',2,2,'2021-03-16 15:24:56','2021-03-16 15:24:56',NULL),(29,1,'AG029','COST EFFECTIVE ANALYSIS',2,2,'2021-03-16 15:24:56','2021-03-16 15:24:56',NULL),(30,1,'AG030','REGULATORY GOVERNANCE',2,2,'2021-03-16 15:24:56','2021-03-16 15:24:56',NULL),(31,1,'AG031','RISK-BASED ANALYSIS',2,2,'2021-03-16 15:24:56','2021-03-16 15:24:56',NULL),(32,1,'AG032','INTERNATIONAL REGULATORY MANAGEMENT (EXAMPLE: ASIA-PACIFIC ECONOMIC COOPERATION (APEC) / ASSOCIATION OF SOUTHEAST ASIAN NATIONS (ASEAN) / ORGANISATION FOR ECONOMIC CO-OPERATION AND DEVELOPMENT (OECD)',2,2,'2021-03-16 15:24:56','2021-03-16 15:24:56',NULL),(33,1,'AG033','CUTTING RED TAPE',2,2,'2021-03-16 15:24:56','2021-03-16 15:24:56',NULL),(34,1,'AG034','REGULATORY MAPPING',2,2,'2021-03-16 15:24:56','2021-03-16 15:24:56',NULL),(35,1,'AG035','REGULATORY FRAMEWORK',2,2,'2021-03-16 15:24:56','2021-03-16 15:24:56',NULL),(36,1,'AG036','REGULATORY DESIGN',2,2,'2021-03-16 15:24:56','2021-03-16 15:24:56',NULL),(37,1,'AG037','REVIEW EXISTING REGULATION',2,2,'2021-03-16 15:24:56','2021-03-16 15:24:56',NULL),(38,1,'AG038','REGULATORY REFORM',2,2,'2021-03-16 15:24:56','2021-03-16 15:24:56',NULL),(39,1,'AG039','NON -TARIFF MEASURES (NTM) REFORM',2,2,'2021-03-16 15:24:56','2021-03-16 15:24:56',NULL),(40,1,'AG040','LICENSING REFORM',2,2,'2021-03-16 15:24:57','2021-03-16 15:24:57',NULL),(41,1,'AG041','BUSINESS REGULATION',2,2,'2021-03-16 15:24:57','2021-03-16 15:24:57',NULL),(42,1,'AG042','IMPROVE LICENSING TRANSPARENCY',2,2,'2021-03-16 15:24:57','2021-03-16 15:24:57',NULL),(43,1,'AG043','BUSINESS LICENSING GUIDELINE',2,2,'2021-03-16 15:24:57','2021-03-16 15:24:57',NULL),(44,1,'AG044','REDUCING REGULATORY BURDEN',2,2,'2021-03-16 15:24:57','2021-03-16 15:24:57',NULL),(45,1,'AG045','MONITORING & EVALUATION FRAMEWORK',2,2,'2021-03-16 15:24:57','2021-03-16 15:24:57',NULL),(46,1,'AG046','DEREGULATION',2,2,'2021-03-16 15:24:57','2021-03-16 15:24:57',NULL),(47,1,'AG047','ANALYSIS VERIFICATION',2,2,'2021-03-16 15:24:57','2021-03-16 15:24:57',NULL),(48,1,'AG048','ISSUE PAPER',2,2,'2021-03-16 15:24:57','2021-03-16 15:24:57',NULL),(49,1,'AG049','LAW',2,2,'2021-03-16 15:24:57','2021-03-16 15:24:57',NULL),(50,1,'AG050','ECONOMY',2,2,'2021-03-16 15:24:57','2021-03-16 15:24:57',NULL),(51,1,'AG051','HEALTHCARE',2,2,'2021-03-16 15:24:57','2021-03-16 15:24:57',NULL),(52,1,'AG052','CONSTRUCTION',2,2,'2021-03-16 15:24:57','2021-03-16 15:24:57',NULL),(53,1,'AG053','LABOUR',2,2,'2021-03-16 15:24:57','2021-03-16 15:24:57',NULL),(54,1,'AG054','IMMIGRATION',2,2,'2021-03-16 15:24:57','2021-03-16 15:24:57',NULL),(55,1,'AG055','TOURISM',2,2,'2021-03-16 15:24:57','2021-03-16 15:24:57',NULL),(56,1,'AG056','DIGITAL',2,2,'2021-03-16 15:24:57','2021-03-16 15:24:57',NULL),(57,2,'AB057','BEHAVIOURAL INSIGHTS FRAMEWORK CRITERIA: DEFINE',2,2,'2021-03-16 15:24:57','2021-03-16 15:24:57',NULL),(58,2,'AB058','BEHAVIOURAL INSIGHTS FRAMEWORK CRITERIA: RESEARCH',2,2,'2021-03-16 15:24:57','2021-03-16 15:24:57',NULL),(59,2,'AB059','BEHAVIOURAL INSIGHTS FRAMEWORK CRITERIA: INTERVENTION',2,2,'2021-03-16 15:24:57','2021-03-16 15:24:57',NULL),(60,2,'AB060','BEHAVIOURAL INSIGHTS FRAMEWORK CRITERIA: VALIDATE',2,2,'2021-03-16 15:24:57','2021-03-16 15:24:57',NULL),(61,2,'AB061','BEHAVIOURAL INSIGHTS FRAMEWORK CRITERIA: EXPAND',2,2,'2021-03-16 15:24:57','2021-03-16 15:24:57',NULL),(62,2,'AB062','BEHAVIOURAL INSIGHTS GUIDELINES',2,2,'2021-03-16 15:24:57','2021-03-16 15:24:57',NULL),(63,2,'AB063','BEHAVIOURAL INSIGHTS BENCHMARKING PROJECT',2,2,'2021-03-16 15:24:57','2021-03-16 15:24:57',NULL),(64,2,'AB064','BEHAVIOURAL INSIGHTS BASELINE STUDY',2,2,'2021-03-16 15:24:57','2021-03-16 15:24:57',NULL),(65,2,'AB065','BEHAVIOURAL INSIGHTS CONFERENCE/ WORKSHOP/SEMINAR/ RTD/ FGD',2,2,'2021-03-16 15:24:57','2021-03-16 15:24:57',NULL),(66,2,'AB066','BEHAVIOURAL INSIGHTS TRAINING MODULE - BEGINNER',2,2,'2021-03-16 15:24:57','2021-03-16 15:24:57',NULL),(67,2,'AB067','BEHAVIOURAL INSIGHTS TRAINING MODULE - INTERMEDIATE',2,2,'2021-03-16 15:24:57','2021-03-16 15:24:57',NULL),(68,2,'AB068','BEHAVIOURAL INSIGHTS TRAINING MODULE - ADVANCED',2,2,'2021-03-16 15:24:57','2021-03-16 15:24:57',NULL),(69,2,'AB069','COMPETENCY DEVELOPMENT FOR BEHAVIOURAL - INSIGHTS PRACTITIONERS',2,2,'2021-03-16 15:24:57','2021-03-16 15:24:57',NULL),(70,2,'AB070','COMPETENCY DEVELOPMENT FOR BEHAVIOURAL - INSIGHTS TRAINERS/ CONSULTANTS',2,2,'2021-03-16 15:24:57','2021-03-16 15:24:57',NULL),(71,2,'AB071','BEHAVIOURAL INSIGHTS TOOLKITS',2,2,'2021-03-16 15:24:57','2021-03-16 15:24:57',NULL),(72,2,'AB072','DATA PROFILING DOCUMENTATION FOR BEHAVIOURAL - INSIGHTS',2,2,'2021-03-16 15:24:57','2021-03-16 15:24:57',NULL),(73,2,'AB073','BEHAVIOURAL INSIGHTS DOCUMENTATION FOR GOVERNMENT',2,2,'2021-03-16 15:24:57','2021-03-16 15:24:57',NULL),(74,2,'AB074','BEHAVIOURAL INSIGHTS PROJECT MANAGEMENT',2,2,'2021-03-16 15:24:57','2021-03-16 15:24:57',NULL),(75,2,'AB075','APPLICATION OF NUDGE THEORY',2,2,'2021-03-16 15:24:57','2021-03-16 15:24:57',NULL),(76,3,'AC076','ECONOMIC PERFORMANCE: DOMESTIC ECONOMY',2,2,'2021-03-16 15:24:57','2021-03-16 15:24:57',NULL),(77,3,'AC077','ECONOMIC PERFORMANCE: INTERNATIONAL TRADE',2,2,'2021-03-16 15:24:57','2021-03-16 15:24:57',NULL),(78,3,'AC078','ECONOMIC PERFORMANCE: INTERNATIONAL INVESTMENT',2,2,'2021-03-16 15:24:57','2021-03-16 15:24:57',NULL),(79,3,'AC079','ECONOMIC PERFORMANCE: EMPLOYMENT',2,2,'2021-03-16 15:24:57','2021-03-16 15:24:57',NULL),(80,3,'AC080','ECONOMIC PERFORMANCE: PRICES',2,2,'2021-03-16 15:24:57','2021-03-16 15:24:57',NULL),(81,3,'AC081','GOVERNMENT EFFICIENCY: PUBLIC FINANCE',2,2,'2021-03-16 15:24:57','2021-03-16 15:24:57',NULL),(82,3,'AC082','GOVERNMENT EFFICIENCY: TAX POLICY',2,2,'2021-03-16 15:24:57','2021-03-16 15:24:57',NULL),(83,3,'AC083','GOVERNMENT EFFICIENCY: INSTITUTIONAL FRAMEWORK',2,2,'2021-03-16 15:24:57','2021-03-16 15:24:57',NULL),(84,3,'AC084','GOVERNMENT EFFICIENCY: BUSINESS LEGISLATION',2,2,'2021-03-16 15:24:57','2021-03-16 15:24:57',NULL),(85,3,'AC085','GOVERNMENT EFFICIENCY: SOCIETAL FRAMEWORK',2,2,'2021-03-16 15:24:57','2021-03-16 15:24:57',NULL),(86,3,'AC086','BUSINESS EFFICIENCY: PRODUCTIVITY & EFFICIENCY',2,2,'2021-03-16 15:24:57','2021-03-16 15:24:57',NULL),(87,3,'AC087','BUSINESS EFFICIENCY: LABOR MARKET',2,2,'2021-03-16 15:24:57','2021-03-16 15:24:57',NULL),(88,3,'AC088','BUSINESS EFFICIENCY: FINANCE',2,2,'2021-03-16 15:24:57','2021-03-16 15:24:57',NULL),(89,3,'AC089','BUSINESS EFFICIENCY: MANAGEMENT PRACTICES',2,2,'2021-03-16 15:24:57','2021-03-16 15:24:57',NULL),(90,3,'AC090','BUSINESS EFFICIENCY: ATTITUDES & VALUES',2,2,'2021-03-16 15:24:57','2021-03-16 15:24:57',NULL),(91,3,'AC091','INFRASTRUCTURE: BASIC INFRASTRUCTURE',2,2,'2021-03-16 15:24:57','2021-03-16 15:24:57',NULL),(92,3,'AC092','INFRASTRUCTURE: TECHNOLOGICAL INFRASTRUCTURE',2,2,'2021-03-16 15:24:57','2021-03-16 15:24:57',NULL),(93,3,'AC093','INFRASTRUCTURE: SCIENTIFIC INFRASTRUCTURE',2,2,'2021-03-16 15:24:57','2021-03-16 15:24:57',NULL),(94,3,'AC094','INFRASTRUCTURE: HEALTH & ENVIRONMENT',2,2,'2021-03-16 15:24:57','2021-03-16 15:24:57',NULL),(95,3,'AC095','INFRASTRUCTURE: EDUCATION',2,2,'2021-03-16 15:24:57','2021-03-16 15:24:57',NULL),(96,3,'AC096','ENABLING ENVIRONMENT: INSTITUTIONS',2,2,'2021-03-16 15:24:57','2021-03-16 15:24:57',NULL),(97,3,'AC097','ENABLING ENVIRONMENT: INFRASTRUCTURE',2,2,'2021-03-16 15:24:57','2021-03-16 15:24:57',NULL),(98,3,'AC098','ENABLING ENVIRONMENT: ICT ADOPTION',2,2,'2021-03-16 15:24:57','2021-03-16 15:24:57',NULL),(99,3,'AC099','ENABLING ENVIRONMENT: MACROECONOMIC STABILITY',2,2,'2021-03-16 15:24:57','2021-03-16 15:24:57',NULL),(100,3,'AC100','HUMAN CAPITAL: HEALTH',2,2,'2021-03-16 15:24:57','2021-03-16 15:24:57',NULL),(101,3,'AC101','HUMAN CAPITAL: SKILLS',2,2,'2021-03-16 15:24:57','2021-03-16 15:24:57',NULL),(102,3,'AC102','MARKETS: PRODUCT MARKET',2,2,'2021-03-16 15:24:57','2021-03-16 15:24:57',NULL),(103,3,'AC103','MARKETS: LABOR MARKET',2,2,'2021-03-16 15:24:57','2021-03-16 15:24:57',NULL),(104,3,'AC104','MARKETS: FINANCIAL MARKET',2,2,'2021-03-16 15:24:57','2021-03-16 15:24:57',NULL),(105,3,'AC105','MARKETS: MARKET SIZE',2,2,'2021-03-16 15:24:57','2021-03-16 15:24:57',NULL),(106,3,'AC106','INNOVATION ECOSYSTEM: BUSINESS DYNAMISM',2,2,'2021-03-16 15:24:57','2021-03-16 15:24:57',NULL),(107,3,'AC107','INNOVATION ECOSYSTEM: INNOVATION CAPABILITY',2,2,'2021-03-16 15:24:57','2021-03-16 15:24:57',NULL),(108,3,'AC108','STARTING A BUSINESS',2,2,'2021-03-16 15:24:57','2021-03-16 15:24:57',NULL),(109,3,'AC109','DEALING WITH CONSTRUCTION PERMITS',2,2,'2021-03-16 15:24:57','2021-03-16 15:24:57',NULL),(110,3,'AC110','GETTING ELECTRICITY',2,2,'2021-03-16 15:24:57','2021-03-16 15:24:57',NULL),(111,3,'AC111','REGISTERING PROPERTY',2,2,'2021-03-16 15:24:57','2021-03-16 15:24:57',NULL),(112,3,'AC112','GETTING CREDIT',2,2,'2021-03-16 15:24:57','2021-03-16 15:24:57',NULL),(113,3,'AC113','PROTECTING MINORITY INVESTORS',2,2,'2021-03-16 15:24:57','2021-03-16 15:24:57',NULL),(114,3,'AC114','PAYING TAXES',2,2,'2021-03-16 15:24:57','2021-03-16 15:24:57',NULL),(115,3,'AC115','TRADING ACROSS BORDERS',2,2,'2021-03-16 15:24:57','2021-03-16 15:24:57',NULL),(116,3,'AC116','ENFORCING CONTRACTS',2,2,'2021-03-16 15:24:57','2021-03-16 15:24:57',NULL),(117,3,'AC117','RESOLVING INSOLVENCY',2,2,'2021-03-16 15:24:57','2021-03-16 15:24:57',NULL),(118,3,'AC118','EMPLOYING WORKERS',2,2,'2021-03-16 15:24:57','2021-03-16 15:24:57',NULL),(119,3,'AC119','CONTRACTING WITH THE GOVERNMENT',2,2,'2021-03-16 15:24:57','2021-03-16 15:24:57',NULL),(120,3,'AC120','E-PAYMENT',2,2,'2021-03-16 15:24:57','2021-03-16 15:24:57',NULL),(121,4,'AE121','PRODUCTIVITY-LINKED WAGE SYSTEM ASSESSMENT TOOLS',2,2,'2021-03-16 15:24:57','2021-03-16 15:24:57',NULL),(122,4,'AE122','PRODUCTIVITY-LINKED WAGE SYSTEM TRAINING MODULE – BEGINNER (IMPROVE PRODUCTIVITY THROUGH PRODUCTIVITY – LINKED WAGE SYSTEM (PLWS)',2,2,'2021-03-16 15:24:57','2021-03-16 15:24:57',NULL),(123,4,'AE123','PRODUCTIVITY-LINKED WAGE SYSTEM – INTERMEDIATE (MASTER ON PRODUCTIVITY- LINKED WAGE SYSTEM (PLWS)',2,2,'2021-03-16 15:24:57','2021-03-16 15:24:57',NULL),(124,4,'AE124','PRODUCTIVITY-LINKED WAGE SYSTEM – ADVANCED (CHAMPION ON PRODUCTIVITY-LINKED WAGE SYSTEM (PLWS)',2,2,'2021-03-16 15:24:57','2021-03-16 15:24:57',NULL),(125,4,'AE125','CIRCULAR ECONOMY APPLICATION IN INDUSTRY',2,2,'2021-03-16 15:24:57','2021-03-16 15:24:57',NULL),(126,4,'AE126','CIRCULAR ECONOMY & BUSINESS SUSTAINABILITY ASSESSMENT TOOLS',2,2,'2021-03-16 15:24:57','2021-03-16 15:24:57',NULL),(127,5,'B001','BUSINESS EXCELLENCE CRITERIA: LEADERSHIP',2,2,'2021-03-16 15:26:47','2021-03-16 15:26:47',NULL),(128,5,'B002','BUSINESS EXCELLENCE CRITERIA: PLANNING',2,2,'2021-03-16 15:26:47','2021-03-16 15:26:47',NULL),(129,5,'B003','BUSINESS EXCELLENCE CRITERIA: INFORMATION',2,2,'2021-03-16 15:26:47','2021-03-16 15:26:47',NULL),(130,5,'B004','BUSINESS EXCELLENCE CRITERIA: CUSTOMER',2,2,'2021-03-16 15:26:47','2021-03-16 15:26:47',NULL),(131,5,'B005','BUSINESS EXCELLENCE CRITERIA: PEOPLE',2,2,'2021-03-16 15:26:47','2021-03-16 15:26:47',NULL),(132,5,'B006','BUSINESS EXCELLENCE CRITERIA: PROCESS',2,2,'2021-03-16 15:26:47','2021-03-16 15:26:47',NULL),(133,5,'B007','BENCHMARKING FOR BUSINESS EXCELLENCE',2,2,'2021-03-16 15:26:47','2021-03-16 15:26:47',NULL),(134,5,'B008','AMALAN KAIZEN BAGI MENINGKATKAN KECEKAPAN PROSES',2,2,'2021-03-16 15:26:47','2021-03-16 15:26:47',NULL),(135,5,'B009','ADVANCED KAIZEN',2,2,'2021-03-16 15:26:47','2021-03-16 15:26:47',NULL),(136,5,'B010','CONTINUOUS IMPROVEMENT THROUGH KAIZEN',2,2,'2021-03-16 15:26:47','2021-03-16 15:26:47',NULL),(137,5,'B011','PENGURUSAN LEAN/ LEAN MANUFACTURING',2,2,'2021-03-16 15:26:47','2021-03-16 15:26:47',NULL),(138,5,'B012','LEAN SIX SIGMA',2,2,'2021-03-16 15:26:47','2021-03-16 15:26:47',NULL),(139,5,'B013','VALUE STREAM MAPPING (VSM)',2,2,'2021-03-16 15:26:47','2021-03-16 15:26:47',NULL),(140,5,'B014','MAPPING PROCESS PROBLEM AND SOLUTION',2,2,'2021-03-16 15:26:47','2021-03-16 15:26:47',NULL),(141,5,'B015','STATISTICAL PROCESS CONTROL (SPC)',2,2,'2021-03-16 15:26:47','2021-03-16 15:26:47',NULL),(142,5,'B016','TOTAL QUALITY MANAGEMENT (TQM)',2,2,'2021-03-16 15:26:47','2021-03-16 15:26:47',NULL),(143,5,'B017','BALANCE SCORECARD',2,2,'2021-03-16 15:26:48','2021-03-16 15:26:48',NULL),(144,5,'B018','PENGURUSAN KEWANGAN DAN ANALISIS PRODUKTIVITI',2,2,'2021-03-16 15:26:48','2021-03-16 15:26:48',NULL),(145,5,'B019','AMALAN PERSEKITARAN BERKUALITI (5S/QE) YANG EFEKTIF',2,2,'2021-03-16 15:26:48','2021-03-16 15:26:48',NULL),(146,5,'B020','AUDIT DALAMAN PERSEKITARAN BERKUALITI (5S/QE)',2,2,'2021-03-16 15:26:48','2021-03-16 15:26:48',NULL),(147,5,'B021','KRITERIA AUDIT PERSEKITARAN BERKUALITI (5S/QE)',2,2,'2021-03-16 15:26:48','2021-03-16 15:26:48',NULL),(148,5,'B022','5S SPECIALIST',2,2,'2021-03-16 15:26:48','2021-03-16 15:26:48',NULL),(149,5,'B023','PENYEDIAAN DOKUMENTASI MANUAL 5S/QE',2,2,'2021-03-16 15:26:48','2021-03-16 15:26:48',NULL),(150,5,'B024','DOKUMENTASI UNTUK PENGAUDITAN AMALAN 5S',2,2,'2021-03-16 15:26:48','2021-03-16 15:26:48',NULL),(151,5,'B025','PENGURUSAN FAIL DAN REKOD MELALUI SISTEM 5S',2,2,'2021-03-16 15:26:48','2021-03-16 15:26:48',NULL),(152,5,'B026','PENGURUSAN STOR & STOK MELALUI SISTEM 5S',2,2,'2021-03-16 15:26:48','2021-03-16 15:26:48',NULL),(153,5,'B027','PENGURUSAN STOR & STOK YANG EFEKTIF',2,2,'2021-03-16 15:26:48','2021-03-16 15:26:48',NULL),(154,5,'B028','PENGURUSAN PELUPUSAN FAIL DAN REKOD YANG TIDAK AKTIF',2,2,'2021-03-16 15:26:48','2021-03-16 15:26:48',NULL),(155,5,'B029','BUSINESS EXCELLENCE FOR PRACTITIONER',2,2,'2021-03-16 15:26:48','2021-03-16 15:26:48',NULL),(156,5,'B030','BUSINESS EXCELLENCE FOR ASSESSOR',2,2,'2021-03-16 15:26:48','2021-03-16 15:26:48',NULL),(157,5,'B031','BUSINESS EXCELLENCE FOR CONSULTANT',2,2,'2021-03-16 15:26:48','2021-03-16 15:26:48',NULL),(158,5,'B032','ORGANISATIONAL PROFILE FOR BUSINESS EXCELLENCE',2,2,'2021-03-16 15:26:48','2021-03-16 15:26:48',NULL),(159,5,'B033','BUSINESS EXCELLENCE ASSESSMENT REPORT WRITING FOR ASSESSOR',2,2,'2021-03-16 15:26:48','2021-03-16 15:26:48',NULL),(160,5,'B034','BUSINESS EXCELLENCE DOCUMENTATION FOR ORGANISATION',2,2,'2021-03-16 15:26:48','2021-03-16 15:26:48',NULL),(161,5,'B035','BUSINESS EXCELLENCE DOCUMENTATION FOR AWARD APPLICANTS',2,2,'2021-03-16 15:26:48','2021-03-16 15:26:48',NULL),(162,5,'B036','EFFECTIVE 5S AND LEAN MANAGEMENT IMPLEMENTATION FOR I4.0 ADOPTION',2,2,'2021-03-16 15:26:48','2021-03-16 15:26:48',NULL),(163,5,'B037','KEY PERFORMANCE INDICATOR (KPI/KRA)',2,2,'2021-03-16 15:26:48','2021-03-16 15:26:48',NULL),(164,5,'B038','PENGUKURAN PRODUKTIVITI (COMPASS)',2,2,'2021-03-16 15:26:48','2021-03-16 15:26:48',NULL),(165,5,'B039','PRODUCTIVITY LINKED-WAGE SYSTEM (PLWS)',2,2,'2021-03-16 15:26:48','2021-03-16 15:26:48',NULL),(166,5,'B040','TOTAL PREVENTIVE MAINTENANCE (TPM)',2,2,'2021-03-16 15:26:48','2021-03-16 15:26:48',NULL),(167,5,'B041','MATERIAL FLOW COST ACCOUNTING (MFCA)',2,2,'2021-03-16 15:26:48','2021-03-16 15:26:48',NULL),(168,5,'B042','FAILURE MODE & EFFECT ANALYSIS (FMEA)',2,2,'2021-03-16 15:26:48','2021-03-16 15:26:48',NULL),(169,5,'B043','SUPPLY CHAIN SUSTAINABILITY',2,2,'2021-03-16 15:26:48','2021-03-16 15:26:48',NULL),(170,5,'B044','SUSTAINABILITY IN BUSINESS PROCESS MANAGEMENT',2,2,'2021-03-16 15:26:48','2021-03-16 15:26:48',NULL),(171,5,'B045','INDUSTRIAL SUSTAINABILITY',2,2,'2021-03-16 15:26:48','2021-03-16 15:26:48',NULL),(172,5,'B046','EFFECTIVE COMMUNICATION FOR BUSINESS EXCELLENCE',2,2,'2021-03-16 15:26:48','2021-03-16 15:26:48',NULL),(173,5,'B047','WORKSHOP ON REDUCING ORGANISATIONAL RISK THROUGH EFFECTIVE, RELIABLE DATA AND INFORMATION',2,2,'2021-03-16 15:26:48','2021-03-16 15:26:48',NULL),(174,5,'B048','PROCESS IMPROVEMENT THROUGH LEAN TECHNIQUES',2,2,'2021-03-16 15:26:48','2021-03-16 15:26:48',NULL),(175,5,'B049','ELIMINATING WASTES THROUGH LEAN PRACTICES',2,2,'2021-03-16 15:26:48','2021-03-16 15:26:48',NULL),(176,5,'B050','IMPROVING QUALITY AND PRODUCTIVITY THROUGH LEAN PRODUCTION',2,2,'2021-03-16 15:26:48','2021-03-16 15:26:48',NULL),(177,5,'B051','CERTIFIED PRODUCTIVITY SPECIALIST',2,2,'2021-03-16 15:26:48','2021-03-16 15:26:48',NULL),(178,5,'B052','PRODUCTIVITY GAIN MEASUREMENT',2,2,'2021-03-16 15:26:48','2021-03-16 15:26:48',NULL),(179,5,'B053','MASTERING “DESIGN THINKING” FOR HIGHER RESULT',2,2,'2021-03-16 15:26:48','2021-03-16 15:26:48',NULL),(180,5,'B054','EFFECTIVE TOTAL PRODUCTIVE MAINTENANCE (TPM) FOR SMART MANUFACTURING',2,2,'2021-03-16 15:26:48','2021-03-16 15:26:48',NULL),(181,5,'B055','RISK MANAGEMENT PROFILE AND CHANGE MANAGEMENT FOR BETTER GOVERNANCE',2,2,'2021-03-16 15:26:48','2021-03-16 15:26:48',NULL),(182,5,'B056','WASTE & ROOT CAUSE ANALYSIS FOR LEAN MANAGEMENT IMPLEMENTATION',2,2,'2021-03-16 15:26:48','2021-03-16 15:26:48',NULL),(183,5,'B057','ELIMINATING WASTES THROUGH PRODUCTIVITY TOOLS & TECHNIQUES',2,2,'2021-03-16 15:26:48','2021-03-16 15:26:48',NULL),(184,5,'B058','ANALISA KOS DAN DASAR PENENTUAN HARGA',2,2,'2021-03-16 15:26:48','2021-03-16 15:26:48',NULL),(185,5,'B059','STRATEGI MEMULAKAN PERNIAGAAN',2,2,'2021-03-16 15:26:48','2021-03-16 15:26:48',NULL),(186,5,'B060','PEMBANGUNAN KEUSAHAWANAN',2,2,'2021-03-16 15:26:48','2021-03-16 15:26:48',NULL),(187,5,'B061','STRATEGIC MARKETING',2,2,'2021-03-16 15:26:48','2021-03-16 15:26:48',NULL),(188,5,'B062','LEARN MARKETING SKILLS',2,2,'2021-03-16 15:26:48','2021-03-16 15:26:48',NULL),(189,5,'B063','MARKETING COMMUNICATION AND CONSUMER BEHAVIOUR',2,2,'2021-03-16 15:26:48','2021-03-16 15:26:48',NULL),(190,5,'B064','STRATEGIC BRAND MANAGEMENT',2,2,'2021-03-16 15:26:48','2021-03-16 15:26:48',NULL),(191,5,'B065','BRAND BUILDING STRATEGIES',2,2,'2021-03-16 15:26:48','2021-03-16 15:26:48',NULL),(192,5,'B066','HOW TO BUILD YOUR PERSONAL BRAND',2,2,'2021-03-16 15:26:48','2021-03-16 15:26:48',NULL),(193,5,'B067','AWARENESS ON CREATIVITY AND INNOVATION',2,2,'2021-03-16 15:26:48','2021-03-16 15:26:48',NULL),(194,5,'B068','INNOVATION AND DESIGN THINKING',2,2,'2021-03-16 15:26:48','2021-03-16 15:26:48',NULL),(195,5,'B069','STRATEGIC AND INNOVATION',2,2,'2021-03-16 15:26:48','2021-03-16 15:26:48',NULL),(196,5,'B070','ENTREPRENEURSHIP AND INNOVATION',2,2,'2021-03-16 15:26:48','2021-03-16 15:26:48',NULL),(197,5,'B071','PROBLEM SOLVING TECHNIQUE THROUGH ICC',2,2,'2021-03-16 15:26:48','2021-03-16 15:26:48',NULL),(198,5,'B072','CREATIVE SOLUTION THROUGH ICC',2,2,'2021-03-16 15:26:48','2021-03-16 15:26:48',NULL),(199,5,'B073','KEM ICC',2,2,'2021-03-16 15:26:48','2021-03-16 15:26:48',NULL),(200,5,'B074','PROCESS IMPROVEMENT THROUGH ICC TOOLS',2,2,'2021-03-16 15:26:48','2021-03-16 15:26:48',NULL),(201,5,'B075','ICC DOCUMENTATION',2,2,'2021-03-16 15:26:48','2021-03-16 15:26:48',NULL),(202,5,'B076','JUDGING CRITERIA FOR ICC',2,2,'2021-03-16 15:26:48','2021-03-16 15:26:48',NULL),(203,5,'B077','BENGKEL PENULISAN LAPORAN ICC',2,2,'2021-03-16 15:26:48','2021-03-16 15:26:48',NULL),(204,5,'B078','INNOVATION IN SERVICES SECTOR',2,2,'2021-03-16 15:26:48','2021-03-16 15:26:48',NULL),(205,5,'B079','TRIZ – THE THEORY OF INVENTING PROBLEM SOLVING',2,2,'2021-03-16 15:26:48','2021-03-16 15:26:48',NULL),(206,5,'B080','OVERVIEW OF TRIZ TOOLS',2,2,'2021-03-16 15:26:48','2021-03-16 15:26:48',NULL),(207,5,'B081','CREATIVE PROBLEM SOLVING AND INNOVATIVE THINKING THROUGH TRIZ',2,2,'2021-03-16 15:26:48','2021-03-16 15:26:48',NULL),(208,5,'B082','PRODUCT INNOVATION AND MANAGEMENT',2,2,'2021-03-16 15:26:48','2021-03-16 15:26:48',NULL),(209,5,'B083','LEADERSHIP SUSTAINABILITY',2,2,'2021-03-16 15:26:48','2021-03-16 15:26:48',NULL),(210,5,'B084','SUSTAINABILITY CORPORATE RESPONSIBILITY TRAINING PROGRAM',2,2,'2021-03-16 15:26:48','2021-03-16 15:26:48',NULL),(211,5,'B085','LEADERSHIP DEVELOPMENT TRAINING',2,2,'2021-03-16 15:26:48','2021-03-16 15:26:48',NULL),(212,5,'B086','CHANGE MANAGEMENT TRAINING',2,2,'2021-03-16 15:26:48','2021-03-16 15:26:48',NULL),(213,5,'B087','DEVELOPING LEADERSHIP SKILLS FOR WORKPLACE OF TOMORROW',2,2,'2021-03-16 15:26:48','2021-03-16 15:26:48',NULL),(214,5,'B088','KEMAHIRAN PENGURUSAN BEKERJA DARI RUMAH (WFH)',2,2,'2021-03-16 15:26:48','2021-03-16 15:26:48',NULL),(215,5,'B089','PENGURUSAN PENGAMBILAN MINIT MESYUARAT, PENULISAN SURAT DAN MEMO RASMI',2,2,'2021-03-16 15:26:48','2021-03-16 15:26:48',NULL),(216,5,'B090','IMEJ DAN KETERAMPILAN',2,2,'2021-03-16 15:26:48','2021-03-16 15:26:48',NULL),(217,5,'B091','PENGURUSAN PERKHIDMATAN PELANGGAN BERKUALITI DAN CEMERLANG DI KAUNTER',2,2,'2021-03-16 15:26:48','2021-03-16 15:26:48',NULL),(218,5,'B092','LEADERSHIP WORKSHOP FOR SENIOR MANAGEMENT',2,2,'2021-03-16 15:26:48','2021-03-16 15:26:48',NULL),(219,5,'B093','PSYCHOLOGICAL WELLBEING IN HANDLING STRESS AND WORKPLACE DEPRESSION',2,2,'2021-03-16 15:26:48','2021-03-16 15:26:48',NULL),(220,5,'B094','PSYCHOLOGICAL WELLBEING IN DIGITAL ERA FOR ORGANISATIONAL EXCELLENCE',2,2,'2021-03-16 15:26:48','2021-03-16 15:26:48',NULL),(221,5,'B095','POWER UP FOR LEADERS USING NLP',2,2,'2021-03-16 15:26:48','2021-03-16 15:26:48',NULL),(222,5,'B096','BALANCING WORK AND LIFE WITH OPTIMUM PRODUCTIVITY',2,2,'2021-03-16 15:26:48','2021-03-16 15:26:48',NULL),(223,5,'B097','NLP FOR EFFECTIVE COMMUNICATION IN ORGANISATION',2,2,'2021-03-16 15:26:48','2021-03-16 15:26:48',NULL),(224,5,'B098','DIGITAL MARKETING/ PEMASARAN SECARA DIGITAL',2,2,'2021-03-16 15:26:48','2021-03-16 15:26:48',NULL),(225,5,'B099','IMPROVING PROCESS AND QUALITY THROUGH IOT TECHNOLOGY',2,2,'2021-03-16 15:26:48','2021-03-16 15:26:48',NULL),(226,5,'B100','INDUSTRIAL IOT TECHNOLOGY (IIOT)',2,2,'2021-03-16 15:26:48','2021-03-16 15:26:48',NULL),(227,5,'B101','DIGITIZE YOUR BUSINESS',2,2,'2021-03-16 15:26:48','2021-03-16 15:26:48',NULL),(228,5,'B102','DIGITIZE YOUR BUSINESS PROCESS',2,2,'2021-03-16 15:26:48','2021-03-16 15:26:48',NULL),(229,5,'B103','DIGITIZE YOUR WORKPLACE FOR BETTER EMPLOYEE ENGAGEMENT',2,2,'2021-03-16 15:26:48','2021-03-16 15:26:48',NULL),(230,5,'B104','DIGITAL WORKPLACE STRATEGY',2,2,'2021-03-16 15:26:48','2021-03-16 15:26:48',NULL),(231,5,'B105','DIGITIZING YOUR WORK FOR MAXIMUM PRODUCTIVITY',2,2,'2021-03-16 15:26:48','2021-03-16 15:26:48',NULL),(232,5,'B106','START YOUR E-COMMERCE BUSINESS',2,2,'2021-03-16 15:26:48','2021-03-16 15:26:48',NULL),(233,5,'B107','DEVELOP EFFECTIVE STRATEGIES FOR A DIGITAL AGE',2,2,'2021-03-16 15:26:48','2021-03-16 15:26:48',NULL),(234,5,'B108','DIGITAL TRANSFORMATION INITIATIVES IN THE ORGANISATION',2,2,'2021-03-16 15:26:48','2021-03-16 15:26:48',NULL),(235,5,'B109','INCORPORATE CLOUD BASED TECHNOLOGY',2,2,'2021-03-16 15:26:48','2021-03-16 15:26:48',NULL),(236,5,'B110','SIMULATION & AUGMENTED REALITY',2,2,'2021-03-16 15:26:48','2021-03-16 15:26:48',NULL),(237,5,'B111','UNDERSTANDING I4.0 AS NEW BUSINESS MODELS & SYSTEM INTEGRATION',2,2,'2021-03-16 15:26:48','2021-03-16 15:26:48',NULL),(238,5,'B112','3D PRINTING',2,2,'2021-03-16 15:26:48','2021-03-16 15:26:48',NULL),(239,5,'B113','CYBER SECURITY MANAGEMENT',2,2,'2021-03-16 15:26:48','2021-03-16 15:26:48',NULL),(240,5,'B114','AUTONOMOUS ROBOTS',2,2,'2021-03-16 15:26:48','2021-03-16 15:26:48',NULL),(241,5,'B115','ADDITIVE MANUFACTURING & SUPPLY CHAIN',2,2,'2021-03-16 15:26:48','2021-03-16 15:26:48',NULL),(242,5,'B116','EFFECTIVE APPLICATION OF INTERNET OF THINGS (IOT) FOR GREATER PERFORMANCE',2,2,'2021-03-16 15:26:48','2021-03-16 15:26:48',NULL),(243,5,'B117','EFFECTIVE IMPLEMENTATION OF SMART MANUFACTURING FOR SMES',2,2,'2021-03-16 15:26:48','2021-03-16 15:26:48',NULL),(244,5,'B118','ENHANCING SMES’ DIGITALISATION FOR BETTER BUSINESS PERFORMANCE',2,2,'2021-03-16 15:26:48','2021-03-16 15:26:48',NULL),(245,5,'B119','STRENGTHENING SME PERFORMANCE THROUGH BETTER DATA COLLECTION AND ANALYSIS',2,2,'2021-03-16 15:26:48','2021-03-16 15:26:48',NULL),(246,5,'B120','ARTIFICIAL INTELLIGENCE',2,2,'2021-03-16 15:26:48','2021-03-16 15:26:48',NULL),(247,5,'B121','BIG DATA ANALYTICS FOR BETTER BUSINESS RESULTS',2,2,'2021-03-16 15:26:48','2021-03-16 15:26:48',NULL),(248,5,'B122','SMART MANUFACTURING THROUGH I4.0',2,2,'2021-03-16 15:26:48','2021-03-16 15:26:48',NULL),(249,5,'B123','ENHANCING WORKFORCE PRODUCTIVITY FOR I4.0',2,2,'2021-03-16 15:26:48','2021-03-16 15:26:48',NULL),(250,5,'B124','ORGANISATION TRANSFORMATION TOWARDS I4.0',2,2,'2021-03-16 15:26:48','2021-03-16 15:26:48',NULL),(251,5,'B125','RISK MANAGEMENT',2,2,'2021-03-16 15:26:48','2021-03-16 15:26:48',NULL),(252,5,'B126','MANAGE RISKS WITH NEW OPPORTUNITIES',2,2,'2021-03-16 15:26:48','2021-03-16 15:26:48',NULL),(253,5,'B127','SISTEM PENGURUSAN DOKUMENTASI DAN AUDIT ISO 9001:2008',2,2,'2021-03-16 15:26:48','2021-03-16 15:26:48',NULL),(254,5,'B128','INTERNAL AUDITOR TRAINING ISO 9001:2008',2,2,'2021-03-16 15:26:48','2021-03-16 15:26:48',NULL),(255,5,'B129','SISTEM PENGURUSAN KESELAMATAN MAKANAN ISO 22000:2005',2,2,'2021-03-16 15:26:48','2021-03-16 15:26:48',NULL),(256,5,'B130','SISTEM PENGURUSAN KUALITI INDUSTRI AUTOMOTIF ISO/TS 16949:2002',2,2,'2021-03-16 15:26:48','2021-03-16 15:26:48',NULL),(257,5,'B131','SISTEM PENGURUSAN KUALITI MAKMAL MS ISO/IEC 17025',2,2,'2021-03-16 15:26:48','2021-03-16 15:26:48',NULL),(258,5,'B132','SISTEM PENGURUSAN PERSEKITARAN ISO 14001:2004',2,2,'2021-03-16 15:26:48','2021-03-16 15:26:48',NULL),(259,5,'B133','HAZARD ANALYSIS AND CRITICAL CONTROL POINT (HACCP)',2,2,'2021-03-16 15:26:48','2021-03-16 15:26:48',NULL),(260,5,'B134','KESIHATAN DAN KESELAMATAN DALAM PEKERJAAN (OSHA)',2,2,'2021-03-16 15:26:48','2021-03-16 15:26:48',NULL),(261,5,'B135','AMALAN KEBERSIHAN DAN PERKILANGAN YANG BAIK (GMP)',2,2,'2021-03-16 15:26:48','2021-03-16 15:26:48',NULL),(262,5,'B136','INDUSTRY 4.0 READINESS ASSESSMENT FOR ASSESSOR',2,2,'2021-03-16 15:26:48','2021-03-16 15:26:48',NULL),(263,5,'B137','SISTEM PENGURUSAN KESIHATAN DAN KESELAMATAN PEKERJAAN ISO 45001:2018 (OHSMS)',2,2,'2021-03-16 15:26:48','2021-03-16 15:26:48',NULL),(264,5,'B138','SISTEM PENGURUSAN KESELAMATAN MAKANAN ISO 22000:2018',2,2,'2021-03-16 15:26:48','2021-03-16 15:26:48',NULL),(265,5,'B139','KURSUS PENSIJILAN MINYAK KELAPA SAWIT MAMPAN (MSPO) MS 2530:2013',2,2,'2021-03-16 15:26:48','2021-03-16 15:26:48',NULL),(266,6,'BB140','SPPE - LEAN',2,2,'2021-03-16 15:26:48','2021-03-16 15:26:48',NULL),(267,6,'BB141','SPPE - DIGITALISASI',2,2,'2021-03-16 15:26:48','2021-03-16 15:26:48',NULL),(268,6,'BB142','SPPE – KAIZEN',2,2,'2021-03-16 15:26:48','2021-03-16 15:26:48',NULL),(269,6,'BB143','SPPE – QE/5S (AMALAN PERSEKITARAN BERKUALITI)',2,2,'2021-03-16 15:26:48','2021-03-16 15:26:48',NULL),(270,6,'BB144','SPPE – SISTEM PENGURUSAN KUALITI',2,2,'2021-03-16 15:26:48','2021-03-16 15:26:48',NULL),(271,6,'BB145','SPPE – SISTEM KESELAMATAN MAKANAN',2,2,'2021-03-16 15:26:48','2021-03-16 15:26:48',NULL),(272,6,'BB146','SPPE – BUSINESS EXCELLENCE FRAMEWORK',2,2,'2021-03-16 15:26:48','2021-03-16 15:26:48',NULL),(273,6,'BB147','SPPE – TOTAL PRODUCTIVE MANITENANCE (TPM)',2,2,'2021-03-16 15:26:48','2021-03-16 15:26:48',NULL),(274,6,'BC148','PPKV – MEDAC (LEAN)',2,2,'2021-03-16 15:26:48','2021-03-16 15:26:48',NULL),(275,6,'BC149','PPKV-MEDAC (INDUSTRY 4.0/DIGITALISASI)',2,2,'2021-03-16 15:26:48','2021-03-16 15:26:48',NULL),(276,6,'BC150','PPKV-MEDAC (KAIZEN)',2,2,'2021-03-16 15:26:48','2021-03-16 15:26:48',NULL),(277,6,'BC151','ADVISORY & CONSULTANCY SERVICES (PRODUCTIVITY)',2,2,'2021-03-16 15:26:48','2021-03-16 15:26:48',NULL),(278,8,'C001','POLISI DAN PERATURAN: AGROFOOD PRODUCTIVITY NEXUS',2,2,'2021-03-16 15:27:45','2021-03-16 15:27:45',NULL),(279,8,'C002','POLISI DAN PERATURAN: TOURISM PRODUCTIVITY NEXUS',2,2,'2021-03-16 15:27:45','2021-03-16 15:27:45',NULL),(280,8,'C003','POLISI DAN PERATURAN: RETAIL AND FOOD & BEVERAGE PRODUCTIVITY NEXUS',2,2,'2021-03-16 15:27:45','2021-03-16 15:27:45',NULL),(281,8,'C004','POLISI DAN PERATURAN: CHEMICALS AND CHEMICAL PRODUCTS PRODUCTIVITY NEXUS',2,2,'2021-03-16 15:27:45','2021-03-16 15:27:45',NULL),(282,8,'C005','POLISI DAN PERATURAN: DIGITAL PRODUCTIVITY NEXUS',2,2,'2021-03-16 15:27:45','2021-03-16 15:27:45',NULL),(283,8,'C006','POLISI DAN PERATURAN: PROFESSIONAL SERVICES PRODUCTIVITY NEXUS',2,2,'2021-03-16 15:27:45','2021-03-16 15:27:45',NULL),(284,8,'C007','POLISI DAN PERATURAN: PRIVATE HEALTHCARE PRODUCTIVITY NEXUS',2,2,'2021-03-16 15:27:45','2021-03-16 15:27:45',NULL),(285,8,'C008','POLISI DAN PERATURAN: MACHINERY AND EQUIPMENT PRODUCTIVITY NEXUS',2,2,'2021-03-16 15:27:45','2021-03-16 15:27:45',NULL),(286,8,'C009','POLISI DAN PERATURAN: ELECTRICAL AND ELECTRONICS PRODUCTIVITY NEXUS',2,2,'2021-03-16 15:27:45','2021-03-16 15:27:45',NULL),(287,8,'C010','PRODUCTIVITY IMPROVEMENT',2,2,'2021-03-16 15:27:45','2021-03-16 15:27:45',NULL),(288,8,'C011','STRUKTUR INDUSTRI: AGROFOOD PRODUCTIVITY NEXUS',2,2,'2021-03-16 15:27:45','2021-03-16 15:27:45',NULL),(289,8,'C012','STRUKTUR INDUSTRI: TOURISM PRODUCTIVITY NEXUS',2,2,'2021-03-16 15:27:45','2021-03-16 15:27:45',NULL),(290,8,'C013','STRUKTUR INDUSTRI: RETAIL AND FOOD & BEVERAGE PRODUCTIVITY NEXUS',2,2,'2021-03-16 15:27:45','2021-03-16 15:27:45',NULL),(291,8,'C014','STRUKTUR INDUSTRI: CHEMICALS AND CHEMICAL PRODUCTS PRODUCTIVITY NEXUS',2,2,'2021-03-16 15:27:45','2021-03-16 15:27:45',NULL),(292,8,'C015','STRUKTUR INDUSTRI: DIGITAL PRODUCTIVITY NEXUS',2,2,'2021-03-16 15:27:45','2021-03-16 15:27:45',NULL),(293,8,'C016','STRUKTUR INDUSTRI: PROFESSIONAL SERVICES PRODUCTIVITY NEXUS',2,2,'2021-03-16 15:27:45','2021-03-16 15:27:45',NULL),(294,8,'C017','STRUKTUR INDUSTRI: PRIVATE HEALTHCARE PRODUCTIVITY NEXUS',2,2,'2021-03-16 15:27:45','2021-03-16 15:27:45',NULL),(295,8,'C018','STRUKTUR INDUSTRI: MACHINERY AND EQUIPMENT PRODUCTIVITY NEXUS',2,2,'2021-03-16 15:27:45','2021-03-16 15:27:45',NULL),(296,8,'C019','STRUKTUR INDUSTRI: ELECTRICAL AND ELECTRONICS PRODUCTIVITY NEXUS',2,2,'2021-03-16 15:27:45','2021-03-16 15:27:45',NULL),(297,8,'C020','INSENTIF: AGROFOOD PRODUCTIVITY NEXUS',2,2,'2021-03-16 15:27:45','2021-03-16 15:27:45',NULL),(298,8,'C021','INSENTIF: TOURISM PRODUCTIVITY NEXUS',2,2,'2021-03-16 15:27:45','2021-03-16 15:27:45',NULL),(299,8,'C022','INSENTIF: RETAIL AND FOOD & BEVERAGE PRODUCTIVITY NEXUS',2,2,'2021-03-16 15:27:45','2021-03-16 15:27:45',NULL),(300,8,'C023','INSENTIF: CHEMICALS AND CHEMICAL PRODUCTS PRODUCTIVITY NEXUS',2,2,'2021-03-16 15:27:45','2021-03-16 15:27:45',NULL),(301,8,'C024','INSENTIF: DIGITAL PRODUCTIVITY NEXUS',2,2,'2021-03-16 15:27:45','2021-03-16 15:27:45',NULL),(302,8,'C025','INSENTIF: PROFESSIONAL SERVICES PRODUCTIVITY NEXUS',2,2,'2021-03-16 15:27:45','2021-03-16 15:27:45',NULL),(303,8,'C026','INSENTIF: PRIVATE HEALTHCARE PRODUCTIVITY NEXUS',2,2,'2021-03-16 15:27:45','2021-03-16 15:27:45',NULL),(304,8,'C027','INSENTIF: MACHINERY AND EQUIPMENT PRODUCTIVITY NEXUS',2,2,'2021-03-16 15:27:45','2021-03-16 15:27:45',NULL),(305,8,'C028','INSENTIF: ELECTRICAL AND ELECTRONICS PRODUCTIVITY NEXUS',2,2,'2021-03-16 15:27:45','2021-03-16 15:27:45',NULL),(306,8,'C029','AGROFOOD PRODUCTIVITY NEXUS: TENAGA KERJA (WORKFORCE)',2,2,'2021-03-16 15:27:45','2021-03-16 15:27:45',NULL),(307,8,'C030','AGROFOOD PRODUCTIVITY NEXUS: TEKNOLOGI (TECHNOLOGY)',2,2,'2021-03-16 15:27:45','2021-03-16 15:27:45',NULL),(308,8,'C031','AGROFOOD PRODUCTIVITY NEXUS: DIGITAL',2,2,'2021-03-16 15:27:45','2021-03-16 15:27:45',NULL),(309,8,'C032','AGROFOOD PRODUCTIVITY NEXUS: POLISI & PERATURAN (REGULATION)',2,2,'2021-03-16 15:27:45','2021-03-16 15:27:45',NULL),(310,8,'C033','AGROFOOD PRODUCTIVITY NEXUS: INSENTIF (INCENTIVE)',2,2,'2021-03-16 15:27:45','2021-03-16 15:27:45',NULL),(311,8,'C034','AGROFOOD PRODUCTIVITY NEXUS: INDUSTRY STRUCTURE',2,2,'2021-03-16 15:27:45','2021-03-16 15:27:45',NULL),(312,8,'C035','AGROFOOD PRODUCTIVITY NEXUS: MARKETING STRATEGY',2,2,'2021-03-16 15:27:45','2021-03-16 15:27:45',NULL),(313,8,'C036','AGROFOOD PRODUCTIVITY NEXUS: STANDARD & PENSIJILAN (MYGAP, HALAL, HACCP, GMP, MESTI DAN LAIN-LAIN YANG BERKAITAN)',2,2,'2021-03-16 15:27:45','2021-03-16 15:27:45',NULL),(314,8,'C037','AGROFOOD PRODUCTIVITY NEXUS: FINANCIAL MANAGEMENT',2,2,'2021-03-16 15:27:45','2021-03-16 15:27:45',NULL),(315,8,'C038','AGROFOOD PRODUCTIVITY NEXUS: OPERATION MANAGEMENT',2,2,'2021-03-16 15:27:45','2021-03-16 15:27:45',NULL),(316,8,'C039','AGROFOOD PRODUCTIVITY NEXUS: BUSINESS MANAGEMENT',2,2,'2021-03-16 15:27:45','2021-03-16 15:27:45',NULL),(317,8,'C040','AGROFOOD PRODUCTIVITY NEXUS: PRODUCT DEVELOPMENT',2,2,'2021-03-16 15:27:45','2021-03-16 15:27:45',NULL),(318,8,'C041','AGROFOOD PRODUCTIVITY NEXUS: SYSTEM DEVELOPMENT',2,2,'2021-03-16 15:27:45','2021-03-16 15:27:45',NULL),(319,8,'C042','AGROFOOD PRODUCTIVITY NEXUS: PROFESSIONAL SERVICES',2,2,'2021-03-16 15:27:45','2021-03-16 15:27:45',NULL),(320,8,'C043','AGROFOOD PRODUCTIVITY NEXUS: IMPORT & EXPORT',2,2,'2021-03-16 15:27:45','2021-03-16 15:27:45',NULL),(321,8,'C044','TOURISM PRODUCTIVITY NEXUS: WORKFORCE & TALENT DEVELOPMENT',2,2,'2021-03-16 15:27:45','2021-03-16 15:27:45',NULL),(322,8,'C045','TOURISM PRODUCTIVITY NEXUS: INCENTIVE',2,2,'2021-03-16 15:27:45','2021-03-16 15:27:45',NULL),(323,8,'C046','TOURISM PRODUCTIVITY NEXUS: INDUSTRY STRUCTURE',2,2,'2021-03-16 15:27:45','2021-03-16 15:27:45',NULL),(324,8,'C047','TOURISM PRODUCTIVITY NEXUS: PROMOTION & MARKETING STRATEGY',2,2,'2021-03-16 15:27:45','2021-03-16 15:27:45',NULL),(325,8,'C048','TOURISM PRODUCTIVITY NEXUS: PROGRAM PENSIJILAN PERNIAGAAN MALAYSIA TOURISM EXCELLENCE (MATEX)',2,2,'2021-03-16 15:27:45','2021-03-16 15:27:45',NULL),(326,8,'C049','GARIS PANDUAN PATUH DAN AMAL COVID-19',2,2,'2021-03-16 15:27:45','2021-03-16 15:27:45',NULL),(327,8,'C050','TOURISM PRODUCTIVITY NEXUS: STANDARD & PENSIJILAN INDUSTRY LEVEL (SUB-SECTOR SPECIFIC / ACROSS VALUE CHAIN) STANDARD AND CERTIFICATION',2,2,'2021-03-16 15:27:45','2021-03-16 15:27:45',NULL),(328,8,'C051','TOURISM PRODUCTIVITY NEXUS: STANDARD & PENSIJILAN MALAYSIA TOURISM QUALITY ASSURANCE (MYTQA)',2,2,'2021-03-16 15:27:45','2021-03-16 15:27:45',NULL),(329,8,'C052','TOURISM PRODUCTIVITY NEXUS: STANDARD & PENSIJILAN MALAYSIAN STANDARD / NATIONAL LEVEL / ISO',2,2,'2021-03-16 15:27:45','2021-03-16 15:27:45',NULL),(330,8,'C053','TOURISM PRODUCTIVITY NEXUS: STANDARD & PENSIJILAN UN-WTO / INTERNATIONAL LEVEL / REGIONAL LEVEL / ASEAN LEVEL STANDARD AND CERTIFICATION',2,2,'2021-03-16 15:27:45','2021-03-16 15:27:45',NULL),(331,8,'C054','TOURISM PRODUCTIVITY NEXUS: MANAGEMENT (FINANCIAL, OPERATION, BUSINESS)',2,2,'2021-03-16 15:27:45','2021-03-16 15:27:45',NULL),(332,8,'C055','TOURISM PRODUCTIVITY NEXUS: PRODUCT DEVELOPMENT',2,2,'2021-03-16 15:27:45','2021-03-16 15:27:45',NULL),(333,8,'C056','TOURISM PRODUCTIVITY NEXUS: SYSTEM DEVELOPMENT',2,2,'2021-03-16 15:27:45','2021-03-16 15:27:45',NULL),(334,8,'C057','TOURISM PRODUCTIVITY NEXUS: PROFESSIONAL SERVICES',2,2,'2021-03-16 15:27:45','2021-03-16 15:27:45',NULL),(335,8,'C058','TOURISM PRODUCTIVITY NEXUS: IMPORT & EXPORT',2,2,'2021-03-16 15:27:45','2021-03-16 15:27:45',NULL),(336,8,'C059','TOURISM PRODUCTIVITY NEXUS: CONTENT DEVELOPMENT',2,2,'2021-03-16 15:27:45','2021-03-16 15:27:45',NULL),(337,8,'C060','TOURISM PRODUCTIVITY NEXUS: ECONOMICS',2,2,'2021-03-16 15:27:45','2021-03-16 15:27:45',NULL),(338,8,'C061','TOURISM PRODUCTIVITY NEXUS: SPECIFIC / CURRENT INDUSTRY ISSUES',2,2,'2021-03-16 15:27:45','2021-03-16 15:27:45',NULL),(339,8,'C062','TOURISM PRODUCTIVITY NEXUS: INBOUND TOURISM BOOTCAMP (ITB)',2,2,'2021-03-16 15:27:45','2021-03-16 15:27:45',NULL),(340,8,'C063','TOURISM PRODUCTIVITY NEXUS: INBOUND DESTINATION EXPERTS (IDEX)',2,2,'2021-03-16 15:27:45','2021-03-16 15:27:45',NULL),(341,8,'C064','TOURISM PRODUCTIVITY NEXUS: MALAYSIA VIRTUAL EXPERIENCE (MYVXP)',2,2,'2021-03-16 15:27:45','2021-03-16 15:27:45',NULL),(342,8,'C065','TOURISM PRODUCTIVITY NEXUS: INBOUND TOURISM BUSINESS EXCHANGE (IBEX)',2,2,'2021-03-16 15:27:45','2021-03-16 15:27:45',NULL),(343,8,'C066','TOURISM PRODUCTIVITY NEXUS: SHOWCASING TOURISM PRODUCTS (STP)',2,2,'2021-03-16 15:27:45','2021-03-16 15:27:45',NULL),(344,8,'C067','TOURISM PRODUCTIVITY NEXUS: TPN VIRTUAL ADVISORY CLINICS (T-VAC)',2,2,'2021-03-16 15:27:45','2021-03-16 15:27:45',NULL),(345,8,'C068','TOURISM PRODUCTIVITY NEXUS: INBOUND TOURISM EXCHANGE (INTEX)',2,2,'2021-03-16 15:27:45','2021-03-16 15:27:45',NULL),(346,8,'C069','RETAIL AND FOOD & BEVERAGE PRODUCTIVITY NEXUS: BUSINESS DIGITALISATION',2,2,'2021-03-16 15:27:45','2021-03-16 15:27:45',NULL),(347,8,'C070','RETAIL AND FOOD & BEVERAGE PRODUCTIVITY NEXUS: BRANDING & MARKETING',2,2,'2021-03-16 15:27:45','2021-03-16 15:27:45',NULL),(348,8,'C071','RETAIL AND FOOD & BEVERAGE PRODUCTIVITY NEXUS: SUPPLY CHAIN MANAGEMENT',2,2,'2021-03-16 15:27:45','2021-03-16 15:27:45',NULL),(349,8,'C072','RETAIL AND FOOD & BEVERAGE PRODUCTIVITY NEXUS: BUSINESS OPERATION/ SOP',2,2,'2021-03-16 15:27:45','2021-03-16 15:27:45',NULL),(350,8,'C073','RETAIL AND FOOD & BEVERAGE PRODUCTIVITY NEXUS: HUMAN RESOURCE MANAGEMENT',2,2,'2021-03-16 15:27:45','2021-03-16 15:27:45',NULL),(351,8,'C074','RETAIL AND FOOD & BEVERAGE PRODUCTIVITY NEXUS: BUSINESS FINANCE & FUNDING',2,2,'2021-03-16 15:27:45','2021-03-16 15:27:45',NULL),(352,8,'C075','RETAIL AND FOOD & BEVERAGE PRODUCTIVITY NEXUS: DIGITAL MARKETING AND E-COMMERCE',2,2,'2021-03-16 15:27:45','2021-03-16 15:27:45',NULL),(353,8,'C076','RETAIL AND FOOD & BEVERAGE PRODUCTIVITY NEXUS: DIGITAL BUSINESS OPERATION SYSTEM (ERP)',2,2,'2021-03-16 15:27:45','2021-03-16 15:27:45',NULL),(354,8,'C077','RETAIL AND FOOD & BEVERAGE PRODUCTIVITY NEXUS: RESTAURANT MANAGEMENT',2,2,'2021-03-16 15:27:45','2021-03-16 15:27:45',NULL),(355,8,'C078','RETAIL AND FOOD & BEVERAGE PRODUCTIVITY NEXUS: PERANCANG STRATEGIK ICT (ISP)',2,2,'2021-03-16 15:27:45','2021-03-16 15:27:45',NULL),(356,8,'C079','RETAIL AND FOOD & BEVERAGE PRODUCTIVITY NEXUS: PENGURUSAN MAKLUMAT ICT',2,2,'2021-03-16 15:27:45','2021-03-16 15:27:45',NULL),(357,8,'C080','RETAIL AND FOOD & BEVERAGE PRODUCTIVITY NEXUS: PENGURUSAN NILAI BUKAN FIZIKAL',2,2,'2021-03-16 15:27:45','2021-03-16 15:27:45',NULL),(358,8,'C081','RETAIL AND FOOD & BEVERAGE PRODUCTIVITY NEXUS: PENGURUSAN TELEKOMUNIKASI',2,2,'2021-03-16 15:27:45','2021-03-16 15:27:45',NULL),(359,8,'C082','RETAIL AND FOOD & BEVERAGE PRODUCTIVITY NEXUS: PENSIJILAN DAN PENGIKTIRAFAN UJIAN',2,2,'2021-03-16 15:27:45','2021-03-16 15:27:45',NULL),(360,8,'C083','RETAIL AND FOOD & BEVERAGE PRODUCTIVITY NEXUS: BAHAN BACAAN',2,2,'2021-03-16 15:27:45','2021-03-16 15:27:45',NULL),(361,8,'C084','RETAIL AND FOOD & BEVERAGE PRODUCTIVITY NEXUS: PENERBITAN ELEKTRONIK ATAS TALIAN',2,2,'2021-03-16 15:27:45','2021-03-16 15:27:45',NULL),(362,8,'C085','RETAIL AND FOOD & BEVERAGE PRODUCTIVITY NEXUS: CERTIFICATION OF RETAIL AND F&B WORKFORCE WITH SIJIL KEMAHIRAN MALAYSIA (SKM)',2,2,'2021-03-16 15:27:45','2021-03-16 15:27:45',NULL),(363,8,'C086','RETAIL AND FOOD & BEVERAGE PRODUCTIVITY NEXUS: CERTIFICATE IN F&B OPERATIONS (SERVICE EXCELLENCE)',2,2,'2021-03-16 15:27:45','2021-03-16 15:27:45',NULL),(364,8,'C087','RETAIL AND FOOD & BEVERAGE PRODUCTIVITY NEXUS: RETAIL AND F&B VIRTUAL ADVISORY CLINIC (RFB-VAC)',2,2,'2021-03-16 15:27:45','2021-03-16 15:27:45',NULL),(365,8,'C088','RETAIL AND FOOD & BEVERAGE PRODUCTIVITY NEXUS: PRODUCT DEVELOPMENT',2,2,'2021-03-16 15:27:45','2021-03-16 15:27:45',NULL),(366,8,'C089','CHEMICALS AND CHEMICAL PRODUCTS PRODUCTIVITY NEXUS: BASIC CHEMICALS',2,2,'2021-03-16 15:27:45','2021-03-16 15:27:45',NULL),(367,8,'C090','CHEMICALS AND CHEMICAL PRODUCTS PRODUCTIVITY NEXUS: FERTILIZERS AND NITROGEN COMPOUNDS',2,2,'2021-03-16 15:27:45','2021-03-16 15:27:45',NULL),(368,8,'C091','CHEMICALS AND CHEMICAL PRODUCTS PRODUCTIVITY NEXUS: PLASTICS AND SYNTHETIC RUBBER IN PRIMARY FORMS',2,2,'2021-03-16 15:27:45','2021-03-16 15:27:45',NULL),(369,8,'C092','CHEMICALS AND CHEMICAL PRODUCTS PRODUCTIVITY NEXUS: PESTICIDES AND OTHER AGROCHEMICAL PRODUCTS',2,2,'2021-03-16 15:27:45','2021-03-16 15:27:45',NULL),(370,8,'C093','CHEMICALS AND CHEMICAL PRODUCTS PRODUCTIVITY NEXUS: PAINTS, VARNISHES AND SIMILAR COATINGS, PRINTING INK AND MASTICS',2,2,'2021-03-16 15:27:45','2021-03-16 15:27:45',NULL),(371,8,'C094','CHEMICALS AND CHEMICAL PRODUCTS PRODUCTIVITY NEXUS: SOAP AND DETERGENTS, CLEANING AND POLISHING PREPARATIONS, PERFUMES AND TOILET PREPARATIONS',2,2,'2021-03-16 15:27:45','2021-03-16 15:27:45',NULL),(372,8,'C095','CHEMICALS AND CHEMICAL PRODUCTS PRODUCTIVITY NEXUS: CHEMICAL ENGINEERING',2,2,'2021-03-16 15:27:45','2021-03-16 15:27:45',NULL),(373,8,'C096','CHEMICALS AND CHEMICAL PRODUCTS PRODUCTIVITY NEXUS: PROCESS ENGINEERING',2,2,'2021-03-16 15:27:45','2021-03-16 15:27:45',NULL),(374,8,'C097','CHEMICALS AND CHEMICAL PRODUCTS PRODUCTIVITY NEXUS: CHEMICAL SAFETY',2,2,'2021-03-16 15:27:45','2021-03-16 15:27:45',NULL),(375,8,'C098','CHEMICALS AND CHEMICAL PRODUCTS PRODUCTIVITY NEXUS: REGULATORY COMPLIANCE',2,2,'2021-03-16 15:27:45','2021-03-16 15:27:45',NULL),(376,8,'C099','CHEMICALS AND CHEMICAL PRODUCTS PRODUCTIVITY NEXUS: PHARMACEUTICALS, MEDICINAL CHEMICAL AND',2,2,'2021-03-16 15:27:45','2021-03-16 15:27:45',NULL),(377,8,'','CHEMICALS AND CHEMICAL PRODUCTS PRODUCTIVITY NEXUS: BOTANICAL PRODUCTS',2,2,'2021-03-16 15:27:45','2021-03-16 15:27:45',NULL),(378,8,'C100','CHEMICALS AND CHEMICAL PRODUCTS PRODUCTIVITY NEXUS: MAN-MADE FIBRES',2,2,'2021-03-16 15:27:45','2021-03-16 15:27:45',NULL),(379,8,'C101','CHEMICALS AND CHEMICAL PRODUCTS PRODUCTIVITY NEXUS: HAZARDOUS CHEMICAL',2,2,'2021-03-16 15:27:45','2021-03-16 15:27:45',NULL),(380,8,'C102','CHEMICALS AND CHEMICAL PRODUCTS PRODUCTIVITY NEXUS: INNOVATION BUSINESS OPERATIONS',2,2,'2021-03-16 15:27:45','2021-03-16 15:27:45',NULL),(381,8,'C103','CHEMICALS AND CHEMICAL PRODUCTS PRODUCTIVITY NEXUS: INTELLIGENCE MANUFACTURING SOLUTION',2,2,'2021-03-16 15:27:45','2021-03-16 15:27:45',NULL),(382,8,'C104','CHEMICALS AND CHEMICAL PRODUCTS PRODUCTIVITY NEXUS: FINANCIAL CONSULTATION',2,2,'2021-03-16 15:27:45','2021-03-16 15:27:45',NULL),(383,8,'C105','CHEMICALS AND CHEMICAL PRODUCTS PRODUCTIVITY NEXUS: SUPPLY CHAIN OPERATIONS',2,2,'2021-03-16 15:27:45','2021-03-16 15:27:45',NULL),(384,8,'C106','CHEMICALS AND CHEMICAL PRODUCTS PRODUCTIVITY NEXUS: INFORMATION TECHNOLOGY',2,2,'2021-03-16 15:27:45','2021-03-16 15:27:45',NULL),(385,8,'C107','DIGITAL PRODUCTIVITY NEXUS: TENAGA KERJA (WORKFORCE)',2,2,'2021-03-16 15:27:45','2021-03-16 15:27:45',NULL),(386,8,'C108','DIGITAL PRODUCTIVITY NEXUS: TEKNOLOGI (TECHNOLOGY) & DIGITAL',2,2,'2021-03-16 15:27:45','2021-03-16 15:27:45',NULL),(387,8,'C109','DIGITAL PRODUCTIVITY NEXUS: POLISI & PERATURAN (REGULATION)',2,2,'2021-03-16 15:27:45','2021-03-16 15:27:45',NULL),(388,8,'C110','DIGITAL PRODUCTIVITY NEXUS: INSENTIF (INCENTIVE)',2,2,'2021-03-16 15:27:45','2021-03-16 15:27:45',NULL),(389,8,'C111','DIGITAL PRODUCTIVITY NEXUS: INDUSTRY STRUCTURE',2,2,'2021-03-16 15:27:45','2021-03-16 15:27:45',NULL),(390,8,'C112','DIGITAL PRODUCTIVITY NEXUS: MARKETING STRATEGY',2,2,'2021-03-16 15:27:45','2021-03-16 15:27:45',NULL),(391,8,'C113','DIGITAL PRODUCTIVITY NEXUS: STANDARD & PENSIJILAN',2,2,'2021-03-16 15:27:45','2021-03-16 15:27:45',NULL),(392,8,'C114','DIGITAL PRODUCTIVITY NEXUS: MANAGEMENT',2,2,'2021-03-16 15:27:45','2021-03-16 15:27:45',NULL),(393,8,'C115','PROFESSIONAL SERVICES PRODUCTIVITY NEXUS: WORKFORCE & TALENT DEVELOPMENT',2,2,'2021-03-16 15:27:45','2021-03-16 15:27:45',NULL),(394,8,'C116','PROFESSIONAL SERVICES PRODUCTIVITY NEXUS: TECHNOLOGY & DIGITAL (INTELLIGENT SERVICES SOLUTIONS)',2,2,'2021-03-16 15:27:45','2021-03-16 15:27:45',NULL),(395,8,'C117','PROFESSIONAL SERVICES PRODUCTIVITY NEXUS: INDUSTRY STRUCTURE (INNOVATIVE BUSINESS OPERATION)',2,2,'2021-03-16 15:27:45','2021-03-16 15:27:45',NULL),(396,8,'C118','PROFESSIONAL SERVICES PRODUCTIVITY NEXUS: POLICY & REGULATIONS',2,2,'2021-03-16 15:27:45','2021-03-16 15:27:45',NULL),(397,8,'C119','PROFESSIONAL SERVICES PRODUCTIVITY NEXUS: FINANCIAL CONSULTATION',2,2,'2021-03-16 15:27:45','2021-03-16 15:27:45',NULL),(398,8,'C120','ELECTRICAL AND ELECTRONICS PRODUCTIVITY NEXUS: HACKATHON',2,2,'2021-03-16 15:27:45','2021-03-16 15:27:45',NULL),(399,8,'C121','ELECTRICAL AND ELECTRONICS PRODUCTIVITY NEXUS: PLUGFEST 1.0 (IOT)',2,2,'2021-03-16 15:27:45','2021-03-16 15:27:45',NULL),(400,8,'C122','ELECTRICAL AND ELECTRONICS PRODUCTIVITY NEXUS: PLUGFEST 2.0',2,2,'2021-03-16 15:27:45','2021-03-16 15:27:45',NULL),(401,8,'C123','ELECTRICAL AND ELECTRONICS PRODUCTIVITY NEXUS:  VIRTUAL ADVISORY CLINIC (EEVAC)',2,2,'2021-03-16 15:27:45','2021-03-16 15:27:45',NULL),(402,8,'C124','ELECTRICAL AND ELECTRONICS PRODUCTIVITY NEXUS:  MENTORING FOR INDUSTRY 4.0 (EEMI4.0)',2,2,'2021-03-16 15:27:45','2021-03-16 15:27:45',NULL),(403,8,'C125','ELECTRICAL AND ELECTRONICS PRODUCTIVITY NEXUS: EMBEDDED SYSTEM DESIGN',2,2,'2021-03-16 15:27:45','2021-03-16 15:27:45',NULL),(404,8,'C126','ELECTRICAL AND ELECTRONICS PRODUCTIVITY NEXUS: E TESTING AND ACCREDITATIONS',2,2,'2021-03-16 15:27:45','2021-03-16 15:27:45',NULL),(405,8,'C127','ELECTRICAL AND ELECTRONICS PRODUCTIVITY NEXUS: IC DESIGN & DEVELOPMENT',2,2,'2021-03-16 15:27:45','2021-03-16 15:27:45',NULL),(406,8,'C128','ELECTRICAL AND ELECTRONICS PRODUCTIVITY NEXUS:  AUTOMATION',2,2,'2021-03-16 15:27:45','2021-03-16 15:27:45',NULL),(407,8,'C129','ELECTRICAL AND ELECTRONICS PRODUCTIVITY NEXUS: MCAD',2,2,'2021-03-16 15:27:45','2021-03-16 15:27:45',NULL),(408,8,'C130','ELECTRICAL AND ELECTRONICS PRODUCTIVITY NEXUS: OPERATING SYSTEM (OS) DEVELOPMENT',2,2,'2021-03-16 15:27:45','2021-03-16 15:27:45',NULL),(409,8,'C131','ELECTRICAL AND ELECTRONICS PRODUCTIVITY NEXUS: LED',2,2,'2021-03-16 15:27:45','2021-03-16 15:27:45',NULL),(410,8,'C132','ELECTRICAL AND ELECTRONICS PRODUCTIVITY NEXUS: SOLAR PHOTOVOLTAIC (PV)',2,2,'2021-03-16 15:27:45','2021-03-16 15:27:45',NULL),(411,8,'C133','ELECTRICAL AND ELECTRONICS PRODUCTIVITY NEXUS:  TESTING AND ACCREDITATIONS',2,2,'2021-03-16 15:27:45','2021-03-16 15:27:45',NULL),(412,8,'C134','MACHINERY AND EQUIPMENT PRODUCTIVITY NEXUS: TENAGA KERJA (WORKFORCE)',2,2,'2021-03-16 15:27:45','2021-03-16 15:27:45',NULL),(413,8,'C135','MACHINERY AND EQUIPMENT PRODUCTIVITY NEXUS: PERKHIDMATAN SOKONGAN KEJURUTERAAN TEKNOLOGI I4.0',2,2,'2021-03-16 15:27:45','2021-03-16 15:27:45',NULL),(414,8,'C136','MACHINERY AND EQUIPMENT PRODUCTIVITY NEXUS: POLISI & PERATURAN (REGULATION)',2,2,'2021-03-16 15:27:45','2021-03-16 15:27:45',NULL),(415,8,'C137','MACHINERY AND EQUIPMENT PRODUCTIVITY NEXUS: INSENTIF (INCENTIVE)',2,2,'2021-03-16 15:27:45','2021-03-16 15:27:45',NULL),(416,8,'C138','MACHINERY AND EQUIPMENT PRODUCTIVITY NEXUS: INDUSTRY STRUCTURE, VALUE CHAIN DAN CLUSTER',2,2,'2021-03-16 15:27:45','2021-03-16 15:27:45',NULL),(417,8,'C139','MACHINERY AND EQUIPMENT PRODUCTIVITY NEXUS: STANDARD, PENSIJILAN (LOCAL & INTERNATIONAL) DAN PENILAIAN/PEMERIKSAAN',2,2,'2021-03-16 15:27:45','2021-03-16 15:27:45',NULL),(418,8,'C140','MACHINERY AND EQUIPMENT PRODUCTIVITY NEXUS: MANAGEMENT (FINANCIAL, OPERATION, BUSINESS DEVELOPMENT, SALES, MARKETING, WAREHOUSE, PLANT)',2,2,'2021-03-16 15:27:45','2021-03-16 15:27:45',NULL),(419,8,'C141','PRODUCT DESIGN AND DEVELOPMENT AND R&D',2,2,'2021-03-16 15:27:45','2021-03-16 15:27:45',NULL),(420,8,'C142','MACHINERY AND EQUIPMENT PRODUCTIVITY NEXUS: SYSTEM DEVELOPMENT, INTEGRATION AND TOTAL SOLUTION',2,2,'2021-03-16 15:27:45','2021-03-16 15:27:45',NULL),(421,8,'C143','MACHINERY AND EQUIPMENT PRODUCTIVITY NEXUS: PROFESSIONAL SERVICES IN ENGINEERING RELATED (ELECTRICAL, ELECTRONIC, MECHANICAL & MECHATRONIC)',2,2,'2021-03-16 15:27:45','2021-03-16 15:27:45',NULL),(422,8,'C144','MACHINERY AND EQUIPMENT PRODUCTIVITY NEXUS: IMPORT & EXPORT',2,2,'2021-03-16 15:27:45','2021-03-16 15:27:45',NULL),(423,8,'C145','MACHINERY AND EQUIPMENT PRODUCTIVITY NEXUS: PRODUCTIVITY ANALYSIS',2,2,'2021-03-16 15:27:45','2021-03-16 15:27:45',NULL),(424,8,'C146','MACHINERY AND EQUIPMENT PRODUCTIVITY NEXUS: PRODUCTIVITY TOOLS (LEAN, 5S, KANBAN, KAIZEN, SIX SIGMA, PROBLEM SOLVING, TPM, TQM)',2,2,'2021-03-16 15:27:45','2021-03-16 15:27:45',NULL),(425,8,'C147','MACHINERY AND EQUIPMENT PRODUCTIVITY NEXUS: INDUSTRY SPECIFIC ISSUES, CHALLANGES AND RECOMENDARTION (SOCIO-ECONOMICS)',2,2,'2021-03-16 15:27:45','2021-03-16 15:27:45',NULL),(426,8,'C148','MACHINERY AND EQUIPMENT PRODUCTIVITY NEXUS: AUTOMATION AND DIGITALISATION',2,2,'2021-03-16 15:27:45','2021-03-16 15:27:45',NULL),(427,8,'C149','MACHINERY AND EQUIPMENT PRODUCTIVITY NEXUS: PRODUCTIVITY LINKED TRAINING COURSE FOR TVET INSTITUTIONS IN M&E SECTOR',2,2,'2021-03-16 15:27:45','2021-03-16 15:27:45',NULL),(428,8,'C150','MACHINERY AND EQUIPMENT PRODUCTIVITY NEXUS: OVERALL EQUIPMENT EFFECTIVENESS (OEE)',2,2,'2021-03-16 15:27:45','2021-03-16 15:27:45',NULL),(429,8,'C151','MACHINERY AND EQUIPMENT PRODUCTIVITY NEXUS: EMPOWERMENT OF EXISTING CENTRE OF EXCELLENCE (COE)',2,2,'2021-03-16 15:27:45','2021-03-16 15:27:45',NULL),(430,8,'C152','MACHINERY AND EQUIPMENT PRODUCTIVITY NEXUS: M&E VIRTUAL ADVISORY CLINIC (MEVAC)',2,2,'2021-03-16 15:27:45','2021-03-16 15:27:45',NULL),(431,8,'C153','MACHINERY AND EQUIPMENT PRODUCTIVITY NEXUS: PRODUCTIVITY1010 (PRODUCTIVITY THROUGH DIGITISATION)',2,2,'2021-03-16 15:27:45','2021-03-16 15:27:45',NULL),(432,8,'C154','MACHINERY AND EQUIPMENT PRODUCTIVITY NEXUS: PRODUCTIVITY IMPROVEMENT PROGRAM',2,2,'2021-03-16 15:27:45','2021-03-16 15:27:45',NULL),(433,8,'C155','MACHINERY AND EQUIPMENT PRODUCTIVITY NEXUS: M&E COORDINATION PROGRAM',2,2,'2021-03-16 15:27:45','2021-03-16 15:27:45',NULL),(434,8,'C156','MACHINERY AND EQUIPMENT PRODUCTIVITY NEXUS: M&E CLUSTERING INITIATIVE',2,2,'2021-03-16 15:27:45','2021-03-16 15:27:45',NULL),(435,8,'C157','PRIVATE HEALTHCARE PRODUCTIVITY NEXUS: TENAGA KERJA (WORKFORCE)',2,2,'2021-03-16 15:27:45','2021-03-16 15:27:45',NULL),(436,8,'C158','PRIVATE HEALTHCARE PRODUCTIVITY NEXUS:TEKNOLOGI (TECHNOLOGY) & DIGITAL',2,2,'2021-03-16 15:27:45','2021-03-16 15:27:45',NULL),(437,8,'C159','PRIVATE HEALTHCARE PRODUCTIVITY NEXUS:POLISI & PERATURAN (REGULATION)',2,2,'2021-03-16 15:27:45','2021-03-16 15:27:45',NULL),(438,8,'C160','PRIVATE HEALTHCARE PRODUCTIVITY NEXUS:INSENTIF (INCENTIVE)',2,2,'2021-03-16 15:27:45','2021-03-16 15:27:45',NULL),(439,8,'C161','PRIVATE HEALTHCARE PRODUCTIVITY NEXUS:EKONOMI (ECONOMICS)',2,2,'2021-03-16 15:27:45','2021-03-16 15:27:45',NULL),(440,8,'C162','PRIVATE HEALTHCARE PRODUCTIVITY NEXUS:INDUSTRY STRUCTURE',2,2,'2021-03-16 15:27:45','2021-03-16 15:27:45',NULL),(441,8,'C163','PRIVATE HEALTHCARE PRODUCTIVITY NEXUS:MARKETING STRATEGY',2,2,'2021-03-16 15:27:45','2021-03-16 15:27:45',NULL),(442,8,'C164','PRIVATE HEALTHCARE PRODUCTIVITY NEXUS:STANDARD & PENSIJILAN',2,2,'2021-03-16 15:27:45','2021-03-16 15:27:45',NULL),(443,8,'C165','PRIVATE HEALTHCARE PRODUCTIVITY NEXUS:MANAGEMENT (FINANCIAL, OPERATION, BUSINESS)',2,2,'2021-03-16 15:27:45','2021-03-16 15:27:45',NULL),(444,8,'C166','PRIVATE HEALTHCARE PRODUCTIVITY NEXUS:PRODUCT DEVELOPMENT',2,2,'2021-03-16 15:27:45','2021-03-16 15:27:45',NULL),(445,8,'C167','PRIVATE HEALTHCARE PRODUCTIVITY NEXUS:SYSTEM DEVELOPMENT',2,2,'2021-03-16 15:27:45','2021-03-16 15:27:45',NULL),(446,8,'C168','PRIVATE HEALTHCARE PRODUCTIVITY NEXUS:PROFESSIONAL SERVICES',2,2,'2021-03-16 15:27:45','2021-03-16 15:27:45',NULL),(447,8,'C169','PRIVATE HEALTHCARE PRODUCTIVITY NEXUS:PRIVATE HEALTHCARE – VIRTUAL ADVISORY SERVICES',2,2,'2021-03-16 15:27:45','2021-03-16 15:27:45',NULL),(448,9,'D001','MYRESKILL IOT',210,210,'2021-09-22 06:58:44','2021-09-22 06:58:44',NULL),(449,9,'D002','MYRESKILL WORKFORCE (INDUSTRIAL UPSKILLING) FOR FRESH ENGINEERS',210,210,'2021-09-22 06:59:24','2021-09-22 06:59:24',NULL),(450,9,'D003','MYRESKILL WORKFORCE (INDUSTRIAL UPSKILLING) FOR RETRENCHED ENGINEERS',210,210,'2021-09-22 07:00:54','2021-09-22 07:00:54',NULL),(451,9,'D004','MYRESKILL WORKFORCE (INDUSTRIAL UPSKILLING) FOR TECHNICIANS',210,210,'2021-09-22 07:01:28','2021-09-22 07:01:28',NULL),(452,9,'D005','MYRESKILL WORKFORCE (INDUSTRIAL UPSKILLING) FOR SUPPLY CHAIN PERSONNEL',210,210,'2021-09-22 07:02:03','2021-09-22 07:02:03',NULL),(453,9,'D006','MYRESKILL WORKFORCE (INDUSTRIAL UPSKILLING) FOR SUPPORT FUNCTION PERSONNEL',210,210,'2021-09-22 07:02:35','2021-09-22 07:02:35',NULL);

--
