-- Table structure for table `master_gender`
--

CREATE TABLE `master_gender` (
  `gender_id` int(11) NOT NULL AUTO_INCREMENT,
  `gender_desc` varchar(20) NOT NULL,
  `created_at` timestamp NULL DEFAULT NULL,
  `updated_at` timestamp NOT NULL DEFAULT '0000-00-00 00:00:00',
  `deleted_at` timestamp NULL DEFAULT NULL,
  PRIMARY KEY (`gender_id`)
) ENGINE=InnoDB AUTO_INCREMENT=4 DEFAULT CHARSET=latin1;

--
-- Dumping data for table `master_gender`
--

INSERT INTO `master_gender` VALUES (1,'MALE','2018-04-20 07:46:31','2018-04-20 07:46:31',NULL),(2,'FEMALE','2018-04-20 07:46:39','2018-04-20 07:46:39',NULL),(3,'OTHER','2018-04-20 07:46:45','2018-04-20 07:46:45',NULL);

--
-- Table structure for table `master_salutation`
--

CREATE TABLE `master_salutation` (
  `salutation_id` int(11) NOT NULL AUTO_INCREMENT,
  `salutation_desc` varchar(100) NOT NULL,
  `created_at` timestamp NULL DEFAULT NULL,
  `updated_at` timestamp NOT NULL DEFAULT '0000-00-00 00:00:00',
  `deleted_at` timestamp NULL DEFAULT NULL,
  PRIMARY KEY (`salutation_id`)
) ENGINE=InnoDB AUTO_INCREMENT=12 DEFAULT CHARSET=latin1;

--
-- Dumping data for table `master_salutation`
--

INSERT INTO `master_salutation` VALUES (1,'EN.','2018-04-23 06:08:17','2018-04-23 06:08:17',NULL),(2,'PN.','2018-04-23 06:08:22','2018-04-23 06:08:22',NULL),(3,'CIK','2018-04-23 06:08:25','2018-04-23 06:08:25',NULL),(4,'SIR','2018-04-23 06:08:30','2018-04-23 06:08:30',NULL),(5,'DATUK','2018-04-23 06:08:35','2018-04-23 06:08:35',NULL),(6,'DATIN','2018-04-23 06:08:47','2018-04-23 06:08:47',NULL),(7,'DATO\'','2018-04-23 06:08:55','2018-04-23 06:08:55',NULL),(8,'DATO\' SERI','2018-04-23 06:09:31','2018-04-23 06:09:31',NULL),(9,'DATIN SERI','2018-04-23 06:09:56','2018-04-23 06:09:56',NULL),(10,'TUN','2018-04-23 06:10:01','2018-04-23 06:10:01',NULL),(11,'TUAN','2018-04-23 06:10:01','2018-04-23 06:10:01',NULL);

--
-- Table structure for table `master_state`
--

CREATE TABLE `master_state` (
  `state_id` int(10) unsigned NOT NULL AUTO_INCREMENT,
  `state_code` char(3) COLLATE utf8_unicode_ci NOT NULL,
  `state_desc` varchar(255) COLLATE utf8_unicode_ci NOT NULL,
  `area_id` int(11) NOT NULL,
  `created_at` timestamp NULL DEFAULT NULL,
  `updated_at` timestamp NOT NULL DEFAULT '0000-00-00 00:00:00',
  `deleted_at` timestamp NULL DEFAULT NULL,
  PRIMARY KEY (`state_id`)
) ENGINE=InnoDB AUTO_INCREMENT=17 DEFAULT CHARSET=utf8 COLLATE=utf8_unicode_ci;

--
-- Dumping data for table `master_state`
--

INSERT INTO `master_state` VALUES (1,'JHR','JOHOR',1,'2018-05-02 03:57:20','2018-05-02 03:57:20',NULL),(2,'KDH','KEDAH',1,'2018-05-02 03:57:20','2018-05-02 03:57:20',NULL),(3,'KTN','KELANTAN',1,'2018-05-02 03:57:20','2018-05-02 03:57:20',NULL),(4,'KUL','WILAYAH PERSEKUTUAN KUALA LUMPUR',1,'2018-05-02 03:57:20','2018-05-02 03:57:20',NULL),(5,'LBN','WILAYAH PERSEKUTUAN LABUAN',2,'2018-05-02 03:57:20','2018-05-02 03:57:20',NULL),(6,'MLK','MELAKA',1,'2018-05-02 03:57:20','2018-05-02 03:57:20',NULL),(7,'NSN','NEGERI SEMBILAN',1,'2018-05-02 03:57:20','2018-05-02 03:57:20',NULL),(8,'PHG','PAHANG',1,'2018-05-02 03:57:20','2018-05-02 03:57:20',NULL),(9,'PJY','WILAYAH PERSEKUTUAN PUTRA JAYA',1,'2018-05-02 03:57:20','2018-05-02 03:57:20',NULL),(10,'PLS','PERLIS',1,'2018-05-02 03:57:20','2018-05-02 03:57:20',NULL),(11,'PNG','PULAU PINANG',1,'2018-05-02 03:57:20','2018-05-02 03:57:20',NULL),(12,'PRK','PERAK',1,'2018-05-02 03:57:20','2018-05-02 03:57:20',NULL),(13,'SBH','SABAH',2,'2018-05-02 03:57:20','2018-05-02 03:57:20',NULL),(14,'SGR','SELANGOR',1,'2018-05-02 03:57:20','2018-05-02 03:57:20',NULL),(15,'SRW','SARAWAK',2,'2018-05-02 03:57:20','2018-05-02 03:57:20',NULL),(16,'TRG','TERENGGANU',1,'2018-05-02 03:57:20','2018-05-02 03:57:20',NULL);

--
-- Table structure for table `meeting`
--

CREATE TABLE `meeting` (
  `meeting_id` int(11) NOT NULL AUTO_INCREMENT,
  `previous_meeting_id` int(11) DEFAULT NULL,
  `meeting_no` varchar(50) DEFAULT NULL COMMENT 'bil mesyuarat',
  `meeting_date` datetime DEFAULT NULL,
  `meeting_location` varchar(200) DEFAULT NULL,
  `meeting_link` text,
  `meeting_remarks` longtext,
  `status` char(1) NOT NULL DEFAULT 'N' COMMENT 'N-new,B-batal,F-finish',
  `created_by` int(11) DEFAULT NULL,
  `updated_by` int(11) DEFAULT NULL,
  `created_at` timestamp NULL DEFAULT NULL,
  `updated_at` timestamp NOT NULL DEFAULT CURRENT_TIMESTAMP,
  `deleted_at` timestamp NULL DEFAULT NULL,
  PRIMARY KEY (`meeting_id`),
  KEY `idx_meeting_createdby` (`created_by`),
  KEY `idx_meeting_updatedby` (`updated_by`),
  KEY `idx_meeting_bil` (`meeting_no`),
  KEY `idx_meeting_previous_meetingid` (`previous_meeting_id`)
) ENGINE=InnoDB AUTO_INCREMENT=4 DEFAULT CHARSET=latin1;

--
-- Dumping data for table `meeting`
--

INSERT INTO `meeting` VALUES (1,NULL,'2/2021','2022-01-01 10:30:00','BILIK GERAKAN HQ',NULL,NULL,'F',166,166,'2021-12-30 19:44:04','2022-01-04 14:09:36',NULL),(2,NULL,'3/2022','2022-01-21 12:45:00','WIKIS ARE COLLABORATIVE WEB PAGES. THEY CAN HELP YOU AND YOUR TEAM TO SHARE INSTITUTIONAL KNOWLEDGE, DISCUSS IDEAS, AND WORK ON PROJECTS TOGETHER.','https://www.mindtools.com/pages/article/how-to-create-a-wiki.htm',NULL,'F',166,166,'2022-01-04 14:10:57','2022-01-04 15:32:20',NULL),(3,NULL,'4/2022','2022-01-14 11:55:00','DSADADAS','dadasdadasd',NULL,'F',166,166,'2022-01-04 15:33:09','2022-01-04 15:34:23',NULL);

--
-- Table structure for table `meeting_participant`
--

CREATE TABLE `meeting_participant` (
  `meeting_participant_id` int(11) NOT NULL AUTO_INCREMENT,
  `meeting_id` int(11) NOT NULL,
  `user_id` bigint(20) NOT NULL,
  `attend` int(11) NOT NULL DEFAULT '1',
  `created_by` int(11) DEFAULT NULL,
  `updated_by` int(11) DEFAULT NULL,
  `created_at` timestamp NULL DEFAULT NULL,
  `updated_at` timestamp NOT NULL DEFAULT CURRENT_TIMESTAMP,
  `deleted_at` timestamp NULL DEFAULT NULL,
  PRIMARY KEY (`meeting_participant_id`),
  KEY `idx_meetingparticipant_createdby` (`created_by`),
  KEY `idx_meetingparticipant_updatedby` (`updated_by`),
  KEY `idx_meetingparticipant_participantid` (`user_id`),
  KEY `idx_meetingparticipant_meetingid` (`meeting_id`)
) ENGINE=InnoDB AUTO_INCREMENT=121 DEFAULT CHARSET=latin1;

--
-- Dumping data for table `meeting_participant`
--

INSERT INTO `meeting_participant` VALUES (1,1,131,1,166,166,'2021-12-30 19:44:04','2021-12-30 19:44:04','2022-01-02 07:49:20'),(2,1,304,1,166,166,'2021-12-30 19:44:04','2021-12-30 19:44:04','2022-01-02 07:49:20'),(3,1,307,1,166,166,'2021-12-30 19:44:04','2021-12-30 19:44:04','2022-01-02 07:49:20'),(4,1,9,1,166,166,'2021-12-30 19:44:04','2021-12-30 19:44:04','2022-01-02 07:49:20'),(5,1,166,1,166,166,'2021-12-30 19:44:04','2021-12-30 19:44:04','2022-01-02 07:49:20'),(6,1,131,1,166,166,'2022-01-02 15:49:20','2022-01-02 15:49:20','2022-01-02 07:49:31'),(7,1,304,1,166,166,'2022-01-02 15:49:20','2022-01-02 15:49:20','2022-01-02 07:49:31'),(8,1,307,1,166,166,'2022-01-02 15:49:20','2022-01-02 15:49:20','2022-01-02 07:49:31'),(9,1,9,1,166,166,'2022-01-02 15:49:20','2022-01-02 15:49:20','2022-01-02 07:49:31'),(10,1,166,1,166,166,'2022-01-02 15:49:20','2022-01-02 15:49:20','2022-01-02 07:49:31'),(11,1,131,1,166,166,'2022-01-02 15:49:31','2022-01-02 15:49:31','2022-01-02 07:49:42'),(12,1,304,1,166,166,'2022-01-02 15:49:31','2022-01-02 15:49:31','2022-01-02 07:49:42'),(13,1,307,1,166,166,'2022-01-02 15:49:31','2022-01-02 15:49:31','2022-01-02 07:49:42'),(14,1,9,1,166,166,'2022-01-02 15:49:31','2022-01-02 15:49:31','2022-01-02 07:49:42'),(15,1,166,1,166,166,'2022-01-02 15:49:31','2022-01-02 15:49:31','2022-01-02 07:49:42'),(16,1,131,1,166,166,'2022-01-02 15:49:42','2022-01-02 15:49:42','2022-01-02 07:49:54'),(17,1,304,1,166,166,'2022-01-02 15:49:42','2022-01-02 15:49:42','2022-01-02 07:49:54'),(18,1,307,1,166,166,'2022-01-02 15:49:42','2022-01-02 15:49:42','2022-01-02 07:49:54'),(19,1,9,1,166,166,'2022-01-02 15:49:42','2022-01-02 15:49:42','2022-01-02 07:49:54'),(20,1,166,1,166,166,'2022-01-02 15:49:42','2022-01-02 15:49:42','2022-01-02 07:49:54'),(21,1,131,1,166,166,'2022-01-02 15:49:54','2022-01-02 15:49:54','2022-01-02 07:50:05'),(22,1,304,1,166,166,'2022-01-02 15:49:54','2022-01-02 15:49:54','2022-01-02 07:50:05'),(23,1,307,1,166,166,'2022-01-02 15:49:54','2022-01-02 15:49:54','2022-01-02 07:50:05'),(24,1,9,1,166,166,'2022-01-02 15:49:54','2022-01-02 15:49:54','2022-01-02 07:50:05'),(25,1,166,1,166,166,'2022-01-02 15:49:54','2022-01-02 15:49:54','2022-01-02 07:50:05'),(26,1,131,1,166,166,'2022-01-02 15:50:05','2022-01-02 15:50:05','2022-01-02 07:50:16'),(27,1,304,1,166,166,'2022-01-02 15:50:05','2022-01-02 15:50:05','2022-01-02 07:50:16'),(28,1,307,1,166,166,'2022-01-02 15:50:05','2022-01-02 15:50:05','2022-01-02 07:50:16'),(29,1,9,1,166,166,'2022-01-02 15:50:05','2022-01-02 15:50:05','2022-01-02 07:50:16'),(30,1,166,1,166,166,'2022-01-02 15:50:05','2022-01-02 15:50:05','2022-01-02 07:50:16'),(31,1,131,1,166,166,'2022-01-02 15:50:16','2022-01-02 15:50:16','2022-01-02 07:50:27'),(32,1,304,1,166,166,'2022-01-02 15:50:16','2022-01-02 15:50:16','2022-01-02 07:50:27'),(33,1,307,1,166,166,'2022-01-02 15:50:16','2022-01-02 15:50:16','2022-01-02 07:50:27'),(34,1,9,1,166,166,'2022-01-02 15:50:16','2022-01-02 15:50:16','2022-01-02 07:50:27'),(35,1,166,1,166,166,'2022-01-02 15:50:16','2022-01-02 15:50:16','2022-01-02 07:50:27'),(36,1,131,1,166,166,'2022-01-02 15:50:27','2022-01-02 15:50:27','2022-01-02 07:50:38'),(37,1,304,1,166,166,'2022-01-02 15:50:27','2022-01-02 15:50:27','2022-01-02 07:50:38'),(38,1,307,1,166,166,'2022-01-02 15:50:27','2022-01-02 15:50:27','2022-01-02 07:50:38'),(39,1,9,1,166,166,'2022-01-02 15:50:27','2022-01-02 15:50:27','2022-01-02 07:50:38'),(40,1,166,1,166,166,'2022-01-02 15:50:27','2022-01-02 15:50:27','2022-01-02 07:50:38'),(41,1,131,1,166,166,'2022-01-02 15:50:38','2022-01-02 15:50:38','2022-01-02 07:51:40'),(42,1,304,1,166,166,'2022-01-02 15:50:38','2022-01-02 15:50:38','2022-01-02 07:51:40'),(43,1,307,1,166,166,'2022-01-02 15:50:38','2022-01-02 15:50:38','2022-01-02 07:51:40'),(44,1,9,1,166,166,'2022-01-02 15:50:38','2022-01-02 15:50:38','2022-01-02 07:51:40'),(45,1,166,1,166,166,'2022-01-02 15:50:38','2022-01-02 15:50:38','2022-01-02 07:51:40'),(46,1,131,1,166,166,'2022-01-02 15:51:40','2022-01-02 15:51:40','2022-01-04 06:09:36'),(47,1,304,1,166,166,'2022-01-02 15:51:40','2022-01-02 15:51:40','2022-01-04 06:09:36'),(48,1,307,1,166,166,'2022-01-02 15:51:40','2022-01-02 15:51:40','2022-01-04 06:09:36'),(49,1,9,1,166,166,'2022-01-02 15:51:40','2022-01-02 15:51:40','2022-01-04 06:09:36'),(50,1,166,1,166,166,'2022-01-02 15:51:40','2022-01-02 15:51:40','2022-01-04 06:09:36'),(51,1,131,1,166,166,'2022-01-04 14:09:36','2022-01-04 14:09:36',NULL),(52,1,304,1,166,166,'2022-01-04 14:09:36','2022-01-04 14:09:36',NULL),(53,1,307,1,166,166,'2022-01-04 14:09:36','2022-01-04 14:09:36',NULL),(54,1,9,1,166,166,'2022-01-04 14:09:36','2022-01-04 14:09:36',NULL),(55,1,166,1,166,166,'2022-01-04 14:09:36','2022-01-04 14:09:36',NULL),(56,2,131,1,166,166,'2022-01-04 14:10:57','2022-01-04 14:10:57','2022-01-04 06:12:21'),(57,2,304,1,166,166,'2022-01-04 14:10:57','2022-01-04 14:10:57','2022-01-04 06:12:21'),(58,2,307,1,166,166,'2022-01-04 14:10:57','2022-01-04 14:10:57','2022-01-04 06:12:21'),(59,2,9,1,166,166,'2022-01-04 14:10:57','2022-01-04 14:10:57','2022-01-04 06:12:21'),(60,2,166,1,166,166,'2022-01-04 14:10:57','2022-01-04 14:10:57','2022-01-04 06:12:21'),(61,2,131,1,166,166,'2022-01-04 14:12:21','2022-01-04 14:12:21','2022-01-04 06:13:22'),(62,2,304,1,166,166,'2022-01-04 14:12:21','2022-01-04 14:12:21','2022-01-04 06:13:22'),(63,2,307,1,166,166,'2022-01-04 14:12:21','2022-01-04 14:12:21','2022-01-04 06:13:22'),(64,2,9,1,166,166,'2022-01-04 14:12:21','2022-01-04 14:12:21','2022-01-04 06:13:22'),(65,2,166,1,166,166,'2022-01-04 14:12:21','2022-01-04 14:12:21','2022-01-04 06:13:22'),(66,2,131,1,166,166,'2022-01-04 14:13:22','2022-01-04 14:13:22','2022-01-04 06:14:24'),(67,2,304,1,166,166,'2022-01-04 14:13:22','2022-01-04 14:13:22','2022-01-04 06:14:24'),(68,2,307,1,166,166,'2022-01-04 14:13:22','2022-01-04 14:13:22','2022-01-04 06:14:24'),(69,2,9,1,166,166,'2022-01-04 14:13:22','2022-01-04 14:13:22','2022-01-04 06:14:24'),(70,2,166,1,166,166,'2022-01-04 14:13:22','2022-01-04 14:13:22','2022-01-04 06:14:24'),(71,2,131,1,166,166,'2022-01-04 14:14:24','2022-01-04 14:14:24','2022-01-04 06:15:25'),(72,2,304,1,166,166,'2022-01-04 14:14:24','2022-01-04 14:14:24','2022-01-04 06:15:25'),(73,2,307,1,166,166,'2022-01-04 14:14:24','2022-01-04 14:14:24','2022-01-04 06:15:25'),(74,2,9,1,166,166,'2022-01-04 14:14:24','2022-01-04 14:14:24','2022-01-04 06:15:25'),(75,2,166,1,166,166,'2022-01-04 14:14:24','2022-01-04 14:14:24','2022-01-04 06:15:25'),(76,2,131,1,166,166,'2022-01-04 14:15:25','2022-01-04 14:15:25','2022-01-04 06:16:27'),(77,2,304,1,166,166,'2022-01-04 14:15:25','2022-01-04 14:15:25','2022-01-04 06:16:27'),(78,2,307,1,166,166,'2022-01-04 14:15:25','2022-01-04 14:15:25','2022-01-04 06:16:27'),(79,2,9,1,166,166,'2022-01-04 14:15:25','2022-01-04 14:15:25','2022-01-04 06:16:27'),(80,2,166,1,166,166,'2022-01-04 14:15:25','2022-01-04 14:15:25','2022-01-04 06:16:27'),(81,2,131,1,166,166,'2022-01-04 14:16:27','2022-01-04 14:16:27','2022-01-04 06:17:29'),(82,2,304,1,166,166,'2022-01-04 14:16:27','2022-01-04 14:16:27','2022-01-04 06:17:29'),(83,2,307,1,166,166,'2022-01-04 14:16:27','2022-01-04 14:16:27','2022-01-04 06:17:29'),(84,2,9,1,166,166,'2022-01-04 14:16:27','2022-01-04 14:16:27','2022-01-04 06:17:29'),(85,2,166,1,166,166,'2022-01-04 14:16:27','2022-01-04 14:16:27','2022-01-04 06:17:29'),(86,2,131,1,166,166,'2022-01-04 14:17:29','2022-01-04 14:17:29','2022-01-04 06:18:30'),(87,2,304,1,166,166,'2022-01-04 14:17:29','2022-01-04 14:17:29','2022-01-04 06:18:30'),(88,2,307,1,166,166,'2022-01-04 14:17:29','2022-01-04 14:17:29','2022-01-04 06:18:30'),(89,2,9,1,166,166,'2022-01-04 14:17:29','2022-01-04 14:17:29','2022-01-04 06:18:30'),(90,2,166,1,166,166,'2022-01-04 14:17:29','2022-01-04 14:17:29','2022-01-04 06:18:30'),(91,2,131,1,166,166,'2022-01-04 14:18:30','2022-01-04 14:18:30','2022-01-04 06:19:31'),(92,2,304,1,166,166,'2022-01-04 14:18:30','2022-01-04 14:18:30','2022-01-04 06:19:31'),(93,2,307,1,166,166,'2022-01-04 14:18:30','2022-01-04 14:18:30','2022-01-04 06:19:31'),(94,2,9,1,166,166,'2022-01-04 14:18:30','2022-01-04 14:18:30','2022-01-04 06:19:31'),(95,2,166,1,166,166,'2022-01-04 14:18:30','2022-01-04 14:18:30','2022-01-04 06:19:31'),(96,2,131,1,166,166,'2022-01-04 14:19:31','2022-01-04 14:19:31','2022-01-04 06:20:33'),(97,2,304,1,166,166,'2022-01-04 14:19:31','2022-01-04 14:19:31','2022-01-04 06:20:33'),(98,2,307,1,166,166,'2022-01-04 14:19:31','2022-01-04 14:19:31','2022-01-04 06:20:33'),(99,2,9,1,166,166,'2022-01-04 14:19:31','2022-01-04 14:19:31','2022-01-04 06:20:33'),(100,2,166,1,166,166,'2022-01-04 14:19:31','2022-01-04 14:19:31','2022-01-04 06:20:33'),(101,2,131,1,166,166,'2022-01-04 14:20:33','2022-01-04 14:20:33','2022-01-04 07:32:20'),(102,2,304,1,166,166,'2022-01-04 14:20:33','2022-01-04 14:20:33','2022-01-04 07:32:20'),(103,2,307,1,166,166,'2022-01-04 14:20:33','2022-01-04 14:20:33','2022-01-04 07:32:20'),(104,2,9,1,166,166,'2022-01-04 14:20:33','2022-01-04 14:20:33','2022-01-04 07:32:20'),(105,2,166,1,166,166,'2022-01-04 14:20:33','2022-01-04 14:20:33','2022-01-04 07:32:20'),(106,2,131,1,166,166,'2022-01-04 15:32:20','2022-01-04 15:32:20',NULL),(107,2,304,1,166,166,'2022-01-04 15:32:20','2022-01-04 15:32:20',NULL),(108,2,307,1,166,166,'2022-01-04 15:32:20','2022-01-04 15:32:20',NULL),(109,2,9,1,166,166,'2022-01-04 15:32:20','2022-01-04 15:32:20',NULL),(110,2,166,1,166,166,'2022-01-04 15:32:20','2022-01-04 15:32:20',NULL),(111,3,131,1,166,166,'2022-01-04 15:33:09','2022-01-04 15:33:09','2022-01-04 07:34:24'),(112,3,304,1,166,166,'2022-01-04 15:33:09','2022-01-04 15:33:09','2022-01-04 07:34:24'),(113,3,307,1,166,166,'2022-01-04 15:33:09','2022-01-04 15:33:09','2022-01-04 07:34:24'),(114,3,9,1,166,166,'2022-01-04 15:33:09','2022-01-04 15:33:09','2022-01-04 07:34:24'),(115,3,166,1,166,166,'2022-01-04 15:33:09','2022-01-04 15:33:09','2022-01-04 07:34:24'),(116,3,131,1,166,166,'2022-01-04 15:34:24','2022-01-04 15:34:24',NULL),(117,3,304,1,166,166,'2022-01-04 15:34:24','2022-01-04 15:34:24',NULL),(118,3,307,1,166,166,'2022-01-04 15:34:24','2022-01-04 15:34:24',NULL),(119,3,9,1,166,166,'2022-01-04 15:34:24','2022-01-04 15:34:24',NULL),(120,3,166,1,166,166,'2022-01-04 15:34:24','2022-01-04 15:34:24',NULL);

--
-- Table structure for table `meeting_permohonan`
--

CREATE TABLE `meeting_permohonan` (
  `meeting_permohonan_id` int(11) NOT NULL AUTO_INCREMENT,
  `meeting_id` int(11) NOT NULL,
  `permohonan_id` bigint(20) NOT NULL,
  `remarks` longtext,
  `status` char(1) DEFAULT NULL COMMENT 'A-approved,R-notapproved,P-postponed',
  `created_by` int(11) DEFAULT NULL,
  `updated_by` int(11) DEFAULT NULL,
  `created_at` timestamp NULL DEFAULT NULL,
  `updated_at` timestamp NOT NULL DEFAULT CURRENT_TIMESTAMP,
  `deleted_at` timestamp NULL DEFAULT NULL,
  PRIMARY KEY (`meeting_permohonan_id`),
  KEY `idx_meetingpermohonan_createdby` (`created_by`),
  KEY `idx_meetingpermohonan_updatedby` (`updated_by`),
  KEY `idx_meetingpermohonan_permohonanid` (`permohonan_id`),
  KEY `idx_meetingpermohonan_meetingid` (`meeting_id`)
) ENGINE=InnoDB AUTO_INCREMENT=38 DEFAULT CHARSET=latin1;

--
-- Dumping data for table `meeting_permohonan`
--

INSERT INTO `meeting_permohonan` VALUES (1,1,2,'Pinjam sinarmu, Nur Nilam Sari\r\nBuat \'ku merempuhi malam\r\nKabus berlabuh bagaikan awan\r\nMengaburi penglihatan\r\nMenyekat maksud di sempadan\r\n\r\nRedup yang kupasangkan angan\r\nSekadar berhasrat\r\nBerlindung dalam lena\r\nPejamkan mata\r\nUntuk kulupakan sengsara\r\n\r\nBerapa kerdipan melaraskan jiwa\r\nMenyusuk ke arah asalku\r\nSenyumanmu satu azimat\r\nBuat diriku yang hina\r\nManusia terpinggir melara\r\n\r\nTak pernah kenal erti bahagia\r\nNamun \'ku masih gembira\r\nBagiku rahmat semuanya','A',166,166,'2021-12-30 19:44:04','2021-12-30 19:55:35','2022-01-02 07:49:20'),(2,1,2,NULL,NULL,166,166,'2022-01-02 15:49:20','2022-01-02 15:49:20','2022-01-02 07:49:31'),(3,1,2,NULL,NULL,166,166,'2022-01-02 15:49:31','2022-01-02 15:49:31','2022-01-02 07:49:42'),(4,1,2,NULL,NULL,166,166,'2022-01-02 15:49:42','2022-01-02 15:49:42','2022-01-02 07:49:54'),(5,1,2,NULL,NULL,166,166,'2022-01-02 15:49:54','2022-01-02 15:49:54','2022-01-02 07:50:05'),(6,1,2,NULL,NULL,166,166,'2022-01-02 15:50:05','2022-01-02 15:50:05','2022-01-02 07:50:16'),(7,1,2,NULL,NULL,166,166,'2022-01-02 15:50:16','2022-01-02 15:50:16','2022-01-02 07:50:27'),(8,1,2,NULL,NULL,166,166,'2022-01-02 15:50:27','2022-01-02 15:50:27','2022-01-02 07:50:38'),(9,1,2,NULL,NULL,166,166,'2022-01-02 15:50:38','2022-01-02 15:50:38','2022-01-02 07:51:40'),(10,1,2,NULL,NULL,166,166,'2022-01-02 15:51:40','2022-01-02 15:51:40','2022-01-04 06:09:36'),(11,1,2,NULL,'A',166,166,'2022-01-04 14:09:36','2022-01-04 14:09:36',NULL),(12,2,10,NULL,NULL,166,166,'2022-01-04 14:10:57','2022-01-04 14:10:57','2022-01-04 06:12:21'),(13,2,12,NULL,NULL,166,166,'2022-01-04 14:10:57','2022-01-04 14:10:57','2022-01-04 06:12:21'),(14,2,10,'Wikis are collaborative web pages. They can help you and your team to share institutional knowledge, discuss ideas, and work on projects together.\r\n\r\nHowever, open-access wikis are not suitable for all forms of information. Many organizations prefer systems that take a more controlled approach.\r\n\r\nBefore creating any type of wiki, first establish a business need. Then work out exactly what you want your wiki to do, and choose the right technology to do it.\r\n\r\nAddress any security implications, and put in place clear rules for use.\r\n\r\nMake sure that the \"foundation\" information you post is accurate and organized. Then ensure that all your people know how to use the wiki, so that it remains a safe and productive way to gather and share knowledge at work.','R',166,166,'2022-01-04 14:12:21','2022-01-04 14:12:28','2022-01-04 06:13:22'),(15,2,12,NULL,NULL,166,166,'2022-01-04 14:12:21','2022-01-04 14:12:21','2022-01-04 06:13:22'),(16,2,10,NULL,NULL,166,166,'2022-01-04 14:13:22','2022-01-04 14:13:22','2022-01-04 06:14:24'),(17,2,12,NULL,NULL,166,166,'2022-01-04 14:13:22','2022-01-04 14:13:22','2022-01-04 06:14:24'),(18,2,10,NULL,NULL,166,166,'2022-01-04 14:14:24','2022-01-04 14:14:24','2022-01-04 06:15:25'),(19,2,12,NULL,NULL,166,166,'2022-01-04 14:14:24','2022-01-04 14:14:24','2022-01-04 06:15:25'),(20,2,10,NULL,NULL,166,166,'2022-01-04 14:15:25','2022-01-04 14:15:25','2022-01-04 06:16:27'),(21,2,12,NULL,NULL,166,166,'2022-01-04 14:15:25','2022-01-04 14:15:25','2022-01-04 06:16:27'),(22,2,10,'Wikis are collaborative web pages. They can help you and your team to share institutional knowledge, discuss ideas, and work on projects together.\r\n\r\nHowever, open-access wikis are not suitable for all forms of information. Many organizations prefer systems that take a more controlled approach.\r\n\r\nBefore creating any type of wiki, first establish a business need. Then work out exactly what you want your wiki to do, and choose the right technology to do it.\r\n\r\nAddress any security implications, and put in place clear rules for use.\r\n\r\nMake sure that the \"foundation\" information you post is accurate and organized. Then ensure that all your people know how to use the wiki, so that it remains a safe and productive way to gather and share knowledge at work.','A',166,166,'2022-01-04 14:16:27','2022-01-04 14:16:46','2022-01-04 06:17:29'),(23,2,12,NULL,NULL,166,166,'2022-01-04 14:16:27','2022-01-04 14:16:27','2022-01-04 06:17:29'),(24,2,10,NULL,NULL,166,166,'2022-01-04 14:17:29','2022-01-04 14:17:29','2022-01-04 06:18:30'),(25,2,12,'However, open-access wikis are not suitable for all forms of information. Many organizations prefer systems that take a more controlled approach.\r\n\r\nBefore creating any type of wiki, first establish a business need. Then work out exactly what you want your wiki to do, and choose the right technology to do it.\r\n\r\nAddress any security implications, and put in place clear rules for use.\r\n\r\nMake sure that the \"foundation\" information you post is accurate and organized. Then ensure that all your people know how to use the wiki, so that it remains a safe and productive way to gather and share knowledge at work.','A',166,166,'2022-01-04 14:17:29','2022-01-04 14:17:39','2022-01-04 06:18:30'),(26,2,10,NULL,NULL,166,166,'2022-01-04 14:18:30','2022-01-04 14:18:30','2022-01-04 06:19:31'),(27,2,12,NULL,NULL,166,166,'2022-01-04 14:18:30','2022-01-04 14:18:30','2022-01-04 06:19:31'),(28,2,10,NULL,NULL,166,166,'2022-01-04 14:19:31','2022-01-04 14:19:31','2022-01-04 06:20:32'),(29,2,12,NULL,NULL,166,166,'2022-01-04 14:19:31','2022-01-04 14:19:31','2022-01-04 06:20:32'),(30,2,10,NULL,NULL,166,166,'2022-01-04 14:20:32','2022-01-04 14:20:32','2022-01-04 07:32:20'),(31,2,12,NULL,NULL,166,166,'2022-01-04 14:20:32','2022-01-04 14:20:32','2022-01-04 07:32:20'),(32,2,10,NULL,'A',166,166,'2022-01-04 15:32:20','2022-01-04 15:32:20',NULL),(33,2,12,NULL,'A',166,166,'2022-01-04 15:32:20','2022-01-04 15:32:20',NULL),(34,3,14,'Perhaps you\'ve identified the need for an accurate and up-to-date collection of team-building activities. If you gather these in a wiki, people in different departments will be able to add their own resources and share their ideas.','A',166,166,'2022-01-04 15:33:09','2022-01-04 15:33:59','2022-01-04 07:34:24'),(35,3,15,'Perhaps you\'ve identified the need for an accurate and up-to-date collection of team-building activities. If you gather these in a wiki, people in different departments will be able to add their own resources and share their ideas.','A',166,166,'2022-01-04 15:33:09','2022-01-04 15:34:06','2022-01-04 07:34:24'),(36,3,14,NULL,'A',166,166,'2022-01-04 15:34:24','2022-01-04 15:34:24',NULL),(37,3,15,NULL,'A',166,166,'2022-01-04 15:34:24','2022-01-04 15:34:24',NULL);

--
-- Table structure for table `menus`
--

CREATE TABLE `menus` (
  `id` int(10) unsigned NOT NULL AUTO_INCREMENT,
  `parent_id` int(10) unsigned DEFAULT NULL,
  `title` varchar(255) NOT NULL,
  `label` varchar(255) NOT NULL,
  `url` text NOT NULL,
  `order` int(11) NOT NULL,
  `created_at` timestamp NULL DEFAULT NULL,
  `updated_at` timestamp NOT NULL DEFAULT CURRENT_TIMESTAMP ON UPDATE CURRENT_TIMESTAMP,
  `deleted_at` timestamp NULL DEFAULT NULL,
  PRIMARY KEY (`id`)
) ENGINE=InnoDB AUTO_INCREMENT=6 DEFAULT CHARSET=latin1;

--
-- Dumping data for table `menus`
--

INSERT INTO `menus` VALUES (1,NULL,'test','test','google.com',0,NULL,'2018-07-13 04:44:08','2018-07-12 20:44:08'),(2,1,'test','ting','testing.com',0,NULL,'2018-07-13 04:44:05','2018-07-12 20:44:04'),(3,NULL,'test','ting','google.com',0,NULL,'2018-07-16 08:13:47',NULL),(4,NULL,'tang','tang','otoworkz.my',2,NULL,'2018-07-16 08:13:48',NULL),(5,NULL,'tung','tung','web.com',1,NULL,'2018-07-16 08:13:48',NULL);

--
-- Table structure for table `migrations`
--

CREATE TABLE `migrations` (
  `id` int(10) unsigned NOT NULL AUTO_INCREMENT,
  `migration` varchar(255) COLLATE utf8_unicode_ci NOT NULL,
  `batch` int(11) NOT NULL,
  PRIMARY KEY (`id`)
) ENGINE=InnoDB AUTO_INCREMENT=7 DEFAULT CHARSET=utf8 COLLATE=utf8_unicode_ci ROW_FORMAT=DYNAMIC;

--
-- Dumping data for table `migrations`
--

INSERT INTO `migrations` VALUES (1,'2014_10_12_000000_create_users_table',1),(2,'2014_10_12_100000_create_password_resets_table',1),(3,'2017_08_29_064643_create_admins_table',1),(4,'2017_09_07_041931_create_employees_table',1),(5,'2018_04_02_142137_create_permission_tables',2),(6,'2018_04_07_170349_create_audits_table',3);

--
-- Table structure for table `password_resets`
--

CREATE TABLE `password_resets` (
  `email` varchar(255) COLLATE utf8_unicode_ci NOT NULL,
  `token` varchar(255) COLLATE utf8_unicode_ci NOT NULL,
  `created_at` timestamp NULL DEFAULT NULL,
  KEY `password_resets_email_index` (`email`)
) ENGINE=InnoDB DEFAULT CHARSET=utf8 COLLATE=utf8_unicode_ci ROW_FORMAT=DYNAMIC;

--
-- Dumping data for table `password_resets`
--


--
-- Table structure for table `permissions`
--

CREATE TABLE `permissions` (
  `id` int(10) unsigned NOT NULL AUTO_INCREMENT,
  `name` varchar(255) COLLATE utf8_unicode_ci NOT NULL,
  `description` text COLLATE utf8_unicode_ci,
  `namespace` varchar(255) COLLATE utf8_unicode_ci DEFAULT NULL,
  `controller` varchar(100) COLLATE utf8_unicode_ci DEFAULT NULL,
  `function` varchar(100) COLLATE utf8_unicode_ci DEFAULT NULL,
  `parent_menu` int(11) NOT NULL DEFAULT '0',
  `sort` int(11) NOT NULL,
  `created_at` timestamp NULL DEFAULT NULL,
  `updated_at` timestamp NULL DEFAULT NULL,
  PRIMARY KEY (`id`),
  UNIQUE KEY `permissions_name_unique` (`name`)
) ENGINE=InnoDB AUTO_INCREMENT=185 DEFAULT CHARSET=utf8 COLLATE=utf8_unicode_ci ROW_FORMAT=DYNAMIC COMMENT='ACL related';

--
-- Dumping data for table `permissions`
--

INSERT INTO `permissions` VALUES (13,'home','Dashboard Pengguna','App\\Http\\Controllers','HomeController','index',1,0,'2018-12-17 07:02:13','2018-12-17 07:02:13'),(14,'administration','Pengurusan Pentadbiran','administration','AdminController','na',1,2,'2018-12-17 07:02:13','2018-12-17 07:02:13'),(15,'admin.dashboard','Dashboard Pentadbir','App\\Modules\\Admin\\Controllers','AdminController','index',1,1,'2018-12-17 07:02:13','2018-12-17 07:02:13'),(16,'user.index','Pengurusan Pengguna','App\\Http\\Controllers\\Controller','UserController','index',0,3,'2018-12-17 07:02:13','2018-04-25 05:46:50'),(17,'admin.roles','Pengurusan Peranan','App\\Modules\\Admin\\Controllers','RoleController','index',0,7,'2018-12-17 07:02:13','2021-05-23 11:55:02'),(18,'admin.permission','Pengurusan Permission','App\\Http\\Controllers\\Controller','PermissionController','index',0,8,'2018-12-17 07:02:13','2021-05-23 11:55:02'),(19,'admin.menus','Pengurusan Menu','App\\Modules\\Admin\\Controllers','MenuController','index',0,9,'2018-12-17 07:02:13','2021-05-23 11:55:02'),(20,'admin.logs','Log Sistem','Rap2hpoutre\\LaravelLogViewer','LogViewerController','index',0,10,'2018-12-17 07:02:13','2021-05-23 11:55:02'),(21,'admin.config','Konfigurasi Sistem','App\\Modules\\Admin\\Controllers','AdminController','configuration',0,11,'2018-12-17 07:02:13','2021-05-23 11:55:02'),(22,'admin.auditrail','Log Aktiviti Pengguna','App\\Modules\\Admin\\Controllers','AdminController','auditTrail',0,13,'2018-12-17 07:02:13','2021-08-08 09:22:29'),(29,'user.disable','Nyahaktif Pengguna','App\\Modules\\Admin\\Controllers','UserController','disableUser',0,4,'2018-04-29 22:58:17','2021-05-23 11:55:02'),(30,'user.enable','Pengaktifan Pengguna','App\\Modules\\Admin\\Controllers','UserController','enableUser',0,5,'2018-04-29 22:59:02','2021-05-23 11:55:02'),(101,'data','Pengurusan Data Rujukan','App\\Modules\\Admin\\Controllers','DataManagementController','na',1,15,'2018-11-10 05:06:34','2021-08-08 09:22:29'),(104,'data.jawatan.index','Senarai Jawatan','App\\Modules\\Admin\\Controllers','DataManagementController','jawatanindex',0,21,'2018-11-17 06:59:47','2021-10-25 22:41:02'),(108,'proses.permohonan','Pengurusan Permohonan','App\\Modules\\Permohonan\\Controllers','na','na',1,29,'2018-11-25 15:08:46','2021-10-25 22:41:02'),(110,'report.index','Laporan','App\\Modules\\Report\\Controller','ReportController','index',1,48,'2020-10-08 03:17:32','2022-01-03 23:44:55'),(121,'user.changerole','Tukar Peranan Pengguna','na','na','na',0,14,'2018-12-10 17:41:13','2021-08-08 09:22:29'),(123,'data.announcement.index','Pengumuman','App\\Modules\\Admin\\Controllers','DataManagementController','announcementindex',0,26,'2019-02-26 12:34:56','2021-10-25 22:41:02'),(124,'data.gred.index','Senarai Gred','App\\Modules\\Admin\\Controllers','DataManagementController','gredindex',0,18,'2019-03-20 17:14:43','2021-10-25 22:41:02'),(128,'data.unit.index','Senarai Unit Bahagian','App\\Modules\\Admin\\Controllers','DataManagementController','unitbahagianindex',0,20,'2019-03-20 17:21:11','2021-10-25 22:41:02'),(129,'user.limitupdate','Had Kemaskini Profil','na','na','na',0,6,'2019-03-21 16:51:51','2021-05-23 11:55:02'),(130,'proses.permohonan.baru','Permohonan Baru','App\\Modules\\Permohonan\\Controllers','na','na',0,30,'2019-03-21 17:04:46','2021-10-25 22:41:02'),(131,'proses.permohonan.firstapprovelist','Menyokong Permohonan (Pengarah BOM)','App\\Modules\\Permohonan\\Controllers','na','na',0,37,'2019-03-21 17:06:15','2022-01-03 23:44:55'),(132,'proses.permohonan.verify','Mengesah Permohonan','App\\Modules\\Permohonan\\Controllers','na','na',0,33,'2019-03-21 17:15:41','2022-01-03 23:44:55'),(134,'report.expensessummary.index','Laporan Rumusan Perbelanjaan','App\\Modules\\Report\\Controller','ReportController','expensessummary',0,49,'2019-10-07 05:11:45','2022-01-03 23:44:55'),(137,'proses.permohonan.selesai','Permohonan Selesai','App\\Modules\\Permohonan\\Controllers','na','na',0,40,'2020-07-22 16:51:28','2022-01-03 23:44:55'),(138,'proses.permohonan.caridokumen','Carian Dokumen Permohonan','App\\Modules\\Permohonan\\Controllers','na','na',0,42,'2020-07-22 19:05:46','2022-01-03 23:44:55'),(140,'proses.permohonan.secondapprovelist','Menyokong Permohonan (TKP)','App\\Modules\\Permohonan\\Controllers','na','na',0,38,'2020-09-11 11:24:45','2022-01-03 23:44:55'),(141,'proses.permohonan.thirdapprovelist','Melulus Permohonan (KP)','App\\Modules\\Permohonan\\Controllers','na','na',0,39,'2020-09-11 11:25:49','2022-01-03 23:44:55'),(150,'proses.permohonan.searchall','Carian Semua Permohonan','App\\Modules\\Permohonan\\Controllers','na','na',0,43,'2020-10-08 03:17:32','2022-01-03 23:44:55'),(156,'data.bank.index','Senarai Bank','App\\Modules\\Admin\\Controllers','DataManagementController','bankindex',0,19,'2021-01-05 12:06:12','2021-10-25 22:41:02'),(157,'data.projectcategory.index','Senarai Kategori Projek','App\\Modules\\Admin\\Controllers','DataManagementController','projectcategoryindex',0,23,'2021-05-23 17:35:58','2021-10-25 22:41:02'),(162,'data.kpicategory.index','Senarai Kategori KPI','App\\Modules\\Admin\\Controllers','DataManagementController','kpicategoryindex',0,24,'2021-05-25 09:49:03','2021-10-25 22:41:02'),(163,'data.kpi.index','Senarai KPI','App\\Modules\\Admin\\Controllers','DataManagementController','kpiindex',0,25,'2021-05-25 09:50:13','2021-10-25 22:41:02'),(166,'data.suballocation.index','Senarai Peruntukan','App\\Modules\\Admin\\Controllers','DataManagementController','suballocationindex',0,22,'2021-07-28 07:11:37','2021-10-25 22:41:02'),(169,'admin.adminSettings','Tetapan Sistem','App\\Modules\\Admin\\Controllers','AdminController','adminSettings',0,12,'2021-08-08 17:22:29','2021-08-08 17:22:29'),(170,'proses.permohonan.allocationlist','Pengurusan Data Peruntukan Tahunan','App\\Modules\\Permohonan\\Controllers','PermohonanController','allocationlist',1,27,'2021-10-23 04:51:37','2021-10-25 22:41:02'),(171,'proses.permohonan.createallocation','Tambah/Kemaskini Data Peruntukan Tahunan','App\\Modules\\Permohonan\\Controllers','na','na',0,28,'2021-10-23 04:52:42','2021-10-25 22:41:02'),(172,'data.asset.index','Senarai Kategori Aset','App\\Modules\\Admin\\Controllers','DataManagementController','assetindex',0,16,'2021-10-26 06:40:12','2021-10-26 06:40:12'),(173,'data.assettype.index','Senarai Sub Kategori Aset','App\\Modules\\Admin\\Controllers','DataManagementController','assettypeindex',0,17,'2021-10-26 06:41:02','2021-10-26 06:41:02'),(174,'proses.permohonan.sokong','Menyokong Permohonan KA/Pemilik Bajet','App\\Modules\\Permohonan\\Controllers','na','na',0,35,'2021-10-26 20:57:24','2022-01-03 23:44:55'),(175,'proses.permohonan.feedbacklist','Maklumbalas Permohonan (PCT)','App\\Modules\\Permohonan\\Controllers','na','na',0,36,'2021-10-26 20:58:39','2022-01-03 23:44:55'),(176,'proses.permohonan.meetinglist','Pengurusan Maklumat Mesyuarat','App\\Modules\\Permohonan\\Controllers','PermohonanController','meetinglist',1,45,'2021-10-27 17:29:09','2022-01-03 23:44:55'),(177,'proses.permohonan.createmeeting','Tambah/Kemaskini Mesyuarat','App\\Modules\\Permohonan\\Controllers','na','na',0,46,'2021-10-27 17:30:17','2022-01-03 23:44:55'),(178,'proses.permohonan.allmeetinglist','Carian Semua Mesyuarat','App\\Modules\\Permohonan\\Controllers','na','na',0,47,'2021-10-27 17:35:28','2022-01-03 23:44:55'),(179,'proses.permohonan.shared','Permohonan Bersama Staf Lain','App\\Modules\\Permohonan\\Controllers','na','na',0,31,'2021-11-08 17:50:54','2021-11-08 17:50:54'),(180,'report.kpisummary.index','Laporan KPI','App\\Modules\\Report\\Controller','ReportController','kpisummary',0,50,'2021-12-05 19:03:02','2022-01-03 23:44:55'),(181,'proses.permohonan.searchproject','Carian Semua KPI/Projek','App\\Modules\\Permohonan\\Controllers','na','na',0,44,'2021-12-28 10:18:31','2022-01-03 23:44:55'),(182,'proses.permohonan.secondverify','Sokong Permohonan (Pengarah Bhgn)','App\\Modules\\Permohonan\\Controllers','na','na',0,34,'2021-12-28 17:34:57','2022-01-03 23:44:55'),(183,'search','Senarai Carian','App\\Modules\\Admin\\Controllers','PermohonanController','na',1,41,'2021-12-30 15:34:48','2022-01-03 23:44:55'),(184,'proses.permohonan.asetalih','Senarai Permohonan Aset Alih','App\\Modules\\Permohonan\\Controllers','na','na',0,32,'2022-01-04 07:44:55','2022-01-04 07:44:55');

--
-- Table structure for table `permohonan`
--

CREATE TABLE `permohonan` (
  `permohonan_id` bigint(11) NOT NULL AUTO_INCREMENT,
  `parent_permohonan_id` bigint(11) DEFAULT NULL,
  `previous_permohonan_id` bigint(11) DEFAULT NULL,
  `bom_no` varchar(30) DEFAULT NULL,
  `sub_bom_no` int(11) DEFAULT NULL,
  `unit_bahagian_id` int(11) DEFAULT NULL,
  `has_cost` int(11) NOT NULL DEFAULT '0',
  `permohonan_title` text,
  `permohonan_desc` text,
  `permohonan_background` text,
  `permohonan_objective` text,
  `permohonan_method` text,
  `permohonan_recommendation` text,
  `permohonan_startdate` date DEFAULT NULL,
  `permohonan_enddate` date DEFAULT NULL,
  `has_option` int(11) DEFAULT '0',
  `total_option` int(11) DEFAULT '0',
  `recommended_option_no` int(11) DEFAULT NULL COMMENT 'recommended option - permohonan_option',
  `final_option_no` int(11) DEFAULT NULL COMMENT 'option chose by KP',
  `has_project` int(11) NOT NULL DEFAULT '0',
  `previous1_totalcost` decimal(10,2) NOT NULL DEFAULT '0.00',
  `applied1_totalcost` decimal(10,2) NOT NULL DEFAULT '0.00',
  `previous2_totalcost` decimal(10,2) NOT NULL DEFAULT '0.00',
  `applied2_totalcost` decimal(10,2) NOT NULL DEFAULT '0.00',
  `previous3_totalcost` decimal(10,2) NOT NULL DEFAULT '0.00',
  `applied3_totalcost` decimal(10,2) NOT NULL DEFAULT '0.00',
  `pemohon_id` int(11) DEFAULT NULL,
  `submitted_date` datetime DEFAULT NULL,
  `permohonan_catatan` text,
  `verified_by` int(11) DEFAULT NULL COMMENT 'supervisor1',
  `verified_date` datetime DEFAULT NULL COMMENT 'supervisor1',
  `verified_remarks` text COMMENT 'Sts: S/T/E pengarah bhgn',
  `secondverified_by` int(11) DEFAULT NULL COMMENT 'pengarah bhgn',
  `secondverified_date` datetime DEFAULT NULL COMMENT 'pengarah bhgn',
  `secondverified_remarks` text COMMENT 'Sts: T/E pengarah bhgn',
  `supported_by` int(11) DEFAULT NULL COMMENT 'KA/Pemilik Bajet',
  `supported_date` datetime DEFAULT NULL COMMENT 'KA/Pemilik Bajet',
  `supported_remarks` text COMMENT 'Sts: M/U/R KA/Pemilik Bajet',
  `feedback_procedure` int(11) DEFAULT '0' COMMENT 'PCT',
  `feedback_perolehanterus` int(11) DEFAULT '0' COMMENT 'PCT',
  `feedback_shb` int(11) DEFAULT '0' COMMENT 'PCT',
  `feedback_sha` int(11) DEFAULT '0' COMMENT 'PCT',
  `feedback_tender` int(11) DEFAULT '0' COMMENT 'PCT',
  `feedback_jpp` int(11) DEFAULT '0' COMMENT 'PCT',
  `feedback_jppk` int(11) DEFAULT '0' COMMENT 'PCT',
  `feedback_jpict` int(11) DEFAULT '0' COMMENT 'PCT',
  `feedback_by` int(11) DEFAULT NULL COMMENT 'PCT',
  `feedback_date` datetime DEFAULT NULL COMMENT 'PCT',
  `feedback_remarks` text COMMENT 'Sts: E PCT',
  `approved_by` int(11) DEFAULT NULL COMMENT 'Pengarah Bhgn',
  `approved_date` datetime DEFAULT NULL COMMENT 'Pengarah Bhgn',
  `approved_remarks` text COMMENT 'Sts: F/J Pengarah Bhgn',
  `approved_meeting` int(11) NOT NULL DEFAULT '0' COMMENT 'Pengarah Bhgn',
  `approved2_by` int(11) DEFAULT NULL COMMENT 'TKP',
  `approved2_date` datetime DEFAULT NULL COMMENT 'TKP',
  `approved2_remarks` text COMMENT 'Sts: G/K TKP',
  `approved2_meeting` int(11) NOT NULL DEFAULT '0' COMMENT 'TKP',
  `approved3_by` int(11) DEFAULT NULL COMMENT 'KP',
  `approved3_date` datetime DEFAULT NULL COMMENT 'KP',
  `approved3_remarks` text COMMENT 'Sts: H/L KP',
  `approved3_meeting` int(11) NOT NULL DEFAULT '0' COMMENT 'KP',
  `approvedmeeting_by` int(11) DEFAULT NULL COMMENT 'Pgrah bhgn after meeting',
  `approvedmeeting_date` datetime DEFAULT NULL COMMENT 'Pgrah bhgn after meeting',
  `approvedmeeting_remarks` text COMMENT 'Pgrah bhgn after meeting',
  `approved3meeting_by` int(11) DEFAULT NULL COMMENT 'KP after meeting',
  `approved3meeting_date` datetime DEFAULT NULL COMMENT 'KP after meeting',
  `approved3meeting_remarks` text COMMENT 'KP after meeting',
  `meetingfeedback_by` int(11) DEFAULT NULL COMMENT 'urusetia',
  `meetingfeedback_date` datetime DEFAULT NULL COMMENT 'urusetia',
  `meetingfeedback_remarks` text COMMENT 'urusetia',
  `finalfeedback_by` int(11) DEFAULT NULL COMMENT 'pemohon',
  `finalfeedback_date` datetime DEFAULT NULL COMMENT 'pemohon',
  `finalfeedback_remarks` text COMMENT 'pemohon',
  `keratan_minit_by` int(11) DEFAULT NULL COMMENT 'final urusetia',
  `keratan_minit` mediumtext COMMENT 'final urusetia',
  `keratan_minit_date` datetime DEFAULT NULL COMMENT 'final urusetia',
  `permohonan_expirydate` date DEFAULT NULL COMMENT 'add 4 months from approved3_date',
  `in_meeting` int(11) NOT NULL DEFAULT '0',
  `previous_status` char(1) DEFAULT NULL,
  `status` char(1) NOT NULL DEFAULT 'N',
  `sent_ero` int(11) NOT NULL DEFAULT '0',
  `sent_eiso` int(11) NOT NULL DEFAULT '0',
  `created_by` int(11) NOT NULL,
  `updated_by` int(11) NOT NULL,
  `created_at` timestamp NULL DEFAULT NULL,
  `updated_at` timestamp NOT NULL DEFAULT CURRENT_TIMESTAMP,
  `deleted_at` timestamp NULL DEFAULT NULL,
  PRIMARY KEY (`permohonan_id`),
  KEY `idx_permohonan_no` (`bom_no`),
  KEY `idx_permohonan_status` (`status`),
  KEY `idx_permohonan_pemohon_id` (`pemohon_id`),
  KEY `idx_permohonan_created_by` (`created_by`),
  KEY `idx_permohonan_unitbhagianid` (`unit_bahagian_id`),
  KEY `idx_permohonan_pemohonid` (`pemohon_id`),
  KEY `idx_permohonan_bahagian_id` (`unit_bahagian_id`),
  KEY `idx_permohonan_parent` (`parent_permohonan_id`),
  KEY `idx_permohonan_hascost` (`has_cost`),
  KEY `idx_permohonan_hasproject` (`has_project`),
  KEY `idx_permohonan_firstoption` (`recommended_option_no`),
  KEY `idx_permohonan_finaloption` (`final_option_no`),
  KEY `idx_permohonan_updated_by` (`updated_by`),
  KEY `idx_permohonan_confirmedby` (`verified_by`),
  KEY `idx_permohonan_approvedby` (`approved_by`),
  KEY `idx_permohonan_approved2by` (`approved2_by`),
  KEY `idx_permohonan_approved3by` (`approved3_by`),
  KEY `idx_permohonan_supportedby` (`supported_by`),
  KEY `idx_permohonan_feedbackby` (`feedback_by`),
  KEY `idx_permohonan_prevstatus` (`previous_permohonan_id`),
  KEY `idx_permohonan_inmeeting` (`in_meeting`),
  KEY `idx_permohonan_optionno` (`recommended_option_no`),
  KEY `idx_permohonan_finaloptionno` (`final_option_no`),
  KEY `idx_permohonan_meetingfeedbackby` (`meetingfeedback_by`),
  KEY `idx_permohonan_approved3meetingby` (`approved3meeting_by`),
  KEY `idx_permohonan_approvedmeetingby` (`approvedmeeting_by`),
  KEY `idx_permohonan_keratanminitby` (`keratan_minit_by`),
  KEY `idx_permohonan_secondverifiedby` (`permohonan_id`,`secondverified_by`)
) ENGINE=InnoDB AUTO_INCREMENT=17 DEFAULT CHARSET=latin1;

--
-- Dumping data for table `permohonan`
--

INSERT INTO `permohonan` VALUES (1,NULL,NULL,'0002',NULL,5,0,'TEST EMAIL',NULL,'test','test','test','Ahli Lembaga Pengurusan dipohon untuk mempertimbangkan cadangan …','2022-01-26','2022-02-05',0,0,0,NULL,0,0.00,0.00,0.00,0.00,0.00,0.00,6,'2021-12-31 00:15:39',NULL,19,'2022-01-04 01:07:48',NULL,131,NULL,NULL,NULL,NULL,NULL,0,0,0,0,0,0,0,0,NULL,NULL,NULL,NULL,NULL,NULL,0,NULL,NULL,NULL,0,NULL,NULL,NULL,0,NULL,NULL,NULL,NULL,NULL,NULL,NULL,NULL,NULL,NULL,NULL,NULL,NULL,NULL,NULL,NULL,0,NULL,'N',0,0,6,6,'2021-12-30 15:57:44','2022-01-03 17:57:42',NULL),(2,NULL,NULL,'0003',NULL,5,1,'PENYELENGGARAAN SEMUA ASET MPC',NULL,'i.Latar belakang dan keterangan ringkas mengenai projek/cadangan.\r\nii.Penjelasan yang menyokong kepada pelaksanaan projek/ cadangan.','Jangkaan outcome setelah projek siap','Pencapaian dan faedah-faedah jangka pendek dan jangka panjang hasil dari intervensi projek/ cadangan','Ahli Lembaga Pengurusan dipohon untuk mempertimbangkan cadangan …','2022-01-01','2022-01-31',0,0,0,0,0,0.00,5500.00,0.00,0.00,0.00,0.00,6,'2021-12-31 01:24:53',NULL,19,'2021-12-31 01:37:25',NULL,131,'2021-12-31 01:37:25',NULL,112,'2021-12-31 02:41:22',NULL,1,0,1,0,1,1,1,0,91,'2021-12-31 02:50:26',NULL,131,'2021-12-31 02:54:45',NULL,0,307,'2021-12-31 03:18:59',NULL,0,9,'2021-12-31 03:33:19',NULL,1,NULL,NULL,NULL,NULL,NULL,NULL,NULL,NULL,NULL,NULL,NULL,NULL,166,'Pinjam sinarmu, Nur Nilam Sari\r\nBuat \'ku merempuhi malam\r\nKabus berlabuh bagaikan awan\r\nMengaburi penglihatan\r\nMenyekat maksud di sempadan\r\n\r\nRedup yang kupasangkan angan\r\nSekadar berhasrat\r\nBerlindung dalam lena\r\nPejamkan mata\r\nUntuk kulupakan sengsara\r\n\r\nBerapa kerdipan melaraskan jiwa\r\nMenyusuk ke arah asalku\r\nSenyumanmu satu azimat\r\nBuat diriku yang hina\r\nManusia terpinggir melara\r\n\r\nTak pernah kenal erti bahagia\r\nNamun \'ku masih gembira\r\nBagiku rahmat semuanya','2021-12-31 03:55:35','2022-05-01',0,NULL,'H',0,0,6,6,'2021-12-30 17:24:53','2021-12-31 08:04:49',NULL),(3,NULL,NULL,NULL,NULL,5,0,NULL,NULL,NULL,NULL,NULL,'Ahli Lembaga Pengurusan dipohon untuk mempertimbangkan cadangan …',NULL,NULL,0,0,0,NULL,0,0.00,0.00,0.00,0.00,0.00,0.00,6,NULL,NULL,21,NULL,NULL,NULL,NULL,NULL,NULL,NULL,NULL,0,0,0,0,0,0,0,0,NULL,NULL,NULL,NULL,NULL,NULL,0,NULL,NULL,NULL,0,NULL,NULL,NULL,0,NULL,NULL,NULL,NULL,NULL,NULL,NULL,NULL,NULL,NULL,NULL,NULL,NULL,NULL,NULL,NULL,0,NULL,'D',0,0,6,6,'2021-12-31 16:18:47','2021-12-31 16:18:47','2022-01-04 00:02:04'),(4,NULL,NULL,'0004',NULL,5,1,'AWIE - RATUKU',NULL,'Bisikan yang pertama\r\nMembawa erti untuk selamanya\r\nAku bagaikan tak percaya\r\nApa yang telah pun kurasa\r\nEngkau bagaikan oh permataku\r\nEngkau pun jua ratuku','Engkaulah segalanya\r\nEngkaulah hanya untuk diriku\r\nAku hanya untukmu\r\nItulah janjiku padamu\r\nKita bagaikan ombak dan pantai\r\nTidak \'kan terpisah lagi\r\nWalaupun pasangnya\r\nWalaupun surutnya laut','Ratapan naluri\r\nMemanggilkan namamu\r\nKerana pertemuan ini\r\nAkan kuabadikan\r\nSegala memori\r\nKulewati waktu itu\r\nDi dalam pelukanku\r\nGugurnya pemisah\r\nDi antara kita\r\nTerbinanya satu mercu\r\nTanda cinta yang setia\r\nMeredahi masa, meniti usia\r\nHingga ke akhirnya\r\nKuabadi cinta\r\nDi hati ini','Ahli Lembaga Pengurusan dipohon untuk mempertimbangkan cadangan Ratapan naluri\r\nMemanggilkan namamu\r\nKerana pertemuan ini\r\nAkan kuabadikan\r\nSegala memori\r\nKulewati waktu itu\r\nDi dalam pelukanku\r\nGugurnya pemisah\r\nDi antara kita\r\nTerbinanya satu mercu\r\nTanda cinta yang setia\r\nMeredahi masa, meniti usia\r\nHingga ke akhirnya\r\nKuabadi cinta\r\nDi hati ini\r\nDi hati ini','2022-01-03','2022-01-22',0,0,0,0,1,0.00,6800.00,0.00,0.00,0.00,0.00,6,'2022-01-02 01:45:56',NULL,19,'2022-01-02 01:56:24',NULL,131,'2022-01-02 01:56:24',NULL,112,'2022-01-02 02:02:50',NULL,1,0,0,1,1,1,0,1,91,'2022-01-02 02:07:06','test semula',131,'2022-01-02 02:07:46',NULL,0,307,'2022-01-02 02:10:30',NULL,0,9,'2022-01-02 02:11:54','perlu mesyuarat',1,NULL,NULL,NULL,NULL,NULL,NULL,NULL,NULL,NULL,NULL,NULL,NULL,NULL,NULL,NULL,NULL,0,NULL,'I',0,0,6,9,'2022-01-01 17:42:22','2022-01-01 18:11:54',NULL),(5,NULL,NULL,'0005',NULL,5,0,'DSADSAD',NULL,'dsadsad','dsadsad','dsadsads','Ahli Lembaga Pengurusan dipohon untuk mempertimbangkan cadangan …','2022-01-12','2022-02-04',0,0,0,0,1,0.00,0.00,0.00,0.00,0.00,0.00,6,'2022-01-02 22:50:40',NULL,19,'2022-01-02 22:54:06',NULL,131,'2022-01-02 22:54:06',NULL,NULL,NULL,NULL,0,0,0,0,0,0,0,0,NULL,NULL,NULL,131,'2022-01-02 23:17:24','OK',0,307,'2022-01-02 23:19:38',NULL,0,9,'2022-01-02 23:20:37','test',0,NULL,NULL,NULL,NULL,NULL,NULL,NULL,NULL,NULL,NULL,NULL,NULL,NULL,NULL,NULL,'2022-05-02',0,NULL,'H',0,0,6,9,'2022-01-02 14:50:39','2022-01-02 15:20:37',NULL),(6,NULL,NULL,'0006',NULL,5,1,'TEST KOS SINGLE',NULL,'test','test','test','Ahli Lembaga Pengurusan dipohon untuk mempertimbangkan cadangan test','2022-01-06','2022-01-29',0,0,0,NULL,0,0.00,23000.00,0.00,0.00,0.00,0.00,6,'2022-01-04 02:12:16',NULL,19,'2022-01-04 02:13:42',NULL,131,'2022-01-04 02:13:42',NULL,112,'2022-01-04 03:06:26',NULL,0,0,0,0,0,0,0,0,NULL,NULL,NULL,NULL,NULL,NULL,0,NULL,NULL,NULL,0,NULL,NULL,NULL,0,NULL,NULL,NULL,NULL,NULL,NULL,NULL,NULL,NULL,NULL,NULL,NULL,NULL,NULL,NULL,NULL,0,NULL,'M',0,0,6,112,'2022-01-03 18:12:16','2022-01-03 19:06:26',NULL),(7,NULL,NULL,NULL,NULL,5,0,NULL,NULL,NULL,NULL,NULL,'Ahli Lembaga Pengurusan dipohon untuk mempertimbangkan cadangan …',NULL,NULL,0,0,0,NULL,0,0.00,0.00,0.00,0.00,0.00,0.00,31,NULL,NULL,131,NULL,NULL,131,NULL,NULL,NULL,NULL,NULL,0,0,0,0,0,0,0,0,NULL,NULL,NULL,NULL,NULL,NULL,0,NULL,NULL,NULL,0,NULL,NULL,NULL,0,NULL,NULL,NULL,NULL,NULL,NULL,NULL,NULL,NULL,NULL,NULL,NULL,NULL,NULL,NULL,NULL,0,NULL,'D',0,0,31,31,'2022-01-04 05:40:16','2022-01-04 05:40:16',NULL),(8,NULL,NULL,'0007',NULL,5,1,'TERUS',NULL,'test','test','test','Ahli Lembaga Pengurusan dipohon untuk mempertimbangkan cadangan …','2022-01-08','2022-01-29',0,0,0,NULL,0,0.00,24210.00,0.00,0.00,0.00,0.00,6,'2022-01-04 14:10:24',NULL,19,'2022-01-04 14:11:29',NULL,131,NULL,NULL,NULL,NULL,NULL,0,0,0,0,0,0,0,0,NULL,NULL,NULL,NULL,NULL,NULL,0,NULL,NULL,NULL,0,NULL,NULL,NULL,0,NULL,NULL,NULL,NULL,NULL,NULL,NULL,NULL,NULL,NULL,NULL,NULL,NULL,NULL,NULL,NULL,0,NULL,'T',0,0,6,19,'2022-01-04 06:10:24','2022-01-04 06:11:29',NULL),(9,NULL,NULL,'0008',NULL,5,1,'TEST ASET ALIH',NULL,'test','test','test','Ahli Lembaga Pengurusan dipohon untuk mempertimbangkan cadangan …','2022-01-20','2022-02-05',0,0,0,NULL,0,0.00,345.00,0.00,0.00,0.00,0.00,6,'2022-01-04 16:02:36',NULL,19,'2022-01-04 21:29:21',NULL,131,'2022-01-04 21:29:21',NULL,NULL,NULL,NULL,0,0,0,0,0,0,0,0,NULL,NULL,NULL,NULL,NULL,NULL,0,NULL,NULL,NULL,0,NULL,NULL,NULL,0,NULL,NULL,NULL,NULL,NULL,NULL,NULL,NULL,NULL,NULL,NULL,NULL,NULL,NULL,NULL,NULL,0,NULL,'S',0,0,6,131,'2022-01-04 08:02:36','2022-01-04 13:34:55',NULL),(10,NULL,NULL,'0016',NULL,5,1,'KOS DAN PROJEK',NULL,'Almost every organization needs to gather institutional knowledge, collate material from multiple sources, and share experiences and insights. And many companies achieve this by using wikis – web pages that can be worked on by multiple users.','But are wikis the best way to keep your information accessible and up-to-date? With a vast array of data-management and communication products now available, businesses have to choose their tools carefully. Wikis have moved on, too, giving organizations fresh options and new decisions to make.\r\n\r\nIn this article, we explore whether a wiki is the right way for you to collect and use information. If it is, we explain how to set up your wiki, and how to start using it effectively where you work.','In the right circumstances, a wiki can be a very efficient way to gather and distribute information. It can improve collaboration among team members who need to refer to, or work on, the same material. Anyone with the necessary editing rights can add ideas and observations as they occur, often in response to other people\'s updates.','Ahli Lembaga Pengurusan dipohon untuk mempertimbangkan cadangan Wikis can be set up temporarily, to support discrete projects, or developed over the longer term as ever-evolving archives of organizational knowledge.','2022-01-07','2022-01-31',0,0,0,0,1,0.00,350.00,0.00,0.00,0.00,0.00,6,'2022-01-05 22:25:36',NULL,131,'2022-01-05 22:21:42',NULL,131,'2022-01-05 22:21:42',NULL,112,'2022-01-04 21:43:49','If you\'re setting up a new project, a wiki might help your team to organize key documents, and add comments to them for others to discuss.\r\n\r\nOr maybe you\'ve noticed that important information about your company\'s culture and heritage is being lost when people leave. With a wiki, everyone could contribute to a collection of knowledge that would remain in place even after they themselves had moved on.',1,0,1,1,0,1,0,1,91,'2022-01-04 21:45:59','In the right circumstances, a wiki can be a very efficient way to gather and distribute information. It can improve collaboration among team members who need to refer to, or work on, the same material. Anyone with the necessary editing rights can add ideas and observations as they occur, often in response to other people\'s updates.',131,'2022-01-04 22:01:36','The flexible structure of wikis allows them to adapt as the information itself changes. Plus, by keeping a record of each step, edit by edit, wikis show how a project, an area of knowledge, or even a whole organization develops over time.',0,307,'2022-01-04 22:04:42','If not enough of these factors apply, or if you have difficulty stating how a wiki would benefit you, it\'s likely the wrong approach. What\'s more, if you already have effective ways to store, edit and communicate all the material you work with, a wiki may be more trouble than it\'s worth!',0,9,'2022-01-04 22:06:30','As a result, wikis can be used to manage high-value, company-wide knowledge and sometimes even opened up to people outside the host organization.',1,NULL,NULL,NULL,NULL,NULL,NULL,NULL,NULL,NULL,6,'2022-01-04 22:35:35','Before making your wiki live, get some feedback. Is its purpose clear? Is the content understandable and accurate? Is it obvious how other people should take it forward?\r\n\r\nIt\'s also a good idea to get someone else to road test your wiki. See if they can access it as you intended, and check that any changes they make appear as expected.',166,'Wikis are collaborative web pages. They can help you and your team to share institutional knowledge, discuss ideas, and work on projects together.\r\n\r\nHowever, open-access wikis are not suitable for all forms of information. Many organizations prefer systems that take a more controlled approach.\r\n\r\nBefore creating any type of wiki, first establish a business need. Then work out exactly what you want your wiki to do, and choose the right technology to do it.\r\n\r\nAddress any security implications, and put in place clear rules for use.\r\n\r\nMake sure that the \"foundation\" information you post is accurate and organized. Then ensure that all your people know how to use the wiki, so that it remains a safe and productive way to gather and share knowledge at work.','2022-01-04 22:16:46',NULL,0,NULL,'N',0,0,6,6,'2022-01-04 13:23:12','2022-01-05 14:25:36',NULL),(11,NULL,NULL,'0018',NULL,5,1,'KOS TIADA PROJEK',NULL,'Or maybe you\'ve noticed that important information about your company\'s culture and heritage is being lost when people leave. With a wiki, everyone could contribute to a collection of knowledge that would remain in place even after they themselves had moved on.','If not enough of these factors apply, or if you have difficulty stating how a wiki would benefit you, it\'s likely the wrong approach. What\'s more, if you already have effective ways to store, edit and communicate all the material you work with, a wiki may be more trouble than it\'s worth!','If you decide to bring in new technology, there are both free and paid-for options. Some systems allow you to design your own wiki in full, while others provide templates or can even produce the \"foundation\" wiki pages for you.','Ahli Lembaga Pengurusan dipohon untuk mempertimbangkan cadangan Some products, such as Tettra, give you additional control over users\' access. People can be given responsibility for particular areas of the wiki, and alerted when anyone else wants to make a change. Some also offer enhanced search and analytics tools, which will likely be increasingly important as your wiki develops.\r\n\r\nMany organizations are using systems like these to redefine their approach to wikis. While still allowing multiple users to contribute and collaborate, they also put more controls in place over how and when information is changed. In addition, they can be connected to other work-management tools.','2022-01-06','2022-01-29',0,0,0,0,0,0.00,1230.00,0.00,0.00,0.00,0.00,6,'2022-01-06 04:30:03',NULL,19,'2022-01-04 21:31:05',NULL,131,'2022-01-04 21:31:05',NULL,112,'2022-01-04 21:44:17','However, in other situations, some of these potential benefits can, in fact, become problems.\r\n\r\nWhen you let multiple users alter important information, inaccuracies can appear. Shared pages can quickly become cluttered and hard to navigate. And if people disagree about key points, conflict can arise – and be played out in public!',0,1,1,1,1,1,0,1,91,'2022-01-04 21:50:47','Because they\'re online, wikis can make it easier for teams – especially virtual teams – to cooperate on tasks, share notes and suggestions, and contribute resources. Where several authors are updating the same piece of work, a wiki can aid version control, as it\'s always clear which version is the most recent.',131,'2022-01-04 22:02:06','When you let multiple users alter important information, inaccuracies can appear. Shared pages can quickly become cluttered and hard to navigate. And if people disagree about key points, conflict can arise – and be played out in public!',0,307,'2022-01-04 22:05:04','If you decide to bring in new technology, there are both free and paid-for options. Some systems allow you to design your own wiki in full, while others provide templates or can even produce the \"foundation\" wiki pages for you.',0,9,'2022-01-04 22:07:19','When you create a wiki, carefully consider the levels of security it will require, and whether you need to put any of your own rules in place. Pay particular attention to data security, and liaise with your IT department to ensure that anything you set up complies with company policies and national laws.',0,NULL,NULL,NULL,NULL,NULL,NULL,NULL,NULL,NULL,NULL,NULL,NULL,NULL,NULL,NULL,'2022-05-04',0,NULL,'N',0,0,6,6,'2022-01-04 13:25:39','2022-01-05 20:30:03',NULL),(12,NULL,NULL,'0017',NULL,5,0,'TIADA KOS ADA PROJEK',NULL,'If you decide to bring in new technology, there are both free and paid-for options. Some systems allow you to design your own wiki in full, while others provide templates or can even produce the \"foundation\" wiki pages for you.','Decide who should have access to read and edit your wiki, and how much you want them to be able to do. Other controls will likely be in the form of \"rules for use.\" Maybe there are particular style points that you want users to stick to, or other important guidelines about how they should edit their own or other people\'s work.','Whatever technology you use for your wiki, make sure that you know who\'s in charge. Appoint curators for the whole wiki or just for particular parts. They can help by culling irrelevant material, and by guiding people to put their information in the right place.\r\n\r\nThis should also reduce the risk of conflicts developing between team members as they edit each other\'s work (known as \"edit warring\"). Curators can decide if and when posts appear, and whether certain discussions need to be held offline.','Ahli Lembaga Pengurusan dipohon untuk mempertimbangkan cadangan Writing in a wiki is different from other forms of communication, because your initial work will be changed – possibly many times, by many different authors.','2022-01-14','2022-02-03',0,0,0,0,1,0.00,0.00,0.00,0.00,0.00,0.00,6,'2022-01-05 22:25:42',NULL,131,'2022-01-05 22:20:58',NULL,131,'2022-01-05 22:20:58',NULL,NULL,NULL,NULL,0,0,0,0,0,0,0,0,NULL,NULL,NULL,131,'2022-01-04 21:41:59','Wikis are collaborative web pages. They can help you and your team to share institutional knowledge, discuss ideas, and work on projects together.\r\n\r\nHowever, open-access wikis are not suitable for all forms of information. Many organizations prefer systems that take a more controlled approach.\r\n\r\nBefore creating any type of wiki, first establish a business need. Then work out exactly what you want your wiki to do, and choose the right technology to do it.\r\n\r\nAddress any security implications, and put in place clear rules for use.\r\n\r\nMake sure that the \"foundation\" information you post is accurate and organized. Then ensure that all your people know how to use the wiki, so that it remains a safe and productive way to gather and share knowledge at work.',0,307,'2022-01-04 22:04:23',NULL,0,9,'2022-01-04 22:06:01','Many organizations are using systems like these to redefine their approach to wikis. While still allowing multiple users to contribute and collaborate, they also put more controls in place over how and when information is changed. In addition, they can be connected to other work-management tools.',1,NULL,NULL,NULL,NULL,NULL,NULL,NULL,NULL,NULL,6,'2022-01-04 22:31:09','Writing in a wiki is different from other forms of communication, because your initial work will be changed – possibly many times, by many different authors.',166,'However, open-access wikis are not suitable for all forms of information. Many organizations prefer systems that take a more controlled approach.\r\n\r\nBefore creating any type of wiki, first establish a business need. Then work out exactly what you want your wiki to do, and choose the right technology to do it.\r\n\r\nAddress any security implications, and put in place clear rules for use.\r\n\r\nMake sure that the \"foundation\" information you post is accurate and organized. Then ensure that all your people know how to use the wiki, so that it remains a safe and productive way to gather and share knowledge at work.','2022-01-04 22:17:39',NULL,0,NULL,'N',0,0,6,6,'2022-01-04 13:28:17','2022-01-05 14:25:42',NULL),(13,11,11,'0010/1',1,5,1,'KOS TIADA PROJEK ADD1',NULL,'Or maybe you\'ve noticed that important information about your company\'s culture and heritage is being lost when people leave. With a wiki, everyone could contribute to a collection of knowledge that would remain in place even after they themselves had moved on.','If not enough of these factors apply, or if you have difficulty stating how a wiki would benefit you, it\'s likely the wrong approach. What\'s more, if you already have effective ways to store, edit and communicate all the material you work with, a wiki may be more trouble than it\'s worth!','If you decide to bring in new technology, there are both free and paid-for options. Some systems allow you to design your own wiki in full, while others provide templates or can even produce the \"foundation\" wiki pages for you.','Ahli Lembaga Pengurusan dipohon untuk mempertimbangkan cadangan Some products, such as Tettra, give you additional control over users\' access. People can be given responsibility for particular areas of the wiki, and alerted when anyone else wants to make a change. Some also offer enhanced search and analytics tools, which will likely be increasingly important as your wiki develops.\r\n\r\nMany organizations are using systems like these to redefine their approach to wikis. While still allowing multiple users to contribute and collaborate, they also put more controls in place over how and when information is changed. In addition, they can be connected to other work-management tools.','2022-01-06','2022-01-29',0,0,NULL,0,0,0.00,3230.00,0.00,0.00,0.00,0.00,6,'2022-01-04 22:52:08',NULL,19,'2022-01-04 23:19:05',NULL,131,'2022-01-04 23:19:05',NULL,112,'2022-01-04 23:23:58','It\'s also a good idea to get someone else to road test your wiki. See if they can access it as you intended, and check that any changes they make appear as expected.',1,0,1,1,0,0,0,0,91,'2022-01-04 23:25:17','Before making your wiki live, get some feedback. Is its purpose clear? Is the content understandable and accurate? Is it obvious how other people should take it forward?',131,'2022-01-04 23:26:39','Decide who should have access to read and edit your wiki, and how much you want them to be able to do. Other controls will likely be in the form of \"rules for use.\" Maybe there are particular style points that you want users to stick to, or other important guidelines about how they should edit their own or other people\'s work.',0,307,'2022-01-04 23:28:45','Many organizations are using systems like these to redefine their approach to wikis. While still allowing multiple users to contribute and collaborate, they also put more controls in place over how and when information is changed. In addition, they can be connected to other work-management tools.',0,9,'2022-01-04 23:31:11','If you decide to bring in new technology, there are both free and paid-for options. Some systems allow you to design your own wiki in full, while others provide templates or can even produce the \"foundation\" wiki pages for you.',0,NULL,NULL,NULL,NULL,NULL,NULL,NULL,NULL,NULL,NULL,NULL,NULL,NULL,NULL,NULL,'2022-05-04',0,NULL,'H',0,0,6,9,'2022-01-04 14:39:53','2022-01-04 15:31:11',NULL),(14,10,10,'0009/1',1,5,1,'KOS DAN PROJEK ADD1',NULL,'Almost every organization needs to gather institutional knowledge, collate material from multiple sources, and share experiences and insights. And many companies achieve this by using wikis – web pages that can be worked on by multiple users.','But are wikis the best way to keep your information accessible and up-to-date? With a vast array of data-management and communication products now available, businesses have to choose their tools carefully. Wikis have moved on, too, giving organizations fresh options and new decisions to make.\r\n\r\nIn this article, we explore whether a wiki is the right way for you to collect and use information. If it is, we explain how to set up your wiki, and how to start using it effectively where you work.','In the right circumstances, a wiki can be a very efficient way to gather and distribute information. It can improve collaboration among team members who need to refer to, or work on, the same material. Anyone with the necessary editing rights can add ideas and observations as they occur, often in response to other people\'s updates.','Ahli Lembaga Pengurusan dipohon untuk mempertimbangkan cadangan Wikis can be set up temporarily, to support discrete projects, or developed over the longer term as ever-evolving archives of organizational knowledge.','2022-01-07','2022-01-31',0,0,NULL,0,0,0.00,2350.00,0.00,0.00,0.00,0.00,6,'2022-01-04 22:53:46',NULL,19,'2022-01-04 23:19:08',NULL,131,'2022-01-04 23:19:08',NULL,112,'2022-01-04 23:23:46','Writing in a wiki is different from other forms of communication, because your initial work will be changed – possibly many times, by many different authors.',0,1,1,1,0,0,0,0,91,'2022-01-04 23:25:26','Before making your wiki live, get some feedback. Is its purpose clear? Is the content understandable and accurate? Is it obvious how other people should take it forward?',131,'2022-01-04 23:26:31','Decide who should have access to read and edit your wiki, and how much you want them to be able to do. Other controls will likely be in the form of \"rules for use.\" Maybe there are particular style points that you want users to stick to, or other important guidelines about how they should edit their own or other people\'s work.',0,307,'2022-01-04 23:29:02','Many organizations are using systems like these to redefine their approach to wikis. While still allowing multiple users to contribute and collaborate, they also put more controls in place over how and when information is changed. In addition, they can be connected to other work-management tools.',0,9,'2022-01-04 23:31:01','If you decide to bring in new technology, there are both free and paid-for options. Some systems allow you to design your own wiki in full, while others provide templates or can even produce the \"foundation\" wiki pages for you.',1,NULL,NULL,NULL,NULL,NULL,NULL,NULL,NULL,NULL,6,'2022-01-04 23:35:08','If you\'re setting up a new project, a wiki might help your team to organize key documents, and add comments to them for others to discuss.',166,'Perhaps you\'ve identified the need for an accurate and up-to-date collection of team-building activities. If you gather these in a wiki, people in different departments will be able to add their own resources and share their ideas.','2022-01-04 23:33:59',NULL,0,NULL,'V',0,0,6,6,'2022-01-04 14:42:43','2022-01-04 15:35:08',NULL),(15,12,12,'0011/1',1,5,0,'TIADA KOS ADA PROJEK ADD1',NULL,'If you decide to bring in new technology, there are both free and paid-for options. Some systems allow you to design your own wiki in full, while others provide templates or can even produce the \"foundation\" wiki pages for you.','Decide who should have access to read and edit your wiki, and how much you want them to be able to do. Other controls will likely be in the form of \"rules for use.\" Maybe there are particular style points that you want users to stick to, or other important guidelines about how they should edit their own or other people\'s work.','Whatever technology you use for your wiki, make sure that you know who\'s in charge. Appoint curators for the whole wiki or just for particular parts. They can help by culling irrelevant material, and by guiding people to put their information in the right place.\r\n\r\nThis should also reduce the risk of conflicts developing between team members as they edit each other\'s work (known as \"edit warring\"). Curators can decide if and when posts appear, and whether certain discussions need to be held offline.','Ahli Lembaga Pengurusan dipohon untuk mempertimbangkan cadangan Writing in a wiki is different from other forms of communication, because your initial work will be changed – possibly many times, by many different authors.','2022-01-14','2022-02-03',0,0,NULL,0,0,0.00,0.00,0.00,0.00,0.00,0.00,6,'2022-01-04 22:53:56',NULL,19,'2022-01-04 23:19:14',NULL,131,'2022-01-04 23:19:14',NULL,NULL,NULL,NULL,0,0,0,0,0,0,0,0,NULL,NULL,NULL,131,'2022-01-04 23:22:56','sokong add bom 1',0,307,'2022-01-04 23:28:52','Many organizations are using systems like these to redefine their approach to wikis. While still allowing multiple users to contribute and collaborate, they also put more controls in place over how and when information is changed. In addition, they can be connected to other work-management tools.',0,9,'2022-01-04 23:31:20','If you decide to bring in new technology, there are both free and paid-for options. Some systems allow you to design your own wiki in full, while others provide templates or can even produce the \"foundation\" wiki pages for you.',1,NULL,NULL,NULL,NULL,NULL,NULL,NULL,NULL,NULL,6,'2022-01-04 23:35:13','If you\'re setting up a new project, a wiki might help your team to organize key documents, and add comments to them for others to discuss.',166,'Perhaps you\'ve identified the need for an accurate and up-to-date collection of team-building activities. If you gather these in a wiki, people in different departments will be able to add their own resources and share their ideas.','2022-01-04 23:34:06',NULL,0,NULL,'V',0,0,6,6,'2022-01-04 14:45:32','2022-01-04 15:35:13',NULL),(16,NULL,NULL,NULL,NULL,5,1,NULL,NULL,NULL,NULL,NULL,'Ahli Lembaga Pengurusan dipohon untuk mempertimbangkan cadangan …',NULL,NULL,0,0,0,NULL,0,0.00,0.00,0.00,0.00,0.00,0.00,6,NULL,NULL,19,NULL,NULL,131,NULL,NULL,NULL,NULL,NULL,0,0,0,0,0,0,0,0,NULL,NULL,NULL,NULL,NULL,NULL,0,NULL,NULL,NULL,0,NULL,NULL,NULL,0,NULL,NULL,NULL,NULL,NULL,NULL,NULL,NULL,NULL,NULL,NULL,NULL,NULL,NULL,NULL,NULL,0,NULL,'D',0,0,6,6,'2022-01-05 20:57:53','2022-01-05 20:57:53',NULL);

--
-- Table structure for table `permohonan_audit_trail`
--

CREATE TABLE `permohonan_audit_trail` (
  `permohonan_audit_trail_id` bigint(20) NOT NULL AUTO_INCREMENT,
  `permohonan_id` bigint(20) NOT NULL,
  `status` char(1) NOT NULL,
  `remarks` text,
  `created_by` int(11) NOT NULL,
  `created_at` timestamp NULL DEFAULT NULL,
  `updated_at` timestamp NOT NULL DEFAULT CURRENT_TIMESTAMP,
  `deleted_at` timestamp NULL DEFAULT NULL,
  PRIMARY KEY (`permohonan_audit_trail_id`),
  KEY `idx_permohonantrail_permohonanid` (`permohonan_id`),
  KEY `idx_permohonantrail_createdby` (`created_by`)
) ENGINE=InnoDB AUTO_INCREMENT=138 DEFAULT CHARSET=latin1;

--
-- Dumping data for table `permohonan_audit_trail`
--

INSERT INTO `permohonan_audit_trail` VALUES (1,1,'D',NULL,6,'2021-12-30 15:57:44','2021-12-30 15:57:44',NULL),(3,1,'N',NULL,6,'2021-12-30 16:15:39','2021-12-30 16:15:39',NULL),(4,2,'N',NULL,6,'2021-12-30 17:24:53','2021-12-30 17:24:53',NULL),(5,2,'T',NULL,19,'2021-12-30 17:37:25','2021-12-30 17:37:25',NULL),(6,2,'S',NULL,131,'2021-12-30 18:35:55','2021-12-30 18:35:55',NULL),(7,2,'M',NULL,112,'2021-12-30 18:41:22','2021-12-30 18:41:22',NULL),(8,2,'E',NULL,91,'2021-12-30 18:50:26','2021-12-30 18:50:26',NULL),(9,2,'F',NULL,131,'2021-12-30 18:54:46','2021-12-30 18:54:46',NULL),(10,2,'G',NULL,304,'2021-12-30 19:17:54','2021-12-30 19:17:54',NULL),(11,2,'G',NULL,307,'2021-12-30 19:18:59','2021-12-30 19:18:59',NULL),(12,2,'H',NULL,9,'2021-12-30 19:25:09','2021-12-30 19:25:09','2021-12-31 08:00:16'),(13,2,'H',NULL,9,'2021-12-30 19:29:16','2021-12-30 19:29:16','2021-12-31 08:00:14'),(14,2,'I','perlu mesyuarat',9,'2021-12-30 19:30:44','2021-12-30 19:30:44',NULL),(15,2,'H',NULL,9,'2021-12-30 19:33:19','2021-12-30 19:33:19','2021-12-31 08:00:10'),(16,2,'H','Mesyuarat bersetuju meluluskan permohonan dengan beberapa syarat.',166,'2021-12-30 19:55:35','2021-12-30 19:55:35',NULL),(17,2,'Z',NULL,6,'2021-12-31 08:04:49','2021-12-31 08:04:49',NULL),(18,1,'Z',NULL,6,'2021-12-31 16:14:34','2021-12-31 16:14:34',NULL),(19,3,'D',NULL,6,'2021-12-31 16:18:47','2021-12-31 16:18:47','2022-01-04 00:02:05'),(20,4,'D',NULL,6,'2022-01-01 17:42:22','2022-01-01 17:42:22',NULL),(21,4,'N',NULL,6,'2022-01-01 17:45:56','2022-01-01 17:45:56',NULL),(22,4,'T',NULL,19,'2022-01-01 17:56:24','2022-01-01 17:56:24',NULL),(23,4,'S',NULL,131,'2022-01-01 18:00:57','2022-01-01 18:00:57',NULL),(24,4,'M',NULL,112,'2022-01-01 18:02:50','2022-01-01 18:02:50',NULL),(25,4,'E','test semula',91,'2022-01-01 18:07:06','2022-01-01 18:07:06',NULL),(26,4,'F',NULL,131,'2022-01-01 18:07:46','2022-01-01 18:07:46',NULL),(27,4,'G',NULL,304,'2022-01-01 18:09:11','2022-01-01 18:09:11',NULL),(28,4,'G',NULL,307,'2022-01-01 18:10:30','2022-01-01 18:10:30',NULL),(29,4,'I','perlu mesyuarat',9,'2022-01-01 18:11:54','2022-01-01 18:11:54',NULL),(30,5,'N',NULL,6,'2022-01-02 14:50:40','2022-01-02 14:50:40',NULL),(31,5,'Z',NULL,6,'2022-01-02 14:51:04','2022-01-02 14:51:04',NULL),(32,5,'O',NULL,19,'2022-01-02 14:54:06','2022-01-02 14:54:06',NULL),(33,5,'T',NULL,6,'2022-01-02 14:56:40','2022-01-02 14:56:40',NULL),(37,5,'E',NULL,131,'2022-01-02 15:16:20','2022-01-02 15:16:20',NULL),(38,5,'F','OK',131,'2022-01-02 15:17:24','2022-01-02 15:17:24',NULL),(39,5,'G','dsdsd',304,'2022-01-02 15:19:13','2022-01-02 15:19:14',NULL),(40,5,'G',NULL,307,'2022-01-02 15:19:38','2022-01-02 15:19:38',NULL),(41,5,'H','test',9,'2022-01-02 15:20:37','2022-01-02 15:20:37',NULL),(42,1,'S',NULL,19,'2022-01-03 17:07:48','2022-01-03 17:07:48',NULL),(43,1,'Z',NULL,6,'2022-01-03 17:41:32','2022-01-03 17:41:32',NULL),(44,1,'Z',NULL,6,'2022-01-03 17:46:45','2022-01-03 17:46:45',NULL),(45,1,'Z',NULL,8,'2022-01-03 17:56:47','2022-01-03 17:56:47',NULL),(46,1,'Z',NULL,8,'2022-01-03 17:57:29','2022-01-03 17:57:29',NULL),(47,1,'Z',NULL,6,'2022-01-03 17:57:42','2022-01-03 17:57:42',NULL),(48,6,'N',NULL,6,'2022-01-03 18:12:16','2022-01-03 18:12:16',NULL),(49,6,'S',NULL,19,'2022-01-03 18:13:42','2022-01-03 18:13:42',NULL),(50,6,'S',NULL,131,'2022-01-03 18:15:38','2022-01-03 18:15:38',NULL),(51,6,'M',NULL,112,'2022-01-03 19:06:26','2022-01-03 19:06:26',NULL),(52,7,'D',NULL,31,'2022-01-04 05:40:16','2022-01-04 05:40:16',NULL),(53,8,'N',NULL,6,'2022-01-04 06:10:24','2022-01-04 06:10:24',NULL),(54,8,'S',NULL,19,'2022-01-04 06:11:29','2022-01-04 06:11:29',NULL),(55,9,'N',NULL,6,'2022-01-04 08:02:36','2022-01-04 08:02:36',NULL),(56,9,'Z',NULL,6,'2022-01-04 08:03:43','2022-01-04 08:03:43',NULL),(57,10,'N',NULL,6,'2022-01-04 13:23:12','2022-01-04 13:23:12',NULL),(58,11,'N',NULL,6,'2022-01-04 13:25:39','2022-01-04 13:25:39',NULL),(59,12,'N',NULL,6,'2022-01-04 13:28:17','2022-01-04 13:28:17',NULL),(60,9,'S',NULL,19,'2022-01-04 13:29:21','2022-01-04 13:29:21',NULL),(61,10,'S',NULL,19,'2022-01-04 13:29:53','2022-01-04 13:29:53',NULL),(62,11,'S',NULL,19,'2022-01-04 13:31:05','2022-01-04 13:31:05',NULL),(63,12,'S',NULL,19,'2022-01-04 13:34:01','2022-01-04 13:34:01',NULL),(64,9,'S',NULL,131,'2022-01-04 13:34:55','2022-01-04 13:34:55',NULL),(65,10,'S',NULL,131,'2022-01-04 13:35:25','2022-01-04 13:35:25',NULL),(66,11,'S',NULL,131,'2022-01-04 13:35:42','2022-01-04 13:35:42',NULL),(67,12,'E',NULL,131,'2022-01-04 13:37:45','2022-01-04 13:37:45',NULL),(68,12,'F','Wikis are collaborative web pages. They can help you and your team to share institutional knowledge, discuss ideas, and work on projects together.\r\n\r\nHowever, open-access wikis are not suitable for all forms of information. Many organizations prefer systems that take a more controlled approach.\r\n\r\nBefore creating any type of wiki, first establish a business need. Then work out exactly what you want your wiki to do, and choose the right technology to do it.\r\n\r\nAddress any security implications, and put in place clear rules for use.\r\n\r\nMake sure that the \"foundation\" information you post is accurate and organized. Then ensure that all your people know how to use the wiki, so that it remains a safe and productive way to gather and share knowledge at work.',131,'2022-01-04 13:41:59','2022-01-04 13:41:59',NULL),(69,10,'M','If you\'re setting up a new project, a wiki might help your team to organize key documents, and add comments to them for others to discuss.\r\n\r\nOr maybe you\'ve noticed that important information about your company\'s culture and heritage is being lost when people leave. With a wiki, everyone could contribute to a collection of knowledge that would remain in place even after they themselves had moved on.',112,'2022-01-04 13:43:49','2022-01-04 13:43:49',NULL),(70,11,'M','However, in other situations, some of these potential benefits can, in fact, become problems.\r\n\r\nWhen you let multiple users alter important information, inaccuracies can appear. Shared pages can quickly become cluttered and hard to navigate. And if people disagree about key points, conflict can arise – and be played out in public!',112,'2022-01-04 13:44:17','2022-01-04 13:44:17',NULL),(71,10,'E','In the right circumstances, a wiki can be a very efficient way to gather and distribute information. It can improve collaboration among team members who need to refer to, or work on, the same material. Anyone with the necessary editing rights can add ideas and observations as they occur, often in response to other people\'s updates.',91,'2022-01-04 13:45:59','2022-01-04 13:45:59',NULL),(72,11,'E','Because they\'re online, wikis can make it easier for teams – especially virtual teams – to cooperate on tasks, share notes and suggestions, and contribute resources. Where several authors are updating the same piece of work, a wiki can aid version control, as it\'s always clear which version is the most recent.',91,'2022-01-04 13:50:47','2022-01-04 13:50:47',NULL),(73,10,'F','The flexible structure of wikis allows them to adapt as the information itself changes. Plus, by keeping a record of each step, edit by edit, wikis show how a project, an area of knowledge, or even a whole organization develops over time.',131,'2022-01-04 14:01:36','2022-01-04 14:01:36',NULL),(74,11,'F','When you let multiple users alter important information, inaccuracies can appear. Shared pages can quickly become cluttered and hard to navigate. And if people disagree about key points, conflict can arise – and be played out in public!',131,'2022-01-04 14:02:06','2022-01-04 14:02:06',NULL),(75,12,'I','Even if you do decide to use a wiki, there are many different types, so you\'ll need to select wisely in order to reap the benefits and avoid the pitfalls. And the first question to ask is: do you need to create a wiki at all?',304,'2022-01-04 14:03:01','2022-01-04 14:03:01',NULL),(76,10,'G','Perhaps you\'ve identified the need for an accurate and up-to-date collection of team-building activities. If you gather these in a wiki, people in different departments will be able to add their own resources and share their ideas.',304,'2022-01-04 14:03:19','2022-01-04 14:03:19',NULL),(77,11,'I','Or maybe you\'ve noticed that important information about your company\'s culture and heritage is being lost when people leave. With a wiki, everyone could contribute to a collection of knowledge that would remain in place even after they themselves had moved on.',304,'2022-01-04 14:03:38','2022-01-04 14:03:38',NULL),(78,12,'G',NULL,307,'2022-01-04 14:04:23','2022-01-04 14:04:23',NULL),(79,10,'G','If not enough of these factors apply, or if you have difficulty stating how a wiki would benefit you, it\'s likely the wrong approach. What\'s more, if you already have effective ways to store, edit and communicate all the material you work with, a wiki may be more trouble than it\'s worth!',307,'2022-01-04 14:04:42','2022-01-04 14:04:42',NULL),(80,11,'G','If you decide to bring in new technology, there are both free and paid-for options. Some systems allow you to design your own wiki in full, while others provide templates or can even produce the \"foundation\" wiki pages for you.',307,'2022-01-04 14:05:04','2022-01-04 14:05:04',NULL),(81,12,'I','Many organizations are using systems like these to redefine their approach to wikis. While still allowing multiple users to contribute and collaborate, they also put more controls in place over how and when information is changed. In addition, they can be connected to other work-management tools.',9,'2022-01-04 14:06:01','2022-01-04 14:06:01',NULL),(82,10,'I','As a result, wikis can be used to manage high-value, company-wide knowledge and sometimes even opened up to people outside the host organization.',9,'2022-01-04 14:06:30','2022-01-04 14:06:30',NULL),(83,11,'H','When you create a wiki, carefully consider the levels of security it will require, and whether you need to put any of your own rules in place. Pay particular attention to data security, and liaise with your IT department to ensure that anything you set up complies with company policies and national laws.',9,'2022-01-04 14:07:19','2022-01-04 14:07:19',NULL),(84,10,'L','Wikis are collaborative web pages. They can help you and your team to share institutional knowledge, discuss ideas, and work on projects together.\r\n\r\nHowever, open-access wikis are not suitable for all forms of information. Many organizations prefer systems that take a more controlled approach.\r\n\r\nBefore creating any type of wiki, first establish a business need. Then work out exactly what you want your wiki to do, and choose the right technology to do it.\r\n\r\nAddress any security implications, and put in place clear rules for use.\r\n\r\nMake sure that the \"foundation\" information you post is accurate and organized. Then ensure that all your people know how to use the wiki, so that it remains a safe and productive way to gather and share knowledge at work.',166,'2022-01-04 14:12:28','2022-01-04 14:12:28',NULL),(85,10,'H','Wikis are collaborative web pages. They can help you and your team to share institutional knowledge, discuss ideas, and work on projects together.\r\n\r\nHowever, open-access wikis are not suitable for all forms of information. Many organizations prefer systems that take a more controlled approach.\r\n\r\nBefore creating any type of wiki, first establish a business need. Then work out exactly what you want your wiki to do, and choose the right technology to do it.\r\n\r\nAddress any security implications, and put in place clear rules for use.\r\n\r\nMake sure that the \"foundation\" information you post is accurate and organized. Then ensure that all your people know how to use the wiki, so that it remains a safe and productive way to gather and share knowledge at work.',166,'2022-01-04 14:16:46','2022-01-04 14:16:46',NULL),(86,12,'H','However, open-access wikis are not suitable for all forms of information. Many organizations prefer systems that take a more controlled approach.\r\n\r\nBefore creating any type of wiki, first establish a business need. Then work out exactly what you want your wiki to do, and choose the right technology to do it.\r\n\r\nAddress any security implications, and put in place clear rules for use.\r\n\r\nMake sure that the \"foundation\" information you post is accurate and organized. Then ensure that all your people know how to use the wiki, so that it remains a safe and productive way to gather and share knowledge at work.',166,'2022-01-04 14:17:39','2022-01-04 14:17:39',NULL),(88,12,'V','Writing in a wiki is different from other forms of communication, because your initial work will be changed – possibly many times, by many different authors.',6,'2022-01-04 14:31:09','2022-01-04 14:31:09',NULL),(89,10,'V','Before making your wiki live, get some feedback. Is its purpose clear? Is the content understandable and accurate? Is it obvious how other people should take it forward?\r\n\r\nIt\'s also a good idea to get someone else to road test your wiki. See if they can access it as you intended, and check that any changes they make appear as expected.',6,'2022-01-04 14:35:35','2022-01-04 14:35:35',NULL),(90,13,'N',NULL,6,'2022-01-04 14:52:08','2022-01-04 14:52:08',NULL),(91,14,'N',NULL,6,'2022-01-04 14:53:33','2022-01-04 14:53:33',NULL),(92,14,'N',NULL,6,'2022-01-04 14:53:46','2022-01-04 14:53:46',NULL),(93,15,'N',NULL,6,'2022-01-04 14:53:56','2022-01-04 14:53:56',NULL),(94,14,'Z',NULL,6,'2022-01-04 14:54:42','2022-01-04 14:54:42',NULL),(95,13,'Z',NULL,6,'2022-01-04 14:54:50','2022-01-04 14:54:50',NULL),(96,13,'S',NULL,19,'2022-01-04 15:19:05','2022-01-04 15:19:05',NULL),(97,14,'S',NULL,19,'2022-01-04 15:19:08','2022-01-04 15:19:08',NULL),(98,15,'S',NULL,19,'2022-01-04 15:19:14','2022-01-04 15:19:14',NULL),(99,13,'S',NULL,131,'2022-01-04 15:21:34','2022-01-04 15:21:34',NULL),(100,14,'S',NULL,131,'2022-01-04 15:21:39','2022-01-04 15:21:39',NULL),(101,15,'E',NULL,131,'2022-01-04 15:21:46','2022-01-04 15:21:46',NULL),(102,15,'F','sokong add bom 1',131,'2022-01-04 15:22:56','2022-01-04 15:22:56',NULL),(103,14,'M','Writing in a wiki is different from other forms of communication, because your initial work will be changed – possibly many times, by many different authors.',112,'2022-01-04 15:23:46','2022-01-04 15:23:46',NULL),(104,13,'M','It\'s also a good idea to get someone else to road test your wiki. See if they can access it as you intended, and check that any changes they make appear as expected.',112,'2022-01-04 15:23:58','2022-01-04 15:23:58',NULL),(105,13,'E','Before making your wiki live, get some feedback. Is its purpose clear? Is the content understandable and accurate? Is it obvious how other people should take it forward?',91,'2022-01-04 15:25:17','2022-01-04 15:25:17',NULL),(106,14,'E','Before making your wiki live, get some feedback. Is its purpose clear? Is the content understandable and accurate? Is it obvious how other people should take it forward?',91,'2022-01-04 15:25:26','2022-01-04 15:25:26',NULL),(107,14,'F','Decide who should have access to read and edit your wiki, and how much you want them to be able to do. Other controls will likely be in the form of \"rules for use.\" Maybe there are particular style points that you want users to stick to, or other important guidelines about how they should edit their own or other people\'s work.',131,'2022-01-04 15:26:31','2022-01-04 15:26:31',NULL),(108,13,'F','Decide who should have access to read and edit your wiki, and how much you want them to be able to do. Other controls will likely be in the form of \"rules for use.\" Maybe there are particular style points that you want users to stick to, or other important guidelines about how they should edit their own or other people\'s work.',131,'2022-01-04 15:26:41','2022-01-04 15:26:41',NULL),(109,15,'G','When you create a wiki, carefully consider the levels of security it will require, and whether you need to put any of your own rules in place. Pay particular attention to data security, and liaise with your IT department to ensure that anything you set up complies with company policies and national laws.',304,'2022-01-04 15:27:38','2022-01-04 15:27:38',NULL),(110,14,'G','When you create a wiki, carefully consider the levels of security it will require, and whether you need to put any of your own rules in place. Pay particular attention to data security, and liaise with your IT department to ensure that anything you set up complies with company policies and national laws.',304,'2022-01-04 15:27:49','2022-01-04 15:27:49',NULL),(111,13,'I','When you create a wiki, carefully consider the levels of security it will require, and whether you need to put any of your own rules in place. Pay particular attention to data security, and liaise with your IT department to ensure that anything you set up complies with company policies and national laws.',304,'2022-01-04 15:27:56','2022-01-04 15:27:56',NULL),(112,13,'G','Many organizations are using systems like these to redefine their approach to wikis. While still allowing multiple users to contribute and collaborate, they also put more controls in place over how and when information is changed. In addition, they can be connected to other work-management tools.',307,'2022-01-04 15:28:45','2022-01-04 15:28:45',NULL),(113,15,'I','Many organizations are using systems like these to redefine their approach to wikis. While still allowing multiple users to contribute and collaborate, they also put more controls in place over how and when information is changed. In addition, they can be connected to other work-management tools.',307,'2022-01-04 15:28:52','2022-01-04 15:28:52',NULL),(114,14,'I','Many organizations are using systems like these to redefine their approach to wikis. While still allowing multiple users to contribute and collaborate, they also put more controls in place over how and when information is changed. In addition, they can be connected to other work-management tools.',307,'2022-01-04 15:29:02','2022-01-04 15:29:02',NULL),(115,14,'I','If you decide to bring in new technology, there are both free and paid-for options. Some systems allow you to design your own wiki in full, while others provide templates or can even produce the \"foundation\" wiki pages for you.',9,'2022-01-04 15:31:01','2022-01-04 15:31:01',NULL),(116,13,'H','If you decide to bring in new technology, there are both free and paid-for options. Some systems allow you to design your own wiki in full, while others provide templates or can even produce the \"foundation\" wiki pages for you.',9,'2022-01-04 15:31:11','2022-01-04 15:31:11',NULL),(117,15,'I','If you decide to bring in new technology, there are both free and paid-for options. Some systems allow you to design your own wiki in full, while others provide templates or can even produce the \"foundation\" wiki pages for you.',9,'2022-01-04 15:31:20','2022-01-04 15:31:20',NULL),(118,14,'H','Perhaps you\'ve identified the need for an accurate and up-to-date collection of team-building activities. If you gather these in a wiki, people in different departments will be able to add their own resources and share their ideas.',166,'2022-01-04 15:33:59','2022-01-04 15:33:59',NULL),(119,15,'H','Perhaps you\'ve identified the need for an accurate and up-to-date collection of team-building activities. If you gather these in a wiki, people in different departments will be able to add their own resources and share their ideas.',166,'2022-01-04 15:34:06','2022-01-04 15:34:06',NULL),(120,14,'V','If you\'re setting up a new project, a wiki might help your team to organize key documents, and add comments to them for others to discuss.',6,'2022-01-04 15:35:08','2022-01-04 15:35:08',NULL),(121,15,'V','If you\'re setting up a new project, a wiki might help your team to organize key documents, and add comments to them for others to discuss.',6,'2022-01-04 15:35:13','2022-01-04 15:35:13',NULL),(122,12,'N',NULL,6,'2022-01-05 13:46:01','2022-01-05 13:46:01',NULL),(123,12,'T',NULL,19,'2022-01-05 13:46:47','2022-01-05 13:46:47',NULL),(124,12,'E',NULL,131,'2022-01-05 13:47:54','2022-01-05 13:47:54',NULL),(125,12,'T',NULL,131,'2022-01-05 13:58:31','2022-01-05 13:58:31',NULL),(126,10,'N',NULL,6,'2022-01-05 14:05:09','2022-01-05 14:05:09',NULL),(127,10,'S',NULL,19,'2022-01-05 14:06:49','2022-01-05 14:06:49',NULL),(128,10,'S',NULL,131,'2022-01-05 14:08:40','2022-01-05 14:08:40',NULL),(129,10,'T',NULL,131,'2022-01-05 14:17:13','2022-01-05 14:17:13',NULL),(130,10,'N',NULL,6,'2022-01-05 14:18:30','2022-01-05 14:18:31',NULL),(131,12,'N',NULL,6,'2022-01-05 14:18:44','2022-01-05 14:18:44',NULL),(132,12,'O',NULL,131,'2022-01-05 14:20:58','2022-01-05 14:20:58',NULL),(133,10,'T',NULL,131,'2022-01-05 14:21:42','2022-01-05 14:21:42',NULL),(134,10,'N',NULL,6,'2022-01-05 14:25:36','2022-01-05 14:25:36',NULL),(135,12,'N',NULL,6,'2022-01-05 14:25:42','2022-01-05 14:25:42',NULL),(136,11,'N',NULL,6,'2022-01-05 20:30:03','2022-01-05 20:30:03',NULL),(137,16,'D',NULL,6,'2022-01-05 20:57:53','2022-01-05 20:57:53',NULL);

--
-- Table structure for table `permohonan_cost`
--

CREATE TABLE `permohonan_cost` (
  `permohonan_cost_id` bigint(20) NOT NULL AUTO_INCREMENT,
  `permohonan_id` bigint(20) NOT NULL,
  `option_no` int(11) NOT NULL DEFAULT '1',
  `cost_desc` varchar(255) DEFAULT NULL,
  `is_bom_tambahan` int(11) NOT NULL DEFAULT '0',
  `sub_allocation_id` int(11) NOT NULL,
  `allocation_year_id` int(11) DEFAULT NULL,
  `owned_by` int(11) DEFAULT NULL COMMENT 'budget owner',
  `owner_response_status` char(1) NOT NULL DEFAULT 'P' COMMENT 'P-pending response,R-tidak sokong,A-sokong',
  `owner_response_remarks` text,
  `owner_response_date` datetime DEFAULT NULL,
  `previous_cost` decimal(10,2) NOT NULL DEFAULT '0.00',
  `applied_cost` decimal(10,2) NOT NULL DEFAULT '0.00',
  `asset_id` int(11) NOT NULL,
  `asset_type_id` int(11) NOT NULL,
  `expiry_date` date DEFAULT NULL,
  `is_approved` int(11) NOT NULL DEFAULT '0',
  `created_by` int(11) NOT NULL,
  `updated_by` int(11) NOT NULL,
  `created_at` timestamp NULL DEFAULT NULL,
  `updated_at` timestamp NOT NULL DEFAULT CURRENT_TIMESTAMP,
  `deleted_at` timestamp NULL DEFAULT NULL,
  PRIMARY KEY (`permohonan_cost_id`),
  KEY `idx_permohonancost_permohonanid` (`permohonan_id`),
  KEY `idx_permohonancost_suballocation` (`sub_allocation_id`),
  KEY `idx_permohonancost_asset` (`asset_id`),
  KEY `idx_permohonancost_assettype` (`asset_type_id`),
  KEY `idx_permohonancost_createdby` (`created_by`),
  KEY `idx_permohonancost_updatedby` (`updated_by`),
  KEY `idx_permohonancost_allocationyear` (`allocation_year_id`),
  KEY `idx_permohonancost_owner` (`owned_by`),
  KEY `idx_permohonancost_responsestatus` (`owner_response_status`),
  KEY `idx_permohonancost_optionno` (`option_no`)
) ENGINE=InnoDB AUTO_INCREMENT=35 DEFAULT CHARSET=latin1;

--
-- Dumping data for table `permohonan_cost`
--

INSERT INTO `permohonan_cost` VALUES (1,2,1,'PERKARA 1',0,6,147,112,'A',NULL,'2021-12-31 02:41:22',0.00,2100.00,0,40,NULL,0,6,6,'2021-12-30 17:24:53','2021-12-30 17:24:53','2021-12-31 00:04:49'),(2,2,1,'PERKARA 2',0,8,149,112,'A',NULL,'2021-12-31 02:41:22',0.00,3400.00,0,79,NULL,0,6,6,'2021-12-30 17:24:53','2021-12-30 17:24:53','2021-12-31 00:04:49'),(3,2,1,'PERKARA 1',0,6,147,112,'P',NULL,NULL,0.00,2100.00,0,40,NULL,0,6,6,'2021-12-31 08:04:49','2021-12-31 08:04:49',NULL),(4,2,1,'PERKARA 2',0,8,149,112,'P',NULL,NULL,0.00,3400.00,0,79,NULL,0,6,6,'2021-12-31 08:04:49','2021-12-31 08:04:49',NULL),(5,4,1,'PERKARA 1',0,6,65,112,'P',NULL,NULL,0.00,0.00,0,44,NULL,0,6,6,'2022-01-01 17:42:22','2022-01-01 17:42:22','2022-01-01 09:44:11'),(6,4,1,'PERKARA 2',0,6,65,112,'P',NULL,NULL,0.00,0.00,0,79,NULL,0,6,6,'2022-01-01 17:42:22','2022-01-01 17:42:22','2022-01-01 09:44:11'),(7,4,1,'PERKARA 1',0,6,65,112,'P',NULL,NULL,0.00,0.00,0,44,NULL,0,6,6,'2022-01-01 17:44:11','2022-01-01 17:44:11','2022-01-01 09:44:34'),(8,4,1,'PERKARA 2',0,6,65,112,'P',NULL,NULL,0.00,0.00,0,79,NULL,0,6,6,'2022-01-01 17:44:11','2022-01-01 17:44:11','2022-01-01 09:44:34'),(9,4,1,'PERKARA 1',0,6,65,112,'P',NULL,NULL,0.00,0.00,0,44,NULL,0,6,6,'2022-01-01 17:44:34','2022-01-01 17:44:34','2022-01-01 09:45:56'),(10,4,1,'PERKARA 2',0,6,65,112,'P',NULL,NULL,0.00,0.00,0,79,NULL,0,6,6,'2022-01-01 17:44:34','2022-01-01 17:44:34','2022-01-01 09:45:56'),(11,4,1,'PERKARA 1',0,6,65,112,'A',NULL,'2022-01-02 02:02:50',0.00,4500.00,0,44,NULL,0,6,6,'2022-01-01 17:45:56','2022-01-01 17:45:56',NULL),(12,4,1,'PERKARA 2',0,6,65,112,'A',NULL,'2022-01-02 02:02:50',0.00,2300.00,0,79,NULL,0,6,6,'2022-01-01 17:45:56','2022-01-01 17:45:56',NULL),(13,6,1,'TEST SINGLE 1',0,13,72,112,'A',NULL,'2022-01-04 03:06:26',0.00,23000.00,0,65,NULL,0,6,6,'2022-01-03 18:12:16','2022-01-03 18:12:16',NULL),(14,6,1,'TEST SINGLE 2',0,13,72,112,'P',NULL,NULL,0.00,111.00,0,66,NULL,0,6,6,'2022-01-03 18:12:16','2022-01-03 18:12:16','2022-01-03 18:12:16'),(15,8,1,'DSADS',0,5,64,112,'P',NULL,NULL,0.00,23010.00,0,44,NULL,0,6,6,'2022-01-04 06:10:24','2022-01-04 06:10:24',NULL),(16,8,1,'DSADSADAS',0,8,67,112,'P',NULL,NULL,0.00,1200.00,0,44,NULL,0,6,6,'2022-01-04 06:10:24','2022-01-04 06:10:24',NULL),(17,9,1,'TEST 1',0,6,65,112,'P',NULL,NULL,0.00,345.00,0,2,NULL,0,6,6,'2022-01-04 08:03:43','2022-01-04 08:03:43',NULL),(18,10,1,'HOWEVER, IN OTHER SITUATIONS, SOME OF THESE POTENTIAL BENEFITS CAN, IN FACT, BECOME PROBLEMS.',0,13,72,112,'A','If you\'re setting up a new project, a wiki might help your team to organize key documents, and add comments to them for others to discuss.\r\n\r\nOr maybe you\'ve noticed that important information about your company\'s culture and heritage is being lost when people leave. With a wiki, everyone could contribute to a collection of knowledge that would remain in place even after they themselves had moved on.','2022-01-04 21:43:49',0.00,100.00,0,65,'2022-05-04',1,6,6,'2022-01-04 13:23:12','2022-01-04 13:23:12','2022-01-05 06:05:09'),(19,10,1,'EVEN IF YOU DO DECIDE TO USE A WIKI, THERE ARE MANY DIFFERENT TYPES, SO YOU\'LL NEED TO SELECT WISELY IN ORDER TO REAP THE BENEFITS AND AVOID THE PITFALLS.',0,13,72,112,'A','If you\'re setting up a new project, a wiki might help your team to organize key documents, and add comments to them for others to discuss.\r\n\r\nOr maybe you\'ve noticed that important information about your company\'s culture and heritage is being lost when people leave. With a wiki, everyone could contribute to a collection of knowledge that would remain in place even after they themselves had moved on.','2022-01-04 21:43:49',0.00,250.00,0,80,'2022-05-04',1,6,6,'2022-01-04 13:23:12','2022-01-04 13:23:12','2022-01-05 06:05:09'),(20,11,1,'IF YOU DECIDE TO BRING IN NEW TECHNOLOGY',0,13,72,112,'A','However, in other situations, some of these potential benefits can, in fact, become problems.\r\n\r\nWhen you let multiple users alter important information, inaccuracies can appear. Shared pages can quickly become cluttered and hard to navigate. And if people disagree about key points, conflict can arise – and be played out in public!','2022-01-04 21:44:17',0.00,340.00,0,40,NULL,0,6,6,'2022-01-04 13:25:39','2022-01-04 13:25:39','2022-01-05 12:30:03'),(21,11,1,'MANY ORGANIZATIONS ARE USING SYSTEMS',0,13,72,112,'A','However, in other situations, some of these potential benefits can, in fact, become problems.\r\n\r\nWhen you let multiple users alter important information, inaccuracies can appear. Shared pages can quickly become cluttered and hard to navigate. And if people disagree about key points, conflict can arise – and be played out in public!','2022-01-04 21:44:17',0.00,890.00,0,40,NULL,0,6,6,'2022-01-04 13:25:39','2022-01-04 13:25:39','2022-01-05 12:30:03'),(22,13,1,'IF YOU DECIDE TO BRING IN NEW TECHNOLOGY',0,13,72,112,'A','It\'s also a good idea to get someone else to road test your wiki. See if they can access it as you intended, and check that any changes they make appear as expected.','2022-01-04 23:23:58',340.00,1340.00,0,40,'2022-05-04',1,6,6,'2022-01-04 14:39:53','2022-01-04 14:54:50',NULL),(23,13,1,'MANY ORGANIZATIONS ARE USING SYSTEMS',0,13,72,112,'A','It\'s also a good idea to get someone else to road test your wiki. See if they can access it as you intended, and check that any changes they make appear as expected.','2022-01-04 23:23:58',890.00,1890.00,0,40,'2022-05-04',1,6,6,'2022-01-04 14:39:53','2022-01-04 14:54:50',NULL),(24,14,1,'HOWEVER, IN OTHER SITUATIONS, SOME OF THESE POTENTIAL BENEFITS CAN, IN FACT, BECOME PROBLEMS.',0,13,72,112,'A','Writing in a wiki is different from other forms of communication, because your initial work will be changed – possibly many times, by many different authors.','2022-01-04 23:23:46',100.00,1100.00,0,65,NULL,0,6,6,'2022-01-04 14:42:43','2022-01-04 14:54:42',NULL),(25,14,1,'EVEN IF YOU DO DECIDE TO USE A WIKI, THERE ARE MANY DIFFERENT TYPES, SO YOU\'LL NEED TO SELECT WISELY IN ORDER TO REAP THE BENEFITS AND AVOID THE PITFALLS.',0,13,72,112,'A','Writing in a wiki is different from other forms of communication, because your initial work will be changed – possibly many times, by many different authors.','2022-01-04 23:23:46',250.00,1250.00,0,80,NULL,0,6,6,'2022-01-04 14:42:43','2022-01-04 14:54:42',NULL),(26,10,1,'HOWEVER, IN OTHER SITUATIONS, SOME OF THESE POTENTIAL BENEFITS CAN, IN FACT, BECOME PROBLEMS.',0,13,72,112,'P',NULL,NULL,0.00,100.00,0,65,NULL,0,6,6,'2022-01-05 14:05:09','2022-01-05 14:05:09','2022-01-05 06:18:31'),(27,10,1,'EVEN IF YOU DO DECIDE TO USE A WIKI, THERE ARE MANY DIFFERENT TYPES, SO YOU\'LL NEED TO SELECT WISELY IN ORDER TO REAP THE BENEFITS AND AVOID THE PITFALLS.',0,13,72,112,'P',NULL,NULL,0.00,250.00,0,80,NULL,0,6,6,'2022-01-05 14:05:09','2022-01-05 14:05:09','2022-01-05 06:18:31'),(28,10,1,'HOWEVER, IN OTHER SITUATIONS, SOME OF THESE POTENTIAL BENEFITS CAN, IN FACT, BECOME PROBLEMS.',0,13,72,112,'P',NULL,NULL,0.00,100.00,0,65,NULL,0,6,6,'2022-01-05 14:18:31','2022-01-05 14:18:31','2022-01-05 06:25:36'),(29,10,1,'EVEN IF YOU DO DECIDE TO USE A WIKI, THERE ARE MANY DIFFERENT TYPES, SO YOU\'LL NEED TO SELECT WISELY IN ORDER TO REAP THE BENEFITS AND AVOID THE PITFALLS.',0,13,72,112,'P',NULL,NULL,0.00,250.00,0,80,NULL,0,6,6,'2022-01-05 14:18:31','2022-01-05 14:18:31','2022-01-05 06:25:36'),(30,10,1,'HOWEVER, IN OTHER SITUATIONS, SOME OF THESE POTENTIAL BENEFITS CAN, IN FACT, BECOME PROBLEMS.',0,13,72,112,'P',NULL,NULL,0.00,100.00,0,65,NULL,0,6,6,'2022-01-05 14:25:36','2022-01-05 14:25:36',NULL),(31,10,1,'EVEN IF YOU DO DECIDE TO USE A WIKI, THERE ARE MANY DIFFERENT TYPES, SO YOU\'LL NEED TO SELECT WISELY IN ORDER TO REAP THE BENEFITS AND AVOID THE PITFALLS.',0,13,72,112,'P',NULL,NULL,0.00,250.00,0,80,NULL,0,6,6,'2022-01-05 14:25:36','2022-01-05 14:25:36',NULL),(32,11,1,'IF YOU DECIDE TO BRING IN NEW TECHNOLOGY',0,13,72,112,'P',NULL,NULL,0.00,340.00,0,40,NULL,0,6,6,'2022-01-05 20:30:03','2022-01-05 20:30:03',NULL),(33,11,1,'MANY ORGANIZATIONS ARE USING SYSTEMS',0,13,72,112,'P',NULL,NULL,0.00,890.00,0,40,NULL,0,6,6,'2022-01-05 20:30:03','2022-01-05 20:30:03',NULL),(34,16,1,'TEST',0,6,65,112,'P',NULL,NULL,0.00,0.00,0,79,NULL,0,6,6,'2022-01-05 20:57:53','2022-01-05 20:57:53',NULL);

--
-- Table structure for table `permohonan_description`
--

CREATE TABLE `permohonan_description` (
  `permohonan_description_id` bigint(20) NOT NULL AUTO_INCREMENT,
  `permohonan_id` bigint(20) NOT NULL,
  `description_desc` varchar(255) DEFAULT NULL,
  `created_by` int(11) NOT NULL,
  `updated_by` int(11) NOT NULL,
  `created_at` timestamp NULL DEFAULT NULL,
  `updated_at` timestamp NOT NULL DEFAULT CURRENT_TIMESTAMP,
  `deleted_at` timestamp NULL DEFAULT NULL,
  PRIMARY KEY (`permohonan_description_id`),
  KEY `idx_permohonandesc_permohonanid` (`permohonan_id`),
  KEY `idx_permohonandesc_createdby` (`created_by`),
  KEY `idx_permohonandesc_updatedby` (`updated_by`)
) ENGINE=InnoDB DEFAULT CHARSET=latin1;

--
-- Dumping data for table `permohonan_description`
--


--
-- Table structure for table `permohonan_detail`
--

CREATE TABLE `permohonan_detail` (
  `permohonan_detail_id` bigint(11) NOT NULL AUTO_INCREMENT,
  `permohonan_id` bigint(11) NOT NULL,
  `is_main` int(11) NOT NULL DEFAULT '0',
  `main_id` bigint(11) DEFAULT NULL COMMENT 'permohonan_detail_id',
  `is_online` int(11) NOT NULL DEFAULT '0',
  `program_location` varchar(200) DEFAULT NULL,
  `supplier_service_id` int(11) DEFAULT NULL,
  `service_distance_id` int(11) DEFAULT NULL,
  `permohonan_item` text,
  `permohonan_item_extra` text,
  `quantity` decimal(10,2) NOT NULL DEFAULT '0.00',
  `unit_id` int(11) DEFAULT NULL,
  `quantity_unit` varchar(20) DEFAULT NULL,
  `price_perunit` decimal(10,2) NOT NULL DEFAULT '0.00',
  `price_total` decimal(10,2) NOT NULL DEFAULT '0.00',
  `detail_startdate` date DEFAULT NULL,
  `detail_enddate` date DEFAULT NULL,
  `detail_starttime` time DEFAULT NULL,
  `detail_endtime` time DEFAULT NULL,
  `created_at` timestamp NULL DEFAULT NULL,
  `updated_at` timestamp NOT NULL DEFAULT CURRENT_TIMESTAMP,
  `deleted_at` timestamp NULL DEFAULT NULL,
  PRIMARY KEY (`permohonan_detail_id`),
  KEY `idx_permohonandetail_permohonanid` (`permohonan_id`),
  KEY `idx_permohonandetail_ismain` (`is_main`),
  KEY `idx_permohonandetail_mainid` (`main_id`),
  KEY `idx_permohonandetail_serviceid` (`supplier_service_id`),
  KEY `idx_permohonandetail_unitid` (`unit_id`),
  KEY `idx_permohonandetail_distanceid` (`service_distance_id`)
) ENGINE=InnoDB DEFAULT CHARSET=latin1;

--
-- Dumping data for table `permohonan_detail`
--


--
-- Table structure for table `permohonan_email`
--

CREATE TABLE `permohonan_email` (
  `id` bigint(20) NOT NULL AUTO_INCREMENT,
  `permohonan_id` int(11) NOT NULL,
  `email_to` varchar(100) DEFAULT NULL,
  `role_id` int(11) DEFAULT NULL,
  `subject` text CHARACTER SET latin1,
  `message` text,
  `completed` int(11) NOT NULL DEFAULT '0',
  `created_at` timestamp NULL DEFAULT NULL,
  `updated_at` timestamp NOT NULL DEFAULT CURRENT_TIMESTAMP,
  `deleted_at` timestamp NULL DEFAULT NULL,
  PRIMARY KEY (`id`),
  KEY `idx_permohonanemail_id` (`permohonan_id`),
  KEY `idx_permohonanemail_roleid` (`role_id`),
  KEY `idx_permohonanemail_completed` (`completed`)
) ENGINE=InnoDB DEFAULT CHARSET=utf8mb4;

--
-- Dumping data for table `permohonan_email`
--


--
-- Table structure for table `permohonan_objective`
--

CREATE TABLE `permohonan_objective` (
  `permohonan_objective_id` bigint(20) NOT NULL AUTO_INCREMENT,
  `permohonan_id` bigint(20) NOT NULL,
  `objective_desc` varchar(255) DEFAULT NULL,
  `created_by` int(11) NOT NULL,
  `updated_by` int(11) NOT NULL,
  `created_at` timestamp NULL DEFAULT NULL,
  `updated_at` timestamp NOT NULL DEFAULT CURRENT_TIMESTAMP,
  `deleted_at` timestamp NULL DEFAULT NULL,
  PRIMARY KEY (`permohonan_objective_id`),
  KEY `idx_permohonanobjective_permohonanid` (`permohonan_id`),
  KEY `idx_permohonanobjective_createdby` (`created_by`),
  KEY `idx_permohonanobjective_updatedby` (`updated_by`)
) ENGINE=InnoDB DEFAULT CHARSET=latin1;

--
-- Dumping data for table `permohonan_objective`
--


--
-- Table structure for table `permohonan_option`
--

CREATE TABLE `permohonan_option` (
  `permohonan_option_id` bigint(20) NOT NULL AUTO_INCREMENT,
  `permohonan_id` bigint(20) NOT NULL,
  `option_no` int(11) NOT NULL DEFAULT '1',
  `is_main` int(11) NOT NULL DEFAULT '0',
  `main_id` bigint(11) DEFAULT NULL,
  `option_desc` varchar(255) DEFAULT NULL,
  `recommended` int(11) NOT NULL DEFAULT '0',
  `created_by` int(11) NOT NULL,
  `updated_by` int(11) NOT NULL,
  `created_at` timestamp NULL DEFAULT NULL,
  `updated_at` timestamp NOT NULL DEFAULT CURRENT_TIMESTAMP,
  `deleted_at` timestamp NULL DEFAULT NULL,
  PRIMARY KEY (`permohonan_option_id`),
  KEY `idx_permohonanoption_permohonanid` (`permohonan_id`),
  KEY `idx_permohonanoption_recommended` (`recommended`),
  KEY `idx_permohonanoption_createdby` (`created_by`),
  KEY `idx_permohonanoption_updatedby` (`updated_by`),
  KEY `idx_permohonanoption_ismain` (`is_main`),
  KEY `idx_permohonanoption_mainid` (`main_id`),
  KEY `idx_permohonanoption_optionno` (`option_no`)
) ENGINE=InnoDB DEFAULT CHARSET=latin1;

--
-- Dumping data for table `permohonan_option`
--


--
-- Table structure for table `permohonan_project`
--

CREATE TABLE `permohonan_project` (
  `permohonan_project_id` bigint(20) NOT NULL AUTO_INCREMENT,
  `permohonan_id` bigint(20) NOT NULL,
  `is_main` int(11) NOT NULL DEFAULT '0',
  `main_id` bigint(11) DEFAULT NULL,
  `project_desc` varchar(255) DEFAULT NULL,
  `core_id` int(11) DEFAULT NULL,
  `kpi_id` int(11) NOT NULL,
  `targeted_value` decimal(10,2) NOT NULL DEFAULT '0.00',
  `achieved_value` decimal(10,2) NOT NULL DEFAULT '0.00',
  `percentage_value` decimal(10,2) NOT NULL DEFAULT '0.00',
  `project_final_value` decimal(10,2) NOT NULL DEFAULT '0.00',
  `status` char(1) NOT NULL DEFAULT 'N',
  `justification` text,
  `created_by` int(11) NOT NULL,
  `updated_by` int(11) NOT NULL,
  `created_at` timestamp NULL DEFAULT NULL,
  `updated_at` timestamp NOT NULL DEFAULT CURRENT_TIMESTAMP,
  `deleted_at` timestamp NULL DEFAULT NULL,
  PRIMARY KEY (`permohonan_project_id`),
  KEY `idx_permohonanproject_permohonanid` (`permohonan_id`),
  KEY `idx_permohonanproject_createdby` (`created_by`),
  KEY `idx_permohonanproject_updatedby` (`updated_by`),
  KEY `idx_permohonanproject_ismain` (`is_main`),
  KEY `idx_permohonanproject_mainid` (`main_id`),
  KEY `idx_permohonanproject_kpiid` (`kpi_id`),
  KEY `idx_permohonanproject_coreid` (`core_id`)
) ENGINE=InnoDB AUTO_INCREMENT=112 DEFAULT CHARSET=latin1;

--
-- Dumping data for table `permohonan_project`
--

INSERT INTO `permohonan_project` VALUES (1,4,1,NULL,'OKOA',NULL,0,0.00,0.00,0.00,0.00,'N',NULL,6,6,'2022-01-01 17:42:22','2022-01-01 17:42:22','2022-01-01 09:44:11'),(2,4,0,1,NULL,NULL,22,231.00,0.00,0.00,0.00,'N',NULL,6,6,'2022-01-01 17:42:22','2022-01-01 17:42:22','2022-01-01 09:44:11'),(3,4,1,NULL,'OKOA',NULL,0,0.00,0.00,0.00,0.00,'N',NULL,6,6,'2022-01-01 17:44:11','2022-01-01 17:44:11','2022-01-01 09:44:34'),(4,4,0,3,NULL,NULL,22,231.00,0.00,0.00,0.00,'N',NULL,6,6,'2022-01-01 17:44:11','2022-01-01 17:44:11','2022-01-01 09:44:34'),(5,4,1,NULL,'OKOA',NULL,0,0.00,0.00,0.00,0.00,'N',NULL,6,6,'2022-01-01 17:44:34','2022-01-01 17:44:34','2022-01-01 09:45:56'),(6,4,0,5,NULL,NULL,22,231.00,0.00,0.00,0.00,'N',NULL,6,6,'2022-01-01 17:44:34','2022-01-01 17:44:34','2022-01-01 09:45:56'),(7,4,1,NULL,'OKOA',NULL,0,0.00,0.00,0.00,0.00,'N',NULL,6,6,'2022-01-01 17:45:56','2022-01-01 17:45:56',NULL),(8,4,0,7,NULL,NULL,22,231.00,0.00,0.00,0.00,'N',NULL,6,6,'2022-01-01 17:45:56','2022-01-01 17:45:56',NULL),(9,5,1,NULL,'DSADSA',NULL,0,0.00,0.00,0.00,0.00,'N',NULL,6,6,'2022-01-02 14:50:40','2022-01-02 14:50:40','2022-01-02 06:51:04'),(10,5,0,9,NULL,NULL,22,0.00,0.00,0.00,0.00,'N',NULL,6,6,'2022-01-02 14:50:40','2022-01-02 14:50:40','2022-01-02 06:51:04'),(11,5,1,NULL,'DSADSA',NULL,0,0.00,0.00,0.00,0.00,'N',NULL,6,6,'2022-01-02 14:51:04','2022-01-02 14:51:04','2022-01-02 06:56:40'),(12,5,0,11,NULL,NULL,5,10.00,0.00,0.00,0.00,'N',NULL,6,6,'2022-01-02 14:51:04','2022-01-02 14:51:04','2022-01-02 06:56:40'),(13,5,1,NULL,'DSADSA',NULL,0,0.00,0.00,0.00,0.00,'N',NULL,6,6,'2022-01-02 14:56:40','2022-01-02 14:56:40','2022-01-02 06:57:04'),(14,5,0,13,NULL,NULL,5,10.00,0.00,0.00,0.00,'N',NULL,6,6,'2022-01-02 14:56:40','2022-01-02 14:56:40','2022-01-02 06:57:04'),(15,5,1,NULL,'IKHLASMU',NULL,0,0.00,0.00,0.00,0.00,'N',NULL,6,6,'2022-01-02 14:56:40','2022-01-02 14:56:40','2022-01-02 06:57:04'),(16,5,0,15,NULL,NULL,22,321.00,0.00,0.00,0.00,'N',NULL,6,6,'2022-01-02 14:56:40','2022-01-02 14:56:40','2022-01-02 06:57:04'),(17,5,1,NULL,'PROJEK 231',NULL,0,0.00,0.00,0.00,0.00,'N',NULL,6,6,'2022-01-02 14:57:54','2022-01-02 14:57:54','2022-01-02 07:01:39'),(18,5,0,17,NULL,NULL,18,45.00,0.00,0.00,0.00,'N',NULL,6,6,'2022-01-02 14:57:54','2022-01-02 14:57:54','2022-01-02 07:01:39'),(19,5,0,17,NULL,NULL,22,21.00,0.00,0.00,0.00,'N',NULL,6,6,'2022-01-02 14:57:54','2022-01-02 14:57:54','2022-01-02 07:01:39'),(20,5,0,17,NULL,NULL,1,32.00,0.00,0.00,0.00,'N',NULL,6,6,'2022-01-02 14:57:54','2022-01-02 14:57:54','2022-01-02 07:01:39'),(21,5,0,17,NULL,NULL,12,45.00,0.00,0.00,0.00,'N',NULL,6,6,'2022-01-02 14:57:54','2022-01-02 14:57:54','2022-01-02 07:01:39'),(22,5,1,NULL,'PROJEK 231',NULL,0,0.00,0.00,0.00,0.00,'N',NULL,6,6,'2022-01-02 15:01:39','2022-01-02 15:01:39','2022-01-02 07:13:24'),(23,5,0,22,NULL,NULL,22,111.00,0.00,0.00,0.00,'N',NULL,6,6,'2022-01-02 15:01:39','2022-01-02 15:01:39','2022-01-02 07:13:24'),(24,5,0,22,NULL,NULL,1,32.00,0.00,0.00,0.00,'N',NULL,6,6,'2022-01-02 15:01:39','2022-01-02 15:01:39','2022-01-02 07:13:24'),(25,5,0,22,NULL,NULL,12,45.00,0.00,0.00,0.00,'N',NULL,6,6,'2022-01-02 15:01:39','2022-01-02 15:01:39','2022-01-02 07:13:24'),(26,5,0,22,NULL,NULL,22,543.00,0.00,0.00,0.00,'N',NULL,6,6,'2022-01-02 15:01:39','2022-01-02 15:01:39','2022-01-02 07:13:24'),(27,5,1,NULL,'PROJEK 543',NULL,0,0.00,0.00,0.00,0.00,'N',NULL,6,6,'2022-01-02 15:01:39','2022-01-02 15:01:39','2022-01-02 07:13:24'),(28,5,0,27,NULL,NULL,12,101.00,0.00,0.00,0.00,'N',NULL,6,6,'2022-01-02 15:01:39','2022-01-02 15:01:39','2022-01-02 07:13:24'),(29,5,0,27,NULL,NULL,25,300.00,0.00,0.00,0.00,'N',NULL,6,6,'2022-01-02 15:01:39','2022-01-02 15:01:39','2022-01-02 07:13:24'),(30,5,0,27,NULL,NULL,22,222.00,0.00,0.00,0.00,'N',NULL,6,6,'2022-01-02 15:01:39','2022-01-02 15:01:39','2022-01-02 07:13:24'),(31,5,1,NULL,'PROJEK 231',NULL,0,0.00,0.00,0.00,0.00,'N',NULL,6,6,'2022-01-02 15:13:24','2022-01-02 15:13:24','2022-01-02 07:15:19'),(32,5,0,31,NULL,NULL,22,111.00,0.00,0.00,0.00,'N',NULL,6,6,'2022-01-02 15:13:24','2022-01-02 15:13:24','2022-01-02 07:15:19'),(33,5,0,31,NULL,NULL,1,32.00,0.00,0.00,0.00,'N',NULL,6,6,'2022-01-02 15:13:24','2022-01-02 15:13:24','2022-01-02 07:15:19'),(34,5,0,31,NULL,NULL,12,45.00,0.00,0.00,0.00,'N',NULL,6,6,'2022-01-02 15:13:24','2022-01-02 15:13:24','2022-01-02 07:15:19'),(35,5,0,31,NULL,NULL,22,543.00,0.00,0.00,0.00,'N',NULL,6,6,'2022-01-02 15:13:24','2022-01-02 15:13:24','2022-01-02 07:15:19'),(36,5,1,NULL,'PROJEK 543',NULL,0,0.00,0.00,0.00,0.00,'N',NULL,6,6,'2022-01-02 15:13:24','2022-01-02 15:13:24','2022-01-02 07:15:19'),(37,5,0,36,NULL,NULL,12,101.00,0.00,0.00,0.00,'N',NULL,6,6,'2022-01-02 15:13:24','2022-01-02 15:13:24','2022-01-02 07:15:19'),(38,5,0,36,NULL,NULL,25,300.00,0.00,0.00,0.00,'N',NULL,6,6,'2022-01-02 15:13:24','2022-01-02 15:13:24','2022-01-02 07:15:19'),(39,5,0,36,NULL,NULL,22,222.00,0.00,0.00,0.00,'N',NULL,6,6,'2022-01-02 15:13:24','2022-01-02 15:13:24','2022-01-02 07:15:19'),(40,5,1,NULL,'PROJEK 231',NULL,0,0.00,0.00,0.00,0.00,'N',NULL,6,6,'2022-01-02 15:15:19','2022-01-02 15:15:19','2022-01-02 07:15:31'),(41,5,0,40,NULL,NULL,22,111.00,0.00,0.00,0.00,'N',NULL,6,6,'2022-01-02 15:15:19','2022-01-02 15:15:19','2022-01-02 07:15:31'),(42,5,0,40,NULL,NULL,1,32.00,0.00,0.00,0.00,'N',NULL,6,6,'2022-01-02 15:15:19','2022-01-02 15:15:19','2022-01-02 07:15:31'),(43,5,0,40,NULL,NULL,12,45.00,0.00,0.00,0.00,'N',NULL,6,6,'2022-01-02 15:15:19','2022-01-02 15:15:19','2022-01-02 07:15:31'),(44,5,0,40,NULL,NULL,22,543.00,0.00,0.00,0.00,'N',NULL,6,6,'2022-01-02 15:15:19','2022-01-02 15:15:19','2022-01-02 07:15:31'),(45,5,1,NULL,'PROJEK 543',NULL,0,0.00,0.00,0.00,0.00,'N',NULL,6,6,'2022-01-02 15:15:19','2022-01-02 15:15:19','2022-01-02 07:15:31'),(46,5,0,45,NULL,NULL,12,101.00,0.00,0.00,0.00,'N',NULL,6,6,'2022-01-02 15:15:19','2022-01-02 15:15:19','2022-01-02 07:15:31'),(47,5,0,45,NULL,NULL,25,300.00,0.00,0.00,0.00,'N',NULL,6,6,'2022-01-02 15:15:19','2022-01-02 15:15:19','2022-01-02 07:15:31'),(48,5,0,45,NULL,NULL,22,222.00,0.00,0.00,0.00,'N',NULL,6,6,'2022-01-02 15:15:19','2022-01-02 15:15:19','2022-01-02 07:15:31'),(49,5,1,NULL,'PROJEK 543',NULL,0,0.00,0.00,0.00,0.00,'N',NULL,6,6,'2022-01-02 15:15:31','2022-01-02 15:15:31','2022-01-02 07:16:52'),(50,5,0,49,NULL,NULL,12,101.00,0.00,0.00,0.00,'N',NULL,6,6,'2022-01-02 15:15:31','2022-01-02 15:15:31','2022-01-02 07:16:52'),(51,5,0,49,NULL,NULL,25,300.00,0.00,0.00,0.00,'N',NULL,6,6,'2022-01-02 15:15:31','2022-01-02 15:15:31','2022-01-02 07:16:52'),(52,5,0,49,NULL,NULL,22,222.00,0.00,0.00,0.00,'N',NULL,6,6,'2022-01-02 15:15:31','2022-01-02 15:15:31','2022-01-02 07:16:52'),(53,5,1,NULL,'PROJEK 543',NULL,0,0.00,0.00,0.00,71.05,'N',NULL,6,6,'2022-01-02 15:16:52','2022-01-04 07:06:05',NULL),(54,5,0,53,NULL,NULL,12,101.00,20.00,19.80,0.00,'N',NULL,6,6,'2022-01-02 15:16:52','2022-01-04 07:06:05',NULL),(55,5,0,53,NULL,NULL,25,300.00,290.00,96.67,0.00,'N',NULL,6,6,'2022-01-02 15:16:52','2022-01-04 07:06:05',NULL),(56,5,0,53,NULL,NULL,22,222.00,222.00,100.00,0.00,'N',NULL,6,6,'2022-01-02 15:16:52','2022-01-04 07:06:05',NULL),(57,5,0,53,NULL,NULL,7,310.00,210.00,67.74,0.00,'N',NULL,6,6,'2022-01-02 15:23:12','2022-01-04 07:06:05',NULL),(58,10,1,NULL,'BEFORE BUILDING ANY TYPE OF WIKI, IT\'S IMPORTANT TO ASK WHAT BUSINESS PROBLEM YOU\'LL SOLVE BY DOING SO',NULL,0,0.00,0.00,0.00,0.00,'N',NULL,6,6,'2022-01-04 13:23:12','2022-01-04 13:23:12','2022-01-05 06:05:09'),(59,10,0,58,NULL,NULL,22,200.00,0.00,0.00,0.00,'N',NULL,6,6,'2022-01-04 13:23:12','2022-01-04 13:23:12','2022-01-05 06:05:09'),(60,10,0,58,NULL,NULL,18,340.00,0.00,0.00,0.00,'N',NULL,6,6,'2022-01-04 13:23:12','2022-01-04 13:23:12','2022-01-05 06:05:09'),(61,10,1,NULL,'IF YOU\'RE SETTING UP A NEW PROJECT, A WIKI MIGHT HELP YOUR TEAM TO ORGANIZE KEY DOCUMENTS, AND ADD COMMENTS TO THEM FOR OTHERS TO DISCUSS.',NULL,0,0.00,0.00,0.00,0.00,'N',NULL,6,6,'2022-01-04 13:23:12','2022-01-04 13:23:12','2022-01-05 06:05:09'),(62,10,0,61,NULL,NULL,5,2300.00,0.00,0.00,0.00,'N',NULL,6,6,'2022-01-04 13:23:12','2022-01-04 13:23:12','2022-01-05 06:05:09'),(63,10,0,61,NULL,NULL,13,100.00,0.00,0.00,0.00,'N',NULL,6,6,'2022-01-04 13:23:12','2022-01-04 13:23:12','2022-01-05 06:05:09'),(64,12,1,NULL,'BE SURE TO EXPLAIN HOW EACH EDIT IS RECORDED AND DISPLAYED. AND REASSURE PEOPLE THAT MISTAKES CAN EASILY BE CORRECTED BY REVERTING TO EARLIER VERSIONS. THIS SHOULD HELP NEW WIKI USERS TO FEEL MORE COMFORTABLE ABOUT ALTERING A SHARED DOCUMENT, PARTICULARLY',NULL,0,0.00,0.00,0.00,0.00,'N',NULL,6,6,'2022-01-04 13:28:17','2022-01-04 13:28:17','2022-01-04 05:39:34'),(65,12,0,64,NULL,NULL,18,340.00,0.00,0.00,0.00,'N',NULL,6,6,'2022-01-04 13:28:17','2022-01-04 13:28:17','2022-01-04 05:39:34'),(66,12,0,64,NULL,NULL,11,3210.00,0.00,0.00,0.00,'N',NULL,6,6,'2022-01-04 13:28:17','2022-01-04 13:28:17','2022-01-04 05:39:34'),(67,12,1,NULL,'SOME PEOPLE MAY RESIST USING THE WIKI AND FALL BACK ON OTHER FAMILIAR TOOLS, SUCH AS EMAIL, TO SHARE INFORMATION. THIS CAN MAKE THE WIKI LESS EFFECTIVE, BECAUSE IT LIMITS KNOWLEDGE SHARING, AND STOPS THE WIKI BEING AS RICH AND RESPONSIVE AS IT COULD BE.',NULL,0,0.00,0.00,0.00,0.00,'N',NULL,6,6,'2022-01-04 13:28:17','2022-01-04 13:28:17','2022-01-04 05:39:34'),(68,12,0,67,NULL,NULL,22,670.00,0.00,0.00,0.00,'N',NULL,6,6,'2022-01-04 13:28:17','2022-01-04 13:28:17','2022-01-04 05:39:34'),(69,12,0,67,NULL,NULL,7,1000.00,0.00,0.00,0.00,'N',NULL,6,6,'2022-01-04 13:28:17','2022-01-04 13:28:17','2022-01-04 05:39:34'),(70,12,1,NULL,'BE SURE TO EXPLAIN HOW EACH EDIT IS RECORDED AND DISPLAYED. AND REASSURE PEOPLE THAT MISTAKES CAN EASILY BE CORRECTED BY REVERTING TO EARLIER VERSIONS. THIS SHOULD HELP NEW WIKI USERS TO FEEL MORE COMFORTABLE ABOUT ALTERING A SHARED DOCUMENT, PARTICULARLY',NULL,0,0.00,0.00,0.00,0.00,'N',NULL,6,6,'2022-01-04 13:39:34','2022-01-04 13:39:34','2022-01-05 05:46:01'),(71,12,0,70,NULL,NULL,18,340.00,0.00,0.00,0.00,'N',NULL,6,6,'2022-01-04 13:39:34','2022-01-04 13:39:34','2022-01-05 05:46:01'),(72,12,0,70,NULL,NULL,11,3210.00,0.00,0.00,0.00,'N',NULL,6,6,'2022-01-04 13:39:34','2022-01-04 13:39:34','2022-01-05 05:46:01'),(73,12,1,NULL,'SOME PEOPLE MAY RESIST USING THE WIKI AND FALL BACK ON OTHER FAMILIAR TOOLS, SUCH AS EMAIL, TO SHARE INFORMATION. THIS CAN MAKE THE WIKI LESS EFFECTIVE, BECAUSE IT LIMITS KNOWLEDGE SHARING, AND STOPS THE WIKI BEING AS RICH AND RESPONSIVE AS IT COULD BE.',NULL,0,0.00,0.00,0.00,0.00,'N',NULL,6,6,'2022-01-04 13:39:34','2022-01-04 13:39:34','2022-01-05 05:46:01'),(74,12,0,73,NULL,NULL,22,670.00,0.00,0.00,0.00,'N',NULL,6,6,'2022-01-04 13:39:34','2022-01-04 13:39:34','2022-01-05 05:46:01'),(75,12,0,73,NULL,NULL,7,1000.00,0.00,0.00,0.00,'N',NULL,6,6,'2022-01-04 13:39:34','2022-01-04 13:39:34','2022-01-05 05:46:01'),(76,12,1,NULL,'BE SURE TO EXPLAIN HOW EACH EDIT IS RECORDED AND DISPLAYED. AND REASSURE PEOPLE THAT MISTAKES CAN EASILY BE CORRECTED BY REVERTING TO EARLIER VERSIONS. THIS SHOULD HELP NEW WIKI USERS TO FEEL MORE COMFORTABLE ABOUT ALTERING A SHARED DOCUMENT, PARTICULARLY',NULL,0,0.00,0.00,0.00,0.00,'N',NULL,6,6,'2022-01-05 13:46:01','2022-01-05 13:46:01','2022-01-05 06:18:44'),(77,12,0,76,NULL,NULL,18,340.00,0.00,0.00,0.00,'N',NULL,6,6,'2022-01-05 13:46:01','2022-01-05 13:46:01','2022-01-05 06:18:44'),(78,12,0,76,NULL,NULL,11,3210.00,0.00,0.00,0.00,'N',NULL,6,6,'2022-01-05 13:46:01','2022-01-05 13:46:01','2022-01-05 06:18:44'),(79,12,1,NULL,'SOME PEOPLE MAY RESIST USING THE WIKI AND FALL BACK ON OTHER FAMILIAR TOOLS, SUCH AS EMAIL, TO SHARE INFORMATION. THIS CAN MAKE THE WIKI LESS EFFECTIVE, BECAUSE IT LIMITS KNOWLEDGE SHARING, AND STOPS THE WIKI BEING AS RICH AND RESPONSIVE AS IT COULD BE.',NULL,0,0.00,0.00,0.00,0.00,'N',NULL,6,6,'2022-01-05 13:46:01','2022-01-05 13:46:01','2022-01-05 06:18:44'),(80,12,0,79,NULL,NULL,22,670.00,0.00,0.00,0.00,'N',NULL,6,6,'2022-01-05 13:46:01','2022-01-05 13:46:01','2022-01-05 06:18:44'),(81,12,0,79,NULL,NULL,7,1000.00,0.00,0.00,0.00,'N',NULL,6,6,'2022-01-05 13:46:01','2022-01-05 13:46:01','2022-01-05 06:18:44'),(82,10,1,NULL,'BEFORE BUILDING ANY TYPE OF WIKI, IT\'S IMPORTANT TO ASK WHAT BUSINESS PROBLEM YOU\'LL SOLVE BY DOING SO',NULL,0,0.00,0.00,0.00,0.00,'N',NULL,6,6,'2022-01-05 14:05:09','2022-01-05 14:05:09','2022-01-05 06:18:30'),(83,10,0,82,NULL,NULL,22,200.00,0.00,0.00,0.00,'N',NULL,6,6,'2022-01-05 14:05:09','2022-01-05 14:05:09','2022-01-05 06:18:30'),(84,10,0,82,NULL,NULL,18,340.00,0.00,0.00,0.00,'N',NULL,6,6,'2022-01-05 14:05:09','2022-01-05 14:05:09','2022-01-05 06:18:30'),(85,10,1,NULL,'IF YOU\'RE SETTING UP A NEW PROJECT, A WIKI MIGHT HELP YOUR TEAM TO ORGANIZE KEY DOCUMENTS, AND ADD COMMENTS TO THEM FOR OTHERS TO DISCUSS.',NULL,0,0.00,0.00,0.00,0.00,'N',NULL,6,6,'2022-01-05 14:05:09','2022-01-05 14:05:09','2022-01-05 06:18:30'),(86,10,0,85,NULL,NULL,5,2300.00,0.00,0.00,0.00,'N',NULL,6,6,'2022-01-05 14:05:09','2022-01-05 14:05:09','2022-01-05 06:18:30'),(87,10,0,85,NULL,NULL,13,100.00,0.00,0.00,0.00,'N',NULL,6,6,'2022-01-05 14:05:09','2022-01-05 14:05:09','2022-01-05 06:18:30'),(88,10,1,NULL,'BEFORE BUILDING ANY TYPE OF WIKI, IT\'S IMPORTANT TO ASK WHAT BUSINESS PROBLEM YOU\'LL SOLVE BY DOING SO',NULL,0,0.00,0.00,0.00,0.00,'N',NULL,6,6,'2022-01-05 14:18:30','2022-01-05 14:18:30','2022-01-05 06:25:36'),(89,10,0,88,NULL,NULL,22,200.00,0.00,0.00,0.00,'N',NULL,6,6,'2022-01-05 14:18:31','2022-01-05 14:18:31','2022-01-05 06:25:36'),(90,10,0,88,NULL,NULL,18,340.00,0.00,0.00,0.00,'N',NULL,6,6,'2022-01-05 14:18:31','2022-01-05 14:18:31','2022-01-05 06:25:36'),(91,10,1,NULL,'IF YOU\'RE SETTING UP A NEW PROJECT, A WIKI MIGHT HELP YOUR TEAM TO ORGANIZE KEY DOCUMENTS, AND ADD COMMENTS TO THEM FOR OTHERS TO DISCUSS.',NULL,0,0.00,0.00,0.00,0.00,'N',NULL,6,6,'2022-01-05 14:18:31','2022-01-05 14:18:31','2022-01-05 06:25:36'),(92,10,0,91,NULL,NULL,5,2300.00,0.00,0.00,0.00,'N',NULL,6,6,'2022-01-05 14:18:31','2022-01-05 14:18:31','2022-01-05 06:25:36'),(93,10,0,91,NULL,NULL,13,100.00,0.00,0.00,0.00,'N',NULL,6,6,'2022-01-05 14:18:31','2022-01-05 14:18:31','2022-01-05 06:25:36'),(94,12,1,NULL,'BE SURE TO EXPLAIN HOW EACH EDIT IS RECORDED AND DISPLAYED. AND REASSURE PEOPLE THAT MISTAKES CAN EASILY BE CORRECTED BY REVERTING TO EARLIER VERSIONS. THIS SHOULD HELP NEW WIKI USERS TO FEEL MORE COMFORTABLE ABOUT ALTERING A SHARED DOCUMENT, PARTICULARLY',NULL,0,0.00,0.00,0.00,0.00,'N',NULL,6,6,'2022-01-05 14:18:44','2022-01-05 14:18:44','2022-01-05 06:25:42'),(95,12,0,94,NULL,NULL,18,340.00,0.00,0.00,0.00,'N',NULL,6,6,'2022-01-05 14:18:44','2022-01-05 14:18:44','2022-01-05 06:25:42'),(96,12,0,94,NULL,NULL,11,3210.00,0.00,0.00,0.00,'N',NULL,6,6,'2022-01-05 14:18:44','2022-01-05 14:18:44','2022-01-05 06:25:42'),(97,12,1,NULL,'SOME PEOPLE MAY RESIST USING THE WIKI AND FALL BACK ON OTHER FAMILIAR TOOLS, SUCH AS EMAIL, TO SHARE INFORMATION. THIS CAN MAKE THE WIKI LESS EFFECTIVE, BECAUSE IT LIMITS KNOWLEDGE SHARING, AND STOPS THE WIKI BEING AS RICH AND RESPONSIVE AS IT COULD BE.',NULL,0,0.00,0.00,0.00,0.00,'N',NULL,6,6,'2022-01-05 14:18:44','2022-01-05 14:18:44','2022-01-05 06:25:42'),(98,12,0,97,NULL,NULL,22,670.00,0.00,0.00,0.00,'N',NULL,6,6,'2022-01-05 14:18:44','2022-01-05 14:18:44','2022-01-05 06:25:42'),(99,12,0,97,NULL,NULL,7,1000.00,0.00,0.00,0.00,'N',NULL,6,6,'2022-01-05 14:18:44','2022-01-05 14:18:44','2022-01-05 06:25:42'),(100,10,1,NULL,'BEFORE BUILDING ANY TYPE OF WIKI, IT\'S IMPORTANT TO ASK WHAT BUSINESS PROBLEM YOU\'LL SOLVE BY DOING SO',NULL,0,0.00,0.00,0.00,0.00,'N',NULL,6,6,'2022-01-05 14:25:36','2022-01-05 14:25:36',NULL),(101,10,0,100,NULL,NULL,22,200.00,0.00,0.00,0.00,'N',NULL,6,6,'2022-01-05 14:25:36','2022-01-05 14:25:36',NULL),(102,10,0,100,NULL,NULL,18,340.00,0.00,0.00,0.00,'N',NULL,6,6,'2022-01-05 14:25:36','2022-01-05 14:25:36',NULL),(103,10,1,NULL,'IF YOU\'RE SETTING UP A NEW PROJECT, A WIKI MIGHT HELP YOUR TEAM TO ORGANIZE KEY DOCUMENTS, AND ADD COMMENTS TO THEM FOR OTHERS TO DISCUSS.',NULL,0,0.00,0.00,0.00,0.00,'N',NULL,6,6,'2022-01-05 14:25:36','2022-01-05 14:25:36',NULL),(104,10,0,103,NULL,NULL,5,2300.00,0.00,0.00,0.00,'N',NULL,6,6,'2022-01-05 14:25:36','2022-01-05 14:25:36',NULL),(105,10,0,103,NULL,NULL,13,100.00,0.00,0.00,0.00,'N',NULL,6,6,'2022-01-05 14:25:36','2022-01-05 14:25:36',NULL),(106,12,1,NULL,'BE SURE TO EXPLAIN HOW EACH EDIT IS RECORDED AND DISPLAYED. AND REASSURE PEOPLE THAT MISTAKES CAN EASILY BE CORRECTED BY REVERTING TO EARLIER VERSIONS. THIS SHOULD HELP NEW WIKI USERS TO FEEL MORE COMFORTABLE ABOUT ALTERING A SHARED DOCUMENT, PARTICULARLY',NULL,0,0.00,0.00,0.00,0.00,'N',NULL,6,6,'2022-01-05 14:25:42','2022-01-05 14:25:42',NULL),(107,12,0,106,NULL,NULL,18,340.00,0.00,0.00,0.00,'N',NULL,6,6,'2022-01-05 14:25:42','2022-01-05 14:25:42',NULL),(108,12,0,106,NULL,NULL,11,3210.00,0.00,0.00,0.00,'N',NULL,6,6,'2022-01-05 14:25:42','2022-01-05 14:25:42',NULL),(109,12,1,NULL,'SOME PEOPLE MAY RESIST USING THE WIKI AND FALL BACK ON OTHER FAMILIAR TOOLS, SUCH AS EMAIL, TO SHARE INFORMATION. THIS CAN MAKE THE WIKI LESS EFFECTIVE, BECAUSE IT LIMITS KNOWLEDGE SHARING, AND STOPS THE WIKI BEING AS RICH AND RESPONSIVE AS IT COULD BE.',NULL,0,0.00,0.00,0.00,0.00,'N',NULL,6,6,'2022-01-05 14:25:42','2022-01-05 14:25:42',NULL),(110,12,0,109,NULL,NULL,22,670.00,0.00,0.00,0.00,'N',NULL,6,6,'2022-01-05 14:25:42','2022-01-05 14:25:42',NULL),(111,12,0,109,NULL,NULL,7,1000.00,0.00,0.00,0.00,'N',NULL,6,6,'2022-01-05 14:25:42','2022-01-05 14:25:42',NULL);

--
-- Table structure for table `permohonan_project_audit_trail`
--

CREATE TABLE `permohonan_project_audit_trail` (
  `permohonan_project_audit_trail_id` bigint(20) NOT NULL AUTO_INCREMENT,
  `permohonan_project_id` bigint(20) NOT NULL,
  `status` char(1) NOT NULL,
  `remarks` text,
  `created_by` int(11) NOT NULL,
  `created_at` timestamp NULL DEFAULT NULL,
  `updated_at` timestamp NOT NULL DEFAULT CURRENT_TIMESTAMP,
  `deleted_at` timestamp NULL DEFAULT NULL,
  PRIMARY KEY (`permohonan_project_audit_trail_id`),
  KEY `idx_permohonanprojecttrail_permohonanid` (`permohonan_project_id`),
  KEY `idx_permohonanprojecttrail_createdby` (`created_by`)
) ENGINE=InnoDB AUTO_INCREMENT=11 DEFAULT CHARSET=latin1;

--
-- Dumping data for table `permohonan_project_audit_trail`
--

INSERT INTO `permohonan_project_audit_trail` VALUES (1,53,'H',NULL,9,'2022-01-02 15:20:37','2022-01-02 15:20:37',NULL),(2,53,'Z',NULL,6,'2022-01-02 15:22:36','2022-01-02 15:22:36',NULL),(3,53,'Z',NULL,6,'2022-01-02 15:23:12','2022-01-02 15:23:12',NULL),(4,53,'Z',NULL,6,'2022-01-02 15:54:01','2022-01-02 15:54:01',NULL),(5,53,'Z',NULL,6,'2022-01-02 15:55:11','2022-01-02 15:55:11',NULL),(6,53,'Z',NULL,6,'2022-01-04 07:06:05','2022-01-04 07:06:05',NULL),(7,58,'H',NULL,166,'2022-01-04 14:16:46','2022-01-04 14:16:46',NULL),(8,61,'H',NULL,166,'2022-01-04 14:16:46','2022-01-04 14:16:46',NULL),(9,70,'H',NULL,166,'2022-01-04 14:17:39','2022-01-04 14:17:39',NULL),(10,73,'H',NULL,166,'2022-01-04 14:17:39','2022-01-04 14:17:39',NULL);

--
-- Table structure for table `permohonan_project_history`
--

CREATE TABLE `permohonan_project_history` (
  `permohonan_project_history_id` bigint(20) NOT NULL AUTO_INCREMENT,
  `permohonan_project_id` bigint(20) NOT NULL,
  `targeted_value` decimal(10,2) NOT NULL DEFAULT '0.00',
  `achieved_value` decimal(10,2) NOT NULL DEFAULT '0.00',
  `percentage_value` decimal(10,2) NOT NULL DEFAULT '0.00',
  `project_final_value` decimal(10,2) NOT NULL DEFAULT '0.00',
  `created_by` int(11) NOT NULL,
  `updated_by` int(11) NOT NULL,
  `created_at` timestamp NULL DEFAULT NULL,
  `updated_at` timestamp NOT NULL DEFAULT CURRENT_TIMESTAMP,
  `deleted_at` timestamp NULL DEFAULT NULL,
  PRIMARY KEY (`permohonan_project_history_id`),
  KEY `idx_permohonanproject_permohonanprojectid` (`permohonan_project_id`),
  KEY `idx_permohonanproject_createdby` (`created_by`),
  KEY `idx_permohonanproject_updatedby` (`updated_by`)
) ENGINE=InnoDB AUTO_INCREMENT=27 DEFAULT CHARSET=latin1;

--
-- Dumping data for table `permohonan_project_history`
--

INSERT INTO `permohonan_project_history` VALUES (1,53,0.00,0.00,0.00,0.00,9,9,'2022-01-02 15:20:37','2022-01-02 15:20:37',NULL),(2,54,101.00,0.00,0.00,0.00,9,9,'2022-01-02 15:20:37','2022-01-02 15:20:37',NULL),(3,55,300.00,0.00,0.00,0.00,9,9,'2022-01-02 15:20:37','2022-01-02 15:20:37',NULL),(4,56,222.00,0.00,0.00,0.00,9,9,'2022-01-02 15:20:37','2022-01-02 15:20:37',NULL),(5,54,101.00,20.00,19.80,0.00,6,6,'2022-01-02 15:22:36','2022-01-02 15:22:36',NULL),(6,55,300.00,290.00,96.67,0.00,6,6,'2022-01-02 15:22:36','2022-01-02 15:22:36',NULL),(7,56,222.00,111.00,50.00,0.00,6,6,'2022-01-02 15:22:36','2022-01-02 15:22:36',NULL),(8,53,0.00,0.00,0.00,55.49,6,6,'2022-01-02 15:22:36','2022-01-02 15:22:36',NULL),(9,57,310.00,33.00,10.65,0.00,6,6,'2022-01-02 15:23:12','2022-01-02 15:23:12',NULL),(10,53,0.00,0.00,0.00,44.28,6,6,'2022-01-02 15:54:01','2022-01-02 15:54:01',NULL),(11,57,310.00,210.00,67.74,0.00,6,6,'2022-01-02 15:55:11','2022-01-02 15:55:11',NULL),(12,53,0.00,0.00,0.00,58.55,6,6,'2022-01-02 15:55:11','2022-01-02 15:55:11',NULL),(13,56,222.00,222.00,100.00,0.00,6,6,'2022-01-04 07:06:05','2022-01-04 07:06:05',NULL),(14,53,0.00,0.00,0.00,71.05,6,6,'2022-01-04 07:06:05','2022-01-04 07:06:05',NULL),(15,58,0.00,0.00,0.00,0.00,166,166,'2022-01-04 14:16:46','2022-01-04 14:16:46',NULL),(16,59,200.00,0.00,0.00,0.00,166,166,'2022-01-04 14:16:46','2022-01-04 14:16:46',NULL),(17,60,340.00,0.00,0.00,0.00,166,166,'2022-01-04 14:16:46','2022-01-04 14:16:46',NULL),(18,61,0.00,0.00,0.00,0.00,166,166,'2022-01-04 14:16:46','2022-01-04 14:16:46',NULL),(19,62,2300.00,0.00,0.00,0.00,166,166,'2022-01-04 14:16:46','2022-01-04 14:16:46',NULL),(20,63,100.00,0.00,0.00,0.00,166,166,'2022-01-04 14:16:46','2022-01-04 14:16:46',NULL),(21,70,0.00,0.00,0.00,0.00,166,166,'2022-01-04 14:17:39','2022-01-04 14:17:39',NULL),(22,71,340.00,0.00,0.00,0.00,166,166,'2022-01-04 14:17:39','2022-01-04 14:17:39',NULL),(23,72,3210.00,0.00,0.00,0.00,166,166,'2022-01-04 14:17:39','2022-01-04 14:17:39',NULL),(24,73,0.00,0.00,0.00,0.00,166,166,'2022-01-04 14:17:39','2022-01-04 14:17:39',NULL),(25,74,670.00,0.00,0.00,0.00,166,166,'2022-01-04 14:17:39','2022-01-04 14:17:39',NULL),(26,75,1000.00,0.00,0.00,0.00,166,166,'2022-01-04 14:17:39','2022-01-04 14:17:39',NULL);

--
-- Table structure for table `permohonan_scope`
--

CREATE TABLE `permohonan_scope` (
  `permohonan_scope_id` bigint(20) NOT NULL AUTO_INCREMENT,
  `permohonan_id` bigint(20) NOT NULL,
  `scope_desc` varchar(255) DEFAULT NULL,
  `created_by` int(11) NOT NULL,
  `updated_by` int(11) NOT NULL,
  `created_at` timestamp NULL DEFAULT NULL,
  `updated_at` timestamp NOT NULL DEFAULT CURRENT_TIMESTAMP,
  `deleted_at` timestamp NULL DEFAULT NULL,
  PRIMARY KEY (`permohonan_scope_id`),
  KEY `idx_permohonanscope_permohonanid` (`permohonan_id`),
  KEY `idx_permohonanscope_createdby` (`created_by`),
  KEY `idx_permohonanscope_updatedby` (`updated_by`)
) ENGINE=InnoDB DEFAULT CHARSET=latin1;

--
-- Dumping data for table `permohonan_scope`
--


--
-- Table structure for table `permohonan_sharewith`
--

CREATE TABLE `permohonan_sharewith` (
  `permohonan_sharewith_id` bigint(20) NOT NULL AUTO_INCREMENT,
  `permohonan_id` bigint(20) NOT NULL,
  `user_id` int(11) NOT NULL,
  `created_by` int(11) NOT NULL,
  `updated_by` int(11) NOT NULL,
  `created_at` timestamp NULL DEFAULT NULL,
  `updated_at` timestamp NOT NULL DEFAULT CURRENT_TIMESTAMP,
  `deleted_at` timestamp NULL DEFAULT NULL,
  PRIMARY KEY (`permohonan_sharewith_id`),
  KEY `idx_permohonansharewith_permohonanid` (`permohonan_id`),
  KEY `idx_permohonansharewith_userid` (`user_id`),
  KEY `idx_permohonansharewith_createdby` (`created_by`),
  KEY `idx_permohonansharewith_updatedby` (`updated_by`)
) ENGINE=InnoDB AUTO_INCREMENT=25 DEFAULT CHARSET=latin1;

--
-- Dumping data for table `permohonan_sharewith`
--

INSERT INTO `permohonan_sharewith` VALUES (1,1,1176,6,6,'2021-12-31 16:14:34','2021-12-31 16:14:34','2021-12-31 08:17:05'),(2,1,8,6,6,'2021-12-31 16:14:34','2021-12-31 16:14:34','2022-01-03 09:41:32'),(3,1,3,6,6,'2021-12-31 16:14:34','2021-12-31 16:14:34','2022-01-03 09:41:32'),(4,1,8,6,6,'2022-01-03 17:41:32','2022-01-03 17:41:32','2022-01-03 09:46:45'),(5,1,3,6,6,'2022-01-03 17:41:32','2022-01-03 17:41:32','2022-01-03 09:46:45'),(6,1,8,6,6,'2022-01-03 17:46:45','2022-01-03 17:46:45','2022-01-03 09:56:47'),(7,1,3,6,6,'2022-01-03 17:46:45','2022-01-03 17:46:45','2022-01-03 09:56:47'),(8,1,8,8,8,'2022-01-03 17:56:47','2022-01-03 17:56:47','2022-01-03 09:57:29'),(9,1,3,8,8,'2022-01-03 17:56:47','2022-01-03 17:56:47','2022-01-03 09:57:29'),(10,1,8,8,8,'2022-01-03 17:57:29','2022-01-03 17:57:29','2022-01-03 09:57:42'),(11,1,3,8,8,'2022-01-03 17:57:29','2022-01-03 17:57:29','2022-01-03 09:57:42'),(12,1,8,6,6,'2022-01-03 17:57:42','2022-01-03 17:57:42',NULL),(13,1,3,6,6,'2022-01-03 17:57:42','2022-01-03 17:57:42',NULL),(14,8,1176,6,6,'2022-01-04 06:10:24','2022-01-04 06:10:24',NULL),(15,8,7,6,6,'2022-01-04 06:10:24','2022-01-04 06:10:24',NULL),(16,10,1176,6,6,'2022-01-04 13:23:12','2022-01-04 13:23:12','2022-01-05 06:05:09'),(17,14,1176,6,6,'2022-01-04 14:42:43','2022-01-04 14:42:43','2022-01-04 06:49:14'),(18,14,1176,6,6,'2022-01-04 14:49:14','2022-01-04 14:49:14','2022-01-04 06:53:33'),(19,14,1176,6,6,'2022-01-04 14:53:33','2022-01-04 14:53:33','2022-01-04 06:53:46'),(20,14,1176,6,6,'2022-01-04 14:53:46','2022-01-04 14:53:46','2022-01-04 06:54:42'),(21,14,1176,6,6,'2022-01-04 14:54:42','2022-01-04 14:54:42',NULL),(22,10,1176,6,6,'2022-01-05 14:05:09','2022-01-05 14:05:09','2022-01-05 06:18:31'),(23,10,1176,6,6,'2022-01-05 14:18:31','2022-01-05 14:18:31','2022-01-05 06:25:36'),(24,10,1176,6,6,'2022-01-05 14:25:36','2022-01-05 14:25:36',NULL);

--
-- Table structure for table `permohonan_tkp`
--

CREATE TABLE `permohonan_tkp` (
  `permohonan_tkp_id` bigint(20) NOT NULL AUTO_INCREMENT,
  `permohonan_id` bigint(20) NOT NULL,
  `tkp_id` int(11) DEFAULT NULL COMMENT 'TKP id',
  `tkp_response_status` char(1) NOT NULL DEFAULT 'P' COMMENT 'P-pending response,R-tidak sokong,A-sokong',
  `tkp_need_meeting` int(11) NOT NULL DEFAULT '0',
  `tkp_response_remarks` text,
  `tkp_response_date` datetime DEFAULT NULL,
  `tkp_meeting_remarks` text,
  `tkp_meeting_date` datetime DEFAULT NULL,
  `created_by` int(11) NOT NULL,
  `updated_by` int(11) NOT NULL,
  `created_at` timestamp NULL DEFAULT NULL,
  `updated_at` timestamp NOT NULL DEFAULT CURRENT_TIMESTAMP,
  `deleted_at` timestamp NULL DEFAULT NULL,
  PRIMARY KEY (`permohonan_tkp_id`),
  KEY `idx_permohonantkp_permohonanid` (`permohonan_id`),
  KEY `idx_permohonantkp_tkpid` (`tkp_id`),
  KEY `idx_permohonantkp_createdby` (`created_by`),
  KEY `idx_permohonantkp_updatedby` (`updated_by`),
  KEY `idx_permohonantkp_responsestatus` (`tkp_response_status`)
) ENGINE=InnoDB AUTO_INCREMENT=19 DEFAULT CHARSET=latin1;

--
-- Dumping data for table `permohonan_tkp`
--

INSERT INTO `permohonan_tkp` VALUES (1,2,304,'A',0,NULL,'2021-12-31 03:17:54',NULL,NULL,131,131,'2021-12-30 18:54:45','2021-12-30 18:54:45',NULL),(2,2,307,'A',0,NULL,'2021-12-31 03:18:59',NULL,NULL,131,131,'2021-12-30 18:54:45','2021-12-30 18:54:45',NULL),(3,4,304,'A',0,NULL,'2022-01-02 02:09:11',NULL,NULL,131,131,'2022-01-01 18:07:46','2022-01-01 18:07:46',NULL),(4,4,307,'A',0,NULL,'2022-01-02 02:10:30',NULL,NULL,131,131,'2022-01-01 18:07:46','2022-01-01 18:07:46',NULL),(5,5,304,'A',0,'dsdsd','2022-01-02 23:19:13',NULL,NULL,131,131,'2022-01-02 15:17:24','2022-01-02 15:17:24',NULL),(6,5,307,'A',0,NULL,'2022-01-02 23:19:38',NULL,NULL,131,131,'2022-01-02 15:17:24','2022-01-02 15:17:24',NULL),(7,12,304,'I',1,'Even if you do decide to use a wiki, there are many different types, so you\'ll need to select wisely in order to reap the benefits and avoid the pitfalls. And the first question to ask is: do you need to create a wiki at all?','2022-01-04 22:03:01',NULL,NULL,131,131,'2022-01-04 13:41:59','2022-01-04 13:41:59',NULL),(8,12,307,'A',0,NULL,'2022-01-04 22:04:23',NULL,NULL,131,131,'2022-01-04 13:41:59','2022-01-04 13:41:59',NULL),(9,10,304,'A',0,'Perhaps you\'ve identified the need for an accurate and up-to-date collection of team-building activities. If you gather these in a wiki, people in different departments will be able to add their own resources and share their ideas.','2022-01-04 22:03:19',NULL,NULL,131,131,'2022-01-04 14:01:36','2022-01-04 14:01:36',NULL),(10,10,307,'A',0,'If not enough of these factors apply, or if you have difficulty stating how a wiki would benefit you, it\'s likely the wrong approach. What\'s more, if you already have effective ways to store, edit and communicate all the material you work with, a wiki may be more trouble than it\'s worth!','2022-01-04 22:04:42',NULL,NULL,131,131,'2022-01-04 14:01:36','2022-01-04 14:01:36',NULL),(11,11,304,'I',1,'Or maybe you\'ve noticed that important information about your company\'s culture and heritage is being lost when people leave. With a wiki, everyone could contribute to a collection of knowledge that would remain in place even after they themselves had moved on.','2022-01-04 22:03:38',NULL,NULL,131,131,'2022-01-04 14:02:06','2022-01-04 14:02:06',NULL),(12,11,307,'A',0,'If you decide to bring in new technology, there are both free and paid-for options. Some systems allow you to design your own wiki in full, while others provide templates or can even produce the \"foundation\" wiki pages for you.','2022-01-04 22:05:04',NULL,NULL,131,131,'2022-01-04 14:02:06','2022-01-04 14:02:06',NULL),(13,15,304,'A',0,'When you create a wiki, carefully consider the levels of security it will require, and whether you need to put any of your own rules in place. Pay particular attention to data security, and liaise with your IT department to ensure that anything you set up complies with company policies and national laws.','2022-01-04 23:27:38',NULL,NULL,131,131,'2022-01-04 15:22:56','2022-01-04 15:22:56',NULL),(14,15,307,'I',1,'Many organizations are using systems like these to redefine their approach to wikis. While still allowing multiple users to contribute and collaborate, they also put more controls in place over how and when information is changed. In addition, they can be connected to other work-management tools.','2022-01-04 23:28:52',NULL,NULL,131,131,'2022-01-04 15:22:56','2022-01-04 15:22:56',NULL),(15,14,304,'A',0,'When you create a wiki, carefully consider the levels of security it will require, and whether you need to put any of your own rules in place. Pay particular attention to data security, and liaise with your IT department to ensure that anything you set up complies with company policies and national laws.','2022-01-04 23:27:49',NULL,NULL,131,131,'2022-01-04 15:26:31','2022-01-04 15:26:31',NULL),(16,14,307,'I',1,'Many organizations are using systems like these to redefine their approach to wikis. While still allowing multiple users to contribute and collaborate, they also put more controls in place over how and when information is changed. In addition, they can be connected to other work-management tools.','2022-01-04 23:29:02',NULL,NULL,131,131,'2022-01-04 15:26:31','2022-01-04 15:26:31',NULL),(17,13,304,'I',1,'When you create a wiki, carefully consider the levels of security it will require, and whether you need to put any of your own rules in place. Pay particular attention to data security, and liaise with your IT department to ensure that anything you set up complies with company policies and national laws.','2022-01-04 23:27:56',NULL,NULL,131,131,'2022-01-04 15:26:39','2022-01-04 15:26:39',NULL),(18,13,307,'A',0,'Many organizations are using systems like these to redefine their approach to wikis. While still allowing multiple users to contribute and collaborate, they also put more controls in place over how and when information is changed. In addition, they can be connected to other work-management tools.','2022-01-04 23:28:45',NULL,NULL,131,131,'2022-01-04 15:26:41','2022-01-04 15:26:41',NULL);

--
-- Table structure for table `ref_akademik`
--

CREATE TABLE `ref_akademik` (
  `akademik_id` int(11) NOT NULL AUTO_INCREMENT,
  `akademik_desc` varchar(200) NOT NULL,
  `is_active` char(1) NOT NULL DEFAULT '1',
  `created_by` int(11) DEFAULT NULL,
  `updated_by` int(11) DEFAULT NULL,
  `created_at` timestamp NULL DEFAULT NULL,
  `updated_at` timestamp NULL DEFAULT CURRENT_TIMESTAMP,
  `deleted_at` timestamp NULL DEFAULT NULL,
  PRIMARY KEY (`akademik_id`),
  KEY `idx_academic_createdby` (`created_by`),
  KEY `idx_academic_updatedby` (`updated_by`)
) ENGINE=InnoDB AUTO_INCREMENT=7 DEFAULT CHARSET=latin1;

--
-- Dumping data for table `ref_akademik`
--

INSERT INTO `ref_akademik` VALUES (1,'PHD','1',2,2,'2021-03-19 13:35:24','2021-03-19 13:35:24',NULL),(2,'MASTER','1',2,2,'2021-03-19 13:35:24','2021-03-19 13:35:24',NULL),(3,'IJAZAH','1',2,2,'2021-03-19 13:35:24','2021-03-19 13:35:24',NULL),(4,'DIPLOMA','1',2,2,'2021-03-19 13:35:24','2021-03-19 13:35:24',NULL),(5,'SIJIL','1',2,2,'2021-03-19 13:35:24','2021-03-19 13:35:24',NULL),(6,'SPM','1',2,2,'2021-05-31 04:18:32','2021-05-31 04:18:35',NULL);

--
-- Table structure for table `ref_alasan`
--

CREATE TABLE `ref_alasan` (
  `alasan_id` int(11) NOT NULL AUTO_INCREMENT,
  `alasan_desc` varchar(300) NOT NULL,
  `is_active` char(1) NOT NULL DEFAULT '1',
  `created_at` timestamp NULL DEFAULT NULL,
  `updated_at` timestamp NOT NULL DEFAULT CURRENT_TIMESTAMP,
  `deleted_at` timestamp NULL DEFAULT NULL,
  PRIMARY KEY (`alasan_id`)
) ENGINE=InnoDB AUTO_INCREMENT=18 DEFAULT CHARSET=latin1;

--
-- Dumping data for table `ref_alasan`
--

INSERT INTO `ref_alasan` VALUES (1,'Cuti Rehat','0','2018-12-01 00:04:36','2018-12-01 00:04:36','2019-01-13 18:52:31'),(2,'Cuti Sakit','0','2018-12-01 00:04:36','2018-12-01 00:04:36','2019-01-13 18:52:46'),(3,'Menghadiri Mesyuarat','0','2018-12-01 00:04:36','2018-12-01 00:04:36','2019-01-13 18:59:28'),(4,'Kerja Lebih Masa','0','2018-12-01 00:04:36','2018-12-01 00:04:36','2019-01-13 18:54:14'),(5,'Cuti Bersalin','0','2018-12-01 00:04:36','2018-12-01 00:04:36','2019-01-13 18:52:59'),(6,'Menghadiri Kursus','0','2018-12-01 00:04:36','2018-12-01 00:04:36','2019-01-13 18:59:10'),(7,'Tersalah Punch','0','2018-12-01 00:04:36','2018-12-01 00:04:36','2019-01-13 18:58:31'),(8,'Cuti Tanpa Rekod','1','2018-12-01 00:04:37','2018-12-01 00:04:37','2019-01-13 18:55:00'),(9,'Cuti Tanpa Gaji','0','2018-12-01 00:04:37','2018-12-01 00:04:37','2019-01-13 18:53:39'),(10,'Mesy. Sasaran Kerja Tahunan','1','2018-12-01 00:04:37','2018-12-01 00:04:37','2019-01-13 18:53:12'),(11,'Alasan Lewat Diterima','1','2018-12-01 00:04:37','2018-12-01 00:04:37',NULL),(12,'Pelepasan Waktu Bertugas','1','2018-12-01 00:04:37','2018-12-01 00:04:37','2019-01-13 18:59:21'),(13,'Cuti Kecemasan','1','2018-12-01 00:04:37','2018-12-01 00:04:37','2019-01-13 18:53:51'),(14,'Cuti Tahunan','1','2018-12-01 00:04:37','2018-12-01 00:04:37','2019-01-13 18:54:26'),(15,'Cuti Isteri Bersalin','1','2018-12-01 00:04:37','2018-12-01 00:04:37','2019-01-13 18:54:00'),(16,'Alasan Pulang Awal Diterima','1','2018-12-01 00:04:37','2018-12-01 00:04:37',NULL),(17,'Alasan Tidak Lengkap','1','2019-01-14 02:58:50','2019-01-14 02:58:50',NULL);

--
-- Table structure for table `ref_allocation`
--

CREATE TABLE `ref_allocation` (
  `allocation_id` int(11) NOT NULL AUTO_INCREMENT,
  `allocation_code` char(10) DEFAULT NULL,
  `allocation_desc` varchar(255) DEFAULT NULL,
  `running_no` int(11) NOT NULL DEFAULT '0',
  `created_by` int(11) DEFAULT NULL,
  `updated_by` int(11) DEFAULT NULL,
  `created_at` timestamp NULL DEFAULT NULL,
  `updated_at` timestamp NOT NULL DEFAULT CURRENT_TIMESTAMP,
  `deleted_at` timestamp NULL DEFAULT NULL,
  PRIMARY KEY (`allocation_id`)
) ENGINE=InnoDB AUTO_INCREMENT=3 DEFAULT CHARSET=latin1;

--
-- Dumping data for table `ref_allocation`
--

INSERT INTO `ref_allocation` VALUES (1,'M','OPERASI',1,2,46,'2019-03-21 19:41:34','2019-04-11 20:19:11',NULL),(2,'P','PEMBANGUNAN',0,2,46,'2019-03-21 19:41:45','2019-04-11 20:54:00',NULL);

--
-- Table structure for table `ref_asset`
--

CREATE TABLE `ref_asset` (
  `asset_id` int(11) NOT NULL AUTO_INCREMENT,
  `asset_category` int(11) DEFAULT '0' COMMENT '0-bukan alih, 1-alih',
  `asset_code` varchar(20) DEFAULT NULL,
  `asset_desc` varchar(255) DEFAULT NULL,
  `created_by` int(11) DEFAULT NULL,
  `updated_by` int(11) DEFAULT NULL,
  `created_at` timestamp NULL DEFAULT NULL,
  `updated_at` timestamp NOT NULL DEFAULT CURRENT_TIMESTAMP,
  `deleted_at` timestamp NULL DEFAULT NULL,
  PRIMARY KEY (`asset_id`),
  KEY `idx_refasset_createdby` (`created_by`),
  KEY `idx_refasset_updatedby` (`updated_by`)
) ENGINE=InnoDB AUTO_INCREMENT=34 DEFAULT CHARSET=latin1;

--
-- Dumping data for table `ref_asset`
--

INSERT INTO `ref_asset` VALUES (1,1,'A35300','ALAT KELENGKAPAN KOMPUTER DAN LETRONIK',2,31,'2020-10-14 03:36:35','2021-11-08 15:36:34',NULL),(2,1,'A35400','ALAT KELENGKAPAN LETRIK',2,275,'2020-10-14 03:36:35','2021-08-16 04:26:45',NULL),(3,1,'A35200','ALAT KELENGKAPAN MESIN',2,275,'2020-10-14 03:36:35','2021-08-16 04:29:46',NULL),(4,1,'A35100','ALAT KELENGKAPAN PEJABAT,PERABOT DAN LENGKAPAN',2,275,'2020-10-14 03:36:35','2021-08-16 04:28:35',NULL),(5,1,'A35500','ALAT KELENGKAPAN PENYIARAN DAAN PERHUBUNGAN',2,275,'2020-10-14 03:36:35','2021-08-16 04:30:22',NULL),(6,0,'P27600','BAHAN TENUNAN DAN BARANG - BARANG PAKAIAN',2,31,'2020-10-14 03:36:35','2020-12-31 04:34:31',NULL),(7,0,'P27100','BEKALAN PEJABAT',2,275,'2020-10-14 03:36:35','2021-04-05 03:01:49',NULL),(8,0,'L91100','BELANJA AKRU',2,182,'2020-10-14 03:36:35','2021-04-07 01:20:16',NULL),(9,1,'000000','INTANGIBLE ASSET',2,2,'2020-10-14 03:36:35','2020-10-14 03:36:35',NULL),(10,1,'A33100','KEMUDAHAN',2,275,'2020-10-14 03:36:35','2021-08-16 04:33:07',NULL),(11,1,'A34100','KENDERAAN',2,31,'2020-10-14 03:36:35','2020-12-31 04:45:35',NULL),(12,0,'P29400','KERAIAN, HOSPITALITI DAN HONORARIUM',2,31,'2020-10-14 03:36:35','2020-12-31 04:41:49',NULL),(13,0,'P22700','PENGANGKUTAN  BARANG- BARANG PEJABAT',2,31,'2020-10-14 03:36:35','2020-12-31 04:38:36',NULL),(14,0,'P22100','PENGANGKUTAN BARANG-BARANG UNTUK KAKITANGAN AWAM DALAM NEGERI',2,275,'2020-10-14 03:36:35','2021-08-16 04:23:33',NULL),(15,0,'P28500','PENYELENGGARAAN ALAT KELENGKAPAN ELEKTRIK',2,31,'2020-10-14 03:36:35','2020-12-31 04:40:37',NULL),(16,0,'P28400','PENYELENGGARAAN ALAT KELENGKAPAN KOMPUTER DAN LETRONIK',2,31,'2020-10-14 03:36:35','2020-12-31 04:40:14',NULL),(17,0,'P28300','PENYELENGGARAAN ALAT KELENGKAPAN MESIN',2,31,'2020-10-14 03:36:35','2020-12-31 04:39:54',NULL),(18,0,'P28200','PENYELENGGARAAN ALAT KELENGKAPAN PEJABAT, PERABOT DAN LENGKAPAN',2,31,'2020-10-14 03:36:35','2020-12-31 04:35:36',NULL),(19,0,'P28100','PENYELENGGARAAN BANGUNAN',2,31,'2020-10-14 03:36:35','2020-12-31 04:35:07',NULL),(20,0,'P28700','PENYELENGGARAAN KENDERAAN',2,31,'2020-10-14 03:36:35','2020-12-31 04:36:00',NULL),(21,0,'P21200','PERBELANJAAN PERJALANAN DAN SARA HIDUP KAKIKTANGAN DI LUAR NEGARA',2,31,'2020-10-14 03:36:35','2020-12-31 04:32:43',NULL),(22,0,'P21100','PERBELANJAAN PERJALANAN DAN SARA HIDUP KAKITANGAN DALAM NEGERI',2,31,'2020-10-14 03:36:35','2020-12-31 04:32:21',NULL),(23,0,'P23100','PERHUBUNGAN',2,31,'2020-10-14 03:36:35','2020-12-31 04:33:06',NULL),(24,0,'P29200','PERKHIDMATAN PERCETAKAN DAN MENJILID YANG DIBELI',2,31,'2020-10-14 03:36:35','2020-12-31 04:43:01',NULL),(25,0,'P29100','PERKHIDMATAN YANG DIBELI',2,31,'2020-10-14 03:36:35','2020-12-31 04:42:38',NULL),(26,0,'P24500','SEWA ALAT KELENGKAPAN PEJABAT, PERABOT DAN LENGKAPAN',2,31,'2020-10-14 03:36:35','2020-12-31 04:44:17',NULL),(27,0,'P24200','SEWA BANGUNAN',2,31,'2020-10-14 03:36:35','2020-12-31 04:44:39',NULL),(28,1,'A35600','UBAHSUAI',2,31,'2020-10-14 03:36:35','2020-12-31 04:43:40',NULL),(29,0,'P28600','PENYELENGGARAAN ALAT KELENGKAPAN PENYIARAN DAN PERHUBUNGAN',275,275,'2020-11-27 00:11:47','2020-12-03 03:56:18',NULL),(30,0,'L91108','APO',182,182,'2021-04-07 01:24:19','2021-04-07 01:24:19',NULL),(31,0,'L91113','JICA/ CLMV',182,182,'2021-04-07 01:24:50','2021-04-07 01:24:50',NULL),(32,0,'U22S0000','APO DMO',182,182,'2021-08-26 02:13:17','2021-08-26 02:13:39',NULL),(33,0,'P27300','BEKALAN RIADAH',182,182,'2021-09-09 00:36:37','2021-09-09 00:36:37',NULL);

--
-- Table structure for table `ref_asset_type`
--

CREATE TABLE `ref_asset_type` (
  `asset_type_id` int(11) NOT NULL AUTO_INCREMENT,
  `asset_id` int(11) DEFAULT NULL,
  `asset_category` int(11) DEFAULT NULL,
  `asset_desc` varchar(100) DEFAULT NULL,
  `asset_type_code` varchar(50) DEFAULT NULL,
  `asset_type_desc` varchar(255) DEFAULT NULL,
  `created_by` int(11) DEFAULT NULL,
  `updated_by` int(11) DEFAULT NULL,
  `created_at` timestamp NULL DEFAULT NULL,
  `updated_at` timestamp NOT NULL DEFAULT CURRENT_TIMESTAMP,
  `deleted_at` timestamp NULL DEFAULT NULL,
  PRIMARY KEY (`asset_type_id`),
  KEY `idx_refassettype_assetid` (`asset_id`),
  KEY `idx_refassettype_createdby` (`created_by`),
  KEY `idx_refassettype_updatedby` (`updated_by`),
  KEY `idx_refassettype_category` (`asset_category`)
) ENGINE=InnoDB AUTO_INCREMENT=82 DEFAULT CHARSET=latin1;

--
-- Dumping data for table `ref_asset_type`
--

INSERT INTO `ref_asset_type` VALUES (1,10,1,'KEMUDAHAN','A33101','KEMUDAHAN',2,2,'2020-10-14 03:31:11','2020-10-14 03:31:11',NULL),(2,11,1,'KENDERAAN','A34101','KENDERAAN BERMOTOR',2,2,'2020-10-14 03:31:11','2020-10-14 03:31:11',NULL),(3,4,1,'ALAT KELENGKAPAN PEJABAT,PERABOT DAN LENGKAPAN','A35101','PERABOT DAN KELENGKAPAN PEJABAT',2,2,'2020-10-14 03:31:11','2020-10-14 03:31:11',NULL),(4,3,1,'ALAT KELENGKAPAN MESIN','A35201','MESIN DAN ALAT KELENGKAPAN  PEJABAT',2,2,'2020-10-14 03:31:11','2020-10-14 03:31:11',NULL),(5,1,1,'ALAT KELENGKAPAN KOMPUTER DAN LETRONIK','A35301','KOMPUTER DAN ALAT KELENGKAPAN',2,2,'2020-10-14 03:31:11','2020-10-14 03:31:11',NULL),(6,2,1,'ALAT KELENGKAPAN LETRIK','A35401','HAWA DINGIN, PENYEJUK, PEMANAS DAN ALAT KELENGKAPAN',2,2,'2020-10-14 03:31:11','2020-10-14 03:31:11',NULL),(7,5,1,'ALAT KELENGKAPAN PENYIARAN DAAN PERHUBUNGAN','A35501','TELEFON DAN MESIN FAX/PA SYSTEM',2,2,'2020-10-14 03:31:11','2020-10-14 03:31:11',NULL),(8,28,1,'UBAHSUAI','A35601','UBAHSUAI',2,2,'2020-10-14 03:31:11','2020-10-14 03:31:11',NULL),(9,9,1,'INTANGIBLE ASSET','A35701','INTANGIBLE ASSET (SOFTWARE)',2,31,'2020-10-14 03:31:11','2020-10-14 05:28:08',NULL),(10,30,0,'BELANJAN AKRU','L91108','APO',2,182,'2020-10-14 03:31:11','2021-04-07 01:28:15',NULL),(11,31,0,'BELANJAN AKRU','L91113','BEST PRACTICE JICA/ CLMV',2,182,'2020-10-14 03:31:11','2021-04-07 01:26:14',NULL),(12,22,0,'PERBELANJAAN PERJALANAN DAN SARA HIDUP KAKITANGAN DALAM NEGERI','P21101','TAMBANG PERJALANAN, TOP-UP TOUCH N GO',2,2,'2020-10-14 03:31:11','2020-10-14 03:31:11',NULL),(13,22,0,'PERBELANJAAN PERJALANAN DAN SARA HIDUP KAKITANGAN DALAM NEGERI','P21102','HOTEL, LOJING DAN ELAUN MAKAN',2,2,'2020-10-14 03:31:11','2020-10-14 03:31:11',NULL),(14,22,0,'PERBELANJAAN PERJALANAN DAN SARA HIDUP KAKITANGAN DALAM NEGERI','P21199','LAIN - LAIN PERBELANJAAN PERJALANAN',2,2,'2020-10-14 03:31:11','2020-10-14 03:31:11',NULL),(15,21,0,'PERBELANJAAN PERJALANAN DAN SARA HIDUP KAKIKTANGAN DI LUAR NEGARA','P21201','TAMBANG PERJALANAN',2,2,'2020-10-14 03:31:11','2020-10-14 03:31:11',NULL),(16,21,0,'PERBELANJAAN PERJALANAN DAN SARA HIDUP KAKIKTANGAN DI LUAR NEGARA','P21202','HOTEL, LOJING DAN ELAUN MAKAN',2,2,'2020-10-14 03:31:11','2020-10-14 03:31:11',NULL),(17,21,0,'PERBELANJAAN PERJALANAN DAN SARA HIDUP KAKIKTANGAN DI LUAR NEGARA','P22101','PERPINDAHAN BARANG P',2,2,'2020-10-14 03:31:11','2020-10-14 03:31:11',NULL),(18,21,0,'PERBELANJAAN PERJALANAN DAN SARA HIDUP KAKIKTANGAN DI LUAR NEGARA','P22701','PENGANGKUTAN BARANG',2,2,'2020-10-14 03:31:11','2020-10-14 03:31:11',NULL),(19,14,0,'PENGANGKUTAN BARANG-BARANG UNTUK KAKITANGAN AWAM DALAM NEGERI','P22101','PERPINDAHAN BARANG PEGAWAI',2,2,'2020-10-14 03:31:11','2020-10-14 03:31:11',NULL),(20,13,0,'PENGANGKUTAN  BARANG- BARANG PEJABAT','P22701','PENGANGKUTAN BARANG PEJABAT, EXCESS BAGGAGE',2,2,'2020-10-14 03:31:11','2020-10-14 03:31:11',NULL),(21,23,0,'PERHUBUNGAN ','P23104','INTERNET',2,2,'2020-10-14 03:31:11','2020-10-14 03:31:11',NULL),(22,27,0,'SEWA BANGUNAN','P24201','SEWA BANGUNAN PEJABAT',2,2,'2020-10-14 03:31:11','2020-10-14 03:31:11',NULL),(23,27,0,'SEWA BANGUNAN','P24202','SEWA BANGUNAN KEDIAMAN',2,2,'2020-10-14 03:31:11','2020-10-14 03:31:11',NULL),(24,27,0,'SEWA BANGUNAN','P24299','SEWA BANGUNAN LAIN LAIN (BAYARAN PARKING BULANAN)',2,2,'2020-10-14 03:31:11','2020-10-14 03:31:11',NULL),(25,26,0,'SEWA ALAT KELENGKAPAN PEJABAT, PERABOT DAN LENGKAPAN','P24501','SEWA PERABOT ALAT KELENGKAPAN PEJABAT',2,2,'2020-10-14 03:31:11','2020-10-14 03:31:11',NULL),(26,26,0,'SEWA ALAT KELENGKAPAN PEJABAT, PERABOT DAN LENGKAPAN','P24502','SEWA MESIN DAN LENGKAPAN',2,2,'2020-10-14 03:31:11','2020-10-14 03:31:11',NULL),(27,26,0,'SEWA ALAT KELENGKAPAN PEJABAT, PERABOT DAN LENGKAPAN','P24503','SEWA MESIN FOTOSTAT',2,2,'2020-10-14 03:31:11','2020-10-14 03:31:11',NULL),(28,26,0,'SEWA ALAT KELENGKAPAN PEJABAT, PERABOT DAN LENGKAPAN','P24504','SEWA KENDERAAN',2,2,'2020-10-14 03:31:11','2020-10-14 03:31:11',NULL),(29,26,0,'SEWA ALAT KELENGKAPAN PEJABAT, PERABOT DAN LENGKAPAN','P24505','SEWA BILIK SEMINAR/KURSUS - PAMERAN',2,2,'2020-10-14 03:31:11','2020-10-14 03:31:11',NULL),(30,7,0,'BEKALAN PEJABAT','P27101','SURAT KHABAR, DAN MAJALAH',2,2,'2020-10-14 03:31:11','2020-10-14 03:31:11',NULL),(31,7,0,'BEKALAN PEJABAT','P27102','P27102- BEKALAN PEJABAT',2,275,'2020-10-14 03:31:11','2020-11-27 00:18:41',NULL),(32,7,0,'BEKALAN PEJABAT','P27103','P27103 - BEKALAN KOMPUTER',2,275,'2020-10-14 03:31:11','2021-04-05 03:03:06',NULL),(33,7,0,'BEKALAN PEJABAT','P27105','BAHAN KURSUS / SEMINAR (CTH: LANYARD, TRAINING KIT, T-SHIRT, BAG, FLIPCHART)',2,31,'2020-10-14 03:31:11','2020-10-14 05:32:13',NULL),(34,7,0,'BEKALAN PEJABAT','P27106','PERABOT DAN LENGKAPAN PEJABAT < RM 1,000.00 - CARPET, LANGSIR, WHITE BOARD - HAND DRYER',2,2,'2020-10-14 03:31:11','2020-10-14 03:31:11',NULL),(35,7,0,'BEKALAN PEJABAT','P27107','P27107 - BEKALAN DAN ALAT GANTI',2,275,'2020-10-14 03:31:11','2021-04-05 03:02:47',NULL),(36,7,0,'BEKALAN PEJABAT','P27108','BEKAL BAHAN PROMOSI (CTH: BAJU , BUNTING, NOTEBOOK ORGANIZER)',2,31,'2020-10-14 03:31:11','2020-10-14 05:30:05',NULL),(37,6,0,'BAHAN TENUNAN DAN BARANG - BARANG PAKAIAN','P27601','PAKAIAN SERAGAM',2,2,'2020-10-14 03:31:11','2020-10-14 03:31:11',NULL),(38,19,0,'PENYELENGGARAAN BANGUNAN ','P28101','BANGUNAN PEJABAT DAN RUMAH REHAT  - PEST CONTROL, PEMADAM API, TANGKI AIR, CAT , CUCIBANGUNAN',2,2,'2020-10-14 03:31:11','2020-10-14 03:31:11',NULL),(39,19,0,'PENYELENGGARAAN BANGUNAN ','P28102','KAWASAN PEJABAT',2,2,'2020-10-14 03:31:11','2020-10-14 03:31:11',NULL),(40,19,0,'PENYELENGGARAAN BANGUNAN ','P28199','BANGUNAN - BANGUNAN LAIN',2,2,'2020-10-14 03:31:11','2020-10-14 03:31:11',NULL),(41,18,0,'PENYELENGGARAAN ALAT KELENGKAPAN PEJABAT, PERABOT DAN LENGKAPAN','P28201','PERABOT ALAT KELENGKAPAN  PEJABAT',2,2,'2020-10-14 03:31:11','2020-10-14 03:31:11',NULL),(42,18,0,'PENYELENGGARAAN ALAT KELENGKAPAN PEJABAT, PERABOT DAN LENGKAPAN','P28299','PERABOT DAN LENGKAPAN YANG LAIN',2,2,'2020-10-14 03:31:11','2020-10-14 03:31:11',NULL),(43,17,0,'PENYELENGGARAAN ALAT KELENGKAPAN MESIN','P28301','MESIN DAN ALAT KELENGKAPAN PEJABAT',2,2,'2020-10-14 03:31:11','2020-10-14 03:31:11',NULL),(44,17,0,'PENYELENGGARAAN ALAT KELENGKAPAN MESIN','P28399','ALAT -ALAT KELENGKAPAN MESIN YANG LAIN',2,2,'2020-10-14 03:31:11','2020-10-14 03:31:11',NULL),(45,16,0,'PENYELENGGARAAN ALAT KELENGKAPAN KOMPUTER DAN LETRONIK','P28401','KOMPUTER DAN LETRONIK',2,2,'2020-10-14 03:31:11','2020-10-14 03:31:11',NULL),(46,15,0,'PENYELENGGARAAN ALAT KELENGKAPAN ELEKTRIK','P28501','HAWA DINGIN UTAMA',2,2,'2020-10-14 03:31:11','2020-10-14 03:31:11',NULL),(47,15,0,'PENYELENGGARAAN ALAT KELENGKAPAN ELEKTRIK','P28502','HAWA DINGIN INDIVIDU',2,2,'2020-10-14 03:31:11','2020-10-14 03:31:11',NULL),(48,20,0,'PENYELENGGARAAN KENDERAAN','P28701','KENDERAAN',2,2,'2020-10-14 03:31:11','2020-10-14 03:31:11',NULL),(49,25,0,'PERKHIDMATAN YANG DIBELI','P29101','PERKHIDMATAN PERUBATAN',2,2,'2020-10-14 03:31:11','2020-10-14 03:31:11',NULL),(50,25,0,'PERKHIDMATAN YANG DIBELI','P29103','PERKHIDMATAN PERUNDANGAN - STEM HASIL',2,2,'2020-10-14 03:31:11','2020-10-14 03:31:11',NULL),(51,25,0,'PERKHIDMATAN YANG DIBELI','P29104','PERKHIDMATAN LATIHAN KAKITANGAN',2,2,'2020-10-14 03:31:11','2020-10-14 03:31:11',NULL),(52,25,0,'PERKHIDMATAN YANG DIBELI','P29105','PERKHIDMATAN PAKAR RUNDING PERNIAGAAN DAN PENGURUSAN',2,2,'2020-10-14 03:31:11','2020-10-14 03:31:11',NULL),(53,25,0,'PERKHIDMATAN YANG DIBELI','P29106','PERKHIDMATAN PENSYARAH JEMPUTAN',2,2,'2020-10-14 03:31:11','2020-10-14 03:31:11',NULL),(54,25,0,'PERKHIDMATAN YANG DIBELI','P29107','PERKHIDMATAN KOMPUTER DAN PROSESAN DATA',2,2,'2020-10-14 03:31:11','2020-10-14 03:31:11',NULL),(55,25,0,'PERKHIDMATAN YANG DIBELI','P29108','PERKHIDMATAN FOTOGRAFI , BLUE-PRINTING DAN FILEM MIKRO',2,2,'2020-10-14 03:31:11','2020-10-14 03:31:11',NULL),(56,25,0,'PERKHIDMATAN YANG DIBELI','P29109','PERKHIDMATAN PENGELUARAN DAN PENYEBARAN TAYANGAN GAMBAR , PITA VIDEO, RADIO, TV PROD., LAGU, CUCI GAMBAR,  ASTRO',2,2,'2020-10-14 03:31:11','2020-10-14 03:31:11',NULL),(57,25,0,'PERKHIDMATAN YANG DIBELI','P29110','PERKHIDMATAN PENGIKLANAN',2,2,'2020-10-14 03:31:11','2020-10-14 03:31:11',NULL),(58,25,0,'PERKHIDMATAN YANG DIBELI','P29111','PERKHIDMATAN PERLINDUNGAN DAN KESELAMATAN - (RENEW LESEN, JAGA, INSURAN KEBAKARAN/INSURAN PERJALANAN KE LUAR NEGARA)',2,2,'2020-10-14 03:31:11','2020-10-14 03:31:11',NULL),(59,25,0,'PERKHIDMATAN YANG DIBELI','P29112','PERKHIDMATAN PENTERJEMAHAN DAN PENAFSIRAN/PENULISAN',2,2,'2020-10-14 03:31:11','2020-10-14 03:31:11',NULL),(60,25,0,'PERKHIDMATAN YANG DIBELI','P29114','INSURAN & CUKAI JALAN / KENDERAAN PEJABAT (RENEW ROAD TAX) * GUNA UTK INSURAN & CUKAI JALAN/KENDERAAN PEJABAT TERMASUK DI WILAYAH',2,2,'2020-10-14 03:31:11','2020-10-14 03:31:11',NULL),(61,25,0,'PERKHIDMATAN YANG DIBELI','P29117','YURAN LAIN (PERPUSTAKAAN, BENCHMARKING, DLL.)',2,2,'2020-10-14 03:31:11','2020-10-14 03:31:11',NULL),(62,25,0,'PERKHIDMATAN YANG DIBELI','P29199','PERKHIDMATAN YANG LAIN - BANK CHARGE, SONITACT,TENAGA KERJA/PLATE NO.KERETA BARU',2,2,'2020-10-14 03:31:11','2020-10-14 03:31:11',NULL),(63,24,0,'PERKHIDMATAN PERCETAKAN DAN MENJILID YANG DIBELI','P29201','PERCETAKAN PENERBITAN - ARTWORD, APR , BUKU LAPORAN, KERTAS UNTUK BOOKLET, PRINT LAPORAN, GCR',2,275,'2020-10-14 03:31:11','2021-08-30 07:16:59',NULL),(64,24,0,'PERKHIDMATAN PERCETAKAN DAN MENJILID YANG DIBELI','P29202','PERCETAKAN BORANG DAN ALAT TULIS  -  KAD NAMA, COVER SIJIL, STICKER, BROCHURE, PLANNER, POSTER',2,2,'2020-10-14 03:31:11','2020-10-14 03:31:11',NULL),(65,24,0,'PERKHIDMATAN PERCETAKAN DAN MENJILID YANG DIBELI','P29203','BACAAN METER MESIN FOTOSTAT',2,2,'2020-10-14 03:31:11','2020-10-14 03:31:11',NULL),(66,24,0,'PERKHIDMATAN PERCETAKAN DAN MENJILID YANG DIBELI','P29299','BAYARAN - BAYARAN PERKHIDMATAN PERCETAKAN YANG LAIN - JILID, MATEL PLATE, BINDING',2,2,'2020-10-14 03:31:11','2020-10-14 03:31:11',NULL),(67,12,0,'KERAIAN, HOSPITALITI DAN HONORARIUM','P29401','MAKAN DAN MINUM (STOK TEH, GULA, KOPI, KRIMER, BISKUT)',2,31,'2020-10-14 03:31:11','2020-10-14 05:24:45',NULL),(68,12,0,'KERAIAN, HOSPITALITI DAN HONORARIUM','P29402','PENGINAPAN - ORANG JEMPUTAN/PESERTA KURSUS',2,2,'2020-10-14 03:31:11','2020-10-14 03:31:11',NULL),(69,12,0,'KERAIAN, HOSPITALITI DAN HONORARIUM','P29403','PENGANGKUTAN/INSURAN - ORANG JEMPUTAN/PESERTA KURSUS',2,2,'2020-10-14 03:31:11','2020-10-14 03:31:11',NULL),(70,12,0,'KERAIAN, HOSPITALITI DAN HONORARIUM','P29404','HONORARIUM, SAGUHATI DAN HADIAH (CTH: ORANG LUAR, BAYARAN PEMENANG ICC, PIALA, DOORGIFT)',2,31,'2020-10-14 03:31:11','2020-10-14 05:50:24',NULL),(71,12,0,'KERAIAN, HOSPITALITI DAN HONORARIUM','P29406','HONORARIUM, SAGUHATI DAN HADIAH - KAKITANGAN MPC, DINNER, TQ DAUN KELADI, HARI KELUARGA, HARI SUKAN)',2,31,'2020-10-14 03:31:11','2020-10-14 05:51:04',NULL),(72,12,0,'KERAIAN, HOSPITALITI DAN HONORARIUM','P29407','MAKAN DAN MINUM (PESERTA KURSUS, SEMINAR, WORKSHOP, BAND)',2,31,'2020-10-14 03:31:11','2020-10-14 05:25:35',NULL),(73,25,NULL,NULL,'P29102','PERKHIDMATAN PERAKAUNAN DAN AUDITAN',275,275,'2020-11-09 01:01:05','2020-11-09 01:05:43',NULL),(74,29,NULL,NULL,'P28601','P28601-TELEFON DAN MESIN FAX - PABX',275,275,'2020-11-27 00:15:23','2020-12-03 03:57:05',NULL),(75,8,NULL,NULL,'L91100','BELANJA AKRU',182,182,'2021-04-07 01:29:59','2021-04-07 01:29:59',NULL),(76,25,NULL,NULL,'P29113','PERKHIDMATAN DOBI',31,31,'2021-04-30 01:36:55','2021-04-30 01:36:55',NULL),(77,32,NULL,NULL,'U22S0000','WANG COVID-19',182,182,'2021-08-26 02:14:36','2021-08-26 02:14:36',NULL),(78,7,NULL,NULL,'P27300','P27302 - ALAT-ALAT SUKAN DAN OLAHRAGA',210,210,'2021-09-08 09:41:27','2021-09-08 10:26:53','2021-09-08 16:49:44'),(79,33,NULL,NULL,'P27302','ALAT-ALAT SUKAN DAN OLAHRAGA',182,182,'2021-09-09 00:42:22','2021-09-09 00:42:22',NULL),(80,15,NULL,NULL,'P28503','ALAT-ALAT KELENGKAPAN ELEKTRIK YANG LAIN',182,182,'2021-09-28 03:51:59','2021-09-28 03:51:59',NULL),(81,15,NULL,NULL,'P28599','SEWA ELEKTRIK LAIN',182,182,'2021-09-28 03:52:22','2021-09-28 03:52:22',NULL);

--
-- Table structure for table `ref_bank`
--

CREATE TABLE `ref_bank` (
  `bank_id` int(11) NOT NULL AUTO_INCREMENT,
  `bank_desc` varchar(100) NOT NULL,
  `minimum_digit` int(11) NOT NULL DEFAULT '1',
  `maximum_digit` int(11) NOT NULL DEFAULT '1',
  `created_by` int(11) DEFAULT NULL,
  `updated_by` int(11) DEFAULT NULL,
  `created_at` timestamp NULL DEFAULT NULL,
  `updated_at` timestamp NOT NULL DEFAULT CURRENT_TIMESTAMP,
  `deleted_at` timestamp NULL DEFAULT NULL,
  PRIMARY KEY (`bank_id`),
  KEY `idx_bank_createdby` (`created_by`),
  KEY `idx_bank_updatedby` (`updated_by`)
) ENGINE=InnoDB AUTO_INCREMENT=33 DEFAULT CHARSET=latin1;

--
-- Dumping data for table `ref_bank`
--

INSERT INTO `ref_bank` VALUES (1,'AFFIN BANK BERHAD',12,12,2,2,'2021-01-05 06:40:33','2021-01-05 06:40:33',NULL),(2,'ALLIANCE BANK MALAYSIA BERHAD',15,15,2,2,'2021-01-05 06:40:33','2021-01-05 06:40:33',NULL),(3,'AMBANK/AMFINANCE',13,13,2,2,'2021-01-05 06:40:33','2021-01-05 06:40:33',NULL),(4,'AL-RAJHI BANKING & INVESTMENT CORPORATION (MALAYSIA) BERHAD',15,15,2,31,'2021-01-05 06:40:33','2021-05-29 18:43:57',NULL),(5,'BANGKOK BANK BERHAD',10,10,2,2,'2021-01-05 06:40:33','2021-01-05 06:40:33',NULL),(6,'BANK ISLAM MALAYSIA BERHAD',14,14,2,2,'2021-01-05 06:40:33','2021-01-05 06:40:33',NULL),(7,'BANK KERJASAMA RAKYAT MALAYSIA BERHAD',12,12,2,2,'2021-01-05 06:40:33','2021-01-05 06:40:33',NULL),(8,'BANK MUAMALAT MALAYSIA BERHAD',14,14,2,2,'2021-01-05 06:40:33','2021-01-05 06:40:33',NULL),(9,'BANK OF AMERICA',5,17,2,2,'2021-01-05 06:40:33','2021-01-05 06:40:33',NULL),(10,'BANK OF CHINA (MALAYSIA) BERHAD',13,15,2,2,'2021-01-05 06:40:33','2021-01-05 06:40:33',NULL),(11,'BANK PERTANIAN MALAYSIA BERHAD (AGROBANK)',16,16,2,2,'2021-01-05 06:40:33','2021-01-05 06:40:33',NULL),(12,'BANK SIMPANAN NASIONAL BERHAD',16,16,2,2,'2021-01-05 06:40:33','2021-01-05 06:40:33',NULL),(13,'BNP PARIBAS MALAYSIA BERHAD',6,16,2,2,'2021-01-05 06:40:33','2021-01-05 06:40:33',NULL),(14,'CHINA CONSTRUCTION BANK (MALAYSIA) BERHAD',12,12,2,2,'2021-01-05 06:40:33','2021-01-05 06:40:33',NULL),(15,'CIMB BANK BERHAD',10,14,2,2,'2021-01-05 06:40:33','2021-01-05 06:40:33',NULL),(16,'CITIBANK BERHAD',9,16,2,2,'2021-01-05 06:40:33','2021-01-05 06:40:33',NULL),(17,'DEUTSCHE BANK (MALAYSIA) BERHAD',10,14,2,2,'2021-01-05 06:40:33','2021-01-05 06:40:33',NULL),(18,'HONG LEONG BANK',11,13,2,2,'2021-01-05 06:40:33','2021-01-05 06:40:33',NULL),(19,'HSBC BANK MALAYSIA BERHAD',12,12,2,2,'2021-01-05 06:40:33','2021-01-05 06:40:33',NULL),(20,'INDUSTRIAL AND COMMERCIAL BANK OF CHINA (MALAYSIA) BERHAD',17,17,2,2,'2021-01-05 06:40:33','2021-01-05 06:40:33',NULL),(21,'J.P. MORGAN CHASE BANK BHD',10,10,2,2,'2021-01-05 06:40:33','2021-01-05 06:40:33',NULL),(22,'KUWAIT FINANCE HOUSE (MALAYSIA) BERHAD',12,12,2,2,'2021-01-05 06:40:33','2021-01-05 06:40:33',NULL),(23,'MAYBANK',12,12,2,2,'2021-01-05 06:40:33','2021-01-05 06:40:33',NULL),(24,'MBSB BANK BERHAD',16,16,2,2,'2021-01-05 06:40:33','2021-01-05 06:40:33',NULL),(25,'BANK OF TOKYO-MITSUBISHI UFJ (M) BERHAD / MUFG BANK',6,6,2,2,'2021-01-05 06:40:33','2021-01-05 06:40:33',NULL),(26,'MIZUHO CORPORATE BANK MALAYSIA BERHAD',10,10,2,2,'2021-01-05 06:40:33','2021-01-05 06:40:33',NULL),(27,'OCBC BANK (MALAYSIA) BERHAD',10,10,2,2,'2021-01-05 06:40:33','2021-01-05 06:40:33',NULL),(28,'PUBLIC BANK BERHAD/PUBLIC ISLAMIC BANK BERHAD',10,10,2,2,'2021-01-05 06:40:33','2021-01-05 06:40:33',NULL),(29,'RHB BANK',14,14,2,2,'2021-01-05 06:40:33','2021-01-05 06:40:33',NULL),(30,'STANDARD CHARTERED BANK MALAYSIA BERHAD',5,17,2,2,'2021-01-05 06:40:33','2021-01-05 06:40:33',NULL),(31,'SUMITOMO MITSUI BANKING CORPORATION MALAYSIA BERHAD',8,8,2,2,'2021-01-05 06:40:33','2021-01-05 06:40:33',NULL),(32,'UNITED OVERSEAS BANK BERHAD',10,17,2,2,'2021-01-05 06:40:33','2021-01-05 06:40:33',NULL);

--
-- Table structure for table `ref_card`
--

CREATE TABLE `ref_card` (
  `card_id` int(11) NOT NULL AUTO_INCREMENT,
  `card_desc` varchar(20) DEFAULT NULL,
  `card_color` varchar(20) NOT NULL,
  `created_at` timestamp NULL DEFAULT NULL,
  `updated_at` timestamp NOT NULL DEFAULT CURRENT_TIMESTAMP,
  `deleted_at` timestamp NULL DEFAULT NULL,
  PRIMARY KEY (`card_id`)
) ENGINE=InnoDB AUTO_INCREMENT=4 DEFAULT CHARSET=latin1;

--
-- Dumping data for table `ref_card`
--

INSERT INTO `ref_card` VALUES (1,'Kuning','#FFFF00','2018-11-25 17:16:20','2018-11-25 14:50:57',NULL),(2,'Hijau','#00FF00','2018-11-25 17:16:24','2018-11-25 14:51:07',NULL),(3,'Merah','#FF0000','2018-11-25 17:16:28','2018-11-25 14:51:15',NULL);

--
-- Table structure for table `ref_cawangan`
--

CREATE TABLE `ref_cawangan` (
  `cawangan_id` int(11) NOT NULL AUTO_INCREMENT,
  `cawangan_desc` varchar(255) NOT NULL,
  `created_by` int(11) DEFAULT NULL,
  `updated_by` int(11) DEFAULT NULL,
  `created_at` timestamp NULL DEFAULT NULL,
  `updated_at` timestamp NOT NULL DEFAULT CURRENT_TIMESTAMP,
  `deleted_at` timestamp NULL DEFAULT NULL,
  PRIMARY KEY (`cawangan_id`)
) ENGINE=InnoDB DEFAULT CHARSET=latin1;

--
-- Dumping data for table `ref_cawangan`
--


--
-- Table structure for table `ref_charge_gov`
--

CREATE TABLE `ref_charge_gov` (
  `charge_gov_id` int(11) NOT NULL AUTO_INCREMENT,
  `supplier_service_id` int(11) DEFAULT NULL,
  `service_group_id` int(11) DEFAULT NULL,
  `charge_amount` decimal(10,2) NOT NULL DEFAULT '0.00',
  `unit_id` int(11) DEFAULT NULL,
  `created_by` int(11) DEFAULT NULL,
  `updated_by` int(11) DEFAULT NULL,
  `created_at` timestamp NULL DEFAULT NULL,
  `updated_at` timestamp NOT NULL DEFAULT CURRENT_TIMESTAMP,
  `deleted_at` timestamp NULL DEFAULT NULL,
  PRIMARY KEY (`charge_gov_id`),
  KEY `idx_chargegov_service` (`supplier_service_id`),
  KEY `idx_chargegov_createdby` (`created_by`),
  KEY `idx_chargegov_updatedby` (`updated_by`)
) ENGINE=InnoDB AUTO_INCREMENT=16 DEFAULT CHARSET=latin1;

--
-- Dumping data for table `ref_charge_gov`
--

INSERT INTO `ref_charge_gov` VALUES (1,2,1,100.00,1,2,2,'2021-06-20 15:03:42','2021-06-20 15:03:42',NULL),(2,2,2,100.00,1,2,2,'2021-06-20 15:03:42','2021-06-20 15:03:42',NULL),(3,2,3,90.00,1,2,2,'2021-06-20 15:03:42','2021-06-20 15:03:42',NULL),(4,2,4,80.00,1,2,2,'2021-06-20 15:03:42','2021-06-20 15:03:42',NULL),(5,2,5,60.00,1,2,2,'2021-06-20 15:03:42','2021-06-20 15:03:42',NULL),(6,4,1,300.00,1,2,2,'2021-06-20 15:03:42','2021-06-20 15:03:42',NULL),(7,4,2,200.00,1,2,2,'2021-06-20 15:03:42','2021-06-20 15:03:42',NULL),(8,4,3,150.00,1,2,2,'2021-06-20 15:03:42','2021-06-20 15:03:42',NULL),(9,4,4,120.00,1,2,2,'2021-06-20 15:03:42','2021-06-20 15:03:42',NULL),(10,4,5,80.00,1,2,2,'2021-06-20 15:03:42','2021-06-20 15:03:42',NULL),(11,19,1,300.00,1,2,2,'2021-06-20 15:03:42','2021-06-20 15:03:42',NULL),(12,19,2,200.00,1,2,2,'2021-06-20 15:03:42','2021-06-20 15:03:42',NULL),(13,19,3,150.00,1,2,2,'2021-06-20 15:03:42','2021-06-20 15:03:42',NULL),(14,19,4,120.00,1,2,2,'2021-06-20 15:03:42','2021-06-20 15:03:42',NULL),(15,19,5,80.00,1,2,2,'2021-06-20 15:03:42','2021-06-20 15:03:42',NULL);

--
-- Table structure for table `ref_core`
--

CREATE TABLE `ref_core` (
  `core_id` int(11) NOT NULL AUTO_INCREMENT,
  `core_desc` varchar(100) NOT NULL,
  `created_by` int(11) DEFAULT NULL,
  `updated_by` int(11) DEFAULT NULL,
  `created_at` timestamp NULL DEFAULT NULL,
  `updated_at` timestamp NOT NULL DEFAULT CURRENT_TIMESTAMP,
  `deleted_at` timestamp NULL DEFAULT NULL,
  PRIMARY KEY (`core_id`),
  KEY `idx_core_createdby` (`created_by`),
  KEY `idx_core_updatedby` (`updated_by`)
) ENGINE=InnoDB AUTO_INCREMENT=6 DEFAULT CHARSET=latin1;

--
-- Dumping data for table `ref_core`
--

INSERT INTO `ref_core` VALUES (1,'Menghasilkan bakat masa hadapan',2,2,'2022-01-06 18:10:03','2022-01-06 18:10:03',NULL),(2,'Memacu pendigitalan dan inovasi',2,2,'2022-01-06 18:10:03','2022-01-06 18:10:10',NULL),(3,'Memastikan akauntabiliti industri terhadap produktiviti',2,2,'2022-01-06 18:10:03','2022-01-06 18:10:16',NULL),(4,'Membentuk ekosistem yang teguh',2,2,'2022-01-06 18:10:03','2022-01-06 18:10:22',NULL),(5,'Memupuk minda produktif',2,2,'2022-01-06 18:10:03','2022-01-06 18:10:23',NULL);

--
-- Table structure for table `ref_field`
--

CREATE TABLE `ref_field` (
  `field_id` int(11) NOT NULL AUTO_INCREMENT,
  `field_code` char(10) DEFAULT NULL,
  `field_desc` varchar(255) DEFAULT NULL,
  `created_by` int(11) DEFAULT NULL,
  `updated_by` int(11) DEFAULT NULL,
  `created_at` timestamp NULL DEFAULT NULL,
  `updated_at` timestamp NOT NULL DEFAULT CURRENT_TIMESTAMP,
  `deleted_at` timestamp NULL DEFAULT NULL,
  PRIMARY KEY (`field_id`),
  KEY `idx_field_code` (`field_code`),
  KEY `idx_field_createdby` (`created_by`),
  KEY `idx_field_updatedby` (`updated_by`)
) ENGINE=InnoDB AUTO_INCREMENT=4 DEFAULT CHARSET=latin1;

--
-- Dumping data for table `ref_field`
--

INSERT INTO `ref_field` VALUES (1,'221110','Khidmat Latihan, Tenaga Pengajar dan Moderator/Negotiator',2,2,'2021-07-27 18:04:04','2021-07-27 18:04:04',NULL),(2,'222004','Penulisan – Semua Jenis Penulisan',2,2,'2021-07-27 18:04:04','2021-07-27 18:04:10',NULL),(3,'222704','Pensijilan dan Pengiktirafan',2,2,'2021-07-27 18:04:04','2021-07-27 18:04:17',NULL);

--
-- Table structure for table `ref_flight_company`
--

CREATE TABLE `ref_flight_company` (
  `flight_company_id` int(11) NOT NULL AUTO_INCREMENT,
  `flight_company_desc` varchar(100) NOT NULL,
  `flight_company_url` varchar(200) NOT NULL,
  `flight_company_luggage_quota` decimal(10,2) NOT NULL DEFAULT '0.00',
  `created_by` int(11) DEFAULT NULL,
  `updated_by` int(11) DEFAULT NULL,
  `created_at` timestamp NULL DEFAULT NULL,
  `updated_at` timestamp NOT NULL DEFAULT CURRENT_TIMESTAMP,
  `deleted_at` timestamp NULL DEFAULT NULL,
  PRIMARY KEY (`flight_company_id`)
) ENGINE=InnoDB AUTO_INCREMENT=7 DEFAULT CHARSET=latin1;

--
-- Dumping data for table `ref_flight_company`
--

INSERT INTO `ref_flight_company` VALUES (1,'MAS','https://www.malaysiaairlines.com',20.00,2,2,'2019-03-20 13:34:10','2019-03-20 13:31:37',NULL),(2,'AIR ASIA','https://www.airasia.com',15.00,2,2,'2019-03-20 13:34:28','2019-03-20 13:31:42',NULL),(3,'MALINDO AIR','https://www.malindoair.com/',20.00,2,2,'2019-03-20 13:35:09','2019-03-20 13:31:54',NULL),(4,'FIREFLY','https://www.airpaz.com',20.00,2,2,'2019-03-20 13:35:11','2019-03-20 13:32:02',NULL),(5,'LATAM AIRLINES','https://www.latam.com',20.00,71,46,'2019-08-09 16:02:56','2020-02-28 08:33:10',NULL),(6,'FIJI AIRWAYS','https://www.fijiairways.com/',20.00,46,46,'2020-02-28 08:32:56','2020-02-28 08:32:56',NULL);

--
-- Table structure for table `ref_gred`
--

CREATE TABLE `ref_gred` (
  `gred_id` int(11) NOT NULL AUTO_INCREMENT,
  `service_group_id` int(11) DEFAULT NULL,
  `gred_desc` varchar(20) NOT NULL,
  `is_active` char(1) NOT NULL DEFAULT '1',
  `created_by` int(11) DEFAULT NULL,
  `updated_by` int(11) DEFAULT NULL,
  `created_at` timestamp NULL DEFAULT NULL,
  `updated_at` timestamp NULL DEFAULT CURRENT_TIMESTAMP,
  `deleted_at` timestamp NULL DEFAULT NULL,
  PRIMARY KEY (`gred_id`),
  KEY `idx_grade_servicegroup` (`service_group_id`),
  KEY `idx_grade_createdby` (`created_by`),
  KEY `idx_grade_updatedby` (`updated_by`)
) ENGINE=InnoDB AUTO_INCREMENT=32 DEFAULT CHARSET=latin1;

--
-- Dumping data for table `ref_gred`
--

INSERT INTO `ref_gred` VALUES (1,5,'B22','1',2,2,'2019-03-28 07:32:43','2019-03-28 07:32:43',NULL),(2,5,'E29/E32','1',2,2,'2019-03-28 07:32:43','2019-03-28 07:32:43',NULL),(3,4,'E41','1',2,2,'2019-03-28 07:32:43','2019-03-28 07:32:43',NULL),(4,4,'E44','1',2,2,'2019-03-28 07:32:43','2019-03-28 07:32:43',NULL),(5,3,'E48','1',2,2,'2019-03-28 07:32:43','2019-03-28 07:32:43',NULL),(6,3,'E52','1',2,2,'2019-03-28 07:32:43','2019-03-28 07:32:43',NULL),(7,2,'E54','1',2,2,'2019-03-28 07:32:43','2019-03-28 07:32:43',NULL),(8,5,'FA29','1',2,2,'2019-03-28 07:32:43','2019-03-28 07:32:43',NULL),(9,5,'H11','1',2,2,'2019-03-28 07:32:43','2019-03-28 07:32:43',NULL),(10,5,'H19','1',2,2,'2019-03-28 07:32:43','2019-03-28 07:32:43',NULL),(11,5,'J22','1',2,2,'2019-03-28 07:32:43','2019-03-28 07:32:43',NULL),(12,5,'JA29/JA36','1',2,2,'2019-03-28 07:32:43','2019-03-28 07:32:43',NULL),(13,1,'JUSA A/VU5','1',2,2,'2019-03-28 07:32:43','2019-03-28 07:32:43',NULL),(14,1,'JUSA B/VU6','1',2,2,'2019-03-28 07:32:43','2019-03-28 07:32:43',NULL),(15,1,'JUSA C/VU7','1',2,2,'2019-03-28 07:32:43','2019-03-28 07:32:43',NULL),(16,5,'N11','1',2,2,'2019-03-28 07:32:43','2019-03-28 07:32:43',NULL),(17,5,'N14','1',2,2,'2019-03-28 07:32:43','2019-03-28 07:32:43',NULL),(18,5,'N19','1',2,2,'2019-03-28 07:32:43','2019-03-28 07:32:43',NULL),(19,5,'N22','1',2,2,'2019-03-28 07:32:43','2019-03-28 07:32:43',NULL),(20,5,'N26','1',2,2,'2019-03-28 07:32:43','2019-03-28 07:32:43',NULL),(21,5,'N28','1',2,2,'2019-03-28 07:32:43','2019-03-28 07:32:43',NULL),(22,5,'N29','1',2,2,'2019-03-28 07:32:43','2019-03-28 07:32:43',NULL),(23,5,'N30','1',2,2,'2019-03-28 07:32:43','2019-03-28 07:32:43',NULL),(24,5,'N32','1',2,2,'2019-03-28 07:32:43','2019-03-28 07:32:43',NULL),(25,5,'S32','1',2,2,'2019-03-28 07:32:43','2019-03-28 07:32:43',NULL),(26,5,'S41','1',2,2,'2019-03-28 07:32:43','2019-03-28 07:32:43',NULL),(27,5,'W29','1',2,2,'2019-03-28 07:32:43','2019-03-28 07:32:43',NULL),(28,4,'WA41','1',2,2,'2019-03-28 07:32:43','2019-03-28 07:32:43',NULL),(29,4,'WA44','1',2,2,'2019-03-28 07:32:43','2019-03-28 07:32:43',NULL),(30,3,'WA48','1',2,2,'2019-03-28 07:32:43','2019-03-28 07:32:43',NULL),(31,4,'F41','1',2,2,'2019-03-31 12:54:05','2019-03-31 12:54:05',NULL);

--
-- Table structure for table `ref_jabatan`
--

CREATE TABLE `ref_jabatan` (
  `jabatan_id` int(11) NOT NULL AUTO_INCREMENT,
  `jabatan_desc` varchar(200) NOT NULL,
  `is_active` char(1) NOT NULL DEFAULT '1',
  `created_at` timestamp NULL DEFAULT NULL,
  `updated_at` timestamp NULL DEFAULT CURRENT_TIMESTAMP,
  `deleted_at` timestamp NULL DEFAULT NULL,
  PRIMARY KEY (`jabatan_id`)
) ENGINE=InnoDB AUTO_INCREMENT=36 DEFAULT CHARSET=latin1;

--
-- Dumping data for table `ref_jabatan`
--

INSERT INTO `ref_jabatan` VALUES (2,'JABATAN KHIDMAT PENGURUSAN','1','2019-01-01 07:48:01','2019-01-01 07:48:01',NULL),(3,'JABATAN TEKNOLOGI MAKLUMAT','1','2019-01-01 07:48:01','2019-01-01 07:48:01',NULL),(4,'BAHAGIAN PENGURUSAN HARTA','1','2019-01-01 07:48:01','2019-01-01 07:48:01',NULL),(5,'JABATAN PENILAIAN & PENGURUSAN HARTA','1','2019-01-01 07:48:01','2019-01-01 07:48:01',NULL),(6,'JABATAN PERBENDAHARAAN','1','2019-01-01 07:48:01','2019-01-01 07:48:01',NULL),(7,'JABATAN PERUNDANGAN','1','2019-01-01 07:48:01','2019-01-01 07:48:01',NULL),(8,'JABATAN KORPORAT','1','2019-01-01 07:48:01','2019-01-01 07:48:01',NULL),(9,'JABATAN PERANCANG BANDAR','1','2019-01-01 07:48:01','2019-01-01 07:48:01',NULL),(10,'JABATAN KEJURUTERAAN','1','2019-01-01 07:48:01','2019-01-01 07:48:01',NULL),(11,'JABATAN BANGUNAN','1','2019-01-01 07:48:01','2019-01-01 07:48:01',NULL),(13,'PEJABAT YANG DIPERTUA / TIMBALAN YANG DIPERTUA','1','2019-01-01 07:48:01','2019-01-01 07:48:01',NULL),(14,'BAHAGIAN KEMUDAHAN AWAM','1','2019-01-01 07:48:01','2019-01-01 07:48:01',NULL),(16,'JABATAN LANDSKAP','1','2019-01-01 07:48:01','2019-01-01 07:48:01',NULL),(17,'BAHAGIAN URUSETIA','1','2019-01-01 07:48:01','2019-01-01 07:48:01',NULL),(18,'UNIT NURSERY','1','2019-01-01 07:48:01','2019-01-01 07:48:01',NULL),(19,'JABATAN AUDIT DALAM','1','2019-01-01 07:48:01','2019-01-01 07:48:01',NULL),(20,'UNIT BENGKEL RAWANG','1','2019-01-01 07:48:01','2019-01-01 07:48:01',NULL),(22,'JABATAN PUSAT SETEMPAT (OSC)','1','2019-01-01 07:48:01','2019-01-01 07:48:01',NULL),(23,'JABATAN PENGUATKUASA & KESELAMATAN','1','2019-01-01 07:48:01','2019-01-01 07:48:01',NULL),(24,'JABATAN KONTRAK DAN UKUR BAHAN','1','2019-01-01 07:48:01','2019-01-01 07:48:01',NULL),(25,'JABATAN PELESENAN','1','2019-01-01 07:48:01','2019-01-01 07:48:01',NULL),(26,'BAHAGIAN HASIL','1','2019-01-01 07:48:01','2019-01-01 07:48:01',NULL),(29,'BAHAGIAN KESELAMATAN','1','2019-01-01 07:48:01','2019-01-01 07:48:01',NULL),(32,'UNIT URUS SELENGGARA BANGUNAN','1','2019-01-01 07:48:01','2019-01-01 07:48:01',NULL),(33,'JABATAN PEMBANGUNAN MASYARAKAT','1','2019-01-01 07:48:01','2019-01-01 07:48:01',NULL),(34,'JABATAN PENGURUSAN SISA PEPEJAL & KESIHATAN','1','2019-01-01 07:48:01','2019-01-01 07:48:01',NULL),(35,'JABATAN PESURUHJAYA BANGUNAN (COB)','1','2019-01-01 07:48:01','2019-01-01 07:48:01',NULL);

--
-- Table structure for table `ref_jawatan`
--

CREATE TABLE `ref_jawatan` (
  `jawatan_id` int(11) NOT NULL AUTO_INCREMENT,
  `service_type_id` int(11) DEFAULT NULL COMMENT '1-pengurusan&pro, 2-sokongan',
  `jawatan_desc` varchar(255) NOT NULL,
  `is_active` int(1) NOT NULL DEFAULT '1',
  `created_by` int(11) DEFAULT NULL,
  `updated_by` int(11) DEFAULT NULL,
  `created_at` timestamp NULL DEFAULT NULL,
  `updated_at` timestamp NOT NULL DEFAULT CURRENT_TIMESTAMP,
  `deleted_at` timestamp NULL DEFAULT NULL,
  PRIMARY KEY (`jawatan_id`),
  KEY `idx_jawatan_servicetype` (`service_type_id`),
  KEY `idx_jawatan_createdby` (`created_by`),
  KEY `idx_jawatan_updatedby` (`updated_by`)
) ENGINE=InnoDB AUTO_INCREMENT=34 DEFAULT CHARSET=latin1;

--
-- Dumping data for table `ref_jawatan`
--

INSERT INTO `ref_jawatan` VALUES (1,3,'AHLI FOTOGRAFI',1,2,2,'2019-03-28 07:28:12','2019-03-28 07:28:12',NULL),(2,2,'AKAUNTAN',1,2,2,'2019-03-28 07:28:12','2019-03-28 07:28:12',NULL),(3,2,'AKAUNTAN KANAN',1,2,2,'2019-03-28 07:28:12','2019-03-28 07:28:12',NULL),(4,2,'KETUA AKAUNTAN',1,2,2,'2019-03-28 07:28:12','2019-03-28 07:28:12',NULL),(5,2,'KETUA PENGARAH',1,2,2,'2019-03-28 07:28:12','2019-03-28 07:28:12',NULL),(6,3,'PEGAWAI KHIDMAT PELANGGAN',1,2,2,'2019-03-28 07:28:12','2019-03-29 13:28:28',NULL),(7,3,'PEMANDU KENDERAAN',1,2,2,'2019-03-28 07:28:12','2019-03-28 07:28:12',NULL),(8,3,'PEMBANTU AWAM',1,2,2,'2019-03-28 07:28:12','2019-03-28 07:28:12',NULL),(9,3,'PEMBANTU KEMAHIRAN',1,2,2,'2019-03-28 07:28:12','2019-03-28 07:28:12',NULL),(10,3,'PEMBANTU OPERASI',1,2,2,'2019-03-28 07:28:12','2019-03-28 07:28:12',NULL),(11,3,'PEMBANTU PENERBITAN (KUP)',1,2,2,'2019-03-28 07:28:12','2019-03-28 07:28:12',NULL),(12,3,'PEMBANTU SETIAUSAHA PEJABAT',1,2,2,'2019-03-28 07:28:12','2019-03-28 07:28:12',NULL),(13,3,'PEMBANTU SETIAUSAHA PEJABAT (KUP)',1,2,2,'2019-03-28 07:28:12','2019-03-28 07:28:12',NULL),(14,3,'PEMBANTU TADBIR (P/O)',1,2,2,'2019-03-28 07:28:12','2019-03-28 07:28:12',NULL),(15,3,'PEMBANTU TADBIR (P/O) (KUP)',1,2,2,'2019-03-28 07:28:12','2019-03-28 07:28:12',NULL),(16,3,'PEMBANTU TADBIR (P/O) KUP',1,2,2,'2019-03-28 07:28:12','2019-03-28 07:28:12',NULL),(17,1,'PENGARAH',1,2,2,'2019-03-28 07:28:12','2019-03-28 07:28:12',NULL),(18,2,'PENGURUS',1,2,2,'2019-03-28 07:28:12','2019-03-28 07:28:12',NULL),(19,2,'PENGURUS KANAN',1,2,2,'2019-03-28 07:28:12','2019-03-28 07:28:12',NULL),(20,3,'PENJAGA JENTERA ELETRIK',1,2,2,'2019-03-28 07:28:12','2019-03-28 07:28:12',NULL),(21,3,'PENOLONG AKAUNTAN',1,2,2,'2019-03-28 07:28:12','2019-03-28 07:28:12',NULL),(22,3,'PENOLONG JURUTERA',1,2,2,'2019-03-28 07:28:12','2019-03-28 07:28:12',NULL),(23,3,'PENOLONG JURUTERA (KUP)',1,2,2,'2019-03-28 07:28:12','2019-03-28 07:28:12',NULL),(24,3,'PENOLONG PEGAWAI PERANGKAAN (KUP)',1,2,2,'2019-03-28 07:28:12','2019-03-28 07:28:12',NULL),(25,3,'PENOLONG PEGAWAI TADBIR',1,2,2,'2019-03-28 07:28:12','2019-03-28 07:28:12',NULL),(26,3,'PENOLONG PEGAWAI TEKNOLOGI MAKLUMAT',1,2,2,'2019-03-28 07:28:12','2019-03-28 07:28:12',NULL),(27,2,'PENOLONG PENGURUS',1,2,2,'2019-03-28 07:28:12','2019-03-28 07:28:12',NULL),(28,3,'PENOLONG PUSTAKAWAN (KUP)',1,2,2,'2019-03-28 07:28:12','2019-03-28 07:28:12',NULL),(29,2,'PUSTAKAWAN',1,2,2,'2019-03-28 07:28:12','2019-03-28 07:28:12',NULL),(30,3,'SETIAUSAHA PEJABAT',1,2,2,'2019-03-28 07:28:12','2019-03-28 07:28:12',NULL),(31,3,'SETIAUSAHA PEJABAT (KUP)',1,2,2,'2019-03-28 07:28:12','2019-03-28 07:28:12',NULL),(32,1,'TIMBALAN KETUA PENGARAH',1,2,2,'2019-03-28 07:28:12','2019-03-28 07:28:12',NULL),(33,1,'TIMBALAN PENGARAH',1,2,2,'2019-03-28 07:28:12','2019-03-28 07:28:12',NULL);

--
-- Table structure for table `ref_jenis_penerbangan`
--

CREATE TABLE `ref_jenis_penerbangan` (
  `jenis_penerbangan_id` int(11) NOT NULL AUTO_INCREMENT,
  `jenis_penerbangan_desc` varchar(255) NOT NULL,
  `created_at` timestamp NULL DEFAULT NULL,
  `updated_at` timestamp NOT NULL DEFAULT CURRENT_TIMESTAMP,
  `deleted_at` timestamp NULL DEFAULT NULL,
  PRIMARY KEY (`jenis_penerbangan_id`)
) ENGINE=InnoDB AUTO_INCREMENT=4 DEFAULT CHARSET=latin1;

--
-- Dumping data for table `ref_jenis_penerbangan`
--

INSERT INTO `ref_jenis_penerbangan` VALUES (1,'PERGI','2019-03-21 19:57:17','2019-03-21 19:57:17',NULL),(2,'BALIK','2019-03-21 19:57:20','2019-03-21 19:57:20',NULL),(3,'PERGI & BALIK','2019-03-21 19:57:34','2019-03-21 19:57:34',NULL);

--
-- Table structure for table `ref_kalendar`
--

CREATE TABLE `ref_kalendar` (
  `kalendar_id` int(11) NOT NULL AUTO_INCREMENT,
  `kalendar_date` date NOT NULL COMMENT 'simpan event date dlm bentuk yyyy-mm-dd',
  `kalendar_desc` longtext NOT NULL,
  `is_active` char(1) NOT NULL DEFAULT '1',
  `created_at` timestamp NULL DEFAULT NULL,
  `updated_at` timestamp NULL DEFAULT CURRENT_TIMESTAMP,
  `deleted_at` timestamp NULL DEFAULT NULL,
  PRIMARY KEY (`kalendar_id`)
) ENGINE=InnoDB DEFAULT CHARSET=latin1;

--
-- Dumping data for table `ref_kalendar`
--


--
-- Table structure for table `ref_kpi`
--

CREATE TABLE `ref_kpi` (
  `kpi_id` int(11) NOT NULL AUTO_INCREMENT,
  `kpi_category_id` int(11) DEFAULT NULL,
  `kpi_desc` varchar(200) NOT NULL,
  `created_by` int(11) DEFAULT NULL,
  `updated_by` int(11) DEFAULT NULL,
  `created_at` timestamp NULL DEFAULT NULL,
  `updated_at` timestamp NOT NULL DEFAULT CURRENT_TIMESTAMP,
  `deleted_at` timestamp NULL DEFAULT NULL,
  PRIMARY KEY (`kpi_id`),
  KEY `idx_kpi_category` (`kpi_category_id`),
  KEY `idx_kpi_createdby` (`created_by`),
  KEY `idx_kpi_updatedby` (`updated_by`)
) ENGINE=InnoDB AUTO_INCREMENT=29 DEFAULT CHARSET=latin1;

--
-- Dumping data for table `ref_kpi`
--

INSERT INTO `ref_kpi` VALUES (1,3,'GROSS OPERATING REVENUE (RM)',2,2,'2021-10-23 03:06:24','2021-10-23 03:06:24',NULL),(2,2,'VALUE CREATION FROM PRODUCTIVITY & INNOVATION PROGRAM (INNOVATION CREATIVE CIRCLE (ICC))',2,2,'2021-10-23 03:06:24','2021-10-23 03:06:24',NULL),(3,2,'VALUE CREATION FROM PRODUCTIVITY & INNOVATION PROGRAM (QUALITY ENVIRONMENT (QE))',2,2,'2021-10-23 03:06:24','2021-10-23 03:06:24',NULL),(4,2,'VALUE CREATION FROM PRODUCTIVITY & INNOVATION PROGRAM (LEAN MANAGEMENT)',2,2,'2021-10-23 03:06:24','2021-10-23 03:06:24',NULL),(5,2,'EXPECTED COST SAVING',2,2,'2021-10-23 03:06:24','2021-10-23 03:06:24',NULL),(6,2,'PARTNERS IN PRODUCTIVITY (ORGANIZATIONS) - LARGE ORGANIZATIONS',2,2,'2021-10-23 03:06:24','2021-10-23 03:06:24',NULL),(7,2,'PARTNERS IN PRODUCTIVITY (ORGANIZATIONS) - GOVERNMENT',2,2,'2021-10-23 03:06:24','2021-10-23 03:06:24',NULL),(8,2,'PARTNERS IN PRODUCTIVITY (ORGANIZATIONS) - SMES',2,2,'2021-10-23 03:06:24','2021-10-23 03:06:24',NULL),(9,2,'NO. OF PARTICIPANTS - LARGE ORGANIZATIONS',2,2,'2021-10-23 03:06:24','2021-10-23 03:06:24',NULL),(10,2,'NO. OF PARTICIPANTS - GOVERNMENT',2,2,'2021-10-23 03:06:24','2021-10-23 03:06:24',NULL),(11,2,'NO. OF PARTICIPANTS - SMES',2,2,'2021-10-23 03:06:24','2021-10-23 03:06:24',NULL),(12,2,'FACEBOOK REACH',2,2,'2021-10-23 03:06:24','2021-10-23 03:06:24',NULL),(13,2,'FACEBOOK FOLLOWERS',2,2,'2021-10-23 03:06:24','2021-10-23 03:06:24',NULL),(14,2,'TWITTER IMPRESSION',2,2,'2021-10-23 03:06:24','2021-10-23 03:06:24',NULL),(15,2,'TWITTER FOLLOWERS',2,2,'2021-10-23 03:06:24','2021-10-23 03:06:24',NULL),(16,2,'INSTAGRAM FOLLOWERS',2,2,'2021-10-23 03:06:24','2021-10-23 03:06:24',NULL),(17,2,'YOUTUBE SUBSCRIBERS',2,2,'2021-10-23 03:06:24','2021-10-23 03:06:24',NULL),(18,2,'CUSTOMERS SATISFACTION INDEX (CSI)',2,2,'2021-10-23 03:06:24','2021-10-23 03:06:24',NULL),(19,1,'NO. OF NEW PRODUCTS / SERVICES',2,2,'2021-10-23 03:06:24','2021-10-23 03:06:24',NULL),(20,1,'RESEARCH PAPER/REPORT/CASE STUDY/OCCASIONAL/POLICY PAPERS',2,2,'2021-10-23 03:06:24','2021-10-23 03:06:24',NULL),(21,1,'REGULATIONS REVIEWED',2,2,'2021-10-23 03:06:24','2021-10-23 03:06:24',NULL),(22,1,'ADVISORY AND CONSULTANCY SERVICES (ACS)',2,2,'2021-10-23 03:06:24','2021-10-23 03:06:24',NULL),(23,1,'NO. OF PRODUCTIVITY & INNOVATION ENHANCEMENT PROGRAMMES',2,2,'2021-10-23 03:06:24','2021-10-23 03:06:24',NULL),(24,1,'NO. OF PROMOTION ACTIVITIES (SEMINAR/CONFERENCE/RTD/WORKSHOP/TALKS & BRIEFING/ STUDY MISSION/EXHIBITIONS & EXPO/CONVENTION/SUMMIT & VISITS)',2,2,'2021-10-23 03:06:24','2021-10-23 03:06:24',NULL),(25,1,'PR VALUE (MEDIA RELEASE)',2,2,'2021-10-23 03:06:24','2021-10-23 03:06:24',NULL),(26,1,'NO.OF EXPERTS',2,2,'2021-10-23 03:06:24','2021-10-23 03:06:24',NULL),(27,1,'NO. OF PRODUCTIVITY & INNOVATION PUBLICATIONS',2,2,'2021-10-23 03:06:24','2021-10-23 03:06:24',NULL),(28,4,'AVERAGE TRAINING HOURS PER EMPLOYEE (%)',2,2,'2021-10-23 03:06:24','2021-10-23 03:06:24',NULL);

--
-- Table structure for table `ref_kpi_category`
--

CREATE TABLE `ref_kpi_category` (
  `kpi_category_id` int(11) NOT NULL AUTO_INCREMENT,
  `kpi_category_desc` varchar(50) NOT NULL,
  `created_by` int(11) DEFAULT NULL,
  `updated_by` int(11) DEFAULT NULL,
  `created_at` timestamp NULL DEFAULT NULL,
  `updated_at` timestamp NOT NULL DEFAULT CURRENT_TIMESTAMP,
  `deleted_at` timestamp NULL DEFAULT NULL,
  PRIMARY KEY (`kpi_category_id`),
  KEY `idx_kpicategory_createdby` (`created_by`),
  KEY `idx_kpicategory_updatedby` (`updated_by`)
) ENGINE=InnoDB AUTO_INCREMENT=6 DEFAULT CHARSET=latin1;

--
-- Dumping data for table `ref_kpi_category`
--

INSERT INTO `ref_kpi_category` VALUES (1,'BUSINESS PROCESS',31,31,'2021-10-22 04:28:00','2021-10-22 04:28:59',NULL),(2,'CUSTOMER',31,31,'2021-10-22 04:29:23','2021-10-22 04:29:44',NULL),(3,'FINANCIAL',31,31,'2021-10-22 04:29:59','2021-10-22 04:29:59',NULL),(4,'LEARNING & GROWTH',31,31,'2021-10-22 04:30:13','2021-10-22 04:30:13',NULL),(5,'TEST',31,31,'2021-10-22 04:30:24','2021-10-22 04:30:24','2021-10-21 20:30:29');

--
-- Table structure for table `ref_location`
--

CREATE TABLE `ref_location` (
  `location_id` int(11) NOT NULL AUTO_INCREMENT,
  `location_code` varchar(10) DEFAULT NULL,
  `location_desc` varchar(255) DEFAULT NULL,
  `created_by` int(11) DEFAULT NULL,
  `updated_by` int(11) DEFAULT NULL,
  `created_at` timestamp NULL DEFAULT NULL,
  `updated_at` timestamp NOT NULL DEFAULT CURRENT_TIMESTAMP,
  `deleted_at` timestamp NULL DEFAULT NULL,
  PRIMARY KEY (`location_id`)
) ENGINE=InnoDB AUTO_INCREMENT=40 DEFAULT CHARSET=latin1;

--
-- Dumping data for table `ref_location`
--

INSERT INTO `ref_location` VALUES (1,'KUL','KUALA LUMPUR',2,2,'2019-03-20 13:40:51','2019-03-20 13:40:51',NULL),(2,'LGK','LANGKAWI',2,2,'2019-03-20 13:40:51','2019-03-20 13:40:51',NULL),(3,'KCH','KUCHING',2,2,'2019-03-20 13:40:51','2019-03-20 13:40:51',NULL),(4,'PEN','PENANG',2,2,'2019-03-20 13:40:51','2019-03-20 13:40:51',NULL),(5,'BKI','KOTA KINABALU',2,2,'2019-03-20 13:40:51','2019-03-20 13:40:51',NULL),(6,'JHB','JOHOR BAHRU',2,2,'2019-03-20 13:40:51','2019-03-20 13:40:51',NULL),(7,'SZB','SUBANG',2,2,'2019-03-20 13:40:51','2019-03-20 13:40:51',NULL),(8,'AOR','ALOR SETAR',2,2,'2019-03-20 13:40:51','2019-03-20 13:40:51',NULL),(9,'KBR','KOTA BHARU',2,2,'2019-03-20 13:40:51','2019-03-20 13:40:51',NULL),(10,'TGG','KUALA TERENGGANU',2,2,'2019-03-20 13:40:51','2019-03-20 13:40:51',NULL),(11,'IPH','IPOH',2,2,'2019-03-20 13:40:51','2019-03-20 13:40:51',NULL),(12,'KUA','KUANTAN',2,2,'2019-03-20 13:40:51','2019-03-20 13:40:51',NULL),(13,'SBW','SIBU',2,2,'2019-03-20 13:40:51','2019-03-20 13:40:51',NULL),(14,'SDK','SANDAKAN',2,2,'2019-03-20 13:40:51','2019-03-20 13:40:51',NULL),(15,'TWU','TAWAU',2,2,'2019-03-20 13:40:51','2019-03-20 13:40:51',NULL),(16,'MYY','MIRI',2,2,'2019-03-20 13:40:51','2019-03-20 13:40:51',NULL),(17,'LDU','LAHAD DATU',46,46,'2019-05-10 18:39:19','2019-05-10 18:39:19',NULL),(18,'SIN','CANGI, SINGAPORE',46,46,'2019-05-21 13:12:58','2019-06-20 14:13:08',NULL),(19,'XSP','SELETAR, SINGAPORE',46,46,'2019-06-20 14:12:45','2019-06-20 14:13:21',NULL),(20,'MZV','MULU, SARAWAK',46,46,'2019-07-15 16:39:59','2019-07-15 16:39:59',NULL),(21,'LBU','LABUAN',46,46,'2019-07-15 16:40:17','2019-07-15 16:40:17',NULL),(22,'PEK','BEIJING, CHINA',46,46,'2019-08-07 12:26:23','2019-08-07 12:26:23',NULL),(23,'LHR','LONDON, UNITED KINGDOM',46,46,'2019-08-08 12:44:01','2019-08-09 16:09:08',NULL),(24,'SYD','SYDNEY, AU',46,46,'2019-08-09 16:04:43','2019-08-09 16:09:45',NULL),(25,'SCL','SANTIAGO, CHILE',46,46,'2019-08-09 16:17:03','2019-08-09 16:17:03',NULL),(26,'PMC','PUERTO MONTT, CHILE',46,46,'2019-08-09 16:18:58','2019-08-09 16:18:58',NULL),(27,'BTU','BINTULU, SARAWAK',46,46,'2019-08-28 15:45:34','2019-08-28 15:45:34',NULL),(28,'TPE','TAIPEI , TAIWAN CHINA',46,46,'2019-09-30 19:13:36','2019-09-30 19:13:36',NULL),(29,'CTU','CHENGDU, CHINA',46,46,'2019-10-01 12:23:49','2019-10-01 12:23:49',NULL),(30,'LMN','LIMBANG, SARAWAK',53,53,'2019-10-01 14:58:07','2019-10-01 14:58:07',NULL),(31,'MKM','MUKAH, SARAWAK',53,53,'2019-10-01 14:59:14','2019-10-01 14:59:14',NULL),(32,'VTE','VIENTIANE, LAOS',71,71,'2019-10-07 21:09:34','2019-10-07 21:09:34',NULL),(33,'BKK','SURVARNABHUMI AIRPORT, THAILAND',71,71,'2019-10-07 21:14:16','2019-10-07 21:14:16',NULL),(34,'DMK','DON MUEANG INTERNATIONAL AIRPORT, THAILAND',71,71,'2019-10-07 21:15:28','2019-10-07 21:15:28',NULL),(35,'ICN','SEOUL, KOREA',46,46,'2019-11-13 15:16:13','2019-11-13 15:16:13',NULL),(36,'CDG','PARIS, CHARLES DE GAULLE',46,46,'2019-11-20 15:59:01','2019-11-20 15:59:01',NULL),(37,'NRT','TOKYO, JEPUN',46,46,'2020-01-10 21:11:36','2020-01-10 21:11:36',NULL),(38,'MEL','MELBOURNE, AUSTRALIA',46,46,'2020-02-28 08:20:52','2020-02-28 08:20:52',NULL),(39,'NAN','NADI,FIJI',46,46,'2020-02-28 08:21:22','2020-02-28 08:21:22',NULL);

--
-- Table structure for table `ref_meeting_type`
--

CREATE TABLE `ref_meeting_type` (
  `meeting_type_id` int(11) NOT NULL AUTO_INCREMENT,
  `meeting_type_desc` varchar(255) DEFAULT NULL,
  `running_no` int(11) NOT NULL DEFAULT '0',
  `created_by` int(11) DEFAULT NULL,
  `updated_by` int(11) DEFAULT NULL,
  `created_at` timestamp NULL DEFAULT NULL,
  `updated_at` timestamp NOT NULL DEFAULT CURRENT_TIMESTAMP,
  `deleted_at` timestamp NULL DEFAULT NULL,
  PRIMARY KEY (`meeting_type_id`),
  KEY `idx_meetingtype_createdby` (`created_by`),
  KEY `idx_meetingtype_updatedby` (`updated_by`)
) ENGINE=InnoDB AUTO_INCREMENT=3 DEFAULT CHARSET=latin1;

--
-- Dumping data for table `ref_meeting_type`
--

INSERT INTO `ref_meeting_type` VALUES (1,'MESYUARAT SEBUT HARGA A',0,31,31,'2020-10-14 03:12:38','2020-10-14 03:12:38',NULL),(2,'MESYUARAT SEBUT HARGA B',0,31,31,'2020-10-14 03:13:00','2020-10-14 03:13:00',NULL);

--
-- Table structure for table `ref_meeting_year`
--

CREATE TABLE `ref_meeting_year` (
  `meeting_year_id` int(11) NOT NULL AUTO_INCREMENT,
  `meeting_type_id` int(11) NOT NULL,
  `running_no` int(11) NOT NULL DEFAULT '1',
  `meeting_year` char(4) NOT NULL,
  `created_at` timestamp NULL DEFAULT NULL,
  `updated_at` timestamp NOT NULL DEFAULT CURRENT_TIMESTAMP,
  `deleted_at` timestamp NULL DEFAULT NULL,
  PRIMARY KEY (`meeting_year_id`),
  KEY `idx_meetingyear_meetingtypeid_year` (`meeting_type_id`,`meeting_year`)
) ENGINE=InnoDB AUTO_INCREMENT=3 DEFAULT CHARSET=utf8mb4;

--
-- Dumping data for table `ref_meeting_year`
--

INSERT INTO `ref_meeting_year` VALUES (1,2,10,'2020','2020-11-26 06:22:19','2020-11-26 06:22:19',NULL),(2,1,10,'2020','2020-10-14 03:59:36','2020-10-14 03:59:36',NULL);

--
-- Table structure for table `ref_other_system`
--

CREATE TABLE `ref_other_system` (
  `other_system_id` int(11) NOT NULL AUTO_INCREMENT,
  `system_desc` varchar(200) DEFAULT NULL,
  `system_url` varchar(200) DEFAULT NULL,
  `autoauth_url` varchar(200) DEFAULT NULL,
  `authrecord_url` varchar(200) DEFAULT NULL,
  `dbconn_name` varchar(200) DEFAULT NULL,
  `app_key` varchar(255) DEFAULT NULL,
  `created_by` int(11) DEFAULT NULL,
  `updated_by` int(11) DEFAULT NULL,
  `created_at` timestamp NULL DEFAULT NULL,
  `updated_at` timestamp NOT NULL DEFAULT CURRENT_TIMESTAMP,
  `deleted_at` timestamp NULL DEFAULT NULL,
  PRIMARY KEY (`other_system_id`),
  KEY `idx_othersystem_createdby` (`created_by`),
  KEY `idx_othersystem_updatedby` (`updated_by`)
) ENGINE=InnoDB AUTO_INCREMENT=3 DEFAULT CHARSET=latin1;

--
-- Dumping data for table `ref_other_system`
--

INSERT INTO `ref_other_system` VALUES (1,'Sistem eRO','http://spp2.mpc.gov.my/',NULL,'http://spp2.mpc.gov.my/authrecord/','mysql_ero_dev','WbZ9A1IySqyMP63ch27cfWyQoWrfmyVpGjjjGCrPedw=',NULL,NULL,'2021-06-05 21:42:33','2021-06-05 21:42:33',NULL),(2,'Sistem eISO','http://spp.mpc.gov.my/',NULL,'http://spp.mpc.gov.my/authrecord/','sqlsrv_iso_dev','Lt/0QC0f8pSQ7dUCcOUecZReGP5MxemJOK0irq9pUBI=',NULL,NULL,'2021-06-05 21:42:33','2021-06-05 21:42:33',NULL);

--
-- Table structure for table `ref_payment_method`
--

CREATE TABLE `ref_payment_method` (
  `payment_method_id` int(11) NOT NULL AUTO_INCREMENT,
  `payment_method_desc` varchar(150) NOT NULL,
  `created_at` timestamp NULL DEFAULT NULL,
  `updated_at` timestamp NOT NULL DEFAULT CURRENT_TIMESTAMP,
  `deleted_at` timestamp NULL DEFAULT NULL,
  PRIMARY KEY (`payment_method_id`)
) ENGINE=InnoDB AUTO_INCREMENT=3 DEFAULT CHARSET=latin1;

--
-- Dumping data for table `ref_payment_method`
--

INSERT INTO `ref_payment_method` VALUES (1,'Kad Kredit','2019-03-23 19:32:36','2019-03-23 19:32:36',NULL),(2,'Waran','2019-03-23 19:32:43','2019-03-23 19:32:43',NULL);

--
-- Table structure for table `ref_pembangunan`
--

CREATE TABLE `ref_pembangunan` (
  `pembangunan_id` int(11) NOT NULL AUTO_INCREMENT,
  `pembangunan_desc` varchar(255) DEFAULT NULL,
  `created_by` int(11) DEFAULT NULL,
  `updated_by` int(11) DEFAULT NULL,
  `created_at` timestamp NULL DEFAULT NULL,
  `updated_at` timestamp NOT NULL DEFAULT CURRENT_TIMESTAMP,
  `deleted_at` timestamp NULL DEFAULT NULL,
  PRIMARY KEY (`pembangunan_id`)
) ENGINE=InnoDB AUTO_INCREMENT=33 DEFAULT CHARSET=latin1;

--
-- Dumping data for table `ref_pembangunan`
--

INSERT INTO `ref_pembangunan` VALUES (1,'NPDIR',2,2,'2019-03-21 19:39:55','2019-03-21 19:39:55',NULL),(2,'PPE',2,2,'2019-03-21 19:40:05','2019-03-21 19:40:05','2019-04-15 07:21:08'),(3,'MBR',2,2,'2019-03-21 19:40:09','2019-03-21 19:40:09',NULL),(4,'PTPS',2,2,'2019-03-21 19:40:22','2019-03-21 19:40:22',NULL),(5,'TEST123 DDDD',355,355,'2019-04-12 23:06:59','2019-04-12 23:07:06','2019-04-12 15:07:10'),(6,'T5-MPB',46,46,'2019-04-15 15:21:35','2019-04-15 15:21:35',NULL),(7,'NTM',46,46,'2019-04-15 15:21:55','2019-04-15 15:21:55',NULL),(8,'PKP',46,46,'2019-04-15 15:22:04','2019-04-15 15:22:04',NULL),(9,'SPN TOURISM',46,46,'2019-04-15 15:22:29','2019-04-15 15:22:29',NULL),(10,'SPN RETAIL',46,46,'2019-04-15 15:24:16','2019-04-15 15:24:16',NULL),(11,'SPN CHEMICAL',46,46,'2019-04-15 15:24:40','2019-04-15 15:24:40',NULL),(12,'SPN E & E',46,46,'2019-04-15 15:24:59','2019-04-15 15:24:59',NULL),(13,'SPN M & E',46,46,'2019-04-15 15:25:15','2019-04-15 15:25:15',NULL),(14,'SPN AGROFOOD',46,46,'2019-04-15 15:25:34','2019-04-15 15:25:34',NULL),(15,'SPN HEALTHCARE',46,46,'2019-04-15 15:25:44','2019-04-15 15:25:44',NULL),(16,'SPN PROF SERV',46,46,'2019-04-15 15:26:01','2019-04-15 15:26:01',NULL),(17,'SPN ICT',46,46,'2019-04-15 15:26:21','2019-04-15 15:26:21',NULL),(18,'SPPE',46,46,'2019-07-26 19:20:19','2019-07-26 19:20:19',NULL),(19,'CCI',46,46,'2019-07-26 20:53:35','2019-07-26 20:53:35',NULL),(20,'KLEMS - TFP',46,46,'2019-07-26 20:53:52','2019-07-26 20:53:52',NULL),(21,'EIIP',46,46,'2019-07-26 20:54:02','2019-07-26 20:54:02',NULL),(22,'MPB-EEPN',46,46,'2019-07-26 20:54:21','2019-07-26 20:54:21',NULL),(23,'MPB-CCPPN',46,46,'2019-07-26 20:56:50','2019-07-26 20:56:50',NULL),(24,'MPB-RFBPN',46,46,'2019-07-26 20:57:08','2019-07-26 20:57:08',NULL),(25,'MPB-TPN',46,46,'2019-07-26 20:57:27','2019-07-26 20:57:27',NULL),(26,'MPB AFPN',46,46,'2019-07-26 20:57:41','2019-07-26 20:57:41',NULL),(27,'MPB MEPN',46,46,'2019-07-26 20:57:54','2019-07-26 20:57:54',NULL),(28,'MPB PS',46,46,'2019-07-26 20:58:05','2019-07-26 20:58:05',NULL),(29,'MPB PH',46,46,'2019-07-26 20:58:16','2019-07-26 20:58:16',NULL),(30,'MPB ICTPN',46,46,'2019-10-30 14:27:13','2019-10-30 14:27:13',NULL),(31,'HRD',46,46,'2019-11-12 14:09:57','2019-11-12 14:09:57',NULL),(32,'BI (BEHAVIORAL INSIGHTS)',46,46,'2020-01-21 15:26:54','2020-01-21 15:26:54',NULL);

--
-- Table structure for table `ref_permohonan_doc`
--

CREATE TABLE `ref_permohonan_doc` (
  `permohonan_doc_id` int(11) NOT NULL AUTO_INCREMENT,
  `permohonan_doc_desc` varchar(200) DEFAULT NULL,
  `sort` int(11) DEFAULT NULL,
  `active_status` int(11) NOT NULL DEFAULT '1',
  `created_at` timestamp NULL DEFAULT NULL,
  `updated_at` timestamp NOT NULL DEFAULT CURRENT_TIMESTAMP,
  `deleted_at` timestamp NULL DEFAULT NULL,
  PRIMARY KEY (`permohonan_doc_id`)
) ENGINE=InnoDB AUTO_INCREMENT=32 DEFAULT CHARSET=latin1;

--
-- Dumping data for table `ref_permohonan_doc`
--

INSERT INTO `ref_permohonan_doc` VALUES (1,'BOM',4,1,'2020-07-23 10:13:10','2020-07-23 10:13:10',NULL),(2,'LPO untuk Pembekal',1,1,'2020-07-23 10:13:19','2020-07-23 10:13:19',NULL),(3,'Sebut Harga',5,1,'2020-07-23 10:13:29','2020-07-23 10:13:29',NULL),(4,'Keratan Minit Kelulusan BOM',6,1,'2020-07-23 10:13:39','2020-07-23 10:13:39',NULL),(5,'Anggaran perbelanjaan BOM yang diluluskan',7,1,'2020-07-23 10:13:48','2020-07-23 10:13:48',NULL),(6,'Sijil GST (Wajib)',8,1,'2020-07-23 10:14:01','2020-07-23 10:14:01',NULL),(7,'Lantikan perunding/ penceramah Tempatan/ Luar Negara (attachmentb)',12,0,'2020-07-23 10:14:44','2020-07-23 10:14:44',NULL),(8,'Kelulusan Kementerian Kewangan (MOF)',13,1,'2020-07-23 10:14:54','2020-07-23 10:14:54',NULL),(9,'PLPS',14,1,'2020-07-23 10:15:27','2020-07-23 10:15:27',NULL),(10,'Surat Setuju Terima (SST) (Wajib)',15,1,'2020-07-23 10:15:36','2020-07-23 10:15:36',NULL),(11,'Surat Lantikan (Wajib)',16,1,'2020-07-23 10:15:47','2020-07-23 10:15:47',NULL),(12,'Jadual Pembayaran',17,1,'2020-07-23 10:15:54','2020-07-23 10:15:54',NULL),(13,'Terms of Reference (TOR)',18,1,'2020-07-23 10:16:02','2020-07-23 10:16:02',NULL),(14,'Borang Lampiran B (sekiranya menggunakan khidmat kakitangan kerajaan)',19,1,'2020-07-23 10:16:09','2020-07-23 10:16:09',NULL),(15,'Invois (bagi bayaran yang dibuat secara telegraphic transfer (TT) kepada pembekal di luar negara)',20,1,'2020-07-23 10:16:20','2020-07-23 10:16:20',NULL),(16,'Perolehan melalui Sebut harga B (> RM20K) / Sebut harga A (> RM50K) / Tender (>RM500K) (attachmentc)',21,0,'2020-07-23 10:16:29','2020-07-23 10:16:29',NULL),(17,'Surat Setuju Terima (SST) (Perolehan melalui Sebut harga B (> RM20K) / Sebut harga A (> RM50K) / Tender (>RM500K))',22,1,'2020-07-23 10:16:41','2020-07-23 10:16:41',NULL),(18,'Keputusan Mesyuarat sebut harga/ Lembaga Perolehan',23,1,'2020-07-23 10:16:50','2020-07-23 10:16:50',NULL),(19,'Surat Lantikan (Perolehan melalui Sebut harga B (> RM20K) / Sebut harga A (> RM50K) / Tender (>RM500K))',24,1,'2020-07-23 10:16:57','2020-07-23 10:16:57',NULL),(20,'Teknikal / Penyelenggaraan (attachmentd)',25,0,'2020-07-23 10:17:03','2020-07-23 10:17:03',NULL),(21,'Laporan penyelenggaraan yang disahkan',26,1,'2020-07-23 10:17:11','2020-07-23 10:17:11',NULL),(22,'Kontrak (Salinan)',27,1,'2020-07-23 10:17:17','2020-07-23 10:17:17',NULL),(23,'Makanan (attachmente)',28,0,'2020-07-23 10:17:24','2020-07-23 10:17:24',NULL),(24,'Senarai nama peserta bengkel/ ceramah/ taklimat',29,1,'2020-07-23 10:17:32','2020-07-23 10:17:32',NULL),(25,'Tentatif program',30,1,'2020-07-23 10:17:40','2020-07-23 10:17:40',NULL),(26,'Penginapan Hotel/Tiket Penerbangan (attachmenta)',9,0,'2020-07-23 10:14:09','2020-07-23 10:14:09',NULL),(27,'Senarai Nama Penginap',10,1,'2020-07-23 10:14:24','2020-07-23 10:14:24',NULL),(28,'Senarai Nama Tiket Kapal Terbang',11,1,'2020-07-23 10:14:40','2020-07-23 10:14:40',NULL),(30,'LPO untuk Bhg Kewangan',2,1,'2020-07-23 10:17:53','2020-07-23 10:17:53',NULL),(31,'Invoice untuk Bhg Kewangan',3,1,'2020-07-23 10:18:06','2020-07-23 10:18:06',NULL);

--
-- Table structure for table `ref_program`
--

CREATE TABLE `ref_program` (
  `program_id` int(11) NOT NULL AUTO_INCREMENT,
  `project_category_id` int(11) NOT NULL,
  `program_code` char(10) DEFAULT NULL,
  `program_desc` varchar(255) DEFAULT NULL,
  `created_by` int(11) DEFAULT NULL,
  `updated_by` int(11) DEFAULT NULL,
  `created_at` timestamp NULL DEFAULT NULL,
  `updated_at` timestamp NOT NULL DEFAULT CURRENT_TIMESTAMP,
  `deleted_at` timestamp NULL DEFAULT NULL,
  PRIMARY KEY (`program_id`),
  KEY `idx_program_main` (`project_category_id`),
  KEY `idx_program_code` (`program_code`),
  KEY `idx_program_createdby` (`created_by`),
  KEY `idx_program_updatedby` (`updated_by`)
) ENGINE=InnoDB AUTO_INCREMENT=454 DEFAULT CHARSET=latin1;

--
-- Dumping data for table `ref_program`
--

INSERT INTO `ref_program` VALUES (1,1,'AG001','AMALAN BAIK PERATURAN (GRP)',2,2,'2021-03-16 15:24:56','2021-03-16 15:24:56',NULL),(2,1,'AG002','REGULATORY PROPOSAL/ NOTIFICATION2',2,2,'2021-03-16 15:24:56','2021-05-29 17:12:06',NULL),(3,1,'AG003','REGULATORY IMPACT ANALYSIS/ STATEMENT',2,2,'2021-03-16 15:24:56','2021-03-16 15:24:56',NULL),(4,1,'AG004','PUBLIC CONSULTATION/ STAKEHOLDER CONSULTATION/ENGAGEMENT',2,2,'2021-03-16 15:24:56','2021-03-16 15:24:56',NULL),(5,1,'AG005','COST BENEFIT ANALYSIS',2,2,'2021-03-16 15:24:56','2021-03-16 15:24:56',NULL),(6,1,'AG006','IMPACT ANALYSIS',2,2,'2021-03-16 15:24:56','2021-03-16 15:24:56',NULL),(7,1,'AG007','STANDARD COST MODEL',2,2,'2021-03-16 15:24:56','2021-03-16 15:24:56',NULL),(8,1,'AG008','MEASURING REGULATORY/ COMPLIANCE COST',2,2,'2021-03-16 15:24:56','2021-03-16 15:24:56',NULL),(9,1,'AG009','POST IMPLEMENTATION REVIEW',2,2,'2021-03-16 15:24:56','2021-03-16 15:24:56',NULL),(10,1,'AG010','PERFORMANCE/ OUTCOME-BASED REGULATION',2,2,'2021-03-16 15:24:56','2021-03-16 15:24:56',NULL),(11,1,'AG011','MANAGEMENT-BASED REGULATIONS',2,2,'2021-03-16 15:24:56','2021-03-16 15:24:56',NULL),(12,1,'AG012','REGULATORY EXPERIMENTS',2,2,'2021-03-16 15:24:56','2021-03-16 15:24:56',NULL),(13,1,'AG013','REGULATORY SANDBOX',2,2,'2021-03-16 15:24:56','2021-03-16 15:24:56',NULL),(14,1,'AG014','ADAPTIVE REGULATION',2,2,'2021-03-16 15:24:56','2021-03-16 15:24:56',NULL),(15,1,'AG015','COMPETITION IMPACT ANALYSIS',2,2,'2021-03-16 15:24:56','2021-03-16 15:24:56',NULL),(16,1,'AG016','SMES IMPACT ANALYSIS',2,2,'2021-03-16 15:24:56','2021-03-16 15:24:56',NULL),(17,1,'AG017','SOCIAL IMPACT ANALYSIS',2,2,'2021-03-16 15:24:56','2021-03-16 15:24:56',NULL),(18,1,'AG018','ENVIRONMENT IMPACT ANALYSIS',2,2,'2021-03-16 15:24:56','2021-03-16 15:24:56',NULL),(19,1,'AG019','POLICY IMPACT ANALYSIS',2,2,'2021-03-16 15:24:56','2021-03-16 15:24:56',NULL),(20,1,'AG020','SELF-REGULATION',2,2,'2021-03-16 15:24:56','2021-03-16 15:24:56',NULL),(21,1,'AG021','CO-REGULATION',2,2,'2021-03-16 15:24:56','2021-03-16 15:24:56',NULL),(22,1,'AG022','RISK-BASED REGULATION',2,2,'2021-03-16 15:24:56','2021-03-16 15:24:56',NULL),(23,1,'AG023','INTERNATIONAL REGULATORY COOPERATION',2,2,'2021-03-16 15:24:56','2021-03-16 15:24:56',NULL),(24,1,'AG024','REGULATORY DELIVERY',2,2,'2021-03-16 15:24:56','2021-03-16 15:24:56',NULL),(25,1,'AG025','AGILE REGULATION',2,2,'2021-03-16 15:24:56','2021-03-16 15:24:56',NULL),(26,1,'AG026','REGULATORY-BASED TECHNOLOGY',2,2,'2021-03-16 15:24:56','2021-03-16 15:24:56',NULL),(27,1,'AG027','REGULATORY POLICY/ SYSTEM MANAGEMENT (GOOD REGULATORY PRACTICE POLICY REGULATORY COORDINATOR ETC.)',2,2,'2021-03-16 15:24:56','2021-03-16 15:24:56',NULL),(28,1,'AG028','MULTI CRITERIA ANALYSIS',2,2,'2021-03-16 15:24:56','2021-03-16 15:24:56',NULL),(29,1,'AG029','COST EFFECTIVE ANALYSIS',2,2,'2021-03-16 15:24:56','2021-03-16 15:24:56',NULL),(30,1,'AG030','REGULATORY GOVERNANCE',2,2,'2021-03-16 15:24:56','2021-03-16 15:24:56',NULL),(31,1,'AG031','RISK-BASED ANALYSIS',2,2,'2021-03-16 15:24:56','2021-03-16 15:24:56',NULL),(32,1,'AG032','INTERNATIONAL REGULATORY MANAGEMENT (EXAMPLE: ASIA-PACIFIC ECONOMIC COOPERATION (APEC) / ASSOCIATION OF SOUTHEAST ASIAN NATIONS (ASEAN) / ORGANISATION FOR ECONOMIC CO-OPERATION AND DEVELOPMENT (OECD)',2,2,'2021-03-16 15:24:56','2021-03-16 15:24:56',NULL),(33,1,'AG033','CUTTING RED TAPE',2,2,'2021-03-16 15:24:56','2021-03-16 15:24:56',NULL),(34,1,'AG034','REGULATORY MAPPING',2,2,'2021-03-16 15:24:56','2021-03-16 15:24:56',NULL),(35,1,'AG035','REGULATORY FRAMEWORK',2,2,'2021-03-16 15:24:56','2021-03-16 15:24:56',NULL),(36,1,'AG036','REGULATORY DESIGN',2,2,'2021-03-16 15:24:56','2021-03-16 15:24:56',NULL),(37,1,'AG037','REVIEW EXISTING REGULATION',2,2,'2021-03-16 15:24:56','2021-03-16 15:24:56',NULL),(38,1,'AG038','REGULATORY REFORM',2,2,'2021-03-16 15:24:56','2021-03-16 15:24:56',NULL),(39,1,'AG039','NON -TARIFF MEASURES (NTM) REFORM',2,2,'2021-03-16 15:24:56','2021-03-16 15:24:56',NULL),(40,1,'AG040','LICENSING REFORM',2,2,'2021-03-16 15:24:57','2021-03-16 15:24:57',NULL),(41,1,'AG041','BUSINESS REGULATION',2,2,'2021-03-16 15:24:57','2021-03-16 15:24:57',NULL),(42,1,'AG042','IMPROVE LICENSING TRANSPARENCY',2,2,'2021-03-16 15:24:57','2021-03-16 15:24:57',NULL),(43,1,'AG043','BUSINESS LICENSING GUIDELINE',2,2,'2021-03-16 15:24:57','2021-03-16 15:24:57',NULL),(44,1,'AG044','REDUCING REGULATORY BURDEN',2,2,'2021-03-16 15:24:57','2021-03-16 15:24:57',NULL),(45,1,'AG045','MONITORING & EVALUATION FRAMEWORK',2,2,'2021-03-16 15:24:57','2021-03-16 15:24:57',NULL),(46,1,'AG046','DEREGULATION',2,2,'2021-03-16 15:24:57','2021-03-16 15:24:57',NULL),(47,1,'AG047','ANALYSIS VERIFICATION',2,2,'2021-03-16 15:24:57','2021-03-16 15:24:57',NULL),(48,1,'AG048','ISSUE PAPER',2,2,'2021-03-16 15:24:57','2021-03-16 15:24:57',NULL),(49,1,'AG049','LAW',2,2,'2021-03-16 15:24:57','2021-03-16 15:24:57',NULL),(50,1,'AG050','ECONOMY',2,2,'2021-03-16 15:24:57','2021-03-16 15:24:57',NULL),(51,1,'AG051','HEALTHCARE',2,2,'2021-03-16 15:24:57','2021-03-16 15:24:57',NULL),(52,1,'AG052','CONSTRUCTION',2,2,'2021-03-16 15:24:57','2021-03-16 15:24:57',NULL),(53,1,'AG053','LABOUR',2,2,'2021-03-16 15:24:57','2021-03-16 15:24:57',NULL),(54,1,'AG054','IMMIGRATION',2,2,'2021-03-16 15:24:57','2021-03-16 15:24:57',NULL),(55,1,'AG055','TOURISM',2,2,'2021-03-16 15:24:57','2021-03-16 15:24:57',NULL),(56,1,'AG056','DIGITAL',2,2,'2021-03-16 15:24:57','2021-03-16 15:24:57',NULL),(57,2,'AB057','BEHAVIOURAL INSIGHTS FRAMEWORK CRITERIA: DEFINE',2,2,'2021-03-16 15:24:57','2021-03-16 15:24:57',NULL),(58,2,'AB058','BEHAVIOURAL INSIGHTS FRAMEWORK CRITERIA: RESEARCH',2,2,'2021-03-16 15:24:57','2021-03-16 15:24:57',NULL),(59,2,'AB059','BEHAVIOURAL INSIGHTS FRAMEWORK CRITERIA: INTERVENTION',2,2,'2021-03-16 15:24:57','2021-03-16 15:24:57',NULL),(60,2,'AB060','BEHAVIOURAL INSIGHTS FRAMEWORK CRITERIA: VALIDATE',2,2,'2021-03-16 15:24:57','2021-03-16 15:24:57',NULL),(61,2,'AB061','BEHAVIOURAL INSIGHTS FRAMEWORK CRITERIA: EXPAND',2,2,'2021-03-16 15:24:57','2021-03-16 15:24:57',NULL),(62,2,'AB062','BEHAVIOURAL INSIGHTS GUIDELINES',2,2,'2021-03-16 15:24:57','2021-03-16 15:24:57',NULL),(63,2,'AB063','BEHAVIOURAL INSIGHTS BENCHMARKING PROJECT',2,2,'2021-03-16 15:24:57','2021-03-16 15:24:57',NULL),(64,2,'AB064','BEHAVIOURAL INSIGHTS BASELINE STUDY',2,2,'2021-03-16 15:24:57','2021-03-16 15:24:57',NULL),(65,2,'AB065','BEHAVIOURAL INSIGHTS CONFERENCE/ WORKSHOP/SEMINAR/ RTD/ FGD',2,2,'2021-03-16 15:24:57','2021-03-16 15:24:57',NULL),(66,2,'AB066','BEHAVIOURAL INSIGHTS TRAINING MODULE - BEGINNER',2,2,'2021-03-16 15:24:57','2021-03-16 15:24:57',NULL),(67,2,'AB067','BEHAVIOURAL INSIGHTS TRAINING MODULE - INTERMEDIATE',2,2,'2021-03-16 15:24:57','2021-03-16 15:24:57',NULL),(68,2,'AB068','BEHAVIOURAL INSIGHTS TRAINING MODULE - ADVANCED',2,2,'2021-03-16 15:24:57','2021-03-16 15:24:57',NULL),(69,2,'AB069','COMPETENCY DEVELOPMENT FOR BEHAVIOURAL - INSIGHTS PRACTITIONERS',2,2,'2021-03-16 15:24:57','2021-03-16 15:24:57',NULL),(70,2,'AB070','COMPETENCY DEVELOPMENT FOR BEHAVIOURAL - INSIGHTS TRAINERS/ CONSULTANTS',2,2,'2021-03-16 15:24:57','2021-03-16 15:24:57',NULL),(71,2,'AB071','BEHAVIOURAL INSIGHTS TOOLKITS',2,2,'2021-03-16 15:24:57','2021-03-16 15:24:57',NULL),(72,2,'AB072','DATA PROFILING DOCUMENTATION FOR BEHAVIOURAL - INSIGHTS',2,2,'2021-03-16 15:24:57','2021-03-16 15:24:57',NULL),(73,2,'AB073','BEHAVIOURAL INSIGHTS DOCUMENTATION FOR GOVERNMENT',2,2,'2021-03-16 15:24:57','2021-03-16 15:24:57',NULL),(74,2,'AB074','BEHAVIOURAL INSIGHTS PROJECT MANAGEMENT',2,2,'2021-03-16 15:24:57','2021-03-16 15:24:57',NULL),(75,2,'AB075','APPLICATION OF NUDGE THEORY',2,2,'2021-03-16 15:24:57','2021-03-16 15:24:57',NULL),(76,3,'AC076','ECONOMIC PERFORMANCE: DOMESTIC ECONOMY',2,2,'2021-03-16 15:24:57','2021-03-16 15:24:57',NULL),(77,3,'AC077','ECONOMIC PERFORMANCE: INTERNATIONAL TRADE',2,2,'2021-03-16 15:24:57','2021-03-16 15:24:57',NULL),(78,3,'AC078','ECONOMIC PERFORMANCE: INTERNATIONAL INVESTMENT',2,2,'2021-03-16 15:24:57','2021-03-16 15:24:57',NULL),(79,3,'AC079','ECONOMIC PERFORMANCE: EMPLOYMENT',2,2,'2021-03-16 15:24:57','2021-03-16 15:24:57',NULL),(80,3,'AC080','ECONOMIC PERFORMANCE: PRICES',2,2,'2021-03-16 15:24:57','2021-03-16 15:24:57',NULL),(81,3,'AC081','GOVERNMENT EFFICIENCY: PUBLIC FINANCE',2,2,'2021-03-16 15:24:57','2021-03-16 15:24:57',NULL),(82,3,'AC082','GOVERNMENT EFFICIENCY: TAX POLICY',2,2,'2021-03-16 15:24:57','2021-03-16 15:24:57',NULL),(83,3,'AC083','GOVERNMENT EFFICIENCY: INSTITUTIONAL FRAMEWORK',2,2,'2021-03-16 15:24:57','2021-03-16 15:24:57',NULL),(84,3,'AC084','GOVERNMENT EFFICIENCY: BUSINESS LEGISLATION',2,2,'2021-03-16 15:24:57','2021-03-16 15:24:57',NULL),(85,3,'AC085','GOVERNMENT EFFICIENCY: SOCIETAL FRAMEWORK',2,2,'2021-03-16 15:24:57','2021-03-16 15:24:57',NULL),(86,3,'AC086','BUSINESS EFFICIENCY: PRODUCTIVITY & EFFICIENCY',2,2,'2021-03-16 15:24:57','2021-03-16 15:24:57',NULL),(87,3,'AC087','BUSINESS EFFICIENCY: LABOR MARKET',2,2,'2021-03-16 15:24:57','2021-03-16 15:24:57',NULL),(88,3,'AC088','BUSINESS EFFICIENCY: FINANCE',2,2,'2021-03-16 15:24:57','2021-03-16 15:24:57',NULL),(89,3,'AC089','BUSINESS EFFICIENCY: MANAGEMENT PRACTICES',2,2,'2021-03-16 15:24:57','2021-03-16 15:24:57',NULL),(90,3,'AC090','BUSINESS EFFICIENCY: ATTITUDES & VALUES',2,2,'2021-03-16 15:24:57','2021-03-16 15:24:57',NULL),(91,3,'AC091','INFRASTRUCTURE: BASIC INFRASTRUCTURE',2,2,'2021-03-16 15:24:57','2021-03-16 15:24:57',NULL),(92,3,'AC092','INFRASTRUCTURE: TECHNOLOGICAL INFRASTRUCTURE',2,2,'2021-03-16 15:24:57','2021-03-16 15:24:57',NULL),(93,3,'AC093','INFRASTRUCTURE: SCIENTIFIC INFRASTRUCTURE',2,2,'2021-03-16 15:24:57','2021-03-16 15:24:57',NULL),(94,3,'AC094','INFRASTRUCTURE: HEALTH & ENVIRONMENT',2,2,'2021-03-16 15:24:57','2021-03-16 15:24:57',NULL),(95,3,'AC095','INFRASTRUCTURE: EDUCATION',2,2,'2021-03-16 15:24:57','2021-03-16 15:24:57',NULL),(96,3,'AC096','ENABLING ENVIRONMENT: INSTITUTIONS',2,2,'2021-03-16 15:24:57','2021-03-16 15:24:57',NULL),(97,3,'AC097','ENABLING ENVIRONMENT: INFRASTRUCTURE',2,2,'2021-03-16 15:24:57','2021-03-16 15:24:57',NULL),(98,3,'AC098','ENABLING ENVIRONMENT: ICT ADOPTION',2,2,'2021-03-16 15:24:57','2021-03-16 15:24:57',NULL),(99,3,'AC099','ENABLING ENVIRONMENT: MACROECONOMIC STABILITY',2,2,'2021-03-16 15:24:57','2021-03-16 15:24:57',NULL),(100,3,'AC100','HUMAN CAPITAL: HEALTH',2,2,'2021-03-16 15:24:57','2021-03-16 15:24:57',NULL),(101,3,'AC101','HUMAN CAPITAL: SKILLS',2,2,'2021-03-16 15:24:57','2021-03-16 15:24:57',NULL),(102,3,'AC102','MARKETS: PRODUCT MARKET',2,2,'2021-03-16 15:24:57','2021-03-16 15:24:57',NULL),(103,3,'AC103','MARKETS: LABOR MARKET',2,2,'2021-03-16 15:24:57','2021-03-16 15:24:57',NULL),(104,3,'AC104','MARKETS: FINANCIAL MARKET',2,2,'2021-03-16 15:24:57','2021-03-16 15:24:57',NULL),(105,3,'AC105','MARKETS: MARKET SIZE',2,2,'2021-03-16 15:24:57','2021-03-16 15:24:57',NULL),(106,3,'AC106','INNOVATION ECOSYSTEM: BUSINESS DYNAMISM',2,2,'2021-03-16 15:24:57','2021-03-16 15:24:57',NULL),(107,3,'AC107','INNOVATION ECOSYSTEM: INNOVATION CAPABILITY',2,2,'2021-03-16 15:24:57','2021-03-16 15:24:57',NULL),(108,3,'AC108','STARTING A BUSINESS',2,2,'2021-03-16 15:24:57','2021-03-16 15:24:57',NULL),(109,3,'AC109','DEALING WITH CONSTRUCTION PERMITS',2,2,'2021-03-16 15:24:57','2021-03-16 15:24:57',NULL),(110,3,'AC110','GETTING ELECTRICITY',2,2,'2021-03-16 15:24:57','2021-03-16 15:24:57',NULL),(111,3,'AC111','REGISTERING PROPERTY',2,2,'2021-03-16 15:24:57','2021-03-16 15:24:57',NULL),(112,3,'AC112','GETTING CREDIT',2,2,'2021-03-16 15:24:57','2021-03-16 15:24:57',NULL),(113,3,'AC113','PROTECTING MINORITY INVESTORS',2,2,'2021-03-16 15:24:57','2021-03-16 15:24:57',NULL),(114,3,'AC114','PAYING TAXES',2,2,'2021-03-16 15:24:57','2021-03-16 15:24:57',NULL),(115,3,'AC115','TRADING ACROSS BORDERS',2,2,'2021-03-16 15:24:57','2021-03-16 15:24:57',NULL),(116,3,'AC116','ENFORCING CONTRACTS',2,2,'2021-03-16 15:24:57','2021-03-16 15:24:57',NULL),(117,3,'AC117','RESOLVING INSOLVENCY',2,2,'2021-03-16 15:24:57','2021-03-16 15:24:57',NULL),(118,3,'AC118','EMPLOYING WORKERS',2,2,'2021-03-16 15:24:57','2021-03-16 15:24:57',NULL),(119,3,'AC119','CONTRACTING WITH THE GOVERNMENT',2,2,'2021-03-16 15:24:57','2021-03-16 15:24:57',NULL),(120,3,'AC120','E-PAYMENT',2,2,'2021-03-16 15:24:57','2021-03-16 15:24:57',NULL),(121,4,'AE121','PRODUCTIVITY-LINKED WAGE SYSTEM ASSESSMENT TOOLS',2,2,'2021-03-16 15:24:57','2021-03-16 15:24:57',NULL),(122,4,'AE122','PRODUCTIVITY-LINKED WAGE SYSTEM TRAINING MODULE – BEGINNER (IMPROVE PRODUCTIVITY THROUGH PRODUCTIVITY – LINKED WAGE SYSTEM (PLWS)',2,2,'2021-03-16 15:24:57','2021-03-16 15:24:57',NULL),(123,4,'AE123','PRODUCTIVITY-LINKED WAGE SYSTEM – INTERMEDIATE (MASTER ON PRODUCTIVITY- LINKED WAGE SYSTEM (PLWS)',2,2,'2021-03-16 15:24:57','2021-03-16 15:24:57',NULL),(124,4,'AE124','PRODUCTIVITY-LINKED WAGE SYSTEM – ADVANCED (CHAMPION ON PRODUCTIVITY-LINKED WAGE SYSTEM (PLWS)',2,2,'2021-03-16 15:24:57','2021-03-16 15:24:57',NULL),(125,4,'AE125','CIRCULAR ECONOMY APPLICATION IN INDUSTRY',2,2,'2021-03-16 15:24:57','2021-03-16 15:24:57',NULL),(126,4,'AE126','CIRCULAR ECONOMY & BUSINESS SUSTAINABILITY ASSESSMENT TOOLS',2,2,'2021-03-16 15:24:57','2021-03-16 15:24:57',NULL),(127,5,'B001','BUSINESS EXCELLENCE CRITERIA: LEADERSHIP',2,2,'2021-03-16 15:26:47','2021-03-16 15:26:47',NULL),(128,5,'B002','BUSINESS EXCELLENCE CRITERIA: PLANNING',2,2,'2021-03-16 15:26:47','2021-03-16 15:26:47',NULL),(129,5,'B003','BUSINESS EXCELLENCE CRITERIA: INFORMATION',2,2,'2021-03-16 15:26:47','2021-03-16 15:26:47',NULL),(130,5,'B004','BUSINESS EXCELLENCE CRITERIA: CUSTOMER',2,2,'2021-03-16 15:26:47','2021-03-16 15:26:47',NULL),(131,5,'B005','BUSINESS EXCELLENCE CRITERIA: PEOPLE',2,2,'2021-03-16 15:26:47','2021-03-16 15:26:47',NULL),(132,5,'B006','BUSINESS EXCELLENCE CRITERIA: PROCESS',2,2,'2021-03-16 15:26:47','2021-03-16 15:26:47',NULL),(133,5,'B007','BENCHMARKING FOR BUSINESS EXCELLENCE',2,2,'2021-03-16 15:26:47','2021-03-16 15:26:47',NULL),(134,5,'B008','AMALAN KAIZEN BAGI MENINGKATKAN KECEKAPAN PROSES',2,2,'2021-03-16 15:26:47','2021-03-16 15:26:47',NULL),(135,5,'B009','ADVANCED KAIZEN',2,2,'2021-03-16 15:26:47','2021-03-16 15:26:47',NULL),(136,5,'B010','CONTINUOUS IMPROVEMENT THROUGH KAIZEN',2,2,'2021-03-16 15:26:47','2021-03-16 15:26:47',NULL),(137,5,'B011','PENGURUSAN LEAN/ LEAN MANUFACTURING',2,2,'2021-03-16 15:26:47','2021-03-16 15:26:47',NULL),(138,5,'B012','LEAN SIX SIGMA',2,2,'2021-03-16 15:26:47','2021-03-16 15:26:47',NULL),(139,5,'B013','VALUE STREAM MAPPING (VSM)',2,2,'2021-03-16 15:26:47','2021-03-16 15:26:47',NULL),(140,5,'B014','MAPPING PROCESS PROBLEM AND SOLUTION',2,2,'2021-03-16 15:26:47','2021-03-16 15:26:47',NULL),(141,5,'B015','STATISTICAL PROCESS CONTROL (SPC)',2,2,'2021-03-16 15:26:47','2021-03-16 15:26:47',NULL),(142,5,'B016','TOTAL QUALITY MANAGEMENT (TQM)',2,2,'2021-03-16 15:26:47','2021-03-16 15:26:47',NULL),(143,5,'B017','BALANCE SCORECARD',2,2,'2021-03-16 15:26:48','2021-03-16 15:26:48',NULL),(144,5,'B018','PENGURUSAN KEWANGAN DAN ANALISIS PRODUKTIVITI',2,2,'2021-03-16 15:26:48','2021-03-16 15:26:48',NULL),(145,5,'B019','AMALAN PERSEKITARAN BERKUALITI (5S/QE) YANG EFEKTIF',2,2,'2021-03-16 15:26:48','2021-03-16 15:26:48',NULL),(146,5,'B020','AUDIT DALAMAN PERSEKITARAN BERKUALITI (5S/QE)',2,2,'2021-03-16 15:26:48','2021-03-16 15:26:48',NULL),(147,5,'B021','KRITERIA AUDIT PERSEKITARAN BERKUALITI (5S/QE)',2,2,'2021-03-16 15:26:48','2021-03-16 15:26:48',NULL),(148,5,'B022','5S SPECIALIST',2,2,'2021-03-16 15:26:48','2021-03-16 15:26:48',NULL),(149,5,'B023','PENYEDIAAN DOKUMENTASI MANUAL 5S/QE',2,2,'2021-03-16 15:26:48','2021-03-16 15:26:48',NULL),(150,5,'B024','DOKUMENTASI UNTUK PENGAUDITAN AMALAN 5S',2,2,'2021-03-16 15:26:48','2021-03-16 15:26:48',NULL),(151,5,'B025','PENGURUSAN FAIL DAN REKOD MELALUI SISTEM 5S',2,2,'2021-03-16 15:26:48','2021-03-16 15:26:48',NULL),(152,5,'B026','PENGURUSAN STOR & STOK MELALUI SISTEM 5S',2,2,'2021-03-16 15:26:48','2021-03-16 15:26:48',NULL),(153,5,'B027','PENGURUSAN STOR & STOK YANG EFEKTIF',2,2,'2021-03-16 15:26:48','2021-03-16 15:26:48',NULL),(154,5,'B028','PENGURUSAN PELUPUSAN FAIL DAN REKOD YANG TIDAK AKTIF',2,2,'2021-03-16 15:26:48','2021-03-16 15:26:48',NULL),(155,5,'B029','BUSINESS EXCELLENCE FOR PRACTITIONER',2,2,'2021-03-16 15:26:48','2021-03-16 15:26:48',NULL),(156,5,'B030','BUSINESS EXCELLENCE FOR ASSESSOR',2,2,'2021-03-16 15:26:48','2021-03-16 15:26:48',NULL),(157,5,'B031','BUSINESS EXCELLENCE FOR CONSULTANT',2,2,'2021-03-16 15:26:48','2021-03-16 15:26:48',NULL),(158,5,'B032','ORGANISATIONAL PROFILE FOR BUSINESS EXCELLENCE',2,2,'2021-03-16 15:26:48','2021-03-16 15:26:48',NULL),(159,5,'B033','BUSINESS EXCELLENCE ASSESSMENT REPORT WRITING FOR ASSESSOR',2,2,'2021-03-16 15:26:48','2021-03-16 15:26:48',NULL),(160,5,'B034','BUSINESS EXCELLENCE DOCUMENTATION FOR ORGANISATION',2,2,'2021-03-16 15:26:48','2021-03-16 15:26:48',NULL),(161,5,'B035','BUSINESS EXCELLENCE DOCUMENTATION FOR AWARD APPLICANTS',2,2,'2021-03-16 15:26:48','2021-03-16 15:26:48',NULL),(162,5,'B036','EFFECTIVE 5S AND LEAN MANAGEMENT IMPLEMENTATION FOR I4.0 ADOPTION',2,2,'2021-03-16 15:26:48','2021-03-16 15:26:48',NULL),(163,5,'B037','KEY PERFORMANCE INDICATOR (KPI/KRA)',2,2,'2021-03-16 15:26:48','2021-03-16 15:26:48',NULL),(164,5,'B038','PENGUKURAN PRODUKTIVITI (COMPASS)',2,2,'2021-03-16 15:26:48','2021-03-16 15:26:48',NULL),(165,5,'B039','PRODUCTIVITY LINKED-WAGE SYSTEM (PLWS)',2,2,'2021-03-16 15:26:48','2021-03-16 15:26:48',NULL),(166,5,'B040','TOTAL PREVENTIVE MAINTENANCE (TPM)',2,2,'2021-03-16 15:26:48','2021-03-16 15:26:48',NULL),(167,5,'B041','MATERIAL FLOW COST ACCOUNTING (MFCA)',2,2,'2021-03-16 15:26:48','2021-03-16 15:26:48',NULL),(168,5,'B042','FAILURE MODE & EFFECT ANALYSIS (FMEA)',2,2,'2021-03-16 15:26:48','2021-03-16 15:26:48',NULL),(169,5,'B043','SUPPLY CHAIN SUSTAINABILITY',2,2,'2021-03-16 15:26:48','2021-03-16 15:26:48',NULL),(170,5,'B044','SUSTAINABILITY IN BUSINESS PROCESS MANAGEMENT',2,2,'2021-03-16 15:26:48','2021-03-16 15:26:48',NULL),(171,5,'B045','INDUSTRIAL SUSTAINABILITY',2,2,'2021-03-16 15:26:48','2021-03-16 15:26:48',NULL),(172,5,'B046','EFFECTIVE COMMUNICATION FOR BUSINESS EXCELLENCE',2,2,'2021-03-16 15:26:48','2021-03-16 15:26:48',NULL),(173,5,'B047','WORKSHOP ON REDUCING ORGANISATIONAL RISK THROUGH EFFECTIVE, RELIABLE DATA AND INFORMATION',2,2,'2021-03-16 15:26:48','2021-03-16 15:26:48',NULL),(174,5,'B048','PROCESS IMPROVEMENT THROUGH LEAN TECHNIQUES',2,2,'2021-03-16 15:26:48','2021-03-16 15:26:48',NULL),(175,5,'B049','ELIMINATING WASTES THROUGH LEAN PRACTICES',2,2,'2021-03-16 15:26:48','2021-03-16 15:26:48',NULL),(176,5,'B050','IMPROVING QUALITY AND PRODUCTIVITY THROUGH LEAN PRODUCTION',2,2,'2021-03-16 15:26:48','2021-03-16 15:26:48',NULL),(177,5,'B051','CERTIFIED PRODUCTIVITY SPECIALIST',2,2,'2021-03-16 15:26:48','2021-03-16 15:26:48',NULL),(178,5,'B052','PRODUCTIVITY GAIN MEASUREMENT',2,2,'2021-03-16 15:26:48','2021-03-16 15:26:48',NULL),(179,5,'B053','MASTERING “DESIGN THINKING” FOR HIGHER RESULT',2,2,'2021-03-16 15:26:48','2021-03-16 15:26:48',NULL),(180,5,'B054','EFFECTIVE TOTAL PRODUCTIVE MAINTENANCE (TPM) FOR SMART MANUFACTURING',2,2,'2021-03-16 15:26:48','2021-03-16 15:26:48',NULL),(181,5,'B055','RISK MANAGEMENT PROFILE AND CHANGE MANAGEMENT FOR BETTER GOVERNANCE',2,2,'2021-03-16 15:26:48','2021-03-16 15:26:48',NULL),(182,5,'B056','WASTE & ROOT CAUSE ANALYSIS FOR LEAN MANAGEMENT IMPLEMENTATION',2,2,'2021-03-16 15:26:48','2021-03-16 15:26:48',NULL),(183,5,'B057','ELIMINATING WASTES THROUGH PRODUCTIVITY TOOLS & TECHNIQUES',2,2,'2021-03-16 15:26:48','2021-03-16 15:26:48',NULL),(184,5,'B058','ANALISA KOS DAN DASAR PENENTUAN HARGA',2,2,'2021-03-16 15:26:48','2021-03-16 15:26:48',NULL),(185,5,'B059','STRATEGI MEMULAKAN PERNIAGAAN',2,2,'2021-03-16 15:26:48','2021-03-16 15:26:48',NULL),(186,5,'B060','PEMBANGUNAN KEUSAHAWANAN',2,2,'2021-03-16 15:26:48','2021-03-16 15:26:48',NULL),(187,5,'B061','STRATEGIC MARKETING',2,2,'2021-03-16 15:26:48','2021-03-16 15:26:48',NULL),(188,5,'B062','LEARN MARKETING SKILLS',2,2,'2021-03-16 15:26:48','2021-03-16 15:26:48',NULL),(189,5,'B063','MARKETING COMMUNICATION AND CONSUMER BEHAVIOUR',2,2,'2021-03-16 15:26:48','2021-03-16 15:26:48',NULL),(190,5,'B064','STRATEGIC BRAND MANAGEMENT',2,2,'2021-03-16 15:26:48','2021-03-16 15:26:48',NULL),(191,5,'B065','BRAND BUILDING STRATEGIES',2,2,'2021-03-16 15:26:48','2021-03-16 15:26:48',NULL),(192,5,'B066','HOW TO BUILD YOUR PERSONAL BRAND',2,2,'2021-03-16 15:26:48','2021-03-16 15:26:48',NULL),(193,5,'B067','AWARENESS ON CREATIVITY AND INNOVATION',2,2,'2021-03-16 15:26:48','2021-03-16 15:26:48',NULL),(194,5,'B068','INNOVATION AND DESIGN THINKING',2,2,'2021-03-16 15:26:48','2021-03-16 15:26:48',NULL),(195,5,'B069','STRATEGIC AND INNOVATION',2,2,'2021-03-16 15:26:48','2021-03-16 15:26:48',NULL),(196,5,'B070','ENTREPRENEURSHIP AND INNOVATION',2,2,'2021-03-16 15:26:48','2021-03-16 15:26:48',NULL),(197,5,'B071','PROBLEM SOLVING TECHNIQUE THROUGH ICC',2,2,'2021-03-16 15:26:48','2021-03-16 15:26:48',NULL),(198,5,'B072','CREATIVE SOLUTION THROUGH ICC',2,2,'2021-03-16 15:26:48','2021-03-16 15:26:48',NULL),(199,5,'B073','KEM ICC',2,2,'2021-03-16 15:26:48','2021-03-16 15:26:48',NULL),(200,5,'B074','PROCESS IMPROVEMENT THROUGH ICC TOOLS',2,2,'2021-03-16 15:26:48','2021-03-16 15:26:48',NULL),(201,5,'B075','ICC DOCUMENTATION',2,2,'2021-03-16 15:26:48','2021-03-16 15:26:48',NULL),(202,5,'B076','JUDGING CRITERIA FOR ICC',2,2,'2021-03-16 15:26:48','2021-03-16 15:26:48',NULL),(203,5,'B077','BENGKEL PENULISAN LAPORAN ICC',2,2,'2021-03-16 15:26:48','2021-03-16 15:26:48',NULL),(204,5,'B078','INNOVATION IN SERVICES SECTOR',2,2,'2021-03-16 15:26:48','2021-03-16 15:26:48',NULL),(205,5,'B079','TRIZ – THE THEORY OF INVENTING PROBLEM SOLVING',2,2,'2021-03-16 15:26:48','2021-03-16 15:26:48',NULL),(206,5,'B080','OVERVIEW OF TRIZ TOOLS',2,2,'2021-03-16 15:26:48','2021-03-16 15:26:48',NULL),(207,5,'B081','CREATIVE PROBLEM SOLVING AND INNOVATIVE THINKING THROUGH TRIZ',2,2,'2021-03-16 15:26:48','2021-03-16 15:26:48',NULL),(208,5,'B082','PRODUCT INNOVATION AND MANAGEMENT',2,2,'2021-03-16 15:26:48','2021-03-16 15:26:48',NULL),(209,5,'B083','LEADERSHIP SUSTAINABILITY',2,2,'2021-03-16 15:26:48','2021-03-16 15:26:48',NULL),(210,5,'B084','SUSTAINABILITY CORPORATE RESPONSIBILITY TRAINING PROGRAM',2,2,'2021-03-16 15:26:48','2021-03-16 15:26:48',NULL),(211,5,'B085','LEADERSHIP DEVELOPMENT TRAINING',2,2,'2021-03-16 15:26:48','2021-03-16 15:26:48',NULL),(212,5,'B086','CHANGE MANAGEMENT TRAINING',2,2,'2021-03-16 15:26:48','2021-03-16 15:26:48',NULL),(213,5,'B087','DEVELOPING LEADERSHIP SKILLS FOR WORKPLACE OF TOMORROW',2,2,'2021-03-16 15:26:48','2021-03-16 15:26:48',NULL),(214,5,'B088','KEMAHIRAN PENGURUSAN BEKERJA DARI RUMAH (WFH)',2,2,'2021-03-16 15:26:48','2021-03-16 15:26:48',NULL),(215,5,'B089','PENGURUSAN PENGAMBILAN MINIT MESYUARAT, PENULISAN SURAT DAN MEMO RASMI',2,2,'2021-03-16 15:26:48','2021-03-16 15:26:48',NULL),(216,5,'B090','IMEJ DAN KETERAMPILAN',2,2,'2021-03-16 15:26:48','2021-03-16 15:26:48',NULL),(217,5,'B091','PENGURUSAN PERKHIDMATAN PELANGGAN BERKUALITI DAN CEMERLANG DI KAUNTER',2,2,'2021-03-16 15:26:48','2021-03-16 15:26:48',NULL),(218,5,'B092','LEADERSHIP WORKSHOP FOR SENIOR MANAGEMENT',2,2,'2021-03-16 15:26:48','2021-03-16 15:26:48',NULL),(219,5,'B093','PSYCHOLOGICAL WELLBEING IN HANDLING STRESS AND WORKPLACE DEPRESSION',2,2,'2021-03-16 15:26:48','2021-03-16 15:26:48',NULL),(220,5,'B094','PSYCHOLOGICAL WELLBEING IN DIGITAL ERA FOR ORGANISATIONAL EXCELLENCE',2,2,'2021-03-16 15:26:48','2021-03-16 15:26:48',NULL),(221,5,'B095','POWER UP FOR LEADERS USING NLP',2,2,'2021-03-16 15:26:48','2021-03-16 15:26:48',NULL),(222,5,'B096','BALANCING WORK AND LIFE WITH OPTIMUM PRODUCTIVITY',2,2,'2021-03-16 15:26:48','2021-03-16 15:26:48',NULL),(223,5,'B097','NLP FOR EFFECTIVE COMMUNICATION IN ORGANISATION',2,2,'2021-03-16 15:26:48','2021-03-16 15:26:48',NULL),(224,5,'B098','DIGITAL MARKETING/ PEMASARAN SECARA DIGITAL',2,2,'2021-03-16 15:26:48','2021-03-16 15:26:48',NULL),(225,5,'B099','IMPROVING PROCESS AND QUALITY THROUGH IOT TECHNOLOGY',2,2,'2021-03-16 15:26:48','2021-03-16 15:26:48',NULL),(226,5,'B100','INDUSTRIAL IOT TECHNOLOGY (IIOT)',2,2,'2021-03-16 15:26:48','2021-03-16 15:26:48',NULL),(227,5,'B101','DIGITIZE YOUR BUSINESS',2,2,'2021-03-16 15:26:48','2021-03-16 15:26:48',NULL),(228,5,'B102','DIGITIZE YOUR BUSINESS PROCESS',2,2,'2021-03-16 15:26:48','2021-03-16 15:26:48',NULL),(229,5,'B103','DIGITIZE YOUR WORKPLACE FOR BETTER EMPLOYEE ENGAGEMENT',2,2,'2021-03-16 15:26:48','2021-03-16 15:26:48',NULL),(230,5,'B104','DIGITAL WORKPLACE STRATEGY',2,2,'2021-03-16 15:26:48','2021-03-16 15:26:48',NULL),(231,5,'B105','DIGITIZING YOUR WORK FOR MAXIMUM PRODUCTIVITY',2,2,'2021-03-16 15:26:48','2021-03-16 15:26:48',NULL),(232,5,'B106','START YOUR E-COMMERCE BUSINESS',2,2,'2021-03-16 15:26:48','2021-03-16 15:26:48',NULL),(233,5,'B107','DEVELOP EFFECTIVE STRATEGIES FOR A DIGITAL AGE',2,2,'2021-03-16 15:26:48','2021-03-16 15:26:48',NULL),(234,5,'B108','DIGITAL TRANSFORMATION INITIATIVES IN THE ORGANISATION',2,2,'2021-03-16 15:26:48','2021-03-16 15:26:48',NULL),(235,5,'B109','INCORPORATE CLOUD BASED TECHNOLOGY',2,2,'2021-03-16 15:26:48','2021-03-16 15:26:48',NULL),(236,5,'B110','SIMULATION & AUGMENTED REALITY',2,2,'2021-03-16 15:26:48','2021-03-16 15:26:48',NULL),(237,5,'B111','UNDERSTANDING I4.0 AS NEW BUSINESS MODELS & SYSTEM INTEGRATION',2,2,'2021-03-16 15:26:48','2021-03-16 15:26:48',NULL),(238,5,'B112','3D PRINTING',2,2,'2021-03-16 15:26:48','2021-03-16 15:26:48',NULL),(239,5,'B113','CYBER SECURITY MANAGEMENT',2,2,'2021-03-16 15:26:48','2021-03-16 15:26:48',NULL),(240,5,'B114','AUTONOMOUS ROBOTS',2,2,'2021-03-16 15:26:48','2021-03-16 15:26:48',NULL),(241,5,'B115','ADDITIVE MANUFACTURING & SUPPLY CHAIN',2,2,'2021-03-16 15:26:48','2021-03-16 15:26:48',NULL),(242,5,'B116','EFFECTIVE APPLICATION OF INTERNET OF THINGS (IOT) FOR GREATER PERFORMANCE',2,2,'2021-03-16 15:26:48','2021-03-16 15:26:48',NULL),(243,5,'B117','EFFECTIVE IMPLEMENTATION OF SMART MANUFACTURING FOR SMES',2,2,'2021-03-16 15:26:48','2021-03-16 15:26:48',NULL),(244,5,'B118','ENHANCING SMES’ DIGITALISATION FOR BETTER BUSINESS PERFORMANCE',2,2,'2021-03-16 15:26:48','2021-03-16 15:26:48',NULL),(245,5,'B119','STRENGTHENING SME PERFORMANCE THROUGH BETTER DATA COLLECTION AND ANALYSIS',2,2,'2021-03-16 15:26:48','2021-03-16 15:26:48',NULL),(246,5,'B120','ARTIFICIAL INTELLIGENCE',2,2,'2021-03-16 15:26:48','2021-03-16 15:26:48',NULL),(247,5,'B121','BIG DATA ANALYTICS FOR BETTER BUSINESS RESULTS',2,2,'2021-03-16 15:26:48','2021-03-16 15:26:48',NULL),(248,5,'B122','SMART MANUFACTURING THROUGH I4.0',2,2,'2021-03-16 15:26:48','2021-03-16 15:26:48',NULL),(249,5,'B123','ENHANCING WORKFORCE PRODUCTIVITY FOR I4.0',2,2,'2021-03-16 15:26:48','2021-03-16 15:26:48',NULL),(250,5,'B124','ORGANISATION TRANSFORMATION TOWARDS I4.0',2,2,'2021-03-16 15:26:48','2021-03-16 15:26:48',NULL),(251,5,'B125','RISK MANAGEMENT',2,2,'2021-03-16 15:26:48','2021-03-16 15:26:48',NULL),(252,5,'B126','MANAGE RISKS WITH NEW OPPORTUNITIES',2,2,'2021-03-16 15:26:48','2021-03-16 15:26:48',NULL),(253,5,'B127','SISTEM PENGURUSAN DOKUMENTASI DAN AUDIT ISO 9001:2008',2,2,'2021-03-16 15:26:48','2021-03-16 15:26:48',NULL),(254,5,'B128','INTERNAL AUDITOR TRAINING ISO 9001:2008',2,2,'2021-03-16 15:26:48','2021-03-16 15:26:48',NULL),(255,5,'B129','SISTEM PENGURUSAN KESELAMATAN MAKANAN ISO 22000:2005',2,2,'2021-03-16 15:26:48','2021-03-16 15:26:48',NULL),(256,5,'B130','SISTEM PENGURUSAN KUALITI INDUSTRI AUTOMOTIF ISO/TS 16949:2002',2,2,'2021-03-16 15:26:48','2021-03-16 15:26:48',NULL),(257,5,'B131','SISTEM PENGURUSAN KUALITI MAKMAL MS ISO/IEC 17025',2,2,'2021-03-16 15:26:48','2021-03-16 15:26:48',NULL),(258,5,'B132','SISTEM PENGURUSAN PERSEKITARAN ISO 14001:2004',2,2,'2021-03-16 15:26:48','2021-03-16 15:26:48',NULL),(259,5,'B133','HAZARD ANALYSIS AND CRITICAL CONTROL POINT (HACCP)',2,2,'2021-03-16 15:26:48','2021-03-16 15:26:48',NULL),(260,5,'B134','KESIHATAN DAN KESELAMATAN DALAM PEKERJAAN (OSHA)',2,2,'2021-03-16 15:26:48','2021-03-16 15:26:48',NULL),(261,5,'B135','AMALAN KEBERSIHAN DAN PERKILANGAN YANG BAIK (GMP)',2,2,'2021-03-16 15:26:48','2021-03-16 15:26:48',NULL),(262,5,'B136','INDUSTRY 4.0 READINESS ASSESSMENT FOR ASSESSOR',2,2,'2021-03-16 15:26:48','2021-03-16 15:26:48',NULL),(263,5,'B137','SISTEM PENGURUSAN KESIHATAN DAN KESELAMATAN PEKERJAAN ISO 45001:2018 (OHSMS)',2,2,'2021-03-16 15:26:48','2021-03-16 15:26:48',NULL),(264,5,'B138','SISTEM PENGURUSAN KESELAMATAN MAKANAN ISO 22000:2018',2,2,'2021-03-16 15:26:48','2021-03-16 15:26:48',NULL),(265,5,'B139','KURSUS PENSIJILAN MINYAK KELAPA SAWIT MAMPAN (MSPO) MS 2530:2013',2,2,'2021-03-16 15:26:48','2021-03-16 15:26:48',NULL),(266,6,'BB140','SPPE - LEAN',2,2,'2021-03-16 15:26:48','2021-03-16 15:26:48',NULL),(267,6,'BB141','SPPE - DIGITALISASI',2,2,'2021-03-16 15:26:48','2021-03-16 15:26:48',NULL),(268,6,'BB142','SPPE – KAIZEN',2,2,'2021-03-16 15:26:48','2021-03-16 15:26:48',NULL),(269,6,'BB143','SPPE – QE/5S (AMALAN PERSEKITARAN BERKUALITI)',2,2,'2021-03-16 15:26:48','2021-03-16 15:26:48',NULL),(270,6,'BB144','SPPE – SISTEM PENGURUSAN KUALITI',2,2,'2021-03-16 15:26:48','2021-03-16 15:26:48',NULL),(271,6,'BB145','SPPE – SISTEM KESELAMATAN MAKANAN',2,2,'2021-03-16 15:26:48','2021-03-16 15:26:48',NULL),(272,6,'BB146','SPPE – BUSINESS EXCELLENCE FRAMEWORK',2,2,'2021-03-16 15:26:48','2021-03-16 15:26:48',NULL),(273,6,'BB147','SPPE – TOTAL PRODUCTIVE MANITENANCE (TPM)',2,2,'2021-03-16 15:26:48','2021-03-16 15:26:48',NULL),(274,6,'BC148','PPKV – MEDAC (LEAN)',2,2,'2021-03-16 15:26:48','2021-03-16 15:26:48',NULL),(275,6,'BC149','PPKV-MEDAC (INDUSTRY 4.0/DIGITALISASI)',2,2,'2021-03-16 15:26:48','2021-03-16 15:26:48',NULL),(276,6,'BC150','PPKV-MEDAC (KAIZEN)',2,2,'2021-03-16 15:26:48','2021-03-16 15:26:48',NULL),(277,6,'BC151','ADVISORY & CONSULTANCY SERVICES (PRODUCTIVITY)',2,2,'2021-03-16 15:26:48','2021-03-16 15:26:48',NULL),(278,8,'C001','POLISI DAN PERATURAN: AGROFOOD PRODUCTIVITY NEXUS',2,2,'2021-03-16 15:27:45','2021-03-16 15:27:45',NULL),(279,8,'C002','POLISI DAN PERATURAN: TOURISM PRODUCTIVITY NEXUS',2,2,'2021-03-16 15:27:45','2021-03-16 15:27:45',NULL),(280,8,'C003','POLISI DAN PERATURAN: RETAIL AND FOOD & BEVERAGE PRODUCTIVITY NEXUS',2,2,'2021-03-16 15:27:45','2021-03-16 15:27:45',NULL),(281,8,'C004','POLISI DAN PERATURAN: CHEMICALS AND CHEMICAL PRODUCTS PRODUCTIVITY NEXUS',2,2,'2021-03-16 15:27:45','2021-03-16 15:27:45',NULL),(282,8,'C005','POLISI DAN PERATURAN: DIGITAL PRODUCTIVITY NEXUS',2,2,'2021-03-16 15:27:45','2021-03-16 15:27:45',NULL),(283,8,'C006','POLISI DAN PERATURAN: PROFESSIONAL SERVICES PRODUCTIVITY NEXUS',2,2,'2021-03-16 15:27:45','2021-03-16 15:27:45',NULL),(284,8,'C007','POLISI DAN PERATURAN: PRIVATE HEALTHCARE PRODUCTIVITY NEXUS',2,2,'2021-03-16 15:27:45','2021-03-16 15:27:45',NULL),(285,8,'C008','POLISI DAN PERATURAN: MACHINERY AND EQUIPMENT PRODUCTIVITY NEXUS',2,2,'2021-03-16 15:27:45','2021-03-16 15:27:45',NULL),(286,8,'C009','POLISI DAN PERATURAN: ELECTRICAL AND ELECTRONICS PRODUCTIVITY NEXUS',2,2,'2021-03-16 15:27:45','2021-03-16 15:27:45',NULL),(287,8,'C010','PRODUCTIVITY IMPROVEMENT',2,2,'2021-03-16 15:27:45','2021-03-16 15:27:45',NULL),(288,8,'C011','STRUKTUR INDUSTRI: AGROFOOD PRODUCTIVITY NEXUS',2,2,'2021-03-16 15:27:45','2021-03-16 15:27:45',NULL),(289,8,'C012','STRUKTUR INDUSTRI: TOURISM PRODUCTIVITY NEXUS',2,2,'2021-03-16 15:27:45','2021-03-16 15:27:45',NULL),(290,8,'C013','STRUKTUR INDUSTRI: RETAIL AND FOOD & BEVERAGE PRODUCTIVITY NEXUS',2,2,'2021-03-16 15:27:45','2021-03-16 15:27:45',NULL),(291,8,'C014','STRUKTUR INDUSTRI: CHEMICALS AND CHEMICAL PRODUCTS PRODUCTIVITY NEXUS',2,2,'2021-03-16 15:27:45','2021-03-16 15:27:45',NULL),(292,8,'C015','STRUKTUR INDUSTRI: DIGITAL PRODUCTIVITY NEXUS',2,2,'2021-03-16 15:27:45','2021-03-16 15:27:45',NULL),(293,8,'C016','STRUKTUR INDUSTRI: PROFESSIONAL SERVICES PRODUCTIVITY NEXUS',2,2,'2021-03-16 15:27:45','2021-03-16 15:27:45',NULL),(294,8,'C017','STRUKTUR INDUSTRI: PRIVATE HEALTHCARE PRODUCTIVITY NEXUS',2,2,'2021-03-16 15:27:45','2021-03-16 15:27:45',NULL),(295,8,'C018','STRUKTUR INDUSTRI: MACHINERY AND EQUIPMENT PRODUCTIVITY NEXUS',2,2,'2021-03-16 15:27:45','2021-03-16 15:27:45',NULL),(296,8,'C019','STRUKTUR INDUSTRI: ELECTRICAL AND ELECTRONICS PRODUCTIVITY NEXUS',2,2,'2021-03-16 15:27:45','2021-03-16 15:27:45',NULL),(297,8,'C020','INSENTIF: AGROFOOD PRODUCTIVITY NEXUS',2,2,'2021-03-16 15:27:45','2021-03-16 15:27:45',NULL),(298,8,'C021','INSENTIF: TOURISM PRODUCTIVITY NEXUS',2,2,'2021-03-16 15:27:45','2021-03-16 15:27:45',NULL),(299,8,'C022','INSENTIF: RETAIL AND FOOD & BEVERAGE PRODUCTIVITY NEXUS',2,2,'2021-03-16 15:27:45','2021-03-16 15:27:45',NULL),(300,8,'C023','INSENTIF: CHEMICALS AND CHEMICAL PRODUCTS PRODUCTIVITY NEXUS',2,2,'2021-03-16 15:27:45','2021-03-16 15:27:45',NULL),(301,8,'C024','INSENTIF: DIGITAL PRODUCTIVITY NEXUS',2,2,'2021-03-16 15:27:45','2021-03-16 15:27:45',NULL),(302,8,'C025','INSENTIF: PROFESSIONAL SERVICES PRODUCTIVITY NEXUS',2,2,'2021-03-16 15:27:45','2021-03-16 15:27:45',NULL),(303,8,'C026','INSENTIF: PRIVATE HEALTHCARE PRODUCTIVITY NEXUS',2,2,'2021-03-16 15:27:45','2021-03-16 15:27:45',NULL),(304,8,'C027','INSENTIF: MACHINERY AND EQUIPMENT PRODUCTIVITY NEXUS',2,2,'2021-03-16 15:27:45','2021-03-16 15:27:45',NULL),(305,8,'C028','INSENTIF: ELECTRICAL AND ELECTRONICS PRODUCTIVITY NEXUS',2,2,'2021-03-16 15:27:45','2021-03-16 15:27:45',NULL),(306,8,'C029','AGROFOOD PRODUCTIVITY NEXUS: TENAGA KERJA (WORKFORCE)',2,2,'2021-03-16 15:27:45','2021-03-16 15:27:45',NULL),(307,8,'C030','AGROFOOD PRODUCTIVITY NEXUS: TEKNOLOGI (TECHNOLOGY)',2,2,'2021-03-16 15:27:45','2021-03-16 15:27:45',NULL),(308,8,'C031','AGROFOOD PRODUCTIVITY NEXUS: DIGITAL',2,2,'2021-03-16 15:27:45','2021-03-16 15:27:45',NULL),(309,8,'C032','AGROFOOD PRODUCTIVITY NEXUS: POLISI & PERATURAN (REGULATION)',2,2,'2021-03-16 15:27:45','2021-03-16 15:27:45',NULL),(310,8,'C033','AGROFOOD PRODUCTIVITY NEXUS: INSENTIF (INCENTIVE)',2,2,'2021-03-16 15:27:45','2021-03-16 15:27:45',NULL),(311,8,'C034','AGROFOOD PRODUCTIVITY NEXUS: INDUSTRY STRUCTURE',2,2,'2021-03-16 15:27:45','2021-03-16 15:27:45',NULL),(312,8,'C035','AGROFOOD PRODUCTIVITY NEXUS: MARKETING STRATEGY',2,2,'2021-03-16 15:27:45','2021-03-16 15:27:45',NULL),(313,8,'C036','AGROFOOD PRODUCTIVITY NEXUS: STANDARD & PENSIJILAN (MYGAP, HALAL, HACCP, GMP, MESTI DAN LAIN-LAIN YANG BERKAITAN)',2,2,'2021-03-16 15:27:45','2021-03-16 15:27:45',NULL),(314,8,'C037','AGROFOOD PRODUCTIVITY NEXUS: FINANCIAL MANAGEMENT',2,2,'2021-03-16 15:27:45','2021-03-16 15:27:45',NULL),(315,8,'C038','AGROFOOD PRODUCTIVITY NEXUS: OPERATION MANAGEMENT',2,2,'2021-03-16 15:27:45','2021-03-16 15:27:45',NULL),(316,8,'C039','AGROFOOD PRODUCTIVITY NEXUS: BUSINESS MANAGEMENT',2,2,'2021-03-16 15:27:45','2021-03-16 15:27:45',NULL),(317,8,'C040','AGROFOOD PRODUCTIVITY NEXUS: PRODUCT DEVELOPMENT',2,2,'2021-03-16 15:27:45','2021-03-16 15:27:45',NULL),(318,8,'C041','AGROFOOD PRODUCTIVITY NEXUS: SYSTEM DEVELOPMENT',2,2,'2021-03-16 15:27:45','2021-03-16 15:27:45',NULL),(319,8,'C042','AGROFOOD PRODUCTIVITY NEXUS: PROFESSIONAL SERVICES',2,2,'2021-03-16 15:27:45','2021-03-16 15:27:45',NULL),(320,8,'C043','AGROFOOD PRODUCTIVITY NEXUS: IMPORT & EXPORT',2,2,'2021-03-16 15:27:45','2021-03-16 15:27:45',NULL),(321,8,'C044','TOURISM PRODUCTIVITY NEXUS: WORKFORCE & TALENT DEVELOPMENT',2,2,'2021-03-16 15:27:45','2021-03-16 15:27:45',NULL),(322,8,'C045','TOURISM PRODUCTIVITY NEXUS: INCENTIVE',2,2,'2021-03-16 15:27:45','2021-03-16 15:27:45',NULL),(323,8,'C046','TOURISM PRODUCTIVITY NEXUS: INDUSTRY STRUCTURE',2,2,'2021-03-16 15:27:45','2021-03-16 15:27:45',NULL),(324,8,'C047','TOURISM PRODUCTIVITY NEXUS: PROMOTION & MARKETING STRATEGY',2,2,'2021-03-16 15:27:45','2021-03-16 15:27:45',NULL),(325,8,'C048','TOURISM PRODUCTIVITY NEXUS: PROGRAM PENSIJILAN PERNIAGAAN MALAYSIA TOURISM EXCELLENCE (MATEX)',2,2,'2021-03-16 15:27:45','2021-03-16 15:27:45',NULL),(326,8,'C049','GARIS PANDUAN PATUH DAN AMAL COVID-19',2,2,'2021-03-16 15:27:45','2021-03-16 15:27:45',NULL),(327,8,'C050','TOURISM PRODUCTIVITY NEXUS: STANDARD & PENSIJILAN INDUSTRY LEVEL (SUB-SECTOR SPECIFIC / ACROSS VALUE CHAIN) STANDARD AND CERTIFICATION',2,2,'2021-03-16 15:27:45','2021-03-16 15:27:45',NULL),(328,8,'C051','TOURISM PRODUCTIVITY NEXUS: STANDARD & PENSIJILAN MALAYSIA TOURISM QUALITY ASSURANCE (MYTQA)',2,2,'2021-03-16 15:27:45','2021-03-16 15:27:45',NULL),(329,8,'C052','TOURISM PRODUCTIVITY NEXUS: STANDARD & PENSIJILAN MALAYSIAN STANDARD / NATIONAL LEVEL / ISO',2,2,'2021-03-16 15:27:45','2021-03-16 15:27:45',NULL),(330,8,'C053','TOURISM PRODUCTIVITY NEXUS: STANDARD & PENSIJILAN UN-WTO / INTERNATIONAL LEVEL / REGIONAL LEVEL / ASEAN LEVEL STANDARD AND CERTIFICATION',2,2,'2021-03-16 15:27:45','2021-03-16 15:27:45',NULL),(331,8,'C054','TOURISM PRODUCTIVITY NEXUS: MANAGEMENT (FINANCIAL, OPERATION, BUSINESS)',2,2,'2021-03-16 15:27:45','2021-03-16 15:27:45',NULL),(332,8,'C055','TOURISM PRODUCTIVITY NEXUS: PRODUCT DEVELOPMENT',2,2,'2021-03-16 15:27:45','2021-03-16 15:27:45',NULL),(333,8,'C056','TOURISM PRODUCTIVITY NEXUS: SYSTEM DEVELOPMENT',2,2,'2021-03-16 15:27:45','2021-03-16 15:27:45',NULL),(334,8,'C057','TOURISM PRODUCTIVITY NEXUS: PROFESSIONAL SERVICES',2,2,'2021-03-16 15:27:45','2021-03-16 15:27:45',NULL),(335,8,'C058','TOURISM PRODUCTIVITY NEXUS: IMPORT & EXPORT',2,2,'2021-03-16 15:27:45','2021-03-16 15:27:45',NULL),(336,8,'C059','TOURISM PRODUCTIVITY NEXUS: CONTENT DEVELOPMENT',2,2,'2021-03-16 15:27:45','2021-03-16 15:27:45',NULL),(337,8,'C060','TOURISM PRODUCTIVITY NEXUS: ECONOMICS',2,2,'2021-03-16 15:27:45','2021-03-16 15:27:45',NULL),(338,8,'C061','TOURISM PRODUCTIVITY NEXUS: SPECIFIC / CURRENT INDUSTRY ISSUES',2,2,'2021-03-16 15:27:45','2021-03-16 15:27:45',NULL),(339,8,'C062','TOURISM PRODUCTIVITY NEXUS: INBOUND TOURISM BOOTCAMP (ITB)',2,2,'2021-03-16 15:27:45','2021-03-16 15:27:45',NULL),(340,8,'C063','TOURISM PRODUCTIVITY NEXUS: INBOUND DESTINATION EXPERTS (IDEX)',2,2,'2021-03-16 15:27:45','2021-03-16 15:27:45',NULL),(341,8,'C064','TOURISM PRODUCTIVITY NEXUS: MALAYSIA VIRTUAL EXPERIENCE (MYVXP)',2,2,'2021-03-16 15:27:45','2021-03-16 15:27:45',NULL),(342,8,'C065','TOURISM PRODUCTIVITY NEXUS: INBOUND TOURISM BUSINESS EXCHANGE (IBEX)',2,2,'2021-03-16 15:27:45','2021-03-16 15:27:45',NULL),(343,8,'C066','TOURISM PRODUCTIVITY NEXUS: SHOWCASING TOURISM PRODUCTS (STP)',2,2,'2021-03-16 15:27:45','2021-03-16 15:27:45',NULL),(344,8,'C067','TOURISM PRODUCTIVITY NEXUS: TPN VIRTUAL ADVISORY CLINICS (T-VAC)',2,2,'2021-03-16 15:27:45','2021-03-16 15:27:45',NULL),(345,8,'C068','TOURISM PRODUCTIVITY NEXUS: INBOUND TOURISM EXCHANGE (INTEX)',2,2,'2021-03-16 15:27:45','2021-03-16 15:27:45',NULL),(346,8,'C069','RETAIL AND FOOD & BEVERAGE PRODUCTIVITY NEXUS: BUSINESS DIGITALISATION',2,2,'2021-03-16 15:27:45','2021-03-16 15:27:45',NULL),(347,8,'C070','RETAIL AND FOOD & BEVERAGE PRODUCTIVITY NEXUS: BRANDING & MARKETING',2,2,'2021-03-16 15:27:45','2021-03-16 15:27:45',NULL),(348,8,'C071','RETAIL AND FOOD & BEVERAGE PRODUCTIVITY NEXUS: SUPPLY CHAIN MANAGEMENT',2,2,'2021-03-16 15:27:45','2021-03-16 15:27:45',NULL),(349,8,'C072','RETAIL AND FOOD & BEVERAGE PRODUCTIVITY NEXUS: BUSINESS OPERATION/ SOP',2,2,'2021-03-16 15:27:45','2021-03-16 15:27:45',NULL),(350,8,'C073','RETAIL AND FOOD & BEVERAGE PRODUCTIVITY NEXUS: HUMAN RESOURCE MANAGEMENT',2,2,'2021-03-16 15:27:45','2021-03-16 15:27:45',NULL),(351,8,'C074','RETAIL AND FOOD & BEVERAGE PRODUCTIVITY NEXUS: BUSINESS FINANCE & FUNDING',2,2,'2021-03-16 15:27:45','2021-03-16 15:27:45',NULL),(352,8,'C075','RETAIL AND FOOD & BEVERAGE PRODUCTIVITY NEXUS: DIGITAL MARKETING AND E-COMMERCE',2,2,'2021-03-16 15:27:45','2021-03-16 15:27:45',NULL),(353,8,'C076','RETAIL AND FOOD & BEVERAGE PRODUCTIVITY NEXUS: DIGITAL BUSINESS OPERATION SYSTEM (ERP)',2,2,'2021-03-16 15:27:45','2021-03-16 15:27:45',NULL),(354,8,'C077','RETAIL AND FOOD & BEVERAGE PRODUCTIVITY NEXUS: RESTAURANT MANAGEMENT',2,2,'2021-03-16 15:27:45','2021-03-16 15:27:45',NULL),(355,8,'C078','RETAIL AND FOOD & BEVERAGE PRODUCTIVITY NEXUS: PERANCANG STRATEGIK ICT (ISP)',2,2,'2021-03-16 15:27:45','2021-03-16 15:27:45',NULL),(356,8,'C079','RETAIL AND FOOD & BEVERAGE PRODUCTIVITY NEXUS: PENGURUSAN MAKLUMAT ICT',2,2,'2021-03-16 15:27:45','2021-03-16 15:27:45',NULL),(357,8,'C080','RETAIL AND FOOD & BEVERAGE PRODUCTIVITY NEXUS: PENGURUSAN NILAI BUKAN FIZIKAL',2,2,'2021-03-16 15:27:45','2021-03-16 15:27:45',NULL),(358,8,'C081','RETAIL AND FOOD & BEVERAGE PRODUCTIVITY NEXUS: PENGURUSAN TELEKOMUNIKASI',2,2,'2021-03-16 15:27:45','2021-03-16 15:27:45',NULL),(359,8,'C082','RETAIL AND FOOD & BEVERAGE PRODUCTIVITY NEXUS: PENSIJILAN DAN PENGIKTIRAFAN UJIAN',2,2,'2021-03-16 15:27:45','2021-03-16 15:27:45',NULL),(360,8,'C083','RETAIL AND FOOD & BEVERAGE PRODUCTIVITY NEXUS: BAHAN BACAAN',2,2,'2021-03-16 15:27:45','2021-03-16 15:27:45',NULL),(361,8,'C084','RETAIL AND FOOD & BEVERAGE PRODUCTIVITY NEXUS: PENERBITAN ELEKTRONIK ATAS TALIAN',2,2,'2021-03-16 15:27:45','2021-03-16 15:27:45',NULL),(362,8,'C085','RETAIL AND FOOD & BEVERAGE PRODUCTIVITY NEXUS: CERTIFICATION OF RETAIL AND F&B WORKFORCE WITH SIJIL KEMAHIRAN MALAYSIA (SKM)',2,2,'2021-03-16 15:27:45','2021-03-16 15:27:45',NULL),(363,8,'C086','RETAIL AND FOOD & BEVERAGE PRODUCTIVITY NEXUS: CERTIFICATE IN F&B OPERATIONS (SERVICE EXCELLENCE)',2,2,'2021-03-16 15:27:45','2021-03-16 15:27:45',NULL),(364,8,'C087','RETAIL AND FOOD & BEVERAGE PRODUCTIVITY NEXUS: RETAIL AND F&B VIRTUAL ADVISORY CLINIC (RFB-VAC)',2,2,'2021-03-16 15:27:45','2021-03-16 15:27:45',NULL),(365,8,'C088','RETAIL AND FOOD & BEVERAGE PRODUCTIVITY NEXUS: PRODUCT DEVELOPMENT',2,2,'2021-03-16 15:27:45','2021-03-16 15:27:45',NULL),(366,8,'C089','CHEMICALS AND CHEMICAL PRODUCTS PRODUCTIVITY NEXUS: BASIC CHEMICALS',2,2,'2021-03-16 15:27:45','2021-03-16 15:27:45',NULL),(367,8,'C090','CHEMICALS AND CHEMICAL PRODUCTS PRODUCTIVITY NEXUS: FERTILIZERS AND NITROGEN COMPOUNDS',2,2,'2021-03-16 15:27:45','2021-03-16 15:27:45',NULL),(368,8,'C091','CHEMICALS AND CHEMICAL PRODUCTS PRODUCTIVITY NEXUS: PLASTICS AND SYNTHETIC RUBBER IN PRIMARY FORMS',2,2,'2021-03-16 15:27:45','2021-03-16 15:27:45',NULL),(369,8,'C092','CHEMICALS AND CHEMICAL PRODUCTS PRODUCTIVITY NEXUS: PESTICIDES AND OTHER AGROCHEMICAL PRODUCTS',2,2,'2021-03-16 15:27:45','2021-03-16 15:27:45',NULL),(370,8,'C093','CHEMICALS AND CHEMICAL PRODUCTS PRODUCTIVITY NEXUS: PAINTS, VARNISHES AND SIMILAR COATINGS, PRINTING INK AND MASTICS',2,2,'2021-03-16 15:27:45','2021-03-16 15:27:45',NULL),(371,8,'C094','CHEMICALS AND CHEMICAL PRODUCTS PRODUCTIVITY NEXUS: SOAP AND DETERGENTS, CLEANING AND POLISHING PREPARATIONS, PERFUMES AND TOILET PREPARATIONS',2,2,'2021-03-16 15:27:45','2021-03-16 15:27:45',NULL),(372,8,'C095','CHEMICALS AND CHEMICAL PRODUCTS PRODUCTIVITY NEXUS: CHEMICAL ENGINEERING',2,2,'2021-03-16 15:27:45','2021-03-16 15:27:45',NULL),(373,8,'C096','CHEMICALS AND CHEMICAL PRODUCTS PRODUCTIVITY NEXUS: PROCESS ENGINEERING',2,2,'2021-03-16 15:27:45','2021-03-16 15:27:45',NULL),(374,8,'C097','CHEMICALS AND CHEMICAL PRODUCTS PRODUCTIVITY NEXUS: CHEMICAL SAFETY',2,2,'2021-03-16 15:27:45','2021-03-16 15:27:45',NULL),(375,8,'C098','CHEMICALS AND CHEMICAL PRODUCTS PRODUCTIVITY NEXUS: REGULATORY COMPLIANCE',2,2,'2021-03-16 15:27:45','2021-03-16 15:27:45',NULL),(376,8,'C099','CHEMICALS AND CHEMICAL PRODUCTS PRODUCTIVITY NEXUS: PHARMACEUTICALS, MEDICINAL CHEMICAL AND',2,2,'2021-03-16 15:27:45','2021-03-16 15:27:45',NULL),(377,8,'','CHEMICALS AND CHEMICAL PRODUCTS PRODUCTIVITY NEXUS: BOTANICAL PRODUCTS',2,2,'2021-03-16 15:27:45','2021-03-16 15:27:45',NULL),(378,8,'C100','CHEMICALS AND CHEMICAL PRODUCTS PRODUCTIVITY NEXUS: MAN-MADE FIBRES',2,2,'2021-03-16 15:27:45','2021-03-16 15:27:45',NULL),(379,8,'C101','CHEMICALS AND CHEMICAL PRODUCTS PRODUCTIVITY NEXUS: HAZARDOUS CHEMICAL',2,2,'2021-03-16 15:27:45','2021-03-16 15:27:45',NULL),(380,8,'C102','CHEMICALS AND CHEMICAL PRODUCTS PRODUCTIVITY NEXUS: INNOVATION BUSINESS OPERATIONS',2,2,'2021-03-16 15:27:45','2021-03-16 15:27:45',NULL),(381,8,'C103','CHEMICALS AND CHEMICAL PRODUCTS PRODUCTIVITY NEXUS: INTELLIGENCE MANUFACTURING SOLUTION',2,2,'2021-03-16 15:27:45','2021-03-16 15:27:45',NULL),(382,8,'C104','CHEMICALS AND CHEMICAL PRODUCTS PRODUCTIVITY NEXUS: FINANCIAL CONSULTATION',2,2,'2021-03-16 15:27:45','2021-03-16 15:27:45',NULL),(383,8,'C105','CHEMICALS AND CHEMICAL PRODUCTS PRODUCTIVITY NEXUS: SUPPLY CHAIN OPERATIONS',2,2,'2021-03-16 15:27:45','2021-03-16 15:27:45',NULL),(384,8,'C106','CHEMICALS AND CHEMICAL PRODUCTS PRODUCTIVITY NEXUS: INFORMATION TECHNOLOGY',2,2,'2021-03-16 15:27:45','2021-03-16 15:27:45',NULL),(385,8,'C107','DIGITAL PRODUCTIVITY NEXUS: TENAGA KERJA (WORKFORCE)',2,2,'2021-03-16 15:27:45','2021-03-16 15:27:45',NULL),(386,8,'C108','DIGITAL PRODUCTIVITY NEXUS: TEKNOLOGI (TECHNOLOGY) & DIGITAL',2,2,'2021-03-16 15:27:45','2021-03-16 15:27:45',NULL),(387,8,'C109','DIGITAL PRODUCTIVITY NEXUS: POLISI & PERATURAN (REGULATION)',2,2,'2021-03-16 15:27:45','2021-03-16 15:27:45',NULL),(388,8,'C110','DIGITAL PRODUCTIVITY NEXUS: INSENTIF (INCENTIVE)',2,2,'2021-03-16 15:27:45','2021-03-16 15:27:45',NULL),(389,8,'C111','DIGITAL PRODUCTIVITY NEXUS: INDUSTRY STRUCTURE',2,2,'2021-03-16 15:27:45','2021-03-16 15:27:45',NULL),(390,8,'C112','DIGITAL PRODUCTIVITY NEXUS: MARKETING STRATEGY',2,2,'2021-03-16 15:27:45','2021-03-16 15:27:45',NULL),(391,8,'C113','DIGITAL PRODUCTIVITY NEXUS: STANDARD & PENSIJILAN',2,2,'2021-03-16 15:27:45','2021-03-16 15:27:45',NULL),(392,8,'C114','DIGITAL PRODUCTIVITY NEXUS: MANAGEMENT',2,2,'2021-03-16 15:27:45','2021-03-16 15:27:45',NULL),(393,8,'C115','PROFESSIONAL SERVICES PRODUCTIVITY NEXUS: WORKFORCE & TALENT DEVELOPMENT',2,2,'2021-03-16 15:27:45','2021-03-16 15:27:45',NULL),(394,8,'C116','PROFESSIONAL SERVICES PRODUCTIVITY NEXUS: TECHNOLOGY & DIGITAL (INTELLIGENT SERVICES SOLUTIONS)',2,2,'2021-03-16 15:27:45','2021-03-16 15:27:45',NULL),(395,8,'C117','PROFESSIONAL SERVICES PRODUCTIVITY NEXUS: INDUSTRY STRUCTURE (INNOVATIVE BUSINESS OPERATION)',2,2,'2021-03-16 15:27:45','2021-03-16 15:27:45',NULL),(396,8,'C118','PROFESSIONAL SERVICES PRODUCTIVITY NEXUS: POLICY & REGULATIONS',2,2,'2021-03-16 15:27:45','2021-03-16 15:27:45',NULL),(397,8,'C119','PROFESSIONAL SERVICES PRODUCTIVITY NEXUS: FINANCIAL CONSULTATION',2,2,'2021-03-16 15:27:45','2021-03-16 15:27:45',NULL),(398,8,'C120','ELECTRICAL AND ELECTRONICS PRODUCTIVITY NEXUS: HACKATHON',2,2,'2021-03-16 15:27:45','2021-03-16 15:27:45',NULL),(399,8,'C121','ELECTRICAL AND ELECTRONICS PRODUCTIVITY NEXUS: PLUGFEST 1.0 (IOT)',2,2,'2021-03-16 15:27:45','2021-03-16 15:27:45',NULL),(400,8,'C122','ELECTRICAL AND ELECTRONICS PRODUCTIVITY NEXUS: PLUGFEST 2.0',2,2,'2021-03-16 15:27:45','2021-03-16 15:27:45',NULL),(401,8,'C123','ELECTRICAL AND ELECTRONICS PRODUCTIVITY NEXUS:  VIRTUAL ADVISORY CLINIC (EEVAC)',2,2,'2021-03-16 15:27:45','2021-03-16 15:27:45',NULL),(402,8,'C124','ELECTRICAL AND ELECTRONICS PRODUCTIVITY NEXUS:  MENTORING FOR INDUSTRY 4.0 (EEMI4.0)',2,2,'2021-03-16 15:27:45','2021-03-16 15:27:45',NULL),(403,8,'C125','ELECTRICAL AND ELECTRONICS PRODUCTIVITY NEXUS: EMBEDDED SYSTEM DESIGN',2,2,'2021-03-16 15:27:45','2021-03-16 15:27:45',NULL),(404,8,'C126','ELECTRICAL AND ELECTRONICS PRODUCTIVITY NEXUS: E TESTING AND ACCREDITATIONS',2,2,'2021-03-16 15:27:45','2021-03-16 15:27:45',NULL),(405,8,'C127','ELECTRICAL AND ELECTRONICS PRODUCTIVITY NEXUS: IC DESIGN & DEVELOPMENT',2,2,'2021-03-16 15:27:45','2021-03-16 15:27:45',NULL),(406,8,'C128','ELECTRICAL AND ELECTRONICS PRODUCTIVITY NEXUS:  AUTOMATION',2,2,'2021-03-16 15:27:45','2021-03-16 15:27:45',NULL),(407,8,'C129','ELECTRICAL AND ELECTRONICS PRODUCTIVITY NEXUS: MCAD',2,2,'2021-03-16 15:27:45','2021-03-16 15:27:45',NULL),(408,8,'C130','ELECTRICAL AND ELECTRONICS PRODUCTIVITY NEXUS: OPERATING SYSTEM (OS) DEVELOPMENT',2,2,'2021-03-16 15:27:45','2021-03-16 15:27:45',NULL),(409,8,'C131','ELECTRICAL AND ELECTRONICS PRODUCTIVITY NEXUS: LED',2,2,'2021-03-16 15:27:45','2021-03-16 15:27:45',NULL),(410,8,'C132','ELECTRICAL AND ELECTRONICS PRODUCTIVITY NEXUS: SOLAR PHOTOVOLTAIC (PV)',2,2,'2021-03-16 15:27:45','2021-03-16 15:27:45',NULL),(411,8,'C133','ELECTRICAL AND ELECTRONICS PRODUCTIVITY NEXUS:  TESTING AND ACCREDITATIONS',2,2,'2021-03-16 15:27:45','2021-03-16 15:27:45',NULL),(412,8,'C134','MACHINERY AND EQUIPMENT PRODUCTIVITY NEXUS: TENAGA KERJA (WORKFORCE)',2,2,'2021-03-16 15:27:45','2021-03-16 15:27:45',NULL),(413,8,'C135','MACHINERY AND EQUIPMENT PRODUCTIVITY NEXUS: PERKHIDMATAN SOKONGAN KEJURUTERAAN TEKNOLOGI I4.0',2,2,'2021-03-16 15:27:45','2021-03-16 15:27:45',NULL),(414,8,'C136','MACHINERY AND EQUIPMENT PRODUCTIVITY NEXUS: POLISI & PERATURAN (REGULATION)',2,2,'2021-03-16 15:27:45','2021-03-16 15:27:45',NULL),(415,8,'C137','MACHINERY AND EQUIPMENT PRODUCTIVITY NEXUS: INSENTIF (INCENTIVE)',2,2,'2021-03-16 15:27:45','2021-03-16 15:27:45',NULL),(416,8,'C138','MACHINERY AND EQUIPMENT PRODUCTIVITY NEXUS: INDUSTRY STRUCTURE, VALUE CHAIN DAN CLUSTER',2,2,'2021-03-16 15:27:45','2021-03-16 15:27:45',NULL),(417,8,'C139','MACHINERY AND EQUIPMENT PRODUCTIVITY NEXUS: STANDARD, PENSIJILAN (LOCAL & INTERNATIONAL) DAN PENILAIAN/PEMERIKSAAN',2,2,'2021-03-16 15:27:45','2021-03-16 15:27:45',NULL),(418,8,'C140','MACHINERY AND EQUIPMENT PRODUCTIVITY NEXUS: MANAGEMENT (FINANCIAL, OPERATION, BUSINESS DEVELOPMENT, SALES, MARKETING, WAREHOUSE, PLANT)',2,2,'2021-03-16 15:27:45','2021-03-16 15:27:45',NULL),(419,8,'C141','PRODUCT DESIGN AND DEVELOPMENT AND R&D',2,2,'2021-03-16 15:27:45','2021-03-16 15:27:45',NULL),(420,8,'C142','MACHINERY AND EQUIPMENT PRODUCTIVITY NEXUS: SYSTEM DEVELOPMENT, INTEGRATION AND TOTAL SOLUTION',2,2,'2021-03-16 15:27:45','2021-03-16 15:27:45',NULL),(421,8,'C143','MACHINERY AND EQUIPMENT PRODUCTIVITY NEXUS: PROFESSIONAL SERVICES IN ENGINEERING RELATED (ELECTRICAL, ELECTRONIC, MECHANICAL & MECHATRONIC)',2,2,'2021-03-16 15:27:45','2021-03-16 15:27:45',NULL),(422,8,'C144','MACHINERY AND EQUIPMENT PRODUCTIVITY NEXUS: IMPORT & EXPORT',2,2,'2021-03-16 15:27:45','2021-03-16 15:27:45',NULL),(423,8,'C145','MACHINERY AND EQUIPMENT PRODUCTIVITY NEXUS: PRODUCTIVITY ANALYSIS',2,2,'2021-03-16 15:27:45','2021-03-16 15:27:45',NULL),(424,8,'C146','MACHINERY AND EQUIPMENT PRODUCTIVITY NEXUS: PRODUCTIVITY TOOLS (LEAN, 5S, KANBAN, KAIZEN, SIX SIGMA, PROBLEM SOLVING, TPM, TQM)',2,2,'2021-03-16 15:27:45','2021-03-16 15:27:45',NULL),(425,8,'C147','MACHINERY AND EQUIPMENT PRODUCTIVITY NEXUS: INDUSTRY SPECIFIC ISSUES, CHALLANGES AND RECOMENDARTION (SOCIO-ECONOMICS)',2,2,'2021-03-16 15:27:45','2021-03-16 15:27:45',NULL),(426,8,'C148','MACHINERY AND EQUIPMENT PRODUCTIVITY NEXUS: AUTOMATION AND DIGITALISATION',2,2,'2021-03-16 15:27:45','2021-03-16 15:27:45',NULL),(427,8,'C149','MACHINERY AND EQUIPMENT PRODUCTIVITY NEXUS: PRODUCTIVITY LINKED TRAINING COURSE FOR TVET INSTITUTIONS IN M&E SECTOR',2,2,'2021-03-16 15:27:45','2021-03-16 15:27:45',NULL),(428,8,'C150','MACHINERY AND EQUIPMENT PRODUCTIVITY NEXUS: OVERALL EQUIPMENT EFFECTIVENESS (OEE)',2,2,'2021-03-16 15:27:45','2021-03-16 15:27:45',NULL),(429,8,'C151','MACHINERY AND EQUIPMENT PRODUCTIVITY NEXUS: EMPOWERMENT OF EXISTING CENTRE OF EXCELLENCE (COE)',2,2,'2021-03-16 15:27:45','2021-03-16 15:27:45',NULL),(430,8,'C152','MACHINERY AND EQUIPMENT PRODUCTIVITY NEXUS: M&E VIRTUAL ADVISORY CLINIC (MEVAC)',2,2,'2021-03-16 15:27:45','2021-03-16 15:27:45',NULL),(431,8,'C153','MACHINERY AND EQUIPMENT PRODUCTIVITY NEXUS: PRODUCTIVITY1010 (PRODUCTIVITY THROUGH DIGITISATION)',2,2,'2021-03-16 15:27:45','2021-03-16 15:27:45',NULL),(432,8,'C154','MACHINERY AND EQUIPMENT PRODUCTIVITY NEXUS: PRODUCTIVITY IMPROVEMENT PROGRAM',2,2,'2021-03-16 15:27:45','2021-03-16 15:27:45',NULL),(433,8,'C155','MACHINERY AND EQUIPMENT PRODUCTIVITY NEXUS: M&E COORDINATION PROGRAM',2,2,'2021-03-16 15:27:45','2021-03-16 15:27:45',NULL),(434,8,'C156','MACHINERY AND EQUIPMENT PRODUCTIVITY NEXUS: M&E CLUSTERING INITIATIVE',2,2,'2021-03-16 15:27:45','2021-03-16 15:27:45',NULL),(435,8,'C157','PRIVATE HEALTHCARE PRODUCTIVITY NEXUS: TENAGA KERJA (WORKFORCE)',2,2,'2021-03-16 15:27:45','2021-03-16 15:27:45',NULL),(436,8,'C158','PRIVATE HEALTHCARE PRODUCTIVITY NEXUS:TEKNOLOGI (TECHNOLOGY) & DIGITAL',2,2,'2021-03-16 15:27:45','2021-03-16 15:27:45',NULL),(437,8,'C159','PRIVATE HEALTHCARE PRODUCTIVITY NEXUS:POLISI & PERATURAN (REGULATION)',2,2,'2021-03-16 15:27:45','2021-03-16 15:27:45',NULL),(438,8,'C160','PRIVATE HEALTHCARE PRODUCTIVITY NEXUS:INSENTIF (INCENTIVE)',2,2,'2021-03-16 15:27:45','2021-03-16 15:27:45',NULL),(439,8,'C161','PRIVATE HEALTHCARE PRODUCTIVITY NEXUS:EKONOMI (ECONOMICS)',2,2,'2021-03-16 15:27:45','2021-03-16 15:27:45',NULL),(440,8,'C162','PRIVATE HEALTHCARE PRODUCTIVITY NEXUS:INDUSTRY STRUCTURE',2,2,'2021-03-16 15:27:45','2021-03-16 15:27:45',NULL),(441,8,'C163','PRIVATE HEALTHCARE PRODUCTIVITY NEXUS:MARKETING STRATEGY',2,2,'2021-03-16 15:27:45','2021-03-16 15:27:45',NULL),(442,8,'C164','PRIVATE HEALTHCARE PRODUCTIVITY NEXUS:STANDARD & PENSIJILAN',2,2,'2021-03-16 15:27:45','2021-03-16 15:27:45',NULL),(443,8,'C165','PRIVATE HEALTHCARE PRODUCTIVITY NEXUS:MANAGEMENT (FINANCIAL, OPERATION, BUSINESS)',2,2,'2021-03-16 15:27:45','2021-03-16 15:27:45',NULL),(444,8,'C166','PRIVATE HEALTHCARE PRODUCTIVITY NEXUS:PRODUCT DEVELOPMENT',2,2,'2021-03-16 15:27:45','2021-03-16 15:27:45',NULL),(445,8,'C167','PRIVATE HEALTHCARE PRODUCTIVITY NEXUS:SYSTEM DEVELOPMENT',2,2,'2021-03-16 15:27:45','2021-03-16 15:27:45',NULL),(446,8,'C168','PRIVATE HEALTHCARE PRODUCTIVITY NEXUS:PROFESSIONAL SERVICES',2,2,'2021-03-16 15:27:45','2021-03-16 15:27:45',NULL),(447,8,'C169','PRIVATE HEALTHCARE PRODUCTIVITY NEXUS:PRIVATE HEALTHCARE – VIRTUAL ADVISORY SERVICES',2,2,'2021-03-16 15:27:45','2021-03-16 15:27:45',NULL),(448,9,'D001','MYRESKILL IOT',210,210,'2021-09-22 06:58:44','2021-09-22 06:58:44',NULL),(449,9,'D002','MYRESKILL WORKFORCE (INDUSTRIAL UPSKILLING) FOR FRESH ENGINEERS',210,210,'2021-09-22 06:59:24','2021-09-22 06:59:24',NULL),(450,9,'D003','MYRESKILL WORKFORCE (INDUSTRIAL UPSKILLING) FOR RETRENCHED ENGINEERS',210,210,'2021-09-22 07:00:54','2021-09-22 07:00:54',NULL),(451,9,'D004','MYRESKILL WORKFORCE (INDUSTRIAL UPSKILLING) FOR TECHNICIANS',210,210,'2021-09-22 07:01:28','2021-09-22 07:01:28',NULL),(452,9,'D005','MYRESKILL WORKFORCE (INDUSTRIAL UPSKILLING) FOR SUPPLY CHAIN PERSONNEL',210,210,'2021-09-22 07:02:03','2021-09-22 07:02:03',NULL),(453,9,'D006','MYRESKILL WORKFORCE (INDUSTRIAL UPSKILLING) FOR SUPPORT FUNCTION PERSONNEL',210,210,'2021-09-22 07:02:35','2021-09-22 07:02:35',NULL);

--
